
--
-- Table structure for table `alert_notes`
--

CREATE TABLE `alert_notes` (
  `id` bigint unsigned NOT NULL AUTO_INCREMENT,
  `alert_id` bigint unsigned NOT NULL,
  `content` text COLLATE utf8mb4_unicode_ci NOT NULL,
  `created_at` timestamp NULL DEFAULT NULL,
  `updated_at` timestamp NULL DEFAULT NULL,
  `deleted_at` timestamp NULL DEFAULT NULL,
  PRIMARY KEY (`id`),
  KEY `alert_notes_alert_id_foreign` (`alert_id`),
  CONSTRAINT `alert_notes_alert_id_foreign` FOREIGN KEY (`alert_id`) REFERENCES `alerts` (`id`) ON DELETE CASCADE
) ENGINE=InnoDB AUTO_INCREMENT=9 DEFAULT CHARSET=utf8mb4 COLLATE=utf8mb4_unicode_ci;

--
-- Dumping data for table `alert_notes`
--


--
-- Table structure for table `alerts`
--

CREATE TABLE `alerts` (
  `id` bigint unsigned NOT NULL AUTO_INCREMENT,
  `school_id` bigint unsigned DEFAULT NULL,
  `namazeg_version_id` bigint unsigned DEFAULT NULL,
  `type` enum('verbal','written') COLLATE utf8mb4_unicode_ci NOT NULL,
  `date_type` enum('hijri','coptic') COLLATE utf8mb4_unicode_ci NOT NULL,
  `date` varchar(191) COLLATE utf8mb4_unicode_ci NOT NULL,
  `alert_direct_to` bigint unsigned NOT NULL,
  `created_at` timestamp NULL DEFAULT NULL,
  `updated_at` timestamp NULL DEFAULT NULL,
  `deleted_at` timestamp NULL DEFAULT NULL,
  `user_id` bigint unsigned DEFAULT NULL,
  `semester_id` bigint unsigned DEFAULT NULL,
  PRIMARY KEY (`id`),
  KEY `alerts_alert_direct_to_foreign` (`alert_direct_to`),
  KEY `alerts_school_id_foreign` (`school_id`),
  KEY `alerts_namazeg_version_id_foreign` (`namazeg_version_id`),
  CONSTRAINT `alerts_alert_direct_to_foreign` FOREIGN KEY (`alert_direct_to`) REFERENCES `school_employees` (`id`) ON DELETE CASCADE,
  CONSTRAINT `alerts_namazeg_version_id_foreign` FOREIGN KEY (`namazeg_version_id`) REFERENCES `namazeg_versions` (`id`) ON DELETE CASCADE,
  CONSTRAINT `alerts_school_id_foreign` FOREIGN KEY (`school_id`) REFERENCES `schools` (`id`) ON DELETE CASCADE
) ENGINE=InnoDB AUTO_INCREMENT=3 DEFAULT CHARSET=utf8mb4 COLLATE=utf8mb4_unicode_ci;

--
-- Dumping data for table `alerts`
--


--
-- Table structure for table `areas`
--

CREATE TABLE `areas` (
  `id` bigint unsigned NOT NULL AUTO_INCREMENT,
  `name` varchar(191) CHARACTER SET utf8mb4 COLLATE utf8mb4_unicode_ci NOT NULL,
  `status` tinyint(1) NOT NULL DEFAULT '1',
  `created_at` timestamp NULL DEFAULT NULL,
  `updated_at` timestamp NULL DEFAULT NULL,
  `deleted_at` timestamp NULL DEFAULT NULL,
  PRIMARY KEY (`id`)
) ENGINE=InnoDB AUTO_INCREMENT=275 DEFAULT CHARSET=utf8mb4 COLLATE=utf8mb4_unicode_ci;

--
-- Dumping data for table `areas`
--

INSERT INTO `areas` (`id`, `name`, `status`, `created_at`, `updated_at`, `deleted_at`) VALUES (1,'منطقة الرياض',1,'2024-09-07 08:56:38','2024-09-07 08:56:38',NULL),(2,'منطقة مكة المكرمة',1,'2024-09-07 08:56:38','2024-09-07 08:56:38',NULL),(3,'منطقة المدينة المنورة',1,'2024-09-07 08:56:38','2024-09-07 08:56:38',NULL),(4,'منطقة القصيم',1,'2024-09-07 08:56:38','2024-09-07 08:56:38',NULL),(5,'المنطقة الشرقية',1,'2024-09-07 08:56:38','2024-09-07 08:56:38',NULL),(6,'منطقة عسير',1,'2024-09-07 08:57:10','2024-09-07 08:57:10',NULL),(7,'منطقة تبوك',1,'2024-09-07 08:57:10','2024-09-07 08:57:10',NULL),(8,'منطقة حائل',1,'2024-09-07 08:57:10','2024-09-07 08:57:10',NULL),(9,'منطقة الحدود الشمالية',1,'2024-09-07 08:57:10','2024-09-07 08:57:10',NULL),(10,'منطقة جازان',1,'2024-09-07 08:57:10','2024-09-07 08:57:10',NULL),(11,'منطقة نجران',1,'2024-09-07 08:57:10','2024-09-07 08:57:10',NULL),(12,'منطقة الباحة',1,'2024-09-07 08:57:10','2024-09-07 08:57:10',NULL),(13,'منطقة الجوف',1,'2024-09-07 08:57:10','2024-09-07 08:57:10',NULL),(14,'test',1,'2024-09-09 08:24:42','2024-09-09 08:27:01','2024-09-09 08:27:01'),(15,'test',1,'2024-09-09 08:24:46','2024-09-09 08:26:56','2024-09-09 08:26:56'),(16,'retret',1,'2024-09-09 08:24:52','2024-09-09 08:24:57','2024-09-09 08:24:57'),(17,'test',1,'2024-09-09 08:26:03','2024-09-09 08:26:08','2024-09-09 08:26:08'),(18,'teste',1,'2024-09-09 08:30:45','2024-09-09 08:30:50','2024-09-09 08:30:50'),(19,'test',1,'2024-09-09 08:31:16','2024-09-09 08:31:20','2024-09-09 08:31:20'),(20,'شسيش',1,'2024-09-09 17:46:01','2024-09-09 17:46:01',NULL),(21,'سثيب',1,'2024-09-09 17:46:17','2024-09-09 17:46:17',NULL),(22,'بضصب',1,'2024-09-09 17:46:28','2024-09-09 17:46:34','2024-09-09 17:46:34'),(23,'عبدالله',1,'2024-09-15 12:23:30','2024-09-15 12:23:57','2024-09-15 12:23:57'),(24,'qwewq',1,'2024-09-16 12:04:05','2024-09-16 12:04:17','2024-09-16 12:04:17');

--
-- Table structure for table `assignment_committee_members`
--

CREATE TABLE `assignment_committee_members` (
  `id` bigint unsigned NOT NULL AUTO_INCREMENT,
  `committee_id` bigint unsigned NOT NULL,
  `assignment_committee_id` bigint unsigned NOT NULL,
  `employee_id` bigint unsigned NOT NULL,
  `assignment_work` varchar(191) COLLATE utf8mb4_unicode_ci NOT NULL,
  `created_at` timestamp NULL DEFAULT NULL,
  `updated_at` timestamp NULL DEFAULT NULL,
  `deleted_at` timestamp NULL DEFAULT NULL,
  PRIMARY KEY (`id`),
  KEY `assignment_committee_members_committee_id_foreign` (`committee_id`),
  KEY `assignment_committee_members_assignment_committee_id_foreign` (`assignment_committee_id`),
  KEY `assignment_committee_members_employee_id_foreign` (`employee_id`),
  CONSTRAINT `assignment_committee_members_assignment_committee_id_foreign` FOREIGN KEY (`assignment_committee_id`) REFERENCES `assignment_committees` (`id`) ON DELETE CASCADE,
  CONSTRAINT `assignment_committee_members_committee_id_foreign` FOREIGN KEY (`committee_id`) REFERENCES `committees` (`id`) ON DELETE CASCADE,
  CONSTRAINT `assignment_committee_members_employee_id_foreign` FOREIGN KEY (`employee_id`) REFERENCES `school_employees` (`id`) ON DELETE CASCADE
) ENGINE=InnoDB AUTO_INCREMENT=124 DEFAULT CHARSET=utf8mb4 COLLATE=utf8mb4_unicode_ci;

--
-- Dumping data for table `assignment_committee_members`
--

INSERT INTO `assignment_committee_members` (`id`, `committee_id`, `assignment_committee_id`, `employee_id`, `assignment_work`, `created_at`, `updated_at`, `deleted_at`) VALUES (71,2,13,177,'رئيساً للجنة','2024-10-08 11:23:53','2024-10-08 11:23:53',NULL),(79,2,15,749,'رئيساً للجنة','2024-10-17 08:51:37','2024-10-17 08:51:37',NULL),(80,2,15,748,'عضو','2024-10-17 08:51:37','2024-10-17 08:51:37',NULL),(82,2,15,741,'عضو','2024-10-17 08:51:37','2024-10-17 08:51:37',NULL),(87,3,17,714,'رئيساً للجنة','2024-10-19 11:20:08','2024-10-19 11:20:08',NULL),(88,3,17,694,'مقرر للجنة','2024-10-19 11:20:08','2024-10-19 11:20:08',NULL),(89,3,17,715,'عضو','2024-10-19 11:20:08','2024-10-19 11:20:08',NULL),(90,3,17,726,'عضو','2024-10-19 11:20:08','2024-10-19 11:20:08',NULL),(91,4,18,732,'رئيساً للجنة','2024-10-19 11:20:32','2024-10-19 11:20:32',NULL),(92,4,18,730,'عضو','2024-10-19 11:20:32','2024-10-19 11:20:32',NULL),(93,4,18,728,'عضو','2024-10-19 11:20:32','2024-10-19 11:20:32',NULL),(94,4,18,724,'عضو','2024-10-19 11:20:32','2024-10-19 11:20:32',NULL),(95,4,18,715,'عضو','2024-10-19 11:20:32','2024-10-19 11:20:32',NULL),(96,4,18,714,'مقرر للجنة','2024-10-19 11:20:32','2024-10-19 11:20:32',NULL),(97,4,18,706,'عضو','2024-10-19 11:20:32','2024-10-19 11:20:32',NULL),(98,6,19,732,'رئيساً','2024-10-19 11:20:50','2024-10-19 11:20:50',NULL),(99,6,19,729,'نائب الرئيس','2024-10-19 11:20:50','2024-10-19 11:20:50',NULL),(100,6,19,714,'عضو ومقرر','2024-10-19 11:20:50','2024-10-19 11:20:50',NULL),(101,6,19,706,'عضو','2024-10-19 11:20:50','2024-10-19 11:20:50',NULL),(106,2,21,714,'رئيساً للجنة','2024-10-21 19:13:12','2024-10-21 19:13:12',NULL),(107,2,21,714,'عضو','2024-10-21 19:13:12','2024-10-21 19:13:12',NULL),(108,2,21,715,'عضو','2024-10-21 19:13:12','2024-10-21 19:13:12',NULL),(109,2,21,715,'عضو','2024-10-21 19:13:12','2024-10-21 19:13:12',NULL),(110,7,22,723,'رئيساً للجنة','2024-10-26 11:00:35','2024-10-26 11:01:01','2024-10-26 11:01:01'),(111,7,22,724,'مقرر للجنة','2024-10-26 11:00:35','2024-10-26 11:01:01','2024-10-26 11:01:01'),(112,7,22,716,'عضو','2024-10-26 11:00:35','2024-10-26 11:01:01','2024-10-26 11:01:01'),(113,7,22,709,'عضو','2024-10-26 11:00:35','2024-10-26 11:01:01','2024-10-26 11:01:01'),(121,1,24,693,'رئيساً للفريق','2024-11-17 18:04:49','2024-11-17 18:04:49',NULL),(122,1,24,694,'عضوة','2024-11-17 18:04:49','2024-11-17 18:04:49',NULL),(123,1,24,695,'عضوة','2024-11-17 18:04:49','2024-11-17 18:04:49',NULL);

--
-- Table structure for table `assignment_committees`
--

CREATE TABLE `assignment_committees` (
  `id` bigint unsigned NOT NULL AUTO_INCREMENT,
  `namazeg_version_id` bigint unsigned NOT NULL,
  `school_id` bigint unsigned NOT NULL,
  `committee_id` bigint unsigned NOT NULL,
  `date` varchar(191) COLLATE utf8mb4_unicode_ci NOT NULL,
  `date_type` enum('coptic','hijri') COLLATE utf8mb4_unicode_ci DEFAULT NULL,
  `created_at` timestamp NULL DEFAULT NULL,
  `updated_at` timestamp NULL DEFAULT NULL,
  `deleted_at` timestamp NULL DEFAULT NULL,
  PRIMARY KEY (`id`),
  KEY `assignment_committees_committee_id_foreign` (`committee_id`),
  CONSTRAINT `assignment_committees_committee_id_foreign` FOREIGN KEY (`committee_id`) REFERENCES `committees` (`id`) ON DELETE CASCADE
) ENGINE=InnoDB AUTO_INCREMENT=25 DEFAULT CHARSET=utf8mb4 COLLATE=utf8mb4_unicode_ci;

--
-- Dumping data for table `assignment_committees`
--

INSERT INTO `assignment_committees` (`id`, `namazeg_version_id`, `school_id`, `committee_id`, `date`, `date_type`, `created_at`, `updated_at`, `deleted_at`) VALUES (13,11277,81,2,'08/10/2024','coptic','2024-10-08 11:23:53','2024-10-08 11:23:53',NULL),(15,11599,119,2,'17/10/2024','coptic','2024-10-17 08:51:37','2024-10-17 08:51:37',NULL),(17,11610,112,3,'19/10/2024','coptic','2024-10-19 11:20:08','2024-10-19 11:20:08',NULL),(18,11611,112,4,'19/10/2024','coptic','2024-10-19 11:20:32','2024-10-19 11:20:32',NULL),(19,11612,112,6,'19/10/2024','coptic','2024-10-19 11:20:50','2024-10-19 11:20:50',NULL),(21,11609,112,2,'22/10/2024','coptic','2024-10-21 19:13:12','2024-10-21 19:13:12',NULL),(22,11610,112,7,'26/10/2024','coptic','2024-10-26 11:00:35','2024-10-26 11:01:01','2024-10-26 11:01:01'),(24,12648,112,1,'26/09/2024','coptic','2024-11-17 17:44:32','2024-11-17 17:44:32',NULL);

--
-- Table structure for table `assignment_employees`
--

CREATE TABLE `assignment_employees` (
  `id` bigint unsigned NOT NULL AUTO_INCREMENT,
  `assignment_id` bigint unsigned NOT NULL,
  `employee_id` bigint unsigned NOT NULL,
  `created_at` timestamp NULL DEFAULT NULL,
  `updated_at` timestamp NULL DEFAULT NULL,
  `deleted_at` timestamp NULL DEFAULT NULL,
  PRIMARY KEY (`id`),
  KEY `assignment_employees_assignment_id_foreign` (`assignment_id`),
  KEY `assignment_employees_employee_id_foreign` (`employee_id`),
  CONSTRAINT `assignment_employees_assignment_id_foreign` FOREIGN KEY (`assignment_id`) REFERENCES `assignments` (`id`) ON DELETE CASCADE,
  CONSTRAINT `assignment_employees_employee_id_foreign` FOREIGN KEY (`employee_id`) REFERENCES `school_employees` (`id`) ON DELETE CASCADE
) ENGINE=InnoDB AUTO_INCREMENT=140 DEFAULT CHARSET=utf8mb4 COLLATE=utf8mb4_unicode_ci;

--
-- Dumping data for table `assignment_employees`
--

INSERT INTO `assignment_employees` (`id`, `assignment_id`, `employee_id`, `created_at`, `updated_at`, `deleted_at`) VALUES (1,1,732,'2024-09-27 18:13:50','2024-09-27 18:13:50',NULL),(4,2,626,'2024-09-28 07:09:58','2024-09-28 07:09:58',NULL),(50,22,174,'2024-10-08 11:17:35','2024-10-08 11:17:35',NULL),(51,22,175,'2024-10-08 11:17:35','2024-10-08 11:17:35',NULL),(52,22,733,'2024-10-08 11:17:35','2024-10-08 11:17:35',NULL),(53,23,174,'2024-10-08 11:19:51','2024-10-08 11:19:51',NULL),(54,24,733,'2024-10-08 11:20:44','2024-10-08 11:20:52','2024-10-08 11:20:52'),(55,25,733,'2024-10-08 11:20:59','2024-10-08 11:20:59',NULL),(56,26,741,'2024-10-09 09:52:27','2024-10-09 09:52:27',NULL),(57,27,732,'2024-10-13 18:41:29','2024-10-13 18:41:29',NULL),(58,28,732,'2024-10-13 18:41:40','2024-10-13 18:41:40',NULL),(59,29,697,'2024-10-13 18:41:55','2024-10-13 18:41:55',NULL),(60,29,696,'2024-10-13 18:41:55','2024-10-13 18:41:55',NULL),(61,29,695,'2024-10-13 18:41:55','2024-10-13 18:41:55',NULL),(62,29,694,'2024-10-13 18:41:55','2024-10-13 18:41:55',NULL),(63,30,697,'2024-10-13 18:42:17','2024-10-13 18:42:17',NULL),(64,30,700,'2024-10-13 18:42:17','2024-10-13 18:42:17',NULL),(65,31,749,'2024-10-17 08:26:36','2024-10-17 08:26:36',NULL),(66,32,749,'2024-10-17 08:26:48','2024-10-17 08:26:48',NULL),(67,33,748,'2024-10-17 08:26:56','2024-10-17 08:26:56',NULL),(80,39,713,'2024-10-19 10:20:30','2024-10-19 10:20:30',NULL),(81,40,713,'2024-10-19 10:20:57','2024-10-19 10:20:57',NULL),(82,40,716,'2024-10-19 10:20:57','2024-10-19 10:20:57',NULL),(83,40,717,'2024-10-19 10:20:57','2024-10-19 10:20:57',NULL),(84,41,732,'2024-10-19 11:21:28','2024-10-19 11:21:28',NULL),(86,42,858,'2024-10-20 10:43:54','2024-10-20 10:44:13','2024-10-20 10:44:13'),(87,43,676,'2024-10-21 08:39:13','2024-10-21 08:39:13',NULL),(88,43,857,'2024-10-21 08:39:13','2024-10-21 08:39:13',NULL),(89,44,714,'2024-10-21 19:11:16','2024-10-21 19:11:16',NULL),(90,45,753,'2024-10-27 07:50:33','2024-10-27 07:50:33',NULL),(91,46,753,'2024-10-27 07:50:39','2024-10-27 07:50:39',NULL),(92,47,753,'2024-10-27 07:50:44','2024-10-27 07:50:44',NULL),(93,48,753,'2024-10-27 07:50:50','2024-10-27 07:50:50',NULL),(94,49,961,'2024-10-27 10:28:20','2024-10-27 10:28:32','2024-10-27 10:28:32'),(96,50,854,'2024-10-27 10:29:29','2024-10-27 10:29:29',NULL),(97,50,960,'2024-10-27 10:29:29','2024-10-27 10:30:05','2024-10-27 10:30:05'),(98,50,961,'2024-10-27 10:29:29','2024-10-27 10:29:29',NULL),(99,51,971,'2024-11-02 10:50:07','2024-11-02 10:50:07',NULL),(100,52,1065,'2024-11-13 17:44:23','2024-11-13 17:44:23',NULL),(101,53,1065,'2024-11-13 17:44:36','2024-11-13 17:44:36',NULL),(102,54,1065,'2024-11-13 17:44:50','2024-11-13 17:44:50',NULL),(103,55,1065,'2024-11-13 17:46:07','2024-11-13 17:46:07',NULL),(104,56,1065,'2024-11-13 17:51:46','2024-11-13 17:51:46',NULL),(105,57,1065,'2024-11-13 17:54:27','2024-11-13 17:54:27',NULL),(106,58,1128,'2024-11-14 13:18:34','2024-11-14 13:18:34',NULL),(107,59,974,'2024-11-16 17:50:48','2024-11-16 17:50:48',NULL),(108,60,959,'2024-11-16 18:50:35','2024-11-16 18:50:35',NULL),(109,60,976,'2024-11-16 18:50:35','2024-11-16 18:50:35',NULL),(110,61,1138,'2024-11-17 09:26:51','2024-11-17 09:26:51',NULL),(111,62,1138,'2024-11-17 09:27:45','2024-11-17 09:27:45',NULL),(112,63,1138,'2024-11-17 09:29:08','2024-11-17 09:29:08',NULL),(113,64,1138,'2024-11-17 09:29:59','2024-11-17 09:29:59',NULL),(114,65,1138,'2024-11-17 09:33:36','2024-11-17 09:33:36',NULL),(115,66,1138,'2024-11-17 09:33:43','2024-11-17 09:33:43',NULL),(116,67,1138,'2024-11-17 09:46:59','2024-11-17 09:46:59',NULL),(117,68,1138,'2024-11-17 10:06:24','2024-11-17 10:06:24',NULL),(118,69,1138,'2024-11-17 10:33:26','2024-11-17 10:33:26',NULL),(119,70,1138,'2024-11-17 10:38:36','2024-11-17 10:38:36',NULL),(120,71,1138,'2024-11-17 10:44:07','2024-11-17 10:44:07',NULL),(121,72,1234,'2024-11-19 21:53:11','2024-11-19 21:53:11',NULL),(122,73,1275,'2024-11-21 07:49:11','2024-11-21 07:49:11',NULL),(123,74,1339,'2024-11-21 15:42:18','2024-11-21 15:42:18',NULL),(124,75,1340,'2024-11-21 15:44:53','2024-11-21 15:44:53',NULL),(125,76,1455,'2024-11-24 11:34:25','2024-11-24 11:34:25',NULL),(126,77,1455,'2024-11-24 11:34:37','2024-11-24 11:34:37',NULL),(127,78,1275,'2024-11-24 11:57:37','2024-11-24 11:57:37',NULL),(128,79,1275,'2024-11-24 12:19:15','2024-11-24 12:19:15',NULL),(129,80,1567,'2024-11-26 12:35:51','2024-11-26 12:35:51',NULL),(135,86,1691,'2024-11-28 15:14:05','2024-11-28 15:14:05',NULL),(136,87,1857,'2024-11-28 16:35:14','2024-11-28 16:35:14',NULL),(137,88,1857,'2024-11-28 16:36:56','2024-11-28 16:36:56',NULL),(138,89,1858,'2024-11-28 16:46:58','2024-11-28 16:46:58',NULL),(139,90,1858,'2024-11-28 16:50:07','2024-11-28 16:50:07',NULL);

--
-- Table structure for table `assignment_general_durations`
--

CREATE TABLE `assignment_general_durations` (
  `id` bigint unsigned NOT NULL AUTO_INCREMENT,
  `year` varchar(191) COLLATE utf8mb4_unicode_ci NOT NULL,
  `created_at` timestamp NULL DEFAULT NULL,
  `updated_at` timestamp NULL DEFAULT NULL,
  PRIMARY KEY (`id`)
) ENGINE=InnoDB AUTO_INCREMENT=9 DEFAULT CHARSET=utf8mb4 COLLATE=utf8mb4_unicode_ci;

--
-- Dumping data for table `assignment_general_durations`
--

INSERT INTO `assignment_general_durations` (`id`, `year`, `created_at`, `updated_at`) VALUES (1,'فصل دراسي','2024-10-26 08:08:00','2024-10-26 08:08:00'),(2,'فصليين دراسيين','2024-10-26 08:08:00','2024-10-26 08:08:00'),(3,'عام دراسي','2024-10-26 08:08:00','2024-10-26 08:08:00'),(4,'عامين دراسيين','2024-10-26 08:08:00','2024-10-26 08:08:00');

--
-- Table structure for table `assignment_general_employees`
--

CREATE TABLE `assignment_general_employees` (
  `id` bigint unsigned NOT NULL AUTO_INCREMENT,
  `general_assignment_id` bigint unsigned NOT NULL,
  `employee_id` bigint unsigned NOT NULL,
  `created_at` timestamp NULL DEFAULT NULL,
  `updated_at` timestamp NULL DEFAULT NULL,
  `deleted_at` timestamp NULL DEFAULT NULL,
  PRIMARY KEY (`id`),
  KEY `assignment_general_employees_general_assignment_id_foreign` (`general_assignment_id`),
  KEY `assignment_general_employees_employee_id_foreign` (`employee_id`),
  CONSTRAINT `assignment_general_employees_employee_id_foreign` FOREIGN KEY (`employee_id`) REFERENCES `school_employees` (`id`) ON DELETE CASCADE,
  CONSTRAINT `assignment_general_employees_general_assignment_id_foreign` FOREIGN KEY (`general_assignment_id`) REFERENCES `assignments_general` (`id`) ON DELETE CASCADE
) ENGINE=InnoDB AUTO_INCREMENT=60 DEFAULT CHARSET=utf8mb4 COLLATE=utf8mb4_unicode_ci;

--
-- Dumping data for table `assignment_general_employees`
--

INSERT INTO `assignment_general_employees` (`id`, `general_assignment_id`, `employee_id`, `created_at`, `updated_at`, `deleted_at`) VALUES (30,4,635,'2024-09-28 11:23:49','2024-09-28 11:31:43','2024-09-28 11:31:43'),(31,4,641,'2024-09-28 11:23:49','2024-09-28 11:23:49',NULL),(32,4,640,'2024-09-28 11:23:49','2024-09-28 11:23:49',NULL),(33,4,639,'2024-09-28 11:23:49','2024-09-28 11:23:49',NULL),(34,4,638,'2024-09-28 11:23:49','2024-09-28 11:23:49',NULL),(35,4,626,'2024-09-28 11:23:49','2024-09-28 11:23:49',NULL),(39,6,640,'2024-09-28 11:32:30','2024-09-28 11:32:30',NULL),(45,11,175,'2024-10-08 17:51:21','2024-10-08 17:51:21',NULL),(46,11,178,'2024-10-08 17:51:21','2024-10-08 17:51:21',NULL),(47,12,732,'2024-10-13 18:42:38','2024-10-13 18:42:38',NULL),(48,13,748,'2024-10-17 08:53:10','2024-10-17 08:53:10',NULL),(52,15,724,'2024-10-19 09:56:00','2024-10-19 09:56:00',NULL),(53,15,725,'2024-10-19 09:56:00','2024-10-19 09:56:00',NULL),(54,15,726,'2024-10-19 09:56:00','2024-10-19 09:56:00',NULL),(55,15,727,'2024-10-19 09:56:00','2024-10-19 09:56:00',NULL),(56,15,728,'2024-10-19 09:56:00','2024-10-19 09:56:00',NULL),(57,15,729,'2024-10-19 09:56:00','2024-10-19 09:56:00',NULL),(58,16,677,'2024-10-21 10:22:23','2024-10-21 10:22:32','2024-10-21 10:22:32'),(59,17,732,'2024-10-21 19:11:27','2024-10-21 19:11:27',NULL);

--
-- Table structure for table `assignment_team_members`
--

CREATE TABLE `assignment_team_members` (
  `id` bigint unsigned NOT NULL AUTO_INCREMENT,
  `team_id` bigint unsigned NOT NULL,
  `assignment_team_id` bigint unsigned NOT NULL,
  `employee_id` bigint unsigned NOT NULL,
  `assignment_work` varchar(191) COLLATE utf8mb4_unicode_ci NOT NULL,
  `created_at` timestamp NULL DEFAULT NULL,
  `updated_at` timestamp NULL DEFAULT NULL,
  `deleted_at` timestamp NULL DEFAULT NULL,
  PRIMARY KEY (`id`),
  KEY `assignment_team_members_team_id_foreign` (`team_id`),
  KEY `assignment_team_members_assignment_team_id_foreign` (`assignment_team_id`),
  KEY `assignment_team_members_employee_id_foreign` (`employee_id`),
  CONSTRAINT `assignment_team_members_assignment_team_id_foreign` FOREIGN KEY (`assignment_team_id`) REFERENCES `assignment_teams` (`id`) ON DELETE CASCADE,
  CONSTRAINT `assignment_team_members_employee_id_foreign` FOREIGN KEY (`employee_id`) REFERENCES `school_employees` (`id`) ON DELETE CASCADE,
  CONSTRAINT `assignment_team_members_team_id_foreign` FOREIGN KEY (`team_id`) REFERENCES `teams` (`id`) ON DELETE CASCADE
) ENGINE=InnoDB AUTO_INCREMENT=28 DEFAULT CHARSET=utf8mb4 COLLATE=utf8mb4_unicode_ci;

--
-- Dumping data for table `assignment_team_members`
--

INSERT INTO `assignment_team_members` (`id`, `team_id`, `assignment_team_id`, `employee_id`, `assignment_work`, `created_at`, `updated_at`, `deleted_at`) VALUES (20,1,7,715,'رئيساً للفريق','2024-10-19 11:21:15','2024-10-19 11:21:15',NULL),(21,1,7,698,'عضو','2024-10-19 11:21:15','2024-10-19 11:21:15',NULL),(22,1,7,729,'عضو','2024-10-19 11:21:15','2024-10-19 11:21:15',NULL),(23,1,7,701,'عضو','2024-10-19 11:21:15','2024-10-19 11:21:15',NULL),(24,3,8,714,'رئيساً للفريق','2024-10-19 11:21:56','2024-10-19 11:21:56',NULL),(25,3,8,710,'عضو','2024-10-19 11:21:56','2024-10-19 11:21:56',NULL),(26,3,8,728,'عضو','2024-10-19 11:21:56','2024-10-19 11:21:56',NULL),(27,3,8,706,'عضو','2024-10-19 11:21:56','2024-10-19 11:21:56',NULL);

--
-- Table structure for table `assignment_teams`
--

CREATE TABLE `assignment_teams` (
  `id` bigint unsigned NOT NULL AUTO_INCREMENT,
  `namazeg_version_id` bigint unsigned NOT NULL,
  `school_id` bigint unsigned NOT NULL,
  `team_id` bigint unsigned NOT NULL,
  `date` varchar(191) COLLATE utf8mb4_unicode_ci NOT NULL,
  `date_type` enum('coptic','hijri') COLLATE utf8mb4_unicode_ci DEFAULT NULL,
  `created_at` timestamp NULL DEFAULT NULL,
  `updated_at` timestamp NULL DEFAULT NULL,
  `deleted_at` timestamp NULL DEFAULT NULL,
  PRIMARY KEY (`id`),
  KEY `assignment_teams_team_id_foreign` (`team_id`),
  KEY `assignment_teams_school_id_foreign` (`school_id`),
  CONSTRAINT `assignment_teams_school_id_foreign` FOREIGN KEY (`school_id`) REFERENCES `schools` (`id`) ON DELETE CASCADE,
  CONSTRAINT `assignment_teams_team_id_foreign` FOREIGN KEY (`team_id`) REFERENCES `teams` (`id`) ON DELETE CASCADE
) ENGINE=InnoDB AUTO_INCREMENT=9 DEFAULT CHARSET=utf8mb4 COLLATE=utf8mb4_unicode_ci;

--
-- Dumping data for table `assignment_teams`
--

INSERT INTO `assignment_teams` (`id`, `namazeg_version_id`, `school_id`, `team_id`, `date`, `date_type`, `created_at`, `updated_at`, `deleted_at`) VALUES (7,11613,112,1,'19/10/2024','coptic','2024-10-19 11:21:15','2024-10-19 11:21:15',NULL),(8,11615,112,3,'19/10/2024','coptic','2024-10-19 11:21:56','2024-10-19 11:21:56',NULL);

--
-- Table structure for table `assignments`
--

CREATE TABLE `assignments` (
  `id` bigint unsigned NOT NULL AUTO_INCREMENT,
  `school_id` bigint unsigned NOT NULL,
  `namazeg_version_id` bigint unsigned NOT NULL,
  `current_work_id` bigint unsigned NOT NULL,
  `date` varchar(191) COLLATE utf8mb4_unicode_ci DEFAULT NULL,
  `date_type` enum('coptic','hijri') COLLATE utf8mb4_unicode_ci DEFAULT NULL,
  `created_at` timestamp NULL DEFAULT NULL,
  `updated_at` timestamp NULL DEFAULT NULL,
  `deleted_at` timestamp NULL DEFAULT NULL,
  PRIMARY KEY (`id`),
  KEY `assignments_current_work_id_foreign` (`current_work_id`),
  KEY `assignments_school_id_foreign` (`school_id`),
  CONSTRAINT `assignments_current_work_id_foreign` FOREIGN KEY (`current_work_id`) REFERENCES `current_works` (`id`) ON DELETE CASCADE,
  CONSTRAINT `assignments_school_id_foreign` FOREIGN KEY (`school_id`) REFERENCES `schools` (`id`) ON DELETE CASCADE
) ENGINE=InnoDB AUTO_INCREMENT=91 DEFAULT CHARSET=utf8mb4 COLLATE=utf8mb4_unicode_ci;

--
-- Dumping data for table `assignments`
--

INSERT INTO `assignments` (`id`, `school_id`, `namazeg_version_id`, `current_work_id`, `date`, `date_type`, `created_at`, `updated_at`, `deleted_at`) VALUES (1,112,8770,1,'27/09/2024','coptic','2024-09-27 18:13:50','2024-09-27 18:13:50',NULL),(2,39,8771,6,'28/09/2024','coptic','2024-09-28 07:09:58','2024-09-28 07:09:58',NULL),(19,81,11270,6,'08/10/2024','coptic','2024-10-08 11:13:08','2024-10-08 11:13:08',NULL),(20,81,11271,7,'08/10/2024','coptic','2024-10-08 11:13:19','2024-10-08 11:13:19',NULL),(21,81,11272,8,'08/10/2024','coptic','2024-10-08 11:14:06','2024-10-08 11:14:06',NULL),(22,81,11273,2,'01/10/2024','coptic','2024-10-08 11:17:35','2024-10-08 11:17:35',NULL),(23,81,11274,3,'08/10/2024','coptic','2024-10-08 11:19:51','2024-10-08 11:19:51',NULL),(24,81,11275,11,'08/10/2024','coptic','2024-10-08 11:20:44','2024-10-08 11:20:44',NULL),(25,81,11276,15,'08/10/2024','coptic','2024-10-08 11:20:59','2024-10-08 11:20:59',NULL),(26,119,11281,1,'09/10/2024','coptic','2024-10-09 09:52:27','2024-10-09 09:52:27',NULL),(27,112,11502,6,'13/10/2024','coptic','2024-10-13 18:41:29','2024-10-13 18:41:29',NULL),(28,112,11503,7,'13/10/2024','coptic','2024-10-13 18:41:40','2024-10-13 18:41:40',NULL),(29,112,11504,3,'13/10/2024','coptic','2024-10-13 18:41:55','2024-10-13 18:41:55',NULL),(30,112,11505,4,'13/10/2024','coptic','2024-10-13 18:42:17','2024-10-13 18:42:17',NULL),(31,119,11589,6,'17/10/2024','coptic','2024-10-17 08:26:36','2024-10-17 08:26:36',NULL),(32,119,11590,7,'17/10/2024','coptic','2024-10-17 08:26:48','2024-10-17 08:26:48',NULL),(33,119,11591,8,'17/10/2024','coptic','2024-10-17 08:26:56','2024-10-17 08:26:56',NULL),(34,119,11592,2,'17/10/2024','coptic','2024-10-17 08:27:20','2024-10-17 08:27:20',NULL),(35,119,11593,3,'17/10/2024','coptic','2024-10-17 08:30:21','2024-10-17 08:30:21',NULL),(36,119,11594,4,'17/10/2024','coptic','2024-10-17 08:30:29','2024-10-17 08:30:29',NULL),(37,119,11595,5,'17/10/2024','coptic','2024-10-17 08:30:41','2024-10-17 08:30:41',NULL),(38,119,11596,11,'17/10/2024','coptic','2024-10-17 08:32:35','2024-10-17 08:32:35',NULL),(39,112,11607,12,'19/10/2024','coptic','2024-10-19 10:20:30','2024-10-19 10:20:30',NULL),(40,112,11608,11,'19/10/2024','coptic','2024-10-19 10:20:57','2024-10-19 10:20:57',NULL),(41,112,11614,8,'19/10/2024','coptic','2024-10-19 11:21:28','2024-10-19 11:21:28',NULL),(42,105,11626,6,'20/10/2024','coptic','2024-10-20 10:42:28','2024-10-20 10:42:28',NULL),(43,105,11630,2,'21/10/2024','coptic','2024-10-21 08:39:13','2024-10-21 08:39:13',NULL),(44,112,11633,15,'22/10/2024','coptic','2024-10-21 19:11:16','2024-10-21 19:11:16',NULL),(45,121,11637,1,'27/10/2024','coptic','2024-10-27 07:50:33','2024-10-27 07:50:33',NULL),(46,121,11637,1,'27/10/2024','coptic','2024-10-27 07:50:39','2024-10-27 07:50:39',NULL),(47,121,11637,1,'27/10/2024','coptic','2024-10-27 07:50:44','2024-10-27 07:50:44',NULL),(48,121,11637,1,'27/10/2024','coptic','2024-10-27 07:50:50','2024-10-27 07:50:50',NULL),(49,121,11844,16,'27/10/2024','coptic','2024-10-27 10:28:20','2024-10-27 10:28:20',NULL),(50,121,11845,11,'27/10/2024','coptic','2024-10-27 10:29:13','2024-10-27 10:29:13',NULL),(51,176,11848,1,'02/11/2024','coptic','2024-11-02 10:50:07','2024-11-02 10:50:07',NULL),(52,185,12117,1,'13/11/2024','coptic','2024-11-13 17:44:23','2024-11-13 17:44:23',NULL),(53,185,12117,1,'13/11/2024','coptic','2024-11-13 17:44:36','2024-11-13 17:44:36',NULL),(54,185,12117,1,'13/11/2024','coptic','2024-11-13 17:44:50','2024-11-13 17:44:50',NULL),(55,185,12117,1,'13/11/2024','coptic','2024-11-13 17:46:07','2024-11-13 17:46:07',NULL),(56,185,12117,1,'13/11/2024','coptic','2024-11-13 17:51:46','2024-11-13 17:51:46',NULL),(57,185,12117,1,'13/11/2024','coptic','2024-11-13 17:54:27','2024-11-13 17:54:27',NULL),(58,186,12487,6,'14/11/2024','coptic','2024-11-14 13:18:34','2024-11-14 13:18:34',NULL),(59,98,12571,1,'12/12/2024','coptic','2024-11-16 17:50:48','2024-11-16 17:50:48',NULL),(60,98,12578,2,'16/11/2024','coptic','2024-11-16 18:50:35','2024-11-16 18:50:35',NULL),(61,191,12587,1,'17/11/2024','coptic','2024-11-17 09:26:51','2024-11-17 09:26:51',NULL),(62,191,12587,1,'17/11/2024','coptic','2024-11-17 09:27:45','2024-11-17 09:27:45',NULL),(63,191,12587,1,'17/11/2024','coptic','2024-11-17 09:29:08','2024-11-17 09:29:08',NULL),(64,191,12587,1,'17/11/2024','coptic','2024-11-17 09:29:59','2024-11-17 09:29:59',NULL),(65,191,12587,1,'17/11/2024','coptic','2024-11-17 09:33:36','2024-11-17 09:33:36',NULL),(66,191,12587,1,'17/11/2024','coptic','2024-11-17 09:33:43','2024-11-17 09:33:43',NULL),(67,191,12587,1,'17/11/2024','coptic','2024-11-17 09:46:59','2024-11-17 09:46:59',NULL),(68,191,12587,1,'17/11/2024','coptic','2024-11-17 10:06:24','2024-11-17 10:06:24',NULL),(69,191,12587,1,'17/11/2024','coptic','2024-11-17 10:33:26','2024-11-17 10:33:26',NULL),(70,191,12587,1,'17/11/2024','coptic','2024-11-17 10:38:36','2024-11-17 10:38:36',NULL),(71,191,12587,1,'17/11/2024','coptic','2024-11-17 10:44:07','2024-11-17 10:44:07',NULL),(72,194,12766,1,'19/11/2024','coptic','2024-11-19 21:53:11','2024-11-19 21:53:11',NULL),(73,196,12829,1,'21/11/2024','coptic','2024-11-21 07:49:11','2024-11-21 07:49:11',NULL),(74,199,12882,1,'21/11/2024','coptic','2024-11-21 15:42:18','2024-11-21 15:42:18',NULL),(75,200,12934,1,'21/11/2024','coptic','2024-11-21 15:44:53','2024-11-21 15:44:53',NULL),(76,203,12991,1,'24/11/2024','coptic','2024-11-24 11:34:25','2024-11-24 11:34:25',NULL),(77,203,12991,1,'24/11/2024','coptic','2024-11-24 11:34:37','2024-11-24 11:34:37',NULL),(78,196,12829,1,'24/11/2024','coptic','2024-11-24 11:57:37','2024-11-24 11:57:37',NULL),(79,196,12829,1,'24/11/2024','coptic','2024-11-24 12:19:15','2024-11-24 12:19:15',NULL),(80,206,13052,1,'26/11/2024','coptic','2024-11-26 12:35:51','2024-11-26 12:35:51',NULL),(86,214,13403,1,'28/11/2024','coptic','2024-11-28 15:14:05','2024-11-28 15:14:05',NULL),(87,217,13557,1,'28/11/2024','coptic','2024-11-28 16:35:14','2024-11-28 16:35:14',NULL),(88,217,13557,1,'28/11/2024','coptic','2024-11-28 16:36:56','2024-11-28 16:36:56',NULL),(89,218,13609,1,'28/11/2024','coptic','2024-11-28 16:46:58','2024-11-28 16:46:58',NULL),(90,218,13609,1,'28/11/2024','coptic','2024-11-28 16:50:07','2024-11-28 16:50:07',NULL);

--
-- Table structure for table `assignments_categories`
--

CREATE TABLE `assignments_categories` (
  `id` bigint unsigned NOT NULL AUTO_INCREMENT,
  `name` varchar(191) COLLATE utf8mb4_unicode_ci NOT NULL,
  `created_at` timestamp NULL DEFAULT NULL,
  `updated_at` timestamp NULL DEFAULT NULL,
  PRIMARY KEY (`id`)
) ENGINE=InnoDB AUTO_INCREMENT=31 DEFAULT CHARSET=utf8mb4 COLLATE=utf8mb4_unicode_ci;

--
-- Dumping data for table `assignments_categories`
--

INSERT INTO `assignments_categories` (`id`, `name`, `created_at`, `updated_at`) VALUES (1,'إدارة المدرسة','2024-09-27 13:48:19','2024-09-27 13:48:19'),(2,'المعلمات','2024-09-27 13:48:19','2024-09-27 13:48:19'),(3,'منسوبي المدرسة','2024-09-27 13:48:19','2024-09-27 13:48:19'),(4,'اللجان و الفرق','2024-09-27 13:48:19','2024-09-27 13:48:19'),(5,'التكليفات العامة','2024-09-27 13:48:19','2024-09-27 13:48:19');

--
-- Table structure for table `assignments_general`
--

CREATE TABLE `assignments_general` (
  `id` bigint unsigned NOT NULL AUTO_INCREMENT,
  `school_id` bigint unsigned NOT NULL,
  `namazeg_version_id` bigint unsigned DEFAULT NULL,
  `date` varchar(191) COLLATE utf8mb4_unicode_ci NOT NULL,
  `date_type` enum('coptic','hijri') COLLATE utf8mb4_unicode_ci DEFAULT NULL,
  `duration_id` bigint unsigned NOT NULL,
  `details` longtext COLLATE utf8mb4_unicode_ci,
  `created_at` timestamp NULL DEFAULT NULL,
  `updated_at` timestamp NULL DEFAULT NULL,
  `deleted_at` timestamp NULL DEFAULT NULL,
  PRIMARY KEY (`id`),
  KEY `assignments_general_school_id_foreign` (`school_id`),
  KEY `assignments_general_duration_id_foreign` (`duration_id`),
  CONSTRAINT `assignments_general_duration_id_foreign` FOREIGN KEY (`duration_id`) REFERENCES `assignment_general_durations` (`id`) ON DELETE CASCADE,
  CONSTRAINT `assignments_general_school_id_foreign` FOREIGN KEY (`school_id`) REFERENCES `schools` (`id`) ON DELETE CASCADE
) ENGINE=InnoDB AUTO_INCREMENT=18 DEFAULT CHARSET=utf8mb4 COLLATE=utf8mb4_unicode_ci;

--
-- Dumping data for table `assignments_general`
--

INSERT INTO `assignments_general` (`id`, `school_id`, `namazeg_version_id`, `date`, `date_type`, `duration_id`, `details`, `created_at`, `updated_at`, `deleted_at`) VALUES (1,8,8772,'28/09/2024','coptic',1,'لوريم ايبسوم هو نموذج افتراضي يوضع في التصاميم لتعرض على العميل ليتصور طريقه وضع النصوص بالتصاميم سواء كانت تصاميم مطبوعه … بروشور او فلاير على سبيل المثال … او نماذج مواانتر','2024-09-28 07:14:40','2024-09-28 07:14:40',NULL),(4,39,8774,'28/09/2024','coptic',3,'fgrtertrege','2024-09-28 07:16:32','2024-09-28 11:23:48',NULL),(5,39,8774,'25/09/2024','coptic',1,'لوريم ايبسوم هو نموذج افتراضي يوضع في التصاميم لتعرض على العميل ليتصور طريقه وضع النصوص بالتصاميم سواء كانت تصاميم مطبوعه … بروشور او فلاير على سبيل المثال … او نماذج مواانتر','2024-09-28 11:28:01','2024-09-28 11:28:01',NULL),(6,39,8774,'18/09/2024','coptic',4,'gkiujytgrfecd','2024-09-28 11:32:30','2024-09-28 11:32:30',NULL),(11,81,11279,'08/10/2024','coptic',1,'fqwfqwfqw','2024-10-08 17:51:21','2024-10-08 17:51:21',NULL),(12,112,11506,'13/10/2024','coptic',2,'rqwrrqw','2024-10-13 18:42:38','2024-10-13 18:42:38',NULL),(13,119,11600,'17/10/2024','coptic',4,'سيبلسسيبل','2024-10-17 08:53:10','2024-10-17 08:53:10',NULL),(15,112,11506,'19/10/2024','coptic',1,'aaaa','2024-10-19 09:56:00','2024-10-19 09:56:00',NULL),(16,105,11632,'21/10/2024','coptic',40,'تنظيف','2024-10-21 10:22:23','2024-10-21 10:22:23',NULL),(17,112,11506,'22/10/2024','coptic',2,'12','2024-10-21 19:11:27','2024-10-21 19:11:27',NULL);

--
-- Table structure for table `barcode`
--

CREATE TABLE `barcode` (
  `id` bigint unsigned NOT NULL AUTO_INCREMENT,
  `link` longtext COLLATE utf8mb4_unicode_ci NOT NULL,
  `created_at` timestamp NULL DEFAULT NULL,
  `updated_at` timestamp NULL DEFAULT NULL,
  PRIMARY KEY (`id`)
) ENGINE=InnoDB AUTO_INCREMENT=2 DEFAULT CHARSET=utf8mb4 COLLATE=utf8mb4_unicode_ci;

--
-- Dumping data for table `barcode`
--

INSERT INTO `barcode` (`id`, `link`, `created_at`, `updated_at`) VALUES (1,'https://teshfear.com/','2024-08-21 08:50:12','2024-09-30 10:24:06');

--
-- Table structure for table `basic_relative_punishments`
--

CREATE TABLE `basic_relative_punishments` (
  `id` bigint unsigned NOT NULL AUTO_INCREMENT,
  `relation_violation_punishment_id` bigint unsigned NOT NULL,
  `violation_punishment_id` bigint unsigned NOT NULL,
  `created_at` timestamp NULL DEFAULT NULL,
  `updated_at` timestamp NULL DEFAULT NULL,
  PRIMARY KEY (`id`),
  KEY `fk_relation_violation_punishment` (`relation_violation_punishment_id`),
  KEY `fk_violation_punishment` (`violation_punishment_id`),
  CONSTRAINT `fk_relation_violation_punishment` FOREIGN KEY (`relation_violation_punishment_id`) REFERENCES `violation_punishments` (`id`) ON DELETE CASCADE,
  CONSTRAINT `fk_violation_punishment` FOREIGN KEY (`violation_punishment_id`) REFERENCES `namazeg` (`id`) ON DELETE CASCADE
) ENGINE=InnoDB AUTO_INCREMENT=43 DEFAULT CHARSET=utf8mb4 COLLATE=utf8mb4_unicode_ci;

--
-- Dumping data for table `basic_relative_punishments`
--

INSERT INTO `basic_relative_punishments` (`id`, `relation_violation_punishment_id`, `violation_punishment_id`, `created_at`, `updated_at`) VALUES (9,9,164,'2024-10-16 09:50:15','2024-10-16 09:50:15');

--
-- Table structure for table `business_account_data`
--

CREATE TABLE `business_account_data` (
  `id` bigint unsigned NOT NULL AUTO_INCREMENT,
  `user_id` bigint unsigned NOT NULL,
  `company_name` varchar(191) COLLATE utf8mb4_unicode_ci NOT NULL,
  `sector` varchar(191) COLLATE utf8mb4_unicode_ci NOT NULL,
  `tax_registration_number` varchar(191) COLLATE utf8mb4_unicode_ci NOT NULL,
  `commercial_registration_number` varchar(191) COLLATE utf8mb4_unicode_ci NOT NULL,
  `created_at` timestamp NULL DEFAULT NULL,
  `updated_at` timestamp NULL DEFAULT NULL,
  PRIMARY KEY (`id`),
  KEY `business_account_data_user_id_foreign` (`user_id`),
  CONSTRAINT `business_account_data_user_id_foreign` FOREIGN KEY (`user_id`) REFERENCES `users` (`id`) ON DELETE CASCADE ON UPDATE RESTRICT
) ENGINE=InnoDB AUTO_INCREMENT=15 DEFAULT CHARSET=utf8mb4 COLLATE=utf8mb4_unicode_ci;

--
-- Dumping data for table `business_account_data`
--

INSERT INTO `business_account_data` (`id`, `user_id`, `company_name`, `sector`, `tax_registration_number`, `commercial_registration_number`, `created_at`, `updated_at`) VALUES (14,845,'Arcane','dOption2','21323123','3123123123123','2024-11-26 12:48:22','2024-11-26 12:48:22');

--
-- Table structure for table `categories`
--

CREATE TABLE `categories` (
  `id` bigint unsigned NOT NULL AUTO_INCREMENT,
  `parent_id` bigint unsigned DEFAULT NULL,
  `name` varchar(191) COLLATE utf8mb4_unicode_ci NOT NULL,
  `board_type` enum('teacher','manager') COLLATE utf8mb4_unicode_ci NOT NULL,
  `page_url` varchar(191) COLLATE utf8mb4_unicode_ci NOT NULL,
  `status` tinyint(1) NOT NULL DEFAULT '1',
  `created_at` timestamp NULL DEFAULT NULL,
  `updated_at` timestamp NULL DEFAULT NULL,
  `deleted_at` timestamp NULL DEFAULT NULL,
  PRIMARY KEY (`id`),
  KEY `categories_parent_id_foreign` (`parent_id`),
  CONSTRAINT `categories_parent_id_foreign` FOREIGN KEY (`parent_id`) REFERENCES `categories` (`id`) ON DELETE CASCADE
) ENGINE=InnoDB AUTO_INCREMENT=197 DEFAULT CHARSET=utf8mb4 COLLATE=utf8mb4_unicode_ci;

--
-- Dumping data for table `categories`
--

INSERT INTO `categories` (`id`, `parent_id`, `name`, `board_type`, `page_url`, `status`, `created_at`, `updated_at`, `deleted_at`) VALUES (1,NULL,'et','manager','http://www.harber.biz/nihil-dolore-et-aperiam-est',1,'2024-08-21 08:50:12','2024-08-24 16:24:19','2024-08-24 16:24:19'),(2,NULL,'aut','manager','http://dach.com/aperiam-assumenda-aut-facere',1,'2024-08-21 08:50:12','2024-08-24 16:23:32','2024-08-24 16:23:32'),(3,NULL,'et','manager','http://www.bernhard.com/',1,'2024-08-21 08:50:12','2024-09-20 17:40:18','2024-09-20 17:40:18'),(4,NULL,'itaque','teacher','https://feest.org/est-architecto-officiis-possimus-sed.html',1,'2024-08-21 08:50:12','2024-09-20 17:40:23','2024-09-20 17:40:23'),(5,NULL,'SFSDF','teacher','FQWEQ',0,'2024-08-21 08:50:12','2024-08-24 16:22:49','2024-08-24 16:22:49'),(6,NULL,'updated category','manager','http://www.kertzmann.com/ut-sapiente-corporis-quidem-vel.',1,'2024-08-21 08:50:12','2024-09-20 17:40:28','2024-09-20 17:40:28'),(7,NULL,'quia','teacher','http://kozey.org/officiis-dolores-eaque-illo-facere-repellendus-repellat-sed-consequatur.html',1,'2024-08-21 08:50:12','2024-09-20 17:40:32','2024-09-20 17:40:32'),(8,NULL,'eius','manager','http://www.hartmann.org/et-nemo-aperiam-alias-omnis-incidunt-qui-rerum.html',1,'2024-08-21 08:50:12','2024-09-05 06:04:59','2024-09-05 06:04:59'),(9,NULL,'repellendus','teacher','http://www.stiedemann.com/',1,'2024-08-21 08:50:12','2024-09-01 18:26:06','2024-09-01 18:26:06'),(10,NULL,'sed','manager','http://zulauf.com/optio-suscipit-labore-laudantium.html',1,'2024-08-21 08:50:12','2024-08-28 07:03:26','2024-08-28 07:03:26'),(11,1,'voluptatum','manager','http://www.hane.com/quod-enim-dolores-saepe-neque',1,'2024-08-21 08:50:12','2024-08-24 16:24:19','2024-08-24 16:24:19'),(12,1,'in','manager','http://www.kozey.net/ipsa-culpa-expedita-eos-occaecati-laborum-aut.html',1,'2024-08-21 08:50:12','2024-08-24 16:24:19','2024-08-24 16:24:19'),(13,1,'praesentium','teacher','http://www.langosh.net/alias-vel-nihil-sed-aperiam.html',1,'2024-08-21 08:50:12','2024-08-24 16:24:19','2024-08-24 16:24:19'),(14,2,'autem','manager','http://berge.com/ullam-qui-quas-in-voluptas-consectetur-aliquam.html',1,'2024-08-21 08:50:12','2024-08-24 16:23:32','2024-08-24 16:23:32'),(15,2,'cupiditate','manager','http://braun.com/',1,'2024-08-21 08:50:12','2024-08-24 16:23:32','2024-08-24 16:23:32'),(16,2,'cupiditate','teacher','http://moen.org/laudantium-quia-numquam-fugiat-nemo.html',1,'2024-08-21 08:50:12','2024-08-24 16:23:32','2024-08-24 16:23:32'),(17,3,'mollitia','manager','http://balistreri.biz/consectetur-sequi-eos-qui-nobis',1,'2024-08-21 08:50:12','2024-09-20 17:40:18','2024-09-20 17:40:18'),(18,3,'itaque','manager','http://www.larson.info/architecto-voluptate-sequi-magni-sint-praesentium-mollitia-alias',1,'2024-08-21 08:50:12','2024-09-20 17:40:18','2024-09-20 17:40:18'),(19,3,'voluptas','teacher','http://www.treutel.com/amet-omnis-nihil-veritatis-aliquam-explicabo-non-quaerat-nam.html',1,'2024-08-21 08:50:12','2024-09-20 17:40:18','2024-09-20 17:40:18'),(20,4,'dicta','teacher','http://www.koepp.com/delectus-nihil-laudantium-animi-sequi-sint-solusadasd',1,'2024-08-21 08:50:12','2024-09-20 17:40:23','2024-09-20 17:40:23'),(21,4,'non','manager','https://howe.info/aut-voluptatibus-esse-vitae-accusantium.html',1,'2024-08-21 08:50:12','2024-09-20 17:40:23','2024-09-20 17:40:23'),(22,4,'vero','teacher','http://www.greenholt.com/vero-qui-recusandae-sequi-autem-repudiandae-consequatur',1,'2024-08-21 08:50:12','2024-09-05 06:04:50','2024-09-05 06:04:50'),(23,5,'id','manager','https://beier.com/dignissimos-et-dolorem-veniam-et-vero-quia-laborum.html',1,'2024-08-21 08:50:12','2024-08-24 16:22:49','2024-08-24 16:22:49'),(24,5,'quis','teacher','http://lind.net/',1,'2024-08-21 08:50:12','2024-08-24 16:22:49','2024-08-24 16:22:49'),(25,5,'excepturi','manager','http://www.keebler.com/reiciendis-esse-sunt-aut-quia',1,'2024-08-21 08:50:12','2024-08-24 16:22:49','2024-08-24 16:22:49'),(26,6,'الرئيسية2','manager','https://laam.vercel.app/admin/hom213',1,'2024-08-21 08:50:12','2024-09-20 17:40:28','2024-09-20 17:40:28'),(27,6,'aut','manager','http://senger.org/iste-ea-ipsa-iusto-veritatis-ex',1,'2024-08-21 08:50:12','2024-09-20 17:40:28','2024-09-20 17:40:28'),(28,6,'omnis','manager','http://senger.org/iste-ea-ipsa-iusto-veritatis-ex',1,'2024-08-21 08:50:12','2024-09-20 17:40:28','2024-09-20 17:40:28'),(29,7,'tempore','teacher','http://www.larkin.biz/commodi-qui-eius-facilis-voluptatem-architecto.html',1,'2024-08-21 08:50:12','2024-09-20 17:40:32','2024-09-20 17:40:32'),(30,7,'optio','teacher','http://www.emmerich.com/excepturi-excepturi-esse-dicta-et-dicta.html',1,'2024-08-21 08:50:12','2024-09-06 06:01:24','2024-09-06 06:01:24'),(31,7,'laboriosam','manager','http://www.wiza.net/harum-amet-veritatis-natus-sint-illum-ipsum-temporibus.html',1,'2024-08-21 08:50:12','2024-09-20 17:40:32','2024-09-20 17:40:32'),(32,8,'cupiditate','manager','https://ritchie.com/non-nihil-voluptatem-voluptatum-nemo-ea-reiciendis.html',1,'2024-08-21 08:50:12','2024-09-05 06:04:59','2024-09-05 06:04:59'),(33,8,'dolor','manager','http://will.com/ab-doloribus-harum-ipsa-iure-sed-ipsa',1,'2024-08-21 08:50:12','2024-09-05 06:04:59','2024-09-05 06:04:59'),(34,8,'molestiae','manager','http://bayer.info/aspernatur-aspernatur-assumenda-vel-eum-facere.html',1,'2024-08-21 08:50:12','2024-09-05 06:04:59','2024-09-05 06:04:59'),(35,9,'accusantium','teacher','http://www.simonis.com/inventore-officiis-perferendis-nihil-nostrum-maxime',1,'2024-08-21 08:50:12','2024-09-01 18:26:06','2024-09-01 18:26:06'),(36,9,'ab','manager','http://www.hilpert.biz/id-deserunt-tenetur-optio-consequuntur-soluta.html',1,'2024-08-21 08:50:12','2024-09-01 18:26:06','2024-09-01 18:26:06'),(37,9,'enim','manager','http://gerhold.com/reprehenderit-placeat-voluptates-accusantium-sequi-perferendis-vel-accusamus',1,'2024-08-21 08:50:12','2024-09-01 18:26:06','2024-09-01 18:26:06'),(38,10,'aspernatur','manager','http://upton.info/magnam-similique-sint-ullam-iste-similique',1,'2024-08-21 08:50:12','2024-08-28 07:03:26','2024-08-28 07:03:26'),(39,10,'dicta','teacher','http://www.mckenzie.com/',1,'2024-08-21 08:50:12','2024-08-28 07:03:26','2024-08-28 07:03:26'),(40,10,'facilis','teacher','http://www.farrell.net/excepturi-nostrum-quae-qui-qui.html',1,'2024-08-21 08:50:12','2024-08-28 07:03:26','2024-08-28 07:03:26'),(41,NULL,'قسم رئيسي','manager','فثسف',1,'2024-08-24 05:46:38','2024-08-29 16:59:29','2024-08-29 16:59:29'),(42,NULL,'test','teacher','test',1,'2024-08-28 10:36:27','2024-08-28 10:36:31','2024-08-28 10:36:31'),(43,NULL,'الرئيسية2','teacher','https://laam.vercel.app/admin/home2',0,'2024-08-29 15:02:57','2024-08-30 09:50:25','2024-08-30 09:50:25'),(44,3,'قسم جديد','manager','google.com',1,'2024-08-29 17:56:35','2024-08-29 18:05:17','2024-08-29 18:05:17'),(45,3,'قسم جديد 22','manager','google.com',1,'2024-08-29 18:05:50','2024-08-29 18:22:08','2024-08-29 18:22:08'),(46,4,'قسم مهم','teacher','google.com',1,'2024-08-29 18:21:21','2024-08-30 09:52:44','2024-08-30 09:52:44'),(47,NULL,'qwe updated','teacher','qweqwe',1,'2024-09-05 06:05:08','2024-09-20 17:40:37','2024-09-20 17:40:37'),(48,NULL,'qwrqwr','manager','qwr',0,'2024-09-05 06:05:15','2024-09-06 06:04:27','2024-09-06 06:04:27'),(49,6,'يشسيضص','manager','يضصي',1,'2024-09-05 06:06:09','2024-09-06 06:01:55','2024-09-06 06:01:55'),(50,6,'test','manager','http://senger.org/iste-ea-ipsa-iusto-veritatis-ex',1,'2024-09-05 06:07:26','2024-09-20 17:40:28','2024-09-20 17:40:28'),(51,4,'teas','teacher','sdasdasd-asdasd',1,'2024-09-05 06:08:38','2024-09-20 17:40:23','2024-09-20 17:40:23'),(52,4,'قسم فرعي همسحه','teacher','ayhaga.com',1,'2024-09-06 05:25:36','2024-09-06 05:29:15','2024-09-06 05:29:15'),(53,4,'قسم فرعي همسحه','teacher','ayhaga.com',1,'2024-09-06 05:29:33','2024-09-06 05:31:42','2024-09-06 05:31:42'),(54,4,'قسم فرعي همسحه','teacher','ayhaga.com',1,'2024-09-06 05:32:21','2024-09-06 05:36:49','2024-09-06 05:36:49'),(55,4,'قسم فرعي اهوه','teacher','ayhaga.com',1,'2024-09-06 05:36:11','2024-09-06 06:01:46','2024-09-06 06:01:46'),(56,47,'قسم فرعي جديد','manager','ayhaga.com',1,'2024-09-06 05:45:47','2024-09-20 17:40:37','2024-09-20 17:40:37'),(57,47,'قسم فرعي تاني','manager','ayhaga.com',1,'2024-09-06 05:47:13','2024-09-20 17:40:37','2024-09-20 17:40:37'),(58,48,'قسم','manager','qesm.com',0,'2024-09-06 05:48:35','2024-09-06 06:04:27','2024-09-06 06:04:27'),(59,48,'قسم تاني','manager','tany.com',0,'2024-09-06 05:57:14','2024-09-06 05:57:34','2024-09-06 05:57:34'),(60,48,'hey','manager','hey.con',0,'2024-09-06 05:57:57','2024-09-06 06:01:00','2024-09-06 06:01:00'),(61,7,'optio','teacher','http://www.emmerich.com/excepturi-excepturi-esse-dicta-et-dicta.html',1,'2024-09-06 06:01:31','2024-09-20 17:40:32','2024-09-20 17:40:32'),(62,48,'optio 2','manager','http://www.emmerich.com/excepturi-excepturi-esse-dicta-et-dicta.html',0,'2024-09-06 06:02:06','2024-09-06 06:04:27','2024-09-06 06:04:27'),(63,NULL,'new category','teacher','new.com',1,'2024-09-06 06:04:55','2024-09-06 06:04:59','2024-09-06 06:04:59'),(64,NULL,'new','teacher','new.cim',1,'2024-09-06 06:07:25','2024-09-06 06:08:10','2024-09-06 06:08:10'),(65,NULL,'new','teacher','new.com',1,'2024-09-06 06:12:07','2024-09-06 06:12:27','2024-09-06 06:12:27'),(66,65,'new 2','teacher','new2.com',1,'2024-09-06 06:12:17','2024-09-06 06:12:22','2024-09-06 06:12:22'),(67,NULL,'الخطابات الرسمية','manager','https://laam-git-before-integration-mostafamahgoubs-projects.vercel.app/manager/official-letters',1,'2024-09-20 14:07:31','2024-10-13 09:47:44','2024-10-13 09:47:44'),(68,NULL,'المدرسة - بيانات المدرسة','manager','http://localhost:3000/manager/school-data',1,'2024-09-20 17:38:10','2024-09-20 17:38:10',NULL),(69,NULL,'الصفحة الرئيسية','manager','http://localhost:3000/manager/home',1,'2024-09-21 05:42:47','2024-10-03 09:49:03',NULL),(70,NULL,'المدرسة - طلاب المدرسة','manager','https://laam-git-before-integration-mostafamahgoubs-projects.vercel.app/manager/school-students',1,'2024-09-21 05:48:56','2024-09-21 05:48:56',NULL),(71,NULL,'المدرسة - معلمي المدرسة','manager','https://laam-git-before-integration-mostafamahgoubs-projects.vercel.app/manager/school-teachers',1,'2024-09-21 05:53:40','2024-09-22 10:15:23','2024-09-22 10:15:23'),(72,NULL,'المدرسة - إداري المدرسة','manager','https://laam-git-before-integration-mostafamahgoubs-projects.vercel.app/manager/school-administrator',1,'2024-09-21 06:19:58','2024-09-21 06:19:58',NULL),(73,NULL,'التكليفات','manager','https://laam-git-before-integration-mostafamahgoubs-projects.vercel.app/manager/assignments',1,'2024-09-21 06:25:51','2024-09-21 06:32:25',NULL),(74,NULL,'اجتماعات اللجان والفرق','manager','http://localhost:3000/manager/committee-and-team-meetings',1,'2024-09-21 06:47:37','2024-09-21 06:47:37',NULL),(75,NULL,'الجداول','manager','http://localhost:3000/manager/tables',1,'2024-09-21 06:49:56','2024-10-27 09:49:25','2024-10-27 09:49:25'),(76,NULL,'الزيارات الصفية','manager','https://laam-git-before-integration-mostafamahgoubs-projects.vercel.app/manager/class-visits',1,'2024-09-21 06:52:48','2024-09-21 06:52:48',NULL),(77,NULL,'الاختبارات','manager','https://laam-git-before-integration-mostafamahgoubs-projects.vercel.app/manager/exams',1,'2024-09-21 06:58:34','2024-09-21 06:58:34',NULL),(78,NULL,'السلوك والمواظبة : السلوك','manager','https://laam-git-before-integration-mostafamahgoubs-projects.vercel.app/manager/behavior',1,'2024-09-21 06:59:24','2024-09-21 06:59:24',NULL),(79,NULL,'السلوك والمواظبة : المواظبة','manager','https://laam-git-before-integration-mostafamahgoubs-projects.vercel.app/manager/attendance',1,'2024-09-21 06:59:53','2024-09-21 06:59:53',NULL),(80,NULL,'النماذج','manager','https://laam.vercel.app/manager/models',1,'2024-09-21 07:00:25','2024-10-03 11:37:09',NULL),(81,NULL,'التقارير','manager','https://laam-git-before-integration-mostafamahgoubs-projects.vercel.app/manager/reports',1,'2024-09-21 07:00:43','2024-09-21 07:00:43',NULL),(82,NULL,'الرسائل والتنبيهات','manager','https://laam-git-before-integration-mostafamahgoubs-projects.vercel.app/manager/messages-and-alerts',1,'2024-09-21 07:01:15','2024-09-21 07:01:15',NULL),(83,NULL,'الأرشيف','manager','https://laam-git-before-integration-mostafamahgoubs-projects.vercel.app/manager/archive',1,'2024-09-21 07:01:44','2024-09-21 07:01:44',NULL),(84,NULL,'سلة المحذوفات','manager','https://laam-git-before-integration-mostafamahgoubs-projects.vercel.app/manager/recycle-bin',1,'2024-09-21 07:02:07','2024-09-21 07:02:07',NULL),(85,NULL,'الإعدادات','manager','https://laam-git-before-integration-mostafamahgoubs-projects.vercel.app/manager/settings',1,'2024-09-21 07:02:32','2024-09-21 07:02:32',NULL),(86,68,'بيانات المدرسة / بيانcxات عامة','manager','http://localhost:3000/manager/school-data/general-data',1,'2024-09-21 07:06:01','2024-10-21 19:05:52',NULL),(87,68,'بيانات المدرسة / بيانات مرافق المدرسة','manager','https://laam-git-before-integration-mostafamahgoubs-projects.vercel.app/manager/school-data/school-facilities-data',1,'2024-09-21 07:06:54','2024-09-21 07:06:54',NULL),(88,68,'بيانات المدرسة / بيانات الطلاب','manager','https://laam-git-before-integration-mostafamahgoubs-projects.vercel.app/manager/school-data/students-data',1,'2024-09-21 07:07:27','2024-09-21 07:07:27',NULL),(89,68,'بيانات المدرسة / بيانات المعلمين','manager','https://laam-git-before-integration-mostafamahgoubs-projects.vercel.app/manager/school-data/teachers-data',1,'2024-09-21 07:08:02','2024-09-21 07:08:02',NULL),(90,68,'بيانات المدرسة / بيانات الإداريين','manager','https://laam-git-before-integration-mostafamahgoubs-projects.vercel.app/manager/school-data/administrators-data',1,'2024-09-21 07:08:33','2024-09-21 07:08:33',NULL),(91,68,'بيانات المدرسة / بيانات أخرى','manager','https://laam-git-before-integration-mostafamahgoubs-projects.vercel.app/manager/school-data/other-data',1,'2024-09-21 07:10:04','2024-09-21 13:48:57',NULL),(92,NULL,'الصفحة الرئيسية للمعلمين','teacher','http://localhost:3000/teacher/home',1,'2024-09-21 07:15:47','2024-09-21 08:27:53',NULL),(93,NULL,'المواظبة للمعلمين','teacher','https://laam-git-before-integration-mostafamahgoubs-projects.vercel.app/teacher/attendance',1,'2024-09-21 07:16:20','2024-09-21 07:16:20',NULL),(94,NULL,'النماذج للمعلمين','teacher','https://laam-git-before-integration-mostafamahgoubs-projects.vercel.app/teacher/models',1,'2024-09-21 07:16:49','2024-09-21 07:16:49',NULL),(95,NULL,'التقارير للمعلمين','teacher','https://laam-git-before-integration-mostafamahgoubs-projects.vercel.app/teacher/reports',1,'2024-09-21 07:17:23','2024-09-21 07:17:23',NULL),(96,NULL,'لجان الإشراف للمعلمين','teacher','https://laam-git-before-integration-mostafamahgoubs-projects.vercel.app/teacher/committee',1,'2024-09-21 07:17:46','2024-09-21 07:17:46',NULL),(97,NULL,'الإعدادات للمعلمين','teacher','https://laam-git-before-integration-mostafamahgoubs-projects.vercel.app/teacher/settings',1,'2024-09-21 07:18:07','2024-09-21 07:18:07',NULL),(98,68,'قسم فرعي جديد متعدل','manager','https://laam-git-before-integration-mostafamahgoubs-projects.vercel.app/manager/school-data/school-facilities-data',1,'2024-09-21 13:48:27','2024-10-03 09:55:50','2024-10-03 09:55:50'),(99,72,'إداري المدرسة / بيانات الإداريين','manager','http://localhost:3000/manager/school-administrator/administrators-data',1,'2024-09-22 09:17:22','2024-09-22 09:17:22',NULL),(100,72,'إداري المدرسة / الحضور والغياب والتأخر','manager','https://laam-git-before-integration-mostafamahgoubs-projects.vercel.app/manager/school-administrator/attendance-data',1,'2024-09-22 09:18:39','2024-09-22 09:18:39',NULL),(101,71,'معلمي المدرسة / بيانات المعلمين','manager','http://localhost:3000/manager/school-teachers/teachers-data',1,'2024-09-22 09:59:53','2024-09-22 10:14:23','2024-09-22 10:14:23'),(102,NULL,'النماذج للإداريين','manager','https://laam-git-before-integration-mostafamahgoubs-projects.vercel.app/manager/models',1,'2024-09-22 10:03:43','2024-10-03 10:22:23','2024-10-03 10:22:23'),(103,102,'النماذج / الأدلة واللوائح','manager','http://localhost:3000/manager/models/guides-and-regulations',1,'2024-09-22 10:07:32','2024-10-03 10:22:23','2024-10-03 10:22:23'),(104,NULL,'المدرسة - معلمي المدرسة','manager','http://localhost:3000/manager/school-teachers',1,'2024-09-22 10:18:39','2024-09-22 10:18:39',NULL),(105,104,'معلمي المدرسة / بيانات المعلمين','manager','http://localhost:3000/manager/school-teachers/teachers-data',1,'2024-09-22 10:21:44','2024-09-22 10:50:07','2024-09-22 10:50:07'),(106,104,'بيانات المعلمين','manager','https://laam.vercel.app/manager/school-teachers/teachers-data',1,'2024-10-03 09:58:55','2024-10-03 09:58:55',NULL),(107,104,'حضور و الغياب و التأخر للمعلمين','manager','https://laam.vercel.app/manager/school-teachers/attendance-data',1,'2024-10-03 10:05:43','2024-10-03 10:05:43',NULL),(108,73,'اداريات','manager','https://laam.vercel.app/manager/assignments?activeKey=0',1,'2024-10-03 10:09:34','2024-10-03 10:10:27','2024-10-03 10:10:27'),(109,73,'المعلمات','manager','https://laam.vercel.app/manager/assignments?activeKey=1',1,'2024-10-03 10:09:45','2024-10-03 10:10:31','2024-10-03 10:10:31'),(110,75,'جداول المناوبة','manager','https://laam.vercel.app/manager/tables/ShiftSchedule',1,'2024-10-03 10:11:48','2024-10-27 09:49:25','2024-10-27 09:49:25'),(111,78,'انشاء مخالفة - البيانات الاساسية','manager','https://laam.vercel.app/manager/behavior/create-violation',1,'2024-10-03 10:15:59','2024-10-03 10:15:59',NULL),(112,78,'انشاء مخالفة - تفاصيل المخالفة','manager','https://laam.vercel.app/manager/behavior/create-violation/violation-details',1,'2024-10-03 10:16:27','2024-10-03 10:16:27',NULL),(113,78,'انشاء مخالفة - الاجراءات المتخذة','manager','https://laam.vercel.app/manager/behavior/create-violation/violation-details/taken-actions',1,'2024-10-03 10:16:50','2024-10-03 10:16:50',NULL),(114,80,'المدير','manager','https://laam.vercel.app/manager/models/school-manager',1,'2024-10-10 09:39:49','2024-10-10 09:39:49',NULL),(115,NULL,'الخطابات الرسمية','manager','https://laam.vercel.app/manager/official-letters',1,'2024-10-13 09:48:46','2024-10-13 09:48:46',NULL),(196,NULL,'الجداول','manager','http://localhost:3000/manager/tables',1,'2024-10-27 09:50:02','2024-10-27 09:52:49',NULL);

--
-- Table structure for table `cities`
--

CREATE TABLE `cities` (
  `id` bigint unsigned NOT NULL AUTO_INCREMENT,
  `name` varchar(191) CHARACTER SET utf8mb4 COLLATE utf8mb4_unicode_ci NOT NULL,
  `area_id` bigint unsigned NOT NULL,
  `status` tinyint(1) NOT NULL DEFAULT '1',
  `created_at` timestamp NULL DEFAULT NULL,
  `updated_at` timestamp NULL DEFAULT NULL,
  `deleted_at` timestamp NULL DEFAULT NULL,
  PRIMARY KEY (`id`),
  KEY `cities_area_id_foreign` (`area_id`)
) ENGINE=InnoDB AUTO_INCREMENT=264 DEFAULT CHARSET=utf8mb4 COLLATE=utf8mb4_unicode_ci;

--
-- Dumping data for table `cities`
--

INSERT INTO `cities` (`id`, `name`, `area_id`, `status`, `created_at`, `updated_at`, `deleted_at`) VALUES (1,'الرياض',1,1,'2024-09-07 09:08:33','2024-09-07 09:08:33',NULL),(2,'الدرعية',1,1,'2024-09-07 09:08:33','2024-09-07 09:08:33',NULL),(3,'الخرج',1,1,'2024-09-07 09:08:33','2024-09-07 09:08:33',NULL),(4,'الدوادمي',1,1,'2024-09-07 09:08:33','2024-09-07 09:08:33',NULL),(5,'المجمعة',1,1,'2024-09-07 09:08:33','2024-09-07 09:08:33',NULL),(6,'القويعية',1,1,'2024-09-07 09:08:33','2024-09-07 09:08:33',NULL),(7,'الأفالج',1,1,'2024-09-07 09:08:33','2024-09-07 09:08:33',NULL),(8,'وادي الدواسر',1,1,'2024-09-07 09:08:33','2024-09-07 09:08:33',NULL),(9,'الزلفي',1,1,'2024-09-07 09:08:33','2024-09-07 09:08:33',NULL),(10,'شقراء',1,1,'2024-09-07 09:08:33','2024-09-07 09:08:33',NULL),(11,'حوطة بني تميم',1,1,'2024-09-07 09:08:33','2024-09-07 09:08:33',NULL),(12,'عفيف',1,1,'2024-09-07 09:08:33','2024-09-07 09:08:33',NULL),(13,'الغاط',1,1,'2024-09-07 09:08:33','2024-09-07 09:08:33',NULL),(14,'السليل',1,1,'2024-09-07 09:08:33','2024-09-07 09:08:33',NULL),(15,'ضرما',1,1,'2024-09-07 09:08:33','2024-09-07 09:08:33',NULL),(16,'المزاحمية',1,1,'2024-09-07 09:08:33','2024-09-07 09:08:33',NULL),(17,'رماح',1,1,'2024-09-07 09:08:33','2024-09-07 09:08:33',NULL),(18,'ثادق',1,1,'2024-09-07 09:08:33','2024-09-07 09:08:33',NULL),(19,'حريملاء',1,1,'2024-09-07 09:08:33','2024-09-07 09:08:33',NULL),(20,'الحريق',1,1,'2024-09-07 09:08:33','2024-09-07 09:08:33',NULL),(21,'مرات',1,1,'2024-09-07 09:08:33','2024-09-07 09:08:33',NULL),(22,'الرين',1,1,'2024-09-07 09:08:33','2024-09-07 09:08:33',NULL),(23,'الدلم',1,1,'2024-09-07 09:08:33','2024-09-07 09:08:33',NULL),(24,'جدة',2,1,'2024-09-07 09:10:12','2024-09-07 09:10:12',NULL),(25,'الطائف',2,1,'2024-09-07 09:10:12','2024-09-07 09:10:12',NULL),(26,'القنفذة',2,1,'2024-09-07 09:10:12','2024-09-07 09:10:12',NULL),(27,'الليث',2,1,'2024-09-07 09:10:12','2024-09-07 09:10:12',NULL),(28,'رابغ',2,1,'2024-09-07 09:10:12','2024-09-07 09:10:12',NULL),(29,'خليص',2,1,'2024-09-07 09:10:12','2024-09-07 09:10:12',NULL),(30,'الخرمة',2,1,'2024-09-07 09:10:12','2024-09-07 09:10:12',NULL),(31,'رنية',2,1,'2024-09-07 09:10:12','2024-09-07 09:10:12',NULL),(32,'تربة',2,1,'2024-09-07 09:10:12','2024-09-07 09:10:12',NULL),(33,'الجموم',2,1,'2024-09-07 09:10:12','2024-09-07 09:10:12',NULL),(34,'الكامل',2,1,'2024-09-07 09:10:12','2024-09-07 09:10:12',NULL),(35,'المويه',2,1,'2024-09-07 09:10:12','2024-09-07 09:10:12',NULL),(36,'ميسان',2,1,'2024-09-07 09:10:12','2024-09-07 09:10:12',NULL),(37,'أضم',2,1,'2024-09-07 09:10:12','2024-09-07 09:10:12',NULL),(38,'العرضيات',2,1,'2024-09-07 09:10:12','2024-09-07 09:10:12',NULL),(39,'بحرة',2,1,'2024-09-07 09:10:12','2024-09-07 09:10:12',NULL),(40,'المدينة المنورة',3,1,'2024-09-07 09:12:22','2024-09-07 09:12:22',NULL),(41,'ينبع',3,1,'2024-09-07 09:12:22','2024-09-07 09:12:22',NULL),(42,'العال',3,1,'2024-09-07 09:12:22','2024-09-07 09:12:22',NULL),(43,'المهد',3,1,'2024-09-07 09:12:22','2024-09-07 09:12:22',NULL),(44,'الحناكية',3,1,'2024-09-07 09:12:22','2024-09-07 09:12:22',NULL),(45,'بدر',3,1,'2024-09-07 09:12:22','2024-09-07 09:12:22',NULL),(46,'خيبر',3,1,'2024-09-07 09:12:22','2024-09-07 09:12:22',NULL),(47,'العيص',3,1,'2024-09-07 09:12:22','2024-09-07 09:12:22',NULL),(48,'وادي الفرع',3,1,'2024-09-07 09:12:22','2024-09-07 09:12:22',NULL),(49,'بريدة',4,1,'2024-09-07 09:12:22','2024-09-07 09:12:22',NULL),(50,'عنيزة',4,1,'2024-09-07 09:12:22','2024-09-07 09:12:22',NULL),(51,'الرس',4,1,'2024-09-07 09:12:22','2024-09-07 09:12:22',NULL),(52,'البدائع',4,1,'2024-09-07 09:12:22','2024-09-07 09:12:22',NULL),(53,'البكيرية',4,1,'2024-09-07 09:12:22','2024-09-07 09:12:22',NULL),(54,'المذنب',4,1,'2024-09-07 09:12:22','2024-09-07 09:12:22',NULL),(55,'الأسياح',4,1,'2024-09-07 09:12:22','2024-09-07 09:12:22',NULL),(56,'النبهانية',4,1,'2024-09-07 09:12:22','2024-09-07 09:12:22',NULL),(57,'الشماسية',4,1,'2024-09-07 09:12:22','2024-09-07 09:12:22',NULL),(58,'عيون الجواء',4,1,'2024-09-07 09:12:22','2024-09-07 09:12:22',NULL),(59,'رياض الخبراء',4,1,'2024-09-07 09:12:22','2024-09-07 09:12:22',NULL),(60,'عقلة الصقور',4,1,'2024-09-07 09:12:22','2024-09-07 09:12:22',NULL),(61,'ضرية',4,1,'2024-09-07 09:12:22','2024-09-07 09:12:22',NULL),(62,'أبانات',4,1,'2024-09-07 09:12:22','2024-09-07 09:12:22',NULL),(63,'الدمام',5,1,'2024-09-07 10:30:58','2024-09-07 10:30:58',NULL),(64,'الأحساء',5,1,'2024-09-07 10:30:58','2024-09-07 10:30:58',NULL),(65,'حفر الباطن',5,1,'2024-09-07 10:30:58','2024-09-07 10:30:58',NULL),(66,'الجبيل',5,1,'2024-09-07 10:30:58','2024-09-07 10:30:58',NULL),(67,'القطيف',5,1,'2024-09-07 10:30:58','2024-09-07 10:30:58',NULL),(68,'الخبر',5,1,'2024-09-07 10:30:58','2024-09-07 10:30:58',NULL),(69,'الخفجي',5,1,'2024-09-07 10:30:58','2024-09-07 10:30:58',NULL),(70,'رأس تنورة',5,1,'2024-09-07 10:30:58','2024-09-07 10:30:58',NULL),(71,'بقيق',5,1,'2024-09-07 10:30:58','2024-09-07 10:30:58',NULL),(72,'النعيرية',5,1,'2024-09-07 10:30:58','2024-09-07 10:30:58',NULL),(73,'قرية العليا',5,1,'2024-09-07 10:30:58','2024-09-07 10:30:58',NULL),(74,'العديد',5,1,'2024-09-07 10:30:58','2024-09-07 10:30:58',NULL),(75,'البيضاء',5,1,'2024-09-07 10:30:58','2024-09-07 10:30:58',NULL),(76,'أبها',6,1,'2024-09-07 10:30:58','2024-09-07 10:30:58',NULL),(77,'خميس مشيط',6,1,'2024-09-07 10:30:58','2024-09-07 10:30:58',NULL),(78,'بيشة',6,1,'2024-09-07 10:30:58','2024-09-07 10:30:58',NULL),(79,'النماص',6,1,'2024-09-07 10:30:58','2024-09-07 10:30:58',NULL),(80,'محايل عسير',6,1,'2024-09-07 10:30:58','2024-09-07 10:30:58',NULL),(81,'ظهران الجنوب',6,1,'2024-09-07 10:30:58','2024-09-07 10:30:58',NULL),(82,'تثليث',6,1,'2024-09-07 10:30:58','2024-09-07 10:30:58',NULL),(83,'سراة عبيدة',6,1,'2024-09-07 10:30:58','2024-09-07 10:30:58',NULL),(84,'رجال ألمع',6,1,'2024-09-07 10:30:58','2024-09-07 10:30:58',NULL),(85,'بلقرن',6,1,'2024-09-07 10:30:58','2024-09-07 10:30:58',NULL),(86,'أحد رفيدة',6,1,'2024-09-07 10:30:58','2024-09-07 10:30:58',NULL),(87,'المجاردة',6,1,'2024-09-07 10:30:58','2024-09-07 10:30:58',NULL),(88,'البرك',6,1,'2024-09-07 10:30:58','2024-09-07 10:30:58',NULL),(89,'بارق',6,1,'2024-09-07 10:30:58','2024-09-07 10:30:58',NULL),(90,'تنومة',6,1,'2024-09-07 10:30:58','2024-09-07 10:30:58',NULL),(91,'طريب',6,1,'2024-09-07 10:30:58','2024-09-07 10:30:58',NULL),(92,'الحرجة',6,1,'2024-09-07 10:30:58','2024-09-07 10:30:58',NULL),(93,'تبوك',7,1,'2024-09-07 10:30:58','2024-09-07 10:30:58',NULL),(94,'ضباء',7,1,'2024-09-07 10:30:58','2024-09-07 10:30:58',NULL),(95,'الوجه',7,1,'2024-09-07 10:30:58','2024-09-07 10:30:58',NULL),(96,'تيماء',7,1,'2024-09-07 10:30:58','2024-09-07 10:30:58',NULL),(97,'أملج',7,1,'2024-09-07 10:30:58','2024-09-07 10:30:58',NULL),(98,'حقل',7,1,'2024-09-07 10:30:58','2024-09-07 10:30:58',NULL),(99,'البدع',7,1,'2024-09-07 10:30:58','2024-09-07 10:30:58',NULL),(100,'حائل',8,1,'2024-09-07 10:30:58','2024-09-07 10:30:58',NULL),(101,'بقعاء',8,1,'2024-09-07 10:30:58','2024-09-07 10:30:58',NULL),(102,'الغزالة',8,1,'2024-09-07 10:30:58','2024-09-07 10:30:58',NULL),(103,'الشنان',8,1,'2024-09-07 10:30:58','2024-09-07 10:30:58',NULL),(104,'السليمي',8,1,'2024-09-07 10:30:58','2024-09-07 10:30:58',NULL),(105,'الحائط',8,1,'2024-09-07 10:30:58','2024-09-07 10:30:58',NULL),(106,'الشملي',8,1,'2024-09-07 10:30:58','2024-09-07 10:30:58',NULL),(107,'موقق',8,1,'2024-09-07 10:30:58','2024-09-07 10:30:58',NULL),(108,'سميراء',8,1,'2024-09-07 10:30:58','2024-09-07 10:30:58',NULL),(109,'عرعر',9,1,'2024-09-07 10:30:58','2024-09-07 10:30:58',NULL),(110,'رفحاء',9,1,'2024-09-07 10:30:58','2024-09-07 10:30:58',NULL),(111,'طريف',9,1,'2024-09-07 10:30:58','2024-09-07 10:30:58',NULL),(112,'العويقيلة',9,1,'2024-09-07 10:30:58','2024-09-07 10:30:58',NULL),(113,'جازان',10,1,'2024-09-07 10:30:58','2024-09-07 10:30:58',NULL),(114,'صبيا',10,1,'2024-09-07 10:30:58','2024-09-07 10:30:58',NULL),(115,'أبو عريش',10,1,'2024-09-07 10:30:58','2024-09-07 10:30:58',NULL),(116,'صامطة',10,1,'2024-09-07 10:30:58','2024-09-07 10:30:58',NULL),(117,'بيش',10,1,'2024-09-07 10:30:58','2024-09-07 10:30:58',NULL),(118,'الدرب',10,1,'2024-09-07 10:30:58','2024-09-07 10:30:58',NULL),(119,'الحرث',10,1,'2024-09-07 10:30:58','2024-09-07 10:30:58',NULL),(120,'ضمد',10,1,'2024-09-07 10:30:58','2024-09-07 10:30:58',NULL),(121,'الريث',10,1,'2024-09-07 10:30:58','2024-09-07 10:30:58',NULL),(122,'فرسان',10,1,'2024-09-07 10:30:58','2024-09-07 10:30:58',NULL),(123,'الدائر',10,1,'2024-09-07 10:30:58','2024-09-07 10:30:58',NULL),(124,'العارضة',10,1,'2024-09-07 10:30:58','2024-09-07 10:30:58',NULL),(125,'أحد المسارحة',10,1,'2024-09-07 10:30:58','2024-09-07 10:30:58',NULL),(126,'العيدابي',10,1,'2024-09-07 10:30:58','2024-09-07 10:30:58',NULL),(127,'فيفاء',10,1,'2024-09-07 10:30:58','2024-09-07 10:30:58',NULL),(128,'الطوال',10,1,'2024-09-07 10:30:58','2024-09-07 10:30:58',NULL),(129,'هروب',10,1,'2024-09-07 10:30:58','2024-09-07 10:30:58',NULL),(130,'نجران',11,1,'2024-09-07 10:33:08','2024-09-07 10:33:08',NULL),(131,'شرورة',11,1,'2024-09-07 10:33:08','2024-09-07 10:33:08',NULL),(132,'حبونا',11,1,'2024-09-07 10:33:08','2024-09-07 10:33:08',NULL),(133,'بدر الجنوب',11,1,'2024-09-07 10:33:08','2024-09-07 10:33:08',NULL),(134,'ثار',11,1,'2024-09-07 10:33:08','2024-09-07 10:33:08',NULL),(135,'خباش',11,1,'2024-09-07 10:33:08','2024-09-07 10:33:08',NULL),(136,'الباحة',12,1,'2024-09-07 10:33:08','2024-09-07 10:33:08',NULL),(137,'بلجرشي',12,1,'2024-09-07 10:33:08','2024-09-07 10:33:08',NULL),(138,'المندق',12,1,'2024-09-07 10:33:08','2024-09-07 10:33:08',NULL),(139,'المخواة',12,1,'2024-09-07 10:33:08','2024-09-07 10:33:08',NULL),(140,'قلوة',12,1,'2024-09-07 10:33:08','2024-09-07 10:33:08',NULL),(141,'العقيق',12,1,'2024-09-07 10:33:08','2024-09-07 10:33:08',NULL),(142,'القرى',12,1,'2024-09-07 10:33:08','2024-09-07 10:33:08',NULL),(143,'غامد الزناد',12,1,'2024-09-07 10:33:08','2024-09-07 10:33:08',NULL),(144,'الحجرة',12,1,'2024-09-07 10:33:08','2024-09-07 10:33:08',NULL),(145,'بني حسن',12,1,'2024-09-07 10:33:08','2024-09-07 10:33:08',NULL),(146,'سكاكا',13,1,'2024-09-07 10:33:08','2024-09-07 10:33:08',NULL),(147,'القريات',13,1,'2024-09-07 10:33:08','2024-09-07 10:33:08',NULL),(148,'دومة الجندل',13,1,'2024-09-07 10:33:08','2024-09-07 10:33:08',NULL),(149,'طبرجل',13,1,'2024-09-07 10:33:08','2024-09-07 10:33:08',NULL),(150,'test',14,1,'2024-09-09 08:24:42','2024-09-09 08:27:01','2024-09-09 08:27:01'),(151,'tretre',15,1,'2024-09-09 08:24:46','2024-09-09 08:26:56','2024-09-09 08:26:56'),(152,'retre',16,1,'2024-09-09 08:24:52','2024-09-09 08:24:57','2024-09-09 08:24:57'),(153,'etertr',17,1,'2024-09-09 08:26:03','2024-09-09 08:26:08','2024-09-09 08:26:08'),(154,'tgretre',18,1,'2024-09-09 08:30:45','2024-09-09 08:30:50','2024-09-09 08:30:50'),(155,'tetste',19,1,'2024-09-09 08:31:16','2024-09-09 08:31:20','2024-09-09 08:31:20'),(156,'شسيششس',20,1,'2024-09-09 17:46:01','2024-09-09 17:46:01',NULL),(157,'شسي',20,1,'2024-09-09 17:46:01','2024-09-09 17:46:01',NULL),(158,'ضصبضص',21,1,'2024-09-09 17:46:17','2024-09-09 17:46:17',NULL),(159,'بضصبضصب',22,1,'2024-09-09 17:46:28','2024-09-09 17:46:34','2024-09-09 17:46:34'),(161,'كاظم',23,1,'2024-09-15 12:23:42','2024-09-15 12:23:57','2024-09-15 12:23:57'),(162,'قفعهتلبخنيؤ',23,1,'2024-09-15 12:23:42','2024-09-15 12:23:57','2024-09-15 12:23:57'),(163,'asdas',24,1,'2024-09-16 12:04:05','2024-09-16 12:04:17','2024-09-16 12:04:17');

--
-- Table structure for table `class_names`
--

CREATE TABLE `class_names` (
  `id` bigint unsigned NOT NULL AUTO_INCREMENT,
  `name` varchar(150) COLLATE utf8mb4_unicode_ci DEFAULT NULL,
  `category` varchar(150) COLLATE utf8mb4_unicode_ci DEFAULT NULL,
  `school_grade_id` bigint unsigned DEFAULT NULL,
  `created_at` timestamp NULL DEFAULT NULL,
  `updated_at` timestamp NULL DEFAULT NULL,
  `deleted_at` timestamp NULL DEFAULT NULL,
  `school_id` bigint unsigned DEFAULT NULL,
  `data_imported` tinyint NOT NULL DEFAULT '0',
  PRIMARY KEY (`id`),
  KEY `class_names_school_grade_id_foreign` (`school_grade_id`),
  KEY `class_names_school_id_foreign` (`school_id`),
  CONSTRAINT `class_names_school_grade_id_foreign` FOREIGN KEY (`school_grade_id`) REFERENCES `school_grades` (`id`) ON DELETE CASCADE,
  CONSTRAINT `class_names_school_id_foreign` FOREIGN KEY (`school_id`) REFERENCES `schools` (`id`) ON DELETE CASCADE
) ENGINE=InnoDB AUTO_INCREMENT=219 DEFAULT CHARSET=utf8mb4 COLLATE=utf8mb4_unicode_ci;

--
-- Dumping data for table `class_names`
--

INSERT INTO `class_names` (`id`, `name`, `category`, `school_grade_id`, `created_at`, `updated_at`, `deleted_at`, `school_id`, `data_imported`) VALUES (2,'الرابع الابتدائي','عام بنين - We can Mc Graw Hill',2,'2024-08-21 09:49:23','2024-08-21 09:49:23',NULL,98,0),(4,'الخامس الابتدائي','عام بنين - We can Mc Graw Hill',2,'2024-08-21 09:49:24','2024-08-21 09:49:24',NULL,NULL,0),(5,'الرابع الابتدائي','عام بنين - We can Mc Graw Hill',2,'2024-08-21 09:49:24','2024-08-21 09:49:24',NULL,NULL,0),(6,'الخامس الابتدائي','عام بنين - We can Mc Graw Hill',2,'2024-08-21 09:49:24','2024-08-21 09:49:24',NULL,NULL,0),(7,'السادس الابتدائي','عام بنين - We can Mc Graw Hill',2,'2024-08-21 09:49:24','2024-08-21 09:49:24',NULL,81,0),(8,'السادس الابتدائي','عام بنين - We can Mc Graw Hill',2,'2024-08-21 09:49:24','2024-08-21 09:49:24',NULL,81,0),(9,'الأول الثانوي','السنة المشتركة',2,'2024-08-21 12:38:13','2024-08-21 12:38:13',NULL,NULL,0),(10,'الأول الثانوي','السنة المشتركة',2,'2024-08-21 12:38:13','2024-08-21 12:38:13',NULL,81,0),(11,'الثاني الثانوي','المسار العام',2,'2024-08-21 12:38:14','2024-08-21 12:38:14',NULL,81,0),(12,'الثاني الثانوي','المسار العام',2,'2024-08-21 12:38:14','2024-08-21 12:38:14',NULL,81,0),(13,'الأول الثانوي','السنة المشتركة',2,'2024-08-21 12:38:15','2024-08-21 12:38:15',NULL,NULL,0),(14,'الثاني الثانوي','مسار الصحة والحياة',2,'2024-08-21 12:38:15','2024-08-21 12:38:15',NULL,81,0),(15,'الثاني الثانوي','مسار الصحة والحياة',2,'2024-08-21 12:38:15','2024-08-21 12:38:15',NULL,81,0),(16,'الثاني الثانوي','المسار العام',2,'2024-08-21 12:38:15','2024-08-21 12:38:15',NULL,NULL,0),(17,'الثاني الثانوي','مسار الصحة والحياة',2,'2024-08-21 12:38:16','2024-08-21 12:38:16',NULL,81,0),(18,'الرابع الابتدائي','عام بنين - We can Mc Graw Hill',1,'2024-08-23 16:14:10','2024-08-23 16:14:10',NULL,39,1),(19,'الخامس الابتدائي','عام بنين - We can Mc Graw Hill',3,'2024-08-23 16:14:10','2024-08-23 16:14:10',NULL,39,0),(20,'السادس الابتدائي','عام بنين - We can Mc Graw Hill',3,'2024-08-23 16:14:10','2024-08-23 16:14:10',NULL,39,0),(21,'الرابع الابتدائي','عام بنين - We can Mc Graw Hill',1,'2024-08-23 17:11:48','2024-08-23 17:11:48',NULL,39,0),(22,'الخامس الابتدائي','عام بنين - We can Mc Graw Hill',1,'2024-08-23 17:11:48','2024-08-23 17:11:48',NULL,39,0),(23,'السادس الابتدائي','عام بنين - We can Mc Graw Hill',1,'2024-08-23 17:11:49','2024-08-23 17:11:49',NULL,39,0),(30,'الأول الثانوي','السنة المشتركة',3,'2024-08-25 09:29:58','2024-08-25 09:29:58',NULL,112,0),(31,'الثاني الثانوي','المسار العام',3,'2024-08-25 09:29:58','2024-08-25 09:29:58',NULL,112,0),(32,'الثالث الثانوي','مسار الصحة والحياة',3,'2024-08-25 09:29:59','2024-08-25 09:29:59',NULL,112,0),(35,'الثاني الثانوي','حياة العلماء',1,'2024-09-11 12:23:01','2024-09-11 12:23:01',NULL,NULL,0),(36,'الثاني الثانوي','حياة العلماء',2,'2024-09-11 12:33:03','2024-09-11 12:33:03',NULL,NULL,0),(37,'الأول الثانوي','السنة المشتركة',3,'2024-10-15 11:15:47','2024-10-15 11:15:47',NULL,NULL,0),(38,'الثاني الثانوي','المسار العام',3,'2024-10-15 11:15:47','2024-10-15 11:15:47',NULL,NULL,0),(39,'الثالث الثانوي','المسار العام',3,'2024-10-15 11:15:47','2024-10-15 11:15:47',NULL,NULL,0),(40,'الثالث الثانوي','مسار الصحة والحياة',3,'2024-10-15 11:15:47','2024-10-15 11:15:47',NULL,NULL,0),(41,'مرحلة الطفولة','طفولة مبكرة',4,'2024-11-02 10:50:07','2024-11-02 10:50:07',NULL,176,0),(42,'الأول الثانوي','السنة المشتركة',3,'2024-11-04 13:34:47','2024-11-04 13:34:47',NULL,179,0),(43,'الثاني الثانوي','المسار العام',3,'2024-11-04 13:34:48','2024-11-04 13:34:48',NULL,179,0),(44,'الثالث الثانوي','المسار العام',3,'2024-11-04 13:34:48','2024-11-04 13:34:48',NULL,179,0),(45,'الثالث الثانوي','مسار الصحة والحياة',3,'2024-11-04 13:34:48','2024-11-04 13:34:48',NULL,179,0),(55,'الرابع الابتدائي','عام بنين - We can Mc Graw Hill',1,'2024-11-12 07:23:24','2024-11-12 07:23:24',NULL,180,0),(56,'الخامس الابتدائي','عام بنين - We can Mc Graw Hill',1,'2024-11-12 07:23:24','2024-11-12 07:23:24',NULL,180,0),(57,'السادس الابتدائي','عام بنين - We can Mc Graw Hill',1,'2024-11-12 07:23:24','2024-11-12 07:23:24',NULL,180,0),(58,'الرابع الابتدائي','عام بنين - We can Mc Graw Hill',1,'2024-11-13 14:38:19','2024-11-13 14:38:19',NULL,181,0),(59,'الخامس الابتدائي','عام بنين - We can Mc Graw Hill',1,'2024-11-13 14:38:19','2024-11-13 14:38:19',NULL,181,0),(60,'السادس الابتدائي','عام بنين - We can Mc Graw Hill',1,'2024-11-13 14:38:20','2024-11-13 14:38:20',NULL,181,0),(69,'الأول الثانوي','السنة المشتركة',3,'2024-11-13 17:34:45','2024-11-13 17:34:45',NULL,185,0),(70,'الثاني الثانوي','المسار العام',3,'2024-11-13 17:34:46','2024-11-13 17:34:46',NULL,185,0),(71,'الثالث الثانوي','المسار العام',3,'2024-11-13 17:34:46','2024-11-13 17:34:46',NULL,185,0),(72,'الثالث الثانوي','مسار الصحة والحياة',3,'2024-11-13 17:34:46','2024-11-13 17:34:46',NULL,185,0),(125,'الأول الثانوي','السنة المشتركة',3,'2024-11-14 11:13:00','2024-11-14 11:13:01',NULL,187,0),(126,'الثاني الثانوي','المسار العام',3,'2024-11-14 11:13:01','2024-11-14 11:13:01',NULL,187,0),(127,'الثالث الثانوي','المسار العام',3,'2024-11-14 11:13:01','2024-11-14 11:13:01',NULL,187,0),(128,'الثالث الثانوي','مسار الصحة والحياة',3,'2024-11-14 11:13:01','2024-11-14 11:13:01',NULL,187,0),(133,'الأول الثانوي','السنة المشتركة',3,'2024-11-14 12:02:07','2024-11-14 12:02:08',NULL,186,0),(134,'الثاني الثانوي','المسار العام',3,'2024-11-14 12:02:08','2024-11-14 12:02:08',NULL,186,0),(135,'الثالث الثانوي','المسار العام',3,'2024-11-14 12:02:08','2024-11-14 12:02:08',NULL,186,0),(136,'الثالث الثانوي','مسار الصحة والحياة',3,'2024-11-14 12:02:08','2024-11-14 12:02:08',NULL,186,0),(137,'الأول الثانوي','السنة المشتركة',3,'2024-11-17 09:16:01','2024-11-17 09:16:02',NULL,191,1),(138,'الثاني الثانوي','المسار العام',3,'2024-11-17 09:16:01','2024-11-17 09:16:02',NULL,191,1),(139,'الثالث الثانوي','المسار العام',3,'2024-11-17 09:16:02','2024-11-17 09:16:02',NULL,191,1),(140,'الثالث الثانوي','مسار الصحة والحياة',3,'2024-11-17 09:16:02','2024-11-17 09:16:02',NULL,191,1),(141,'الأول الثانوي','السنة المشتركة',3,'2024-11-17 20:38:48','2024-11-17 20:38:49',NULL,192,1),(142,'الثاني الثانوي','المسار العام',3,'2024-11-17 20:38:48','2024-11-17 20:38:49',NULL,192,1),(143,'الثالث الثانوي','المسار العام',3,'2024-11-17 20:38:49','2024-11-17 20:38:49',NULL,192,1),(144,'الثالث الثانوي','مسار الصحة والحياة',3,'2024-11-17 20:38:49','2024-11-17 20:38:49',NULL,192,1),(145,'الأول الثانوي','السنة المشتركة',3,'2024-11-18 15:28:40','2024-11-18 15:28:41',NULL,121,1),(146,'الثاني الثانوي','المسار العام',3,'2024-11-18 15:28:40','2024-11-18 15:28:41',NULL,121,1),(147,'الثالث الثانوي','المسار العام',3,'2024-11-18 15:28:40','2024-11-18 15:28:41',NULL,121,1),(148,'الثالث الثانوي','مسار الصحة والحياة',3,'2024-11-18 15:28:41','2024-11-18 15:28:41',NULL,121,1),(149,'الأول الثانوي','السنة المشتركة',3,'2024-11-19 21:12:42','2024-11-19 21:12:43',NULL,194,1),(150,'الثاني الثانوي','المسار العام',3,'2024-11-19 21:12:42','2024-11-19 21:12:43',NULL,194,1),(151,'الثالث الثانوي','المسار العام',3,'2024-11-19 21:12:42','2024-11-19 21:12:43',NULL,194,1),(152,'الثالث الثانوي','مسار الصحة والحياة',3,'2024-11-19 21:12:43','2024-11-19 21:12:43',NULL,194,1),(153,'الأول الثانوي','السنة المشتركة',3,'2024-11-21 07:25:28','2024-11-21 07:25:28',NULL,196,1),(154,'الثاني الثانوي','المسار العام',3,'2024-11-21 07:25:28','2024-11-21 07:25:28',NULL,196,1),(155,'الثالث الثانوي','المسار العام',3,'2024-11-21 07:25:28','2024-11-21 07:25:28',NULL,196,1),(156,'الثالث الثانوي','مسار الصحة والحياة',3,'2024-11-21 07:25:28','2024-11-21 07:25:28',NULL,196,1),(157,'الأول الثانوي','السنة المشتركة',3,'2024-11-21 12:38:01','2024-11-21 12:38:02',NULL,199,1),(158,'الثاني الثانوي','المسار العام',3,'2024-11-21 12:38:01','2024-11-21 12:38:02',NULL,199,1),(159,'الثالث الثانوي','المسار العام',3,'2024-11-21 12:38:02','2024-11-21 12:38:02',NULL,199,1),(160,'الثالث الثانوي','مسار الصحة والحياة',3,'2024-11-21 12:38:02','2024-11-21 12:38:02',NULL,199,1),(161,'الأول الثانوي','السنة المشتركة',3,'2024-11-21 15:43:54','2024-11-21 15:43:55',NULL,200,1),(162,'الثاني الثانوي','المسار العام',3,'2024-11-21 15:43:54','2024-11-21 15:43:55',NULL,200,1),(163,'الثالث الثانوي','المسار العام',3,'2024-11-21 15:43:54','2024-11-21 15:43:55',NULL,200,1),(164,'الثالث الثانوي','مسار الصحة والحياة',3,'2024-11-21 15:43:55','2024-11-21 15:43:55',NULL,200,1),(165,'الأول الثانوي','السنة المشتركة',3,'2024-11-24 11:28:47','2024-11-24 11:28:48',NULL,203,1),(166,'الثاني الثانوي','المسار العام',3,'2024-11-24 11:28:48','2024-11-24 11:28:48',NULL,203,1),(167,'الثالث الثانوي','المسار العام',3,'2024-11-24 11:28:48','2024-11-24 11:28:48',NULL,203,1),(168,'الثالث الثانوي','مسار الصحة والحياة',3,'2024-11-24 11:28:48','2024-11-24 11:28:48',NULL,203,1),(169,'الأول الثانوي','السنة المشتركة',3,'2024-11-25 14:20:31','2024-11-25 14:20:32',NULL,205,1),(170,'الثاني الثانوي','المسار العام',3,'2024-11-25 14:20:32','2024-11-25 14:20:32',NULL,205,1),(171,'الثالث الثانوي','المسار العام',3,'2024-11-25 14:20:32','2024-11-25 14:20:32',NULL,205,1),(172,'الثالث الثانوي','مسار الصحة والحياة',3,'2024-11-25 14:20:32','2024-11-25 14:20:32',NULL,205,1),(173,'الأول الثانوي','السنة المشتركة',3,'2024-11-26 12:23:06','2024-11-26 12:23:06',NULL,206,1),(174,'الثاني الثانوي','المسار العام',3,'2024-11-26 12:23:06','2024-11-26 12:23:06',NULL,206,1),(175,'الثالث الثانوي','المسار العام',3,'2024-11-26 12:23:06','2024-11-26 12:23:06',NULL,206,1),(176,'الثالث الثانوي','مسار الصحة والحياة',3,'2024-11-26 12:23:06','2024-11-26 12:23:06',NULL,206,1),(187,'الأول الثانوي','السنة المشتركة',3,'2024-11-28 12:03:48','2024-11-28 12:03:49',NULL,212,1),(188,'الثاني الثانوي','المسار العام',3,'2024-11-28 12:03:49','2024-11-28 12:03:49',NULL,212,1),(189,'الثالث الثانوي','المسار العام',3,'2024-11-28 12:03:49','2024-11-28 12:03:50',NULL,212,1),(190,'الثالث الثانوي','مسار الصحة والحياة',3,'2024-11-28 12:03:49','2024-11-28 12:03:50',NULL,212,1),(199,'الأول الثانوي','السنة المشتركة',3,'2024-11-28 14:51:14','2024-11-28 14:51:15',NULL,215,1),(200,'الثاني الثانوي','المسار العام',3,'2024-11-28 14:51:14','2024-11-28 14:51:15',NULL,215,1),(201,'الثالث الثانوي','المسار العام',3,'2024-11-28 14:51:14','2024-11-28 14:51:15',NULL,215,1),(202,'الثالث الثانوي','مسار الصحة والحياة',3,'2024-11-28 14:51:14','2024-11-28 14:51:15',NULL,215,1),(203,'الأول الثانوي','السنة المشتركة',3,'2024-11-28 15:04:43','2024-11-28 15:04:44',NULL,214,1),(204,'الثاني الثانوي','المسار العام',3,'2024-11-28 15:04:43','2024-11-28 15:04:44',NULL,214,1),(205,'الثالث الثانوي','المسار العام',3,'2024-11-28 15:04:43','2024-11-28 15:04:44',NULL,214,1),(206,'الثالث الثانوي','مسار الصحة والحياة',3,'2024-11-28 15:04:44','2024-11-28 15:04:44',NULL,214,1),(207,'الأول الثانوي','السنة المشتركة',3,'2024-11-28 15:23:59','2024-11-28 15:24:00',NULL,216,1),(208,'الثاني الثانوي','المسار العام',3,'2024-11-28 15:23:59','2024-11-28 15:24:00',NULL,216,1),(209,'الثالث الثانوي','المسار العام',3,'2024-11-28 15:23:59','2024-11-28 15:24:00',NULL,216,1),(210,'الثالث الثانوي','مسار الصحة والحياة',3,'2024-11-28 15:24:00','2024-11-28 15:24:00',NULL,216,1),(211,'الأول الثانوي','السنة المشتركة',3,'2024-11-28 15:55:16','2024-11-28 15:55:17',NULL,217,1),(212,'الثاني الثانوي','المسار العام',3,'2024-11-28 15:55:16','2024-11-28 15:55:17',NULL,217,1),(213,'الثالث الثانوي','المسار العام',3,'2024-11-28 15:55:17','2024-11-28 15:55:17',NULL,217,1),(214,'الثالث الثانوي','مسار الصحة والحياة',3,'2024-11-28 15:55:17','2024-11-28 15:55:17',NULL,217,1),(215,'الأول الثانوي','السنة المشتركة',3,'2024-11-28 16:38:13','2024-11-28 16:38:15',NULL,218,1),(216,'الثاني الثانوي','المسار العام',3,'2024-11-28 16:38:14','2024-11-28 16:38:15',NULL,218,1),(217,'الثالث الثانوي','المسار العام',3,'2024-11-28 16:38:14','2024-11-28 16:38:15',NULL,218,1),(218,'الثالث الثانوي','مسار الصحة والحياة',3,'2024-11-28 16:38:15','2024-11-28 16:38:15',NULL,218,1);

--
-- Table structure for table `class_room_visit_sessions`
--

CREATE TABLE `class_room_visit_sessions` (
  `id` bigint unsigned NOT NULL AUTO_INCREMENT,
  `namazeg_version_id` bigint unsigned DEFAULT NULL,
  `school_id` bigint unsigned NOT NULL,
  `semester_id` bigint unsigned NOT NULL,
  `school_teacher_id` bigint unsigned NOT NULL,
  `school_class_id` bigint unsigned DEFAULT NULL,
  `date` varchar(191) COLLATE utf8mb4_unicode_ci DEFAULT NULL,
  `date_type` enum('coptic','hijri') COLLATE utf8mb4_unicode_ci DEFAULT NULL,
  `visit_officer_id` bigint unsigned NOT NULL,
  `visit_period_id` bigint unsigned NOT NULL,
  `subject_id` bigint unsigned DEFAULT NULL,
  `visit_status` enum('incomplete','complete') COLLATE utf8mb4_unicode_ci NOT NULL DEFAULT 'incomplete',
  `created_at` timestamp NULL DEFAULT NULL,
  `updated_at` timestamp NULL DEFAULT NULL,
  `deleted_at` timestamp NULL DEFAULT NULL,
  PRIMARY KEY (`id`),
  KEY `class_room_visit_sessions_school_id_foreign` (`school_id`),
  KEY `class_room_visit_sessions_semester_id_foreign` (`semester_id`),
  KEY `class_room_visit_sessions_school_teacher_id_foreign` (`school_teacher_id`),
  KEY `class_room_visit_sessions_school_class_id_foreign` (`school_class_id`),
  KEY `class_room_visit_sessions_visit_officer_id_foreign` (`visit_officer_id`),
  KEY `class_room_visit_sessions_visit_period_id_foreign` (`visit_period_id`),
  KEY `class_room_visit_sessions_namazeg_version_id_foreign` (`namazeg_version_id`),
  KEY `class_room_visit_sessions_subject_id_foreign` (`subject_id`),
  CONSTRAINT `class_room_visit_sessions_namazeg_version_id_foreign` FOREIGN KEY (`namazeg_version_id`) REFERENCES `namazeg_versions` (`id`) ON DELETE CASCADE,
  CONSTRAINT `class_room_visit_sessions_school_class_id_foreign` FOREIGN KEY (`school_class_id`) REFERENCES `school_classes` (`id`) ON DELETE CASCADE,
  CONSTRAINT `class_room_visit_sessions_school_id_foreign` FOREIGN KEY (`school_id`) REFERENCES `schools` (`id`) ON DELETE CASCADE,
  CONSTRAINT `class_room_visit_sessions_school_teacher_id_foreign` FOREIGN KEY (`school_teacher_id`) REFERENCES `school_employees` (`id`) ON DELETE CASCADE,
  CONSTRAINT `class_room_visit_sessions_semester_id_foreign` FOREIGN KEY (`semester_id`) REFERENCES `semesters` (`id`) ON DELETE CASCADE,
  CONSTRAINT `class_room_visit_sessions_subject_id_foreign` FOREIGN KEY (`subject_id`) REFERENCES `subjects` (`id`),
  CONSTRAINT `class_room_visit_sessions_visit_officer_id_foreign` FOREIGN KEY (`visit_officer_id`) REFERENCES `school_employees` (`id`) ON DELETE CASCADE,
  CONSTRAINT `class_room_visit_sessions_visit_period_id_foreign` FOREIGN KEY (`visit_period_id`) REFERENCES `periods` (`id`) ON DELETE CASCADE
) ENGINE=InnoDB AUTO_INCREMENT=16 DEFAULT CHARSET=utf8mb4 COLLATE=utf8mb4_unicode_ci;

--
-- Dumping data for table `class_room_visit_sessions`
--

INSERT INTO `class_room_visit_sessions` (`id`, `namazeg_version_id`, `school_id`, `semester_id`, `school_teacher_id`, `school_class_id`, `date`, `date_type`, `visit_officer_id`, `visit_period_id`, `subject_id`, `visit_status`, `created_at`, `updated_at`, `deleted_at`) VALUES (2,12822,81,1,174,2465,'20/11/2024','coptic',177,2,4,'incomplete','2024-11-20 11:26:51','2024-11-20 11:26:51',NULL),(3,12823,81,1,175,2464,'20/11/2024','coptic',178,3,8,'incomplete','2024-11-20 11:27:06','2024-11-20 11:27:06',NULL),(6,12826,81,2,174,2467,'20/11/2024','coptic',177,2,4,'incomplete','2024-11-20 16:27:44','2024-11-20 16:27:44',NULL),(7,12827,81,2,175,2462,'20/11/2024','coptic',177,5,8,'incomplete','2024-11-20 17:24:32','2024-11-20 17:24:32',NULL),(9,12881,98,1,959,2937,'21/11/2024','coptic',974,2,3,'incomplete','2024-11-21 11:53:41','2024-11-21 11:53:41',NULL),(12,13123,81,3,174,2465,'26/11/2024','coptic',177,4,8,'incomplete','2024-11-26 14:36:48','2024-11-26 14:36:48',NULL),(15,13663,81,3,174,2468,'28/11/2024','coptic',1586,6,8,'complete','2024-11-28 18:18:42','2024-11-28 18:21:18',NULL);

--
-- Table structure for table `class_visit_cards`
--

CREATE TABLE `class_visit_cards` (
  `id` bigint unsigned NOT NULL AUTO_INCREMENT,
  `classVisit_id` bigint unsigned NOT NULL,
  `teacher_nationality` varchar(191) COLLATE utf8mb4_unicode_ci DEFAULT NULL,
  `teacher_qualification` varchar(191) COLLATE utf8mb4_unicode_ci DEFAULT NULL,
  `teaching_field` varchar(191) COLLATE utf8mb4_unicode_ci DEFAULT NULL,
  `direct_school_date` varchar(191) COLLATE utf8mb4_unicode_ci DEFAULT NULL,
  `visit_type` enum('supervisory') COLLATE utf8mb4_unicode_ci NOT NULL DEFAULT 'supervisory',
  `teacher_new_to_subject` enum('yes','no') COLLATE utf8mb4_unicode_ci NOT NULL DEFAULT 'yes',
  `visit_method_ids` set('1','2','3','4','5','6','7') CHARACTER SET utf8mb4 COLLATE utf8mb4_unicode_ci NOT NULL,
  `additional_methods` longtext COLLATE utf8mb4_unicode_ci,
  `created_at` timestamp NULL DEFAULT NULL,
  `updated_at` timestamp NULL DEFAULT NULL,
  PRIMARY KEY (`id`),
  KEY `class_visit_cards_classvisit_id_foreign` (`classVisit_id`),
  CONSTRAINT `class_visit_cards_classvisit_id_foreign` FOREIGN KEY (`classVisit_id`) REFERENCES `class_room_visit_sessions` (`id`) ON DELETE CASCADE
) ENGINE=InnoDB AUTO_INCREMENT=5 DEFAULT CHARSET=utf8mb4 COLLATE=utf8mb4_unicode_ci;

--
-- Dumping data for table `class_visit_cards`
--

INSERT INTO `class_visit_cards` (`id`, `classVisit_id`, `teacher_nationality`, `teacher_qualification`, `teaching_field`, `direct_school_date`, `visit_type`, `teacher_new_to_subject`, `visit_method_ids`, `additional_methods`, `created_at`, `updated_at`) VALUES (4,15,'مصرية','بكالريوس','تربية اسلامية','20/10/2024','supervisory','yes','1,4',NULL,'2024-11-28 18:21:18','2024-11-28 18:21:18');

--
-- Table structure for table `class_visit_needs`
--

CREATE TABLE `class_visit_needs` (
  `id` bigint unsigned NOT NULL AUTO_INCREMENT,
  `classVisit_id` bigint unsigned NOT NULL,
  `need` text COLLATE utf8mb4_unicode_ci,
  `recommended` text COLLATE utf8mb4_unicode_ci,
  `created_at` timestamp NULL DEFAULT NULL,
  `updated_at` timestamp NULL DEFAULT NULL,
  PRIMARY KEY (`id`),
  KEY `class_visit_needs_classvisit_id_foreign` (`classVisit_id`),
  CONSTRAINT `class_visit_needs_classvisit_id_foreign` FOREIGN KEY (`classVisit_id`) REFERENCES `class_room_visit_sessions` (`id`) ON DELETE CASCADE
) ENGINE=InnoDB AUTO_INCREMENT=5 DEFAULT CHARSET=utf8mb4 COLLATE=utf8mb4_unicode_ci;

--
-- Dumping data for table `class_visit_needs`
--

INSERT INTO `class_visit_needs` (`id`, `classVisit_id`, `need`, `recommended`, `created_at`, `updated_at`) VALUES (4,15,NULL,NULL,'2024-11-28 18:21:18','2024-11-28 18:21:18');

--
-- Table structure for table `class_visit_rates`
--

CREATE TABLE `class_visit_rates` (
  `id` bigint unsigned NOT NULL AUTO_INCREMENT,
  `classVisit_id` bigint unsigned DEFAULT NULL,
  `lesson_title_rate` text COLLATE utf8mb4_unicode_ci,
  `number_of_class_students` int DEFAULT NULL,
  `number_of_attendees` int DEFAULT NULL,
  `number_of_absences` int DEFAULT NULL,
  `visit_number` int DEFAULT NULL,
  `purpose_of_visit` varchar(191) COLLATE utf8mb4_unicode_ci DEFAULT NULL,
  `class_visit_meeting_teacher` enum('yes','no') CHARACTER SET utf8mb4 COLLATE utf8mb4_unicode_ci DEFAULT NULL,
  `class_visit_meeting_teacher_desc` longtext COLLATE utf8mb4_unicode_ci,
  `know_participation_subject_activities` enum('yes','no') CHARACTER SET utf8mb4 COLLATE utf8mb4_unicode_ci DEFAULT NULL,
  `know_participation_subject_activities_desc` longtext COLLATE utf8mb4_unicode_ci,
  `review_written_preparation_lesson` enum('yes','no') CHARACTER SET utf8mb4 COLLATE utf8mb4_unicode_ci DEFAULT NULL,
  `review_written_preparation_lesson_desc` longtext COLLATE utf8mb4_unicode_ci,
  `discussion_school_manager` enum('yes','no') CHARACTER SET utf8mb4 COLLATE utf8mb4_unicode_ci DEFAULT NULL,
  `discussion_school_manager_desc` longtext COLLATE utf8mb4_unicode_ci,
  `make_short_test_students_rate` enum('yes','no') CHARACTER SET utf8mb4 COLLATE utf8mb4_unicode_ci DEFAULT NULL,
  `make_short_test_students_desc` longtext COLLATE utf8mb4_unicode_ci,
  `view_assignments_applications` enum('yes','no') CHARACTER SET utf8mb4 COLLATE utf8mb4_unicode_ci DEFAULT NULL,
  `view_assignments_applications_desc` longtext COLLATE utf8mb4_unicode_ci,
  `visit_student_mentor` enum('yes','no') CHARACTER SET utf8mb4 COLLATE utf8mb4_unicode_ci DEFAULT NULL,
  `visit_student_mentor_desc` longtext COLLATE utf8mb4_unicode_ci,
  `view_calendar_tests` enum('yes','no') CHARACTER SET utf8mb4 COLLATE utf8mb4_unicode_ci DEFAULT NULL,
  `view_calendar_tests_desc` longtext COLLATE utf8mb4_unicode_ci,
  `responsibility_rate` enum('1','2','3','4','5') COLLATE utf8mb4_unicode_ci DEFAULT NULL,
  `responsibility_desc` text COLLATE utf8mb4_unicode_ci,
  `communication_collaboration_rate` enum('1','2','3','4','5') COLLATE utf8mb4_unicode_ci DEFAULT NULL,
  `communication_collaboration_desc` text COLLATE utf8mb4_unicode_ci,
  `adherence_dialogue_etiquette_verbally_and_writing_rate` enum('1','2','3','4','5') COLLATE utf8mb4_unicode_ci DEFAULT NULL,
  `adherence_dialogue_etiquette_verbally_and_writing_desc` text COLLATE utf8mb4_unicode_ci,
  `development_rate` enum('1','2','3','4','5') COLLATE utf8mb4_unicode_ci DEFAULT NULL,
  `development_desc` text COLLATE utf8mb4_unicode_ci,
  `exchanging_experiences_rate` enum('1','2','3','4','5') COLLATE utf8mb4_unicode_ci DEFAULT NULL,
  `exchanging_experiences_desc` text COLLATE utf8mb4_unicode_ci,
  `providing_knowledge_production_rate` enum('1','2','3','4','5') COLLATE utf8mb4_unicode_ci DEFAULT NULL,
  `providing_knowledge_production_desc` text COLLATE utf8mb4_unicode_ci,
  `design_course_plan_rate` enum('1','2','3','4','5') COLLATE utf8mb4_unicode_ci DEFAULT NULL,
  `design_course_plan_desc` text COLLATE utf8mb4_unicode_ci,
  `lesson_preparing_rate` enum('1','2','3','4','5') COLLATE utf8mb4_unicode_ci DEFAULT NULL,
  `lesson_preparing_desc` text COLLATE utf8mb4_unicode_ci,
  `preparation_learning_objectives_rate` enum('1','2','3','4','5') COLLATE utf8mb4_unicode_ci DEFAULT NULL,
  `preparation_learning_objectives_desc` text COLLATE utf8mb4_unicode_ci,
  `implementing_lesson_achieves_rate` enum('1','2','3','4','5') COLLATE utf8mb4_unicode_ci DEFAULT NULL,
  `implementing_lesson_achieves_desc` text COLLATE utf8mb4_unicode_ci,
  `employing_educational_techniques_rate` enum('1','2','3','4','5') COLLATE utf8mb4_unicode_ci DEFAULT NULL,
  `employing_educational_techniques_desc` text COLLATE utf8mb4_unicode_ci,
  `using_distance_education_platforms_rate` enum('1','2','3','4','5') COLLATE utf8mb4_unicode_ci DEFAULT NULL,
  `using_distance_education_platforms_desc` text COLLATE utf8mb4_unicode_ci,
  `providing_scientific_material_rate` enum('1','2','3','4','5') COLLATE utf8mb4_unicode_ci DEFAULT NULL,
  `providing_scientific_material_desc` text COLLATE utf8mb4_unicode_ci,
  `apply_educational_strategies_rate` enum('1','2','3','4','5') COLLATE utf8mb4_unicode_ci DEFAULT NULL,
  `apply_educational_strategies_desc` text COLLATE utf8mb4_unicode_ci,
  `linking_lesson_real_life_rate` enum('1','2','3','4','5') COLLATE utf8mb4_unicode_ci DEFAULT NULL,
  `linking_lesson_real_life_desc` text COLLATE utf8mb4_unicode_ci,
  `asking_appropriate_class_questions_rate` enum('1','2','3','4','5') COLLATE utf8mb4_unicode_ci DEFAULT NULL,
  `asking_appropriate_class_questions_desc` text COLLATE utf8mb4_unicode_ci,
  `involving_students_lesson_activities_rate` enum('1','2','3','4','5') COLLATE utf8mb4_unicode_ci DEFAULT NULL,
  `involving_students_lesson_activities_desc` text COLLATE utf8mb4_unicode_ci,
  `evaluating_learning_diagnose_student_rate` enum('1','2','3','4','5') COLLATE utf8mb4_unicode_ci DEFAULT NULL,
  `evaluating_learning_diagnose_student_desc` text COLLATE utf8mb4_unicode_ci,
  `building_integrated_plan_rate` enum('1','2','3','4','5') COLLATE utf8mb4_unicode_ci DEFAULT NULL,
  `building_integrated_plan_desc` text COLLATE utf8mb4_unicode_ci,
  `employing_classroom_applications_rate` enum('1','2','3','4','5') COLLATE utf8mb4_unicode_ci DEFAULT NULL,
  `employing_classroom_applications_desc` text COLLATE utf8mb4_unicode_ci,
  `creating_educational_environment_rate` enum('1','2','3','4','5') COLLATE utf8mb4_unicode_ci DEFAULT NULL,
  `creating_educational_environment_desc` text COLLATE utf8mb4_unicode_ci,
  `department_student_contributions_inquiries_rate` enum('1','2','3','4','5') COLLATE utf8mb4_unicode_ci DEFAULT NULL,
  `department_student_contributions_inquiries_desc` text COLLATE utf8mb4_unicode_ci,
  `managing_learning_time_rate` enum('1','2','3','4','5') COLLATE utf8mb4_unicode_ci DEFAULT NULL,
  `managing_learning_time_desc` text COLLATE utf8mb4_unicode_ci,
  `student_interaction_level_rate` enum('1','2','3','4','5') COLLATE utf8mb4_unicode_ci DEFAULT NULL,
  `student_interaction_level_desc` text COLLATE utf8mb4_unicode_ci,
  `student_achievement_level_rate` enum('1','2','3','4','5') COLLATE utf8mb4_unicode_ci DEFAULT NULL,
  `student_achievement_level_desc` text COLLATE utf8mb4_unicode_ci,
  `created_at` timestamp NULL DEFAULT NULL,
  `updated_at` timestamp NULL DEFAULT NULL,
  PRIMARY KEY (`id`),
  KEY `class_visit_rates_classvisit_id_foreign` (`classVisit_id`),
  CONSTRAINT `class_visit_rates_classvisit_id_foreign` FOREIGN KEY (`classVisit_id`) REFERENCES `class_room_visit_sessions` (`id`) ON DELETE CASCADE ON UPDATE RESTRICT
) ENGINE=InnoDB AUTO_INCREMENT=5 DEFAULT CHARSET=utf8mb4 COLLATE=utf8mb4_unicode_ci;

--
-- Dumping data for table `class_visit_rates`
--

INSERT INTO `class_visit_rates` (`id`, `classVisit_id`, `lesson_title_rate`, `number_of_class_students`, `number_of_attendees`, `number_of_absences`, `visit_number`, `purpose_of_visit`, `class_visit_meeting_teacher`, `class_visit_meeting_teacher_desc`, `know_participation_subject_activities`, `know_participation_subject_activities_desc`, `review_written_preparation_lesson`, `review_written_preparation_lesson_desc`, `discussion_school_manager`, `discussion_school_manager_desc`, `make_short_test_students_rate`, `make_short_test_students_desc`, `view_assignments_applications`, `view_assignments_applications_desc`, `visit_student_mentor`, `visit_student_mentor_desc`, `view_calendar_tests`, `view_calendar_tests_desc`, `responsibility_rate`, `responsibility_desc`, `communication_collaboration_rate`, `communication_collaboration_desc`, `adherence_dialogue_etiquette_verbally_and_writing_rate`, `adherence_dialogue_etiquette_verbally_and_writing_desc`, `development_rate`, `development_desc`, `exchanging_experiences_rate`, `exchanging_experiences_desc`, `providing_knowledge_production_rate`, `providing_knowledge_production_desc`, `design_course_plan_rate`, `design_course_plan_desc`, `lesson_preparing_rate`, `lesson_preparing_desc`, `preparation_learning_objectives_rate`, `preparation_learning_objectives_desc`, `implementing_lesson_achieves_rate`, `implementing_lesson_achieves_desc`, `employing_educational_techniques_rate`, `employing_educational_techniques_desc`, `using_distance_education_platforms_rate`, `using_distance_education_platforms_desc`, `providing_scientific_material_rate`, `providing_scientific_material_desc`, `apply_educational_strategies_rate`, `apply_educational_strategies_desc`, `linking_lesson_real_life_rate`, `linking_lesson_real_life_desc`, `asking_appropriate_class_questions_rate`, `asking_appropriate_class_questions_desc`, `involving_students_lesson_activities_rate`, `involving_students_lesson_activities_desc`, `evaluating_learning_diagnose_student_rate`, `evaluating_learning_diagnose_student_desc`, `building_integrated_plan_rate`, `building_integrated_plan_desc`, `employing_classroom_applications_rate`, `employing_classroom_applications_desc`, `creating_educational_environment_rate`, `creating_educational_environment_desc`, `department_student_contributions_inquiries_rate`, `department_student_contributions_inquiries_desc`, `managing_learning_time_rate`, `managing_learning_time_desc`, `student_interaction_level_rate`, `student_interaction_level_desc`, `student_achievement_level_rate`, `student_achievement_level_desc`, `created_at`, `updated_at`) VALUES (4,15,NULL,NULL,NULL,NULL,NULL,NULL,NULL,NULL,NULL,NULL,NULL,NULL,NULL,NULL,NULL,NULL,NULL,NULL,NULL,NULL,NULL,NULL,NULL,NULL,NULL,NULL,NULL,NULL,NULL,NULL,NULL,NULL,NULL,NULL,NULL,NULL,NULL,NULL,NULL,NULL,NULL,NULL,NULL,NULL,NULL,NULL,NULL,NULL,NULL,NULL,NULL,NULL,NULL,NULL,NULL,NULL,NULL,NULL,NULL,NULL,NULL,NULL,NULL,NULL,NULL,NULL,NULL,NULL,NULL,NULL,NULL,NULL,'2024-11-28 18:21:18','2024-11-28 18:21:18');

--
-- Table structure for table `class_visit_recommendations`
--

CREATE TABLE `class_visit_recommendations` (
  `id` bigint unsigned NOT NULL AUTO_INCREMENT,
  `classVisit_id` bigint unsigned NOT NULL,
  `level_of_implementation_recommendations` text COLLATE utf8mb4_unicode_ci,
  `strengths_and_excellence` text COLLATE utf8mb4_unicode_ci,
  `supervisor_support` text COLLATE utf8mb4_unicode_ci,
  `recommendation` text COLLATE utf8mb4_unicode_ci,
  `teacher_benefit` text COLLATE utf8mb4_unicode_ci,
  `created_at` timestamp NULL DEFAULT NULL,
  `updated_at` timestamp NULL DEFAULT NULL,
  PRIMARY KEY (`id`),
  KEY `class_visit_recommendations_classvisit_id_foreign` (`classVisit_id`),
  CONSTRAINT `class_visit_recommendations_classvisit_id_foreign` FOREIGN KEY (`classVisit_id`) REFERENCES `class_room_visit_sessions` (`id`) ON DELETE CASCADE
) ENGINE=InnoDB AUTO_INCREMENT=5 DEFAULT CHARSET=utf8mb4 COLLATE=utf8mb4_unicode_ci;

--
-- Dumping data for table `class_visit_recommendations`
--

INSERT INTO `class_visit_recommendations` (`id`, `classVisit_id`, `level_of_implementation_recommendations`, `strengths_and_excellence`, `supervisor_support`, `recommendation`, `teacher_benefit`, `created_at`, `updated_at`) VALUES (4,15,NULL,NULL,NULL,NULL,NULL,'2024-11-28 18:21:18','2024-11-28 18:21:18');

--
-- Table structure for table `classroom_visits`
--

CREATE TABLE `classroom_visits` (
  `id` bigint unsigned NOT NULL AUTO_INCREMENT,
  `school_id` bigint unsigned NOT NULL,
  `semester_id` bigint unsigned NOT NULL,
  `visiting_teacher_id` bigint unsigned NOT NULL,
  `visited_teacher_id` bigint unsigned NOT NULL,
  `period_id` bigint unsigned NOT NULL,
  `subject_id` bigint unsigned NOT NULL,
  `school_class_id` bigint unsigned DEFAULT NULL,
  `date_type` enum('hijri','coptic') COLLATE utf8mb4_unicode_ci NOT NULL,
  `date` varchar(191) COLLATE utf8mb4_unicode_ci NOT NULL,
  `created_at` timestamp NULL DEFAULT NULL,
  `updated_at` timestamp NULL DEFAULT NULL,
  PRIMARY KEY (`id`),
  KEY `classroom_visits_school_id_foreign` (`school_id`),
  KEY `classroom_visits_semester_id_foreign` (`semester_id`),
  KEY `classroom_visits_visiting_teacher_id_foreign` (`visiting_teacher_id`),
  KEY `classroom_visits_visited_teacher_id_foreign` (`visited_teacher_id`),
  KEY `classroom_visits_period_id_foreign` (`period_id`),
  KEY `classroom_visits_subject_id_foreign` (`subject_id`),
  KEY `classroom_visits_school_class_id_foreign` (`school_class_id`),
  CONSTRAINT `classroom_visits_period_id_foreign` FOREIGN KEY (`period_id`) REFERENCES `periods` (`id`),
  CONSTRAINT `classroom_visits_school_class_id_foreign` FOREIGN KEY (`school_class_id`) REFERENCES `school_classes` (`id`) ON DELETE CASCADE,
  CONSTRAINT `classroom_visits_school_id_foreign` FOREIGN KEY (`school_id`) REFERENCES `schools` (`id`) ON DELETE CASCADE,
  CONSTRAINT `classroom_visits_semester_id_foreign` FOREIGN KEY (`semester_id`) REFERENCES `semesters` (`id`) ON DELETE CASCADE,
  CONSTRAINT `classroom_visits_subject_id_foreign` FOREIGN KEY (`subject_id`) REFERENCES `subjects` (`id`),
  CONSTRAINT `classroom_visits_visited_teacher_id_foreign` FOREIGN KEY (`visited_teacher_id`) REFERENCES `school_employees` (`id`),
  CONSTRAINT `classroom_visits_visiting_teacher_id_foreign` FOREIGN KEY (`visiting_teacher_id`) REFERENCES `school_employees` (`id`)
) ENGINE=InnoDB AUTO_INCREMENT=109 DEFAULT CHARSET=utf8mb4 COLLATE=utf8mb4_unicode_ci;

--
-- Dumping data for table `classroom_visits`
--

INSERT INTO `classroom_visits` (`id`, `school_id`, `semester_id`, `visiting_teacher_id`, `visited_teacher_id`, `period_id`, `subject_id`, `school_class_id`, `date_type`, `date`, `created_at`, `updated_at`) VALUES (101,39,1,626,640,1,1,2019,'coptic','2024-12-03','2024-11-02 11:05:31','2024-11-02 11:05:31'),(102,39,1,640,641,2,3,2020,'coptic','2024-12-03','2024-11-02 11:05:31','2024-11-02 11:05:31'),(103,39,1,626,640,3,4,2020,'coptic','2024-12-03','2024-11-02 11:05:31','2024-11-02 11:05:31'),(104,39,1,640,641,3,4,2019,'coptic','2024-12-06','2024-11-02 11:05:31','2024-11-02 11:05:31'),(105,39,1,626,641,1,1,2019,'coptic','2024-12-03','2024-11-02 11:05:31','2024-11-02 11:05:31'),(106,39,1,640,641,2,3,2020,'coptic','2024-12-03','2024-11-02 11:05:31','2024-11-02 11:05:31'),(107,39,1,640,640,3,4,2020,'coptic','2024-12-03','2024-11-02 11:05:31','2024-11-02 11:05:31'),(108,39,1,640,640,3,4,2019,'coptic','2024-12-06','2024-11-02 11:05:31','2024-11-02 11:05:31');

--
-- Table structure for table `committee_forms`
--

CREATE TABLE `committee_forms` (
  `id` bigint unsigned NOT NULL AUTO_INCREMENT,
  `committee_id` bigint unsigned NOT NULL,
  `created_at` timestamp NULL DEFAULT NULL,
  `updated_at` timestamp NULL DEFAULT NULL,
  `deleted_at` timestamp NULL DEFAULT NULL,
  PRIMARY KEY (`id`),
  KEY `committee_forms_committee_id_foreign` (`committee_id`),
  CONSTRAINT `committee_forms_committee_id_foreign` FOREIGN KEY (`committee_id`) REFERENCES `committees_old` (`id`) ON DELETE CASCADE
) ENGINE=InnoDB DEFAULT CHARSET=utf8mb4 COLLATE=utf8mb4_unicode_ci;

--
-- Dumping data for table `committee_forms`
--


--
-- Table structure for table `committee_supervisors`
--

CREATE TABLE `committee_supervisors` (
  `id` bigint unsigned NOT NULL AUTO_INCREMENT,
  `committee_form_id` bigint unsigned NOT NULL,
  `user_id` bigint unsigned NOT NULL,
  `type` enum('manager','member') COLLATE utf8mb4_unicode_ci NOT NULL DEFAULT 'member',
  `created_at` timestamp NULL DEFAULT NULL,
  `updated_at` timestamp NULL DEFAULT NULL,
  PRIMARY KEY (`id`),
  KEY `committee_supervisors_committee_form_id_foreign` (`committee_form_id`),
  KEY `committee_supervisors_user_id_foreign` (`user_id`),
  CONSTRAINT `committee_supervisors_committee_form_id_foreign` FOREIGN KEY (`committee_form_id`) REFERENCES `committee_forms` (`id`) ON DELETE CASCADE,
  CONSTRAINT `committee_supervisors_user_id_foreign` FOREIGN KEY (`user_id`) REFERENCES `users` (`id`) ON DELETE CASCADE
) ENGINE=InnoDB DEFAULT CHARSET=utf8mb4 COLLATE=utf8mb4_unicode_ci;

--
-- Dumping data for table `committee_supervisors`
--


--
-- Table structure for table `committees`
--

CREATE TABLE `committees` (
  `id` bigint unsigned NOT NULL AUTO_INCREMENT,
  `namazeg_version_id` bigint unsigned DEFAULT NULL,
  `school_id` bigint unsigned DEFAULT NULL,
  `name` varchar(191) COLLATE utf8mb4_unicode_ci DEFAULT NULL,
  `form_number` int DEFAULT '35' COMMENT 'References namazeg from number ',
  `assignment_form_number` int DEFAULT '35' COMMENT 'References namazeg assignment form number',
  `status` enum('0','1') COLLATE utf8mb4_unicode_ci NOT NULL DEFAULT '1',
  `created_at` timestamp NULL DEFAULT NULL,
  `updated_at` timestamp NULL DEFAULT NULL,
  `deleted_at` timestamp NULL DEFAULT NULL,
  PRIMARY KEY (`id`),
  KEY `committees_namazeg_version_id_foreign` (`namazeg_version_id`),
  CONSTRAINT `committees_namazeg_version_id_foreign` FOREIGN KEY (`namazeg_version_id`) REFERENCES `namazeg_versions` (`id`) ON DELETE CASCADE
) ENGINE=InnoDB AUTO_INCREMENT=34 DEFAULT CHARSET=utf8mb4 COLLATE=utf8mb4_unicode_ci;

--
-- Dumping data for table `committees`
--

INSERT INTO `committees` (`id`, `namazeg_version_id`, `school_id`, `name`, `form_number`, `assignment_form_number`, `status`, `created_at`, `updated_at`, `deleted_at`) VALUES (1,NULL,NULL,'اللجنة الإدارية',8,32,'0','2024-09-27 18:25:31','2024-09-27 18:25:31',NULL),(2,NULL,NULL,'لجنة التوجيه و الإرشاد',10,33,'0','2024-09-27 18:25:31','2024-09-27 18:25:31',NULL),(3,NULL,NULL,'لجنة التحصيل الدراسي',5,30,'0','2024-09-27 18:25:31','2024-09-27 18:25:31',NULL),(4,NULL,NULL,'لجنة التميز',6,31,'0','2024-09-27 18:25:31','2024-09-27 18:25:31',NULL),(5,NULL,NULL,'لجنة الحالات الصحية الطارئة وتعزيز الصحة',35,36,'0','2024-09-27 18:25:31','2024-09-27 18:25:31',NULL),(6,NULL,NULL,'لجنة التحصيل المعرفي بالمدرسة',35,183,'0','2024-09-27 18:25:31','2024-09-27 18:25:31',NULL),(7,NULL,81,'Abobasha test',35,30,'0','2024-10-26 10:55:51','2024-10-26 10:55:51',NULL),(28,NULL,112,'شسيصضيضص',35,30,'0','2024-11-10 22:36:48','2024-11-10 22:36:53','2024-11-10 22:36:53'),(29,NULL,98,'test',35,35,'1','2024-11-15 13:04:34','2024-11-15 13:04:34',NULL),(30,NULL,98,'test2',35,30,'0','2024-11-24 19:14:31','2024-11-24 19:14:31',NULL),(31,NULL,98,'test3',35,30,'0','2024-11-24 19:17:48','2024-11-24 19:17:48',NULL),(32,NULL,98,'test4',35,35,'0','2024-11-26 10:54:55','2024-11-26 10:54:55',NULL),(33,NULL,98,'test abobasha',35,35,'0','2024-11-27 10:56:29','2024-11-27 10:56:29',NULL);

--
-- Table structure for table `coupon_product`
--

CREATE TABLE `coupon_product` (
  `id` bigint unsigned NOT NULL AUTO_INCREMENT,
  `coupon_id` bigint unsigned NOT NULL,
  `product_id` bigint unsigned NOT NULL,
  `created_at` timestamp NULL DEFAULT NULL,
  `updated_at` timestamp NULL DEFAULT NULL,
  `deleted_at` timestamp NULL DEFAULT NULL,
  PRIMARY KEY (`id`),
  KEY `coupon_product_coupon_id_foreign` (`coupon_id`),
  KEY `coupon_product_product_id_foreign` (`product_id`),
  CONSTRAINT `coupon_product_coupon_id_foreign` FOREIGN KEY (`coupon_id`) REFERENCES `coupons` (`id`) ON DELETE CASCADE,
  CONSTRAINT `coupon_product_product_id_foreign` FOREIGN KEY (`product_id`) REFERENCES `products` (`id`) ON DELETE CASCADE ON UPDATE RESTRICT
) ENGINE=InnoDB AUTO_INCREMENT=64 DEFAULT CHARSET=utf8mb4 COLLATE=utf8mb4_unicode_ci;

--
-- Dumping data for table `coupon_product`
--

INSERT INTO `coupon_product` (`id`, `coupon_id`, `product_id`, `created_at`, `updated_at`, `deleted_at`) VALUES (1,21,1,'2024-08-23 12:09:15','2024-08-23 12:09:15',NULL),(2,21,2,'2024-08-23 12:09:15','2024-08-23 12:09:15',NULL),(3,21,3,'2024-08-23 12:09:15','2024-08-23 12:09:15',NULL),(4,21,4,'2024-08-23 12:09:15','2024-08-23 12:09:15',NULL),(5,21,2,'2024-08-23 12:09:15','2024-08-23 12:09:15',NULL),(6,21,3,'2024-08-23 12:09:15','2024-08-23 12:09:15',NULL),(7,21,4,'2024-08-23 12:09:15','2024-08-23 12:09:15',NULL),(8,21,1,'2024-08-23 12:09:15','2024-08-23 12:09:15',NULL),(9,21,2,'2024-08-23 12:09:15','2024-08-23 12:09:15',NULL),(10,21,2,'2024-08-23 12:09:15','2024-08-23 12:09:15',NULL),(22,23,4,'2024-08-23 12:25:53','2024-08-23 12:25:53',NULL),(24,3,4,'2024-08-23 12:26:54','2024-08-23 12:26:54',NULL),(25,24,3,'2024-08-23 12:29:37','2024-08-23 12:29:37',NULL),(26,25,2,'2024-08-23 12:31:13','2024-08-23 12:31:13',NULL),(27,25,3,'2024-08-23 12:31:13','2024-08-23 12:31:13',NULL),(28,26,3,'2024-08-24 06:24:22','2024-08-24 06:24:22',NULL),(29,26,4,'2024-08-24 06:24:22','2024-08-24 06:24:22',NULL),(30,27,3,'2024-08-24 06:30:48','2024-08-24 06:30:48',NULL),(31,28,1,'2024-08-24 06:33:34','2024-08-24 06:33:34',NULL),(32,28,2,'2024-08-24 06:33:34','2024-08-24 06:33:34',NULL),(33,29,3,'2024-08-24 06:42:08','2024-08-24 06:42:08',NULL),(34,30,3,'2024-08-24 06:51:58','2024-08-24 06:51:58',NULL),(36,32,2,'2024-08-24 06:56:03','2024-08-24 06:56:03',NULL),(37,33,1,'2024-08-24 07:03:28','2024-08-24 07:03:28',NULL),(38,33,2,'2024-08-24 07:03:28','2024-08-24 07:03:28',NULL),(39,33,3,'2024-08-24 07:03:28','2024-08-24 07:03:28',NULL),(40,33,4,'2024-08-24 07:03:28','2024-08-24 07:03:28',NULL),(41,33,3,'2024-08-24 07:03:28','2024-08-24 07:03:28',NULL),(42,33,3,'2024-08-24 07:03:28','2024-08-24 07:03:28',NULL),(43,33,2,'2024-08-24 07:03:28','2024-08-24 07:03:28',NULL),(44,33,1,'2024-08-24 07:03:28','2024-08-24 07:03:28',NULL),(45,33,2,'2024-08-24 07:03:28','2024-08-24 07:03:28',NULL),(46,33,3,'2024-08-24 07:03:28','2024-08-24 07:03:28',NULL),(47,34,4,'2024-08-24 07:04:28','2024-08-24 07:04:28',NULL),(48,35,1,'2024-08-27 17:05:48','2024-08-27 17:05:48',NULL),(49,35,2,'2024-08-27 17:05:48','2024-08-27 17:05:48',NULL),(50,35,3,'2024-08-27 17:05:48','2024-08-27 17:05:48',NULL),(51,35,4,'2024-08-27 17:05:48','2024-08-27 17:05:48',NULL),(52,35,1,'2024-08-27 17:05:48','2024-08-27 17:05:48',NULL),(53,35,2,'2024-08-27 17:05:48','2024-08-27 17:05:48',NULL),(54,35,3,'2024-08-27 17:05:48','2024-08-27 17:05:48',NULL),(55,35,4,'2024-08-27 17:05:48','2024-08-27 17:05:48',NULL),(56,35,1,'2024-08-27 17:05:48','2024-08-27 17:05:48',NULL),(57,35,2,'2024-08-27 17:05:48','2024-08-27 17:05:48',NULL),(58,36,1,'2024-09-15 10:47:00','2024-09-15 10:47:00',NULL),(63,41,1,'2024-09-15 10:47:48','2024-09-15 10:47:48',NULL);

--
-- Table structure for table `coupons`
--

CREATE TABLE `coupons` (
  `id` bigint unsigned NOT NULL AUTO_INCREMENT,
  `code` varchar(191) COLLATE utf8mb4_unicode_ci NOT NULL,
  `discount_type` enum('percentage','fixed') COLLATE utf8mb4_unicode_ci NOT NULL DEFAULT 'percentage',
  `discount_value` int NOT NULL DEFAULT '0',
  `coupon_status` enum('active','expired') COLLATE utf8mb4_unicode_ci NOT NULL DEFAULT 'active',
  `expiration_date` varchar(191) CHARACTER SET utf8mb4 COLLATE utf8mb4_unicode_ci DEFAULT NULL,
  `expiration_date_type` enum('hijri','coptic') CHARACTER SET utf8mb4 COLLATE utf8mb4_unicode_ci DEFAULT NULL,
  `minimum_purchase` int NOT NULL DEFAULT '0',
  `maximum_purchase_limit` int DEFAULT NULL,
  `usage_status_for_users` enum('limited','unlimited') COLLATE utf8mb4_unicode_ci NOT NULL DEFAULT 'unlimited',
  `usage_limit_per_coupon` int DEFAULT NULL,
  `usage_status_for_user` enum('limited','unlimited') COLLATE utf8mb4_unicode_ci NOT NULL DEFAULT 'unlimited',
  `usage_limit_per_user` int DEFAULT NULL,
  `created_at` timestamp NULL DEFAULT NULL,
  `updated_at` timestamp NULL DEFAULT NULL,
  `deleted_at` timestamp NULL DEFAULT NULL,
  PRIMARY KEY (`id`),
  UNIQUE KEY `coupons_code_unique` (`code`)
) ENGINE=InnoDB AUTO_INCREMENT=82 DEFAULT CHARSET=utf8mb4 COLLATE=utf8mb4_unicode_ci;

--
-- Dumping data for table `coupons`
--

INSERT INTO `coupons` (`id`, `code`, `discount_type`, `discount_value`, `coupon_status`, `expiration_date`, `expiration_date_type`, `minimum_purchase`, `maximum_purchase_limit`, `usage_status_for_users`, `usage_limit_per_coupon`, `usage_status_for_user`, `usage_limit_per_user`, `created_at`, `updated_at`, `deleted_at`) VALUES (1,'0W9VCTVMHV','fixed',22,'expired','2025-01-28','hijri',178,NULL,'unlimited',NULL,'limited',5,'2024-08-21 08:50:12','2024-08-24 07:10:47','2024-08-24 07:10:47'),(2,'MBCK3DAXKR','percentage',35,'active','2025-05-18','hijri',486,NULL,'limited',4,'limited',3,'2024-08-21 08:50:12','2024-08-24 07:15:03','2024-08-24 07:15:03'),(3,'test4 update2','fixed',100,'active','١٤٤٦/٠١/١٤','hijri',32,100003,'limited',20,'limited',10,'2024-08-21 08:50:12','2024-08-24 07:15:08','2024-08-24 07:15:08'),(4,'VUOD5LV8UA','fixed',41,'active','2025-03-11','hijri',354,278,'limited',NULL,'limited',NULL,'2024-08-21 08:50:12','2024-08-24 07:15:15','2024-08-24 07:15:15'),(5,'QZH0ZRX8HP','fixed',21,'expired','2025-03-30','hijri',314,NULL,'limited',NULL,'limited',NULL,'2024-08-21 08:50:12','2024-08-24 07:15:21','2024-08-24 07:15:21'),(6,'GWZU2RXFNT','fixed',42,'expired','2025-05-14','hijri',327,NULL,'limited',1,'unlimited',NULL,'2024-08-21 08:50:12','2024-08-24 07:15:26','2024-08-24 07:15:26'),(7,'IU7EMPMUSN','fixed',32,'active','2025-04-02','hijri',180,463,'unlimited',4,'limited',5,'2024-08-21 08:50:12','2024-08-24 07:15:32','2024-08-24 07:15:32'),(8,'PQ5WSH7GNK','percentage',48,'expired','2025-06-02','hijri',361,589,'unlimited',5,'unlimited',3,'2024-08-21 08:50:12','2024-08-24 07:15:38','2024-08-24 07:15:38'),(9,'V8ZAILJH0C','fixed',49,'expired','2025-02-13','coptic',318,NULL,'limited',NULL,'unlimited',4,'2024-08-21 08:50:12','2024-08-24 07:15:44','2024-08-24 07:15:44'),(10,'YIVBBQ4C2C','percentage',24,'active','2025-08-20','coptic',176,854,'limited',7,'unlimited',2,'2024-08-21 08:50:12','2024-08-24 07:15:52','2024-08-24 07:15:52'),(11,'1RKZBPWPUN','fixed',20,'expired','2025-02-19','coptic',456,NULL,'unlimited',NULL,'limited',2,'2024-08-21 08:50:12','2024-08-24 07:15:57','2024-08-24 07:15:57'),(12,'K1MWKKS0QK','percentage',43,'active','2025-01-31','coptic',264,618,'unlimited',7,'limited',1,'2024-08-21 08:50:12','2024-08-24 07:16:03','2024-08-24 07:16:03'),(13,'WG1KFH3GI0','fixed',17,'expired','2024-11-14','coptic',498,NULL,'unlimited',NULL,'limited',NULL,'2024-08-21 08:50:12','2024-08-24 07:16:07','2024-08-24 07:16:07'),(14,'CQFR0DDY0Y','percentage',13,'expired','2025-01-01','hijri',221,NULL,'limited',NULL,'unlimited',NULL,'2024-08-21 08:50:12','2024-08-24 07:16:14','2024-08-24 07:16:14'),(15,'JWHIXQK8WO','fixed',27,'active','2024-12-15','hijri',233,NULL,'unlimited',9,'unlimited',NULL,'2024-08-21 08:50:12','2024-08-24 07:16:19','2024-08-24 07:16:19'),(16,'8X9GBVIZID','fixed',10,'active','2025-06-10','coptic',313,453,'limited',4,'limited',3,'2024-08-21 08:50:12','2024-08-24 07:16:25','2024-08-24 07:16:25'),(17,'JUE21KRTWZ','percentage',49,'active','2025-01-13','hijri',135,950,'unlimited',8,'unlimited',3,'2024-08-21 08:50:12','2024-08-24 07:16:30','2024-08-24 07:16:30'),(18,'INK39UL0QR','percentage',17,'expired','2025-03-07','hijri',453,724,'unlimited',7,'unlimited',NULL,'2024-08-21 08:50:12','2024-08-24 07:16:34','2024-08-24 07:16:34'),(19,'NGPTFKWHLQ','fixed',40,'active','2025-06-25','hijri',205,908,'limited',8,'limited',3,'2024-08-21 08:50:12','2024-08-24 07:16:38','2024-08-24 07:16:38'),(20,'PWU0EGWTN0','fixed',44,'expired','2025-04-10','coptic',226,NULL,'unlimited',1,'unlimited',NULL,'2024-08-21 08:50:12','2024-08-24 07:16:43','2024-08-24 07:16:43'),(21,'ABCD','percentage',20,'active','28/02/1446','hijri',200,2000,'limited',5,'unlimited',NULL,'2024-08-23 12:09:15','2024-08-23 12:09:15',NULL),(23,'test24 update2','fixed',100,'active','١٤٤٦/٠١/١٤','hijri',32,100003,'limited',20,'limited',10,'2024-08-23 12:25:53','2024-08-23 12:33:47','2024-08-23 12:33:47'),(24,'coupon A','fixed',20,'expired',NULL,NULL,300,3000,'unlimited',NULL,'unlimited',NULL,'2024-08-23 12:29:37','2024-09-15 11:33:50',NULL),(25,'Coupon B update','percentage',20,'expired',NULL,NULL,20,2005,'unlimited',NULL,'unlimited',NULL,'2024-08-23 12:31:13','2024-08-23 12:33:12',NULL),(26,'COUPON TEST','percentage',49,'active','18/02/1446','hijri',500,1000,'limited',50,'limited',10,'2024-08-24 06:24:22','2024-08-24 06:24:22',NULL),(27,'UNLIMIT COUPON','fixed',10,'expired',NULL,NULL,200,2000,'unlimited',NULL,'unlimited',NULL,'2024-08-24 06:30:48','2024-08-24 06:30:48',NULL),(28,'LIMITED COUPON','percentage',20,'active','18/02/1446','hijri',24,250,'limited',250,'limited',100,'2024-08-24 06:33:34','2024-08-24 06:33:34',NULL),(29,'test','percentage',10,'active','24/08/2024','coptic',10,200,'unlimited',NULL,'unlimited',NULL,'2024-08-24 06:42:08','2024-08-24 06:42:08',NULL),(30,'unlimit','fixed',10,'expired',NULL,NULL,10,200,'unlimited',NULL,'unlimited',NULL,'2024-08-24 06:51:58','2024-08-24 06:51:58',NULL),(32,'limit','percentage',10,'active','18/02/1446','hijri',10,20,'unlimited',NULL,'unlimited',NULL,'2024-08-24 06:56:03','2024-08-24 06:56:03',NULL),(33,'coptic coupon','fixed',20,'active','25/02/1446','hijri',20,200,'unlimited',NULL,'unlimited',NULL,'2024-08-24 07:03:28','2024-08-24 07:03:28',NULL),(34,'test غير محدد !','percentage',10,'expired',NULL,NULL,20,2000,'unlimited',NULL,'unlimited',NULL,'2024-08-24 07:04:28','2024-08-24 07:04:28',NULL),(35,'544684','fixed',1,'active','29/02/1446','hijri',50,80,'limited',1,'limited',1,'2024-08-27 17:05:48','2024-08-27 17:34:10',NULL),(36,'10a','percentage',50,'active','28/03/1446','hijri',1000,1500,'limited',10,'limited',10,'2024-09-15 10:47:00','2024-09-15 10:47:00',NULL),(41,'44','percentage',50,'active','13/03/1446','hijri',10,10,'limited',1,'limited',1,'2024-09-15 10:47:48','2024-09-15 10:51:43',NULL);

--
-- Table structure for table `current_works`
--

CREATE TABLE `current_works` (
  `id` bigint unsigned NOT NULL AUTO_INCREMENT,
  `job_title` varchar(150) COLLATE utf8mb4_unicode_ci DEFAULT NULL,
  `assignment_category_id` bigint unsigned NOT NULL,
  `assignment_form_number` int DEFAULT NULL,
  `created_at` timestamp NULL DEFAULT NULL,
  `updated_at` timestamp NULL DEFAULT NULL,
  `deleted_at` timestamp NULL DEFAULT NULL,
  PRIMARY KEY (`id`),
  KEY `current_works_assignment_category_id_foreign` (`assignment_category_id`),
  CONSTRAINT `current_works_assignment_category_id_foreign` FOREIGN KEY (`assignment_category_id`) REFERENCES `assignments_categories` (`id`) ON DELETE CASCADE
) ENGINE=InnoDB AUTO_INCREMENT=22 DEFAULT CHARSET=utf8mb4 COLLATE=utf8mb4_unicode_ci;

--
-- Dumping data for table `current_works`
--

INSERT INTO `current_works` (`id`, `job_title`, `assignment_category_id`, `assignment_form_number`, `created_at`, `updated_at`, `deleted_at`) VALUES (1,'مدير المدرسة',1,14,'2024-09-27 13:51:24','2024-09-27 13:51:24',NULL),(2,'معلم',2,18,'2024-09-27 13:51:24','2024-09-27 13:51:24',NULL),(3,'معلم التربية الخاصة',2,16,'2024-09-27 13:51:24','2024-09-27 13:51:24',NULL),(4,'معلم الموهوبين',2,15,'2024-09-27 13:51:24','2024-09-27 13:51:24',NULL),(5,'مساعد معلم التربية الخاصة',2,17,'2024-09-27 13:51:24','2024-09-27 13:51:24',NULL),(6,'وكيل الشؤون التعليمية',1,11,'2024-09-27 13:51:24','2024-09-27 13:51:24',NULL),(7,'وكيل شؤون الطلاب',1,12,'2024-09-27 13:51:24','2024-09-27 13:51:24',NULL),(8,'وكيل الشؤون المدرسية',1,13,'2024-09-27 13:51:24','2024-09-27 13:51:24',NULL),(9,'مساعد اداري',3,19,'2024-09-27 13:51:24','2024-09-27 13:51:24',NULL),(10,'موجه صحي',3,20,'2024-09-27 13:51:24','2024-09-27 13:51:24',NULL),(11,'الموجه الطلابي',3,21,'2024-09-27 13:51:24','2024-09-27 13:51:24',NULL),(12,'أمين مصادر التعلم',3,22,'2024-09-27 13:51:24','2024-09-27 13:51:24',NULL),(13,'محضر مختبر',3,23,'2024-09-27 13:51:24','2024-09-27 13:51:24',NULL),(14,'مسجل معلومات',3,24,'2024-09-27 13:51:24','2024-09-27 13:51:24',NULL),(15,'رائد نشاط',3,26,'2024-09-27 13:51:24','2024-09-27 13:51:24',NULL),(16,'حارس المدرسة',3,25,'2024-09-27 13:51:24','2024-09-27 13:51:24',NULL),(17,'عامل الخدمات',3,27,'2024-09-27 13:51:24','2024-09-27 13:51:24',NULL),(18,'موظف الخدمات',3,NULL,'2024-09-27 13:51:24','2024-09-27 13:51:24',NULL),(19,'سكرتير',3,NULL,'2024-09-27 13:51:24','2024-09-27 13:51:24',NULL),(20,'مراسل',3,NULL,'2024-09-27 13:51:24','2024-09-27 13:51:24',NULL),(21,'مستخدم',3,NULL,'2024-09-27 13:51:24','2024-09-27 13:51:24',NULL);

--
-- Table structure for table `days`
--

CREATE TABLE `days` (
  `id` bigint unsigned NOT NULL AUTO_INCREMENT,
  `name` varchar(150) COLLATE utf8mb4_unicode_ci NOT NULL,
  `created_at` timestamp NULL DEFAULT NULL,
  `updated_at` timestamp NULL DEFAULT NULL,
  PRIMARY KEY (`id`)
) ENGINE=InnoDB AUTO_INCREMENT=8 DEFAULT CHARSET=utf8mb4 COLLATE=utf8mb4_unicode_ci;

--
-- Dumping data for table `days`
--

INSERT INTO `days` (`id`, `name`, `created_at`, `updated_at`) VALUES (1,'الأحد','2024-08-21 08:50:12','2024-08-21 08:50:12'),(2,'الأثنين','2024-08-21 08:50:12','2024-08-21 08:50:12'),(3,'الثلاثاء','2024-08-21 08:50:12','2024-08-21 08:50:12'),(4,'الأربعاء','2024-08-21 08:50:12','2024-08-21 08:50:12'),(5,'الخميس','2024-08-21 08:50:12','2024-08-21 08:50:12'),(6,'الجمعة','2024-08-21 08:50:12','2024-08-21 08:50:12'),(7,'السبت','2024-08-21 08:50:12','2024-08-21 08:50:12');

--
-- Table structure for table `educational_departments`
--

CREATE TABLE `educational_departments` (
  `id` bigint unsigned NOT NULL AUTO_INCREMENT,
  `name` varchar(191) COLLATE utf8mb4_unicode_ci NOT NULL,
  `status` tinyint(1) NOT NULL DEFAULT '1',
  `created_at` timestamp NULL DEFAULT NULL,
  `updated_at` timestamp NULL DEFAULT NULL,
  `deleted_at` timestamp NULL DEFAULT NULL,
  PRIMARY KEY (`id`)
) ENGINE=InnoDB AUTO_INCREMENT=317 DEFAULT CHARSET=utf8mb4 COLLATE=utf8mb4_unicode_ci;

--
-- Dumping data for table `educational_departments`
--

INSERT INTO `educational_departments` (`id`, `name`, `status`, `created_at`, `updated_at`, `deleted_at`) VALUES (1,'الإدارة العامة للتعليم بمنطقة الرياض',1,'2024-09-07 08:38:37','2024-09-07 08:38:37',NULL),(2,'الإدارة العامة للتعليم بمنطقة جدة',1,'2024-09-07 08:38:37','2024-09-07 08:38:37',NULL),(3,'الإدارة العامة للتعليم بمنطقة المدينة المنورة',1,'2024-09-07 08:38:37','2024-09-07 08:38:37',NULL),(4,'إدارة التعليم بمحافظة الطائف',1,'2024-09-07 08:38:37','2024-09-07 08:38:37',NULL),(5,'الإدارة العامة للتعليم بمنطقة نجران',1,'2024-09-07 08:38:37','2024-09-07 08:38:37',NULL),(6,'الإدارة العامة للتعليم بمنطقة الجوف',1,'2024-09-07 08:38:37','2024-09-07 08:38:37',NULL),(7,'الإدارة العامة للتعليم بمنطقة حائل',1,'2024-09-07 08:38:37','2024-09-07 08:38:37',NULL),(8,'الإدارة العامة للتعليم بمنطقة الباحة',1,'2024-09-07 08:38:37','2024-09-07 08:38:37',NULL),(9,'إدارة التعليم بمحافظة الدوادمي',1,'2024-09-07 08:38:37','2024-09-07 08:38:37',NULL),(10,'إدارة التعليم بمحافظة ينبع',1,'2024-09-07 08:38:37','2024-09-07 08:38:37',NULL),(11,'إدارة التعليم بمحافظة المجمعة',1,'2024-09-07 08:38:37','2024-09-07 08:38:37',NULL),(12,'إدارة التعليم بمحافظة الليث',1,'2024-09-07 08:38:37','2024-09-07 08:38:37',NULL),(13,'إدارة التعليم بمحافظة صبيا',1,'2024-09-07 08:38:37','2024-09-07 08:38:37',NULL),(14,'إدارة التعليم بمحافظة العال',1,'2024-09-07 08:38:37','2024-09-07 08:38:37',NULL),(15,'إدارة التعليم بمحافظة حوطة بني تميم والحريق',1,'2024-09-07 08:38:37','2024-09-07 08:38:37',NULL),(16,'إدارة التعليم بمحافظة شقراء',1,'2024-09-07 08:38:37','2024-09-07 08:38:37',NULL),(17,'إدارة التعليم بمحافظة القويعية',1,'2024-09-07 08:38:37','2024-09-07 08:38:37',NULL),(18,'الإدارة العامة للتعليم بمنطقة مكة المكرمة',1,'2024-09-07 08:38:37','2024-09-07 08:38:37',NULL),(19,'الإدارة العامة للتعليم بمنطقة القصيم',1,'2024-09-07 08:38:37','2024-09-07 08:38:37',NULL),(20,'الإدارة العامة للتعليم بمحافظة الأحساء',1,'2024-09-07 08:38:37','2024-09-07 08:38:37',NULL),(21,'الإدارة العامة للتعليم بالمنطقة الشرقية',1,'2024-09-07 08:38:37','2024-09-07 08:38:37',NULL),(22,'الإدارة العامة للتعليم بمنطقة تبوك',1,'2024-09-07 08:38:37','2024-09-07 08:38:37',NULL),(23,'إدارة التعليم بمحافظة المخواة',1,'2024-09-07 08:38:37','2024-09-07 08:38:37',NULL),(24,'الإدارة العامة للتعليم بمنطقة جازان',1,'2024-09-07 08:38:37','2024-09-07 08:38:37',NULL),(25,'الإدارة العامة للتعليم بمنطقة الحدود الشمالية',1,'2024-09-07 08:38:37','2024-09-07 08:38:37',NULL),(26,'إدارة التعليم بمحافظة الرس',1,'2024-09-07 08:38:37','2024-09-07 08:38:37',NULL),(27,'إدارة التعليم بمحافظة سراة عبيدة',1,'2024-09-07 08:38:37','2024-09-07 08:38:37',NULL),(28,'إدارة التعليم بمحافظة مهد الذهب',1,'2024-09-07 08:38:37','2024-09-07 08:38:37',NULL),(29,'إدارة التعليم بمحافظة النماص',1,'2024-09-07 08:38:37','2024-09-07 08:38:37',NULL),(30,'إدارة التعليم بمحافظة وادي الدواسر',1,'2024-09-07 08:38:37','2024-09-07 08:38:37',NULL),(31,'إدارة التعليم بمحافظة بيشة',1,'2024-09-07 08:38:37','2024-09-07 08:38:37',NULL),(32,'إدارة التعليم بمحافظة الزلفي',1,'2024-09-07 08:38:37','2024-09-07 08:38:37',NULL),(33,'إدارة التعليم بمحافظة عفيف',1,'2024-09-07 08:38:37','2024-09-07 08:38:37',NULL),(34,'الإدارة العامة للتعليم بمنطقة عسير',1,'2024-09-07 08:38:37','2024-09-07 08:38:37',NULL),(35,'إدارة التعليم بمحافظة الغاط',1,'2024-09-07 08:38:37','2024-09-07 08:38:37',NULL),(36,'إدارة التعليم بمحافظة المذنب',1,'2024-09-07 08:38:37','2024-09-07 08:38:37',NULL),(37,'إدارة التعليم بمحافظة حفر الباطن',1,'2024-09-07 08:38:37','2024-09-07 08:38:37',NULL),(38,'إدارة التعليم بمحافظة ظهران الجنوب',1,'2024-09-07 08:38:37','2024-09-07 08:38:37',NULL),(39,'إدارة التعليم بمحافظة شرورة',1,'2024-09-07 08:38:37','2024-09-07 08:38:37',NULL),(40,'test',1,'2024-09-09 08:07:53','2024-09-09 09:28:48','2024-09-09 09:28:48'),(41,'test',1,'2024-09-09 08:07:58','2024-09-09 09:28:52','2024-09-09 09:28:52'),(42,'test',1,'2024-09-09 08:08:01','2024-09-09 09:28:59','2024-09-09 09:28:59'),(43,'test',1,'2024-09-09 08:08:04','2024-09-09 09:04:06','2024-09-09 09:04:06'),(44,'reygreyt',1,'2024-09-09 08:08:08','2024-09-09 09:04:00','2024-09-09 09:04:00'),(45,'fhgfhfg',1,'2024-09-09 08:08:11','2024-09-09 09:03:52','2024-09-09 09:03:52'),(46,'fghgfh',1,'2024-09-09 08:08:15','2024-09-09 08:08:20','2024-09-09 08:08:20'),(47,'test',1,'2024-09-09 08:11:37','2024-09-09 08:11:42','2024-09-09 08:11:42'),(48,'فثسف',1,'2024-09-09 08:14:10','2024-09-09 08:14:15','2024-09-09 08:14:15'),(49,'tetst',1,'2024-09-09 09:03:41','2024-09-09 09:03:45','2024-09-09 09:03:45'),(50,'test',1,'2024-09-09 09:17:36','2024-09-09 09:28:55','2024-09-09 09:28:55'),(51,'test',1,'2024-09-09 09:17:39','2024-09-09 09:29:02','2024-09-09 09:29:02'),(52,'test',1,'2024-09-09 09:17:43','2024-09-09 09:29:05','2024-09-09 09:29:05'),(53,'tretre',1,'2024-09-09 09:17:47','2024-09-09 09:17:55','2024-09-09 09:17:55'),(54,'fghgfh',1,'2024-09-09 09:18:24','2024-09-09 09:18:39','2024-09-09 09:18:39'),(55,'ertret',1,'2024-09-09 09:18:50','2024-09-09 09:20:16','2024-09-09 09:20:16'),(56,'tytuytu',1,'2024-09-09 09:20:22','2024-09-09 09:24:14','2024-09-09 09:24:14'),(57,'rtryrt',1,'2024-09-09 09:24:18','2024-09-09 09:28:02','2024-09-09 09:28:02'),(58,'yretyry',1,'2024-09-09 09:28:07','2024-09-09 09:28:12','2024-09-09 09:28:12'),(59,'ضفص',1,'2024-09-09 17:45:06','2024-09-09 17:45:06',NULL),(60,'فضصفضص',1,'2024-09-09 17:45:11','2024-09-09 17:45:11',NULL),(61,'فضصف',1,'2024-09-09 17:45:14','2024-09-09 17:45:14',NULL),(62,'فضصف',1,'2024-09-09 17:45:19','2024-09-09 17:45:19',NULL),(63,'فضصف',1,'2024-09-09 17:45:29','2024-09-09 17:45:29',NULL),(64,'ضصثضصث',1,'2024-09-09 17:45:34','2024-09-09 17:45:34',NULL),(65,'ضصث',1,'2024-09-09 17:45:39','2024-09-09 17:45:45','2024-09-09 17:45:45'),(66,'الادارة العامة بمدينة كاظم',1,'2024-09-15 12:16:21','2024-09-15 12:16:21',NULL),(67,'Dr. Gerard Baumbach PhD',1,'2024-10-25 18:53:13','2024-10-25 18:53:13',NULL),(68,'Macey Hayes',1,'2024-10-25 18:53:13','2024-10-25 18:53:13',NULL),(69,'Prof. Lance Thompson Sr.',1,'2024-10-25 18:53:13','2024-10-25 18:53:13',NULL),(70,'Murray Brown Sr.',1,'2024-10-25 18:53:13','2024-10-25 18:53:13',NULL),(71,'Ivy Casper',1,'2024-10-25 18:53:13','2024-10-25 18:53:13',NULL),(72,'Dr. Hal Emard',1,'2024-10-25 18:53:13','2024-10-25 18:53:13',NULL),(73,'Raegan Windler',1,'2024-10-25 18:53:13','2024-10-25 18:53:13',NULL),(74,'Enos Emard Sr.',1,'2024-10-25 18:53:13','2024-10-25 18:53:13',NULL),(75,'Kole Goldner',1,'2024-10-25 18:53:13','2024-10-25 18:53:13',NULL),(76,'Jarrett Luettgen',1,'2024-10-25 18:53:13','2024-10-25 18:53:13',NULL),(77,'Ms. Andreanne Gulgowski',1,'2024-10-25 18:53:13','2024-10-25 18:53:13',NULL),(78,'Claire Effertz',1,'2024-10-25 18:53:13','2024-10-25 18:53:13',NULL),(79,'Dr. Arch Vandervort MD',1,'2024-10-25 18:53:13','2024-10-25 18:53:13',NULL),(80,'Ernestina Kessler',1,'2024-10-25 18:53:13','2024-10-25 18:53:13',NULL),(81,'Autumn Wyman',1,'2024-10-25 18:53:13','2024-10-25 18:53:13',NULL),(82,'River Lueilwitz Sr.',1,'2024-10-25 18:53:13','2024-10-25 18:53:13',NULL),(83,'Hannah Ward',1,'2024-10-25 18:53:13','2024-10-25 18:53:13',NULL),(84,'Whitney Leffler DVM',1,'2024-10-25 18:53:13','2024-10-25 18:53:13',NULL),(85,'Mrs. Aimee Kuvalis',1,'2024-10-25 18:53:13','2024-10-25 18:53:13',NULL),(86,'Meghan Lindgren',1,'2024-10-25 18:53:13','2024-10-25 18:53:13',NULL),(87,'Minerva Kutch',1,'2024-10-25 18:53:13','2024-10-25 18:53:13',NULL),(88,'Ms. Annie Kautzer',1,'2024-10-25 18:53:13','2024-10-25 18:53:13',NULL),(89,'Alvah Hessel IV',1,'2024-10-25 18:53:13','2024-10-25 18:53:13',NULL),(90,'Gonzalo Crooks',1,'2024-10-25 18:53:13','2024-10-25 18:53:13',NULL),(91,'Ayden Krajcik',1,'2024-10-25 18:53:13','2024-10-25 18:53:13',NULL),(92,'Ms. Nyah Gleichner DDS',1,'2024-10-25 18:53:13','2024-10-25 18:53:13',NULL),(93,'Avery Parker',1,'2024-10-25 18:53:13','2024-10-25 18:53:13',NULL),(94,'Garnet Senger I',1,'2024-10-25 18:53:13','2024-10-25 18:53:13',NULL),(95,'Dr. Murphy Vandervort I',1,'2024-10-25 18:53:13','2024-10-25 18:53:13',NULL),(96,'Alexandrea Robel',1,'2024-10-25 18:53:13','2024-10-25 18:53:13',NULL),(97,'Lou Raynor Jr.',1,'2024-10-25 18:53:13','2024-10-25 18:53:13',NULL),(98,'Clotilde D\'Amore III',1,'2024-10-25 18:53:13','2024-10-25 18:53:13',NULL),(99,'Mr. Jace Predovic Sr.',1,'2024-10-25 18:53:13','2024-10-25 18:53:13',NULL),(100,'Brett Feil',1,'2024-10-25 18:53:13','2024-10-25 18:53:13',NULL),(101,'Rosario Barton',1,'2024-10-25 18:53:13','2024-10-25 18:53:13',NULL),(102,'Vergie Schultz',1,'2024-10-25 18:53:13','2024-10-25 18:53:13',NULL),(103,'Dr. Rubie Boyer',1,'2024-10-25 18:53:13','2024-10-25 18:53:13',NULL),(104,'Dr. Anastasia Donnelly',1,'2024-10-25 18:53:13','2024-10-25 18:53:13',NULL),(105,'Mr. Gideon Bernhard II',1,'2024-10-25 18:53:13','2024-10-25 18:53:13',NULL),(106,'Junior DuBuque',1,'2024-10-25 18:53:13','2024-10-25 18:53:13',NULL),(107,'D\'angelo Eichmann',1,'2024-10-25 18:53:13','2024-10-25 18:53:13',NULL),(108,'Mossie Grady',1,'2024-10-25 18:53:13','2024-10-25 18:53:13',NULL),(109,'Mrs. Carolyn Roob',1,'2024-10-25 18:53:13','2024-10-25 18:53:13',NULL),(110,'Madelynn Watsica V',1,'2024-10-25 18:53:13','2024-10-25 18:53:13',NULL),(111,'Prof. Myrtice Murray',1,'2024-10-25 18:53:13','2024-10-25 18:53:13',NULL),(112,'Einar Legros',1,'2024-10-25 18:53:13','2024-10-25 18:53:13',NULL),(113,'Dr. Clementina Bode',1,'2024-10-25 18:53:13','2024-10-25 18:53:13',NULL),(114,'Dr. Arvid Williamson Sr.',1,'2024-10-25 18:53:13','2024-10-25 18:53:13',NULL),(115,'Mr. Bryce Rolfson I',1,'2024-10-25 18:53:13','2024-10-25 18:53:13',NULL),(116,'Dr. Manuel Lindgren',1,'2024-10-25 18:53:13','2024-10-25 18:53:13',NULL),(117,'Jackeline Bernier III',1,'2024-10-25 18:55:32','2024-10-25 18:55:32',NULL),(118,'Mr. Horacio Beatty',1,'2024-10-25 18:55:32','2024-10-25 18:55:32',NULL),(119,'Prof. Angeline Waters',1,'2024-10-25 18:55:32','2024-10-25 18:55:32',NULL),(120,'Mrs. Daphne Smitham',1,'2024-10-25 18:55:32','2024-10-25 18:55:32',NULL),(121,'Coleman Kuhic',1,'2024-10-25 18:55:32','2024-10-25 18:55:32',NULL),(122,'Nash Mohr MD',1,'2024-10-25 18:55:32','2024-10-25 18:55:32',NULL),(123,'Mariane Fahey',1,'2024-10-25 18:55:32','2024-10-25 18:55:32',NULL),(124,'Timmy Mills MD',1,'2024-10-25 18:55:32','2024-10-25 18:55:32',NULL),(125,'Carson Champlin',1,'2024-10-25 18:55:32','2024-10-25 18:55:32',NULL),(126,'Dr. Vaughn Walker',1,'2024-10-25 18:55:32','2024-10-25 18:55:32',NULL),(127,'Hyman Smitham',1,'2024-10-25 18:55:32','2024-10-25 18:55:32',NULL),(128,'Rosa Jones',1,'2024-10-25 18:55:32','2024-10-25 18:55:32',NULL),(129,'Marie Corwin',1,'2024-10-25 18:55:32','2024-10-25 18:55:32',NULL),(130,'Mr. Coy Labadie',1,'2024-10-25 18:55:32','2024-10-25 18:55:32',NULL),(131,'Prof. Greyson Hegmann',1,'2024-10-25 18:55:32','2024-10-25 18:55:32',NULL),(132,'Ollie Yundt',1,'2024-10-25 18:55:32','2024-10-25 18:55:32',NULL),(133,'Una Howe',1,'2024-10-25 18:55:32','2024-10-25 18:55:32',NULL),(134,'Milford Walter',1,'2024-10-25 18:55:32','2024-10-25 18:55:32',NULL),(135,'Merlin Howell',1,'2024-10-25 18:55:32','2024-10-25 18:55:32',NULL),(136,'Clair Reinger',1,'2024-10-25 18:55:32','2024-10-25 18:55:32',NULL),(137,'Miss Sasha Homenick',1,'2024-10-25 18:55:32','2024-10-25 18:55:32',NULL),(138,'Tito Borer',1,'2024-10-25 18:55:32','2024-10-25 18:55:32',NULL),(139,'Polly Borer',1,'2024-10-25 18:55:32','2024-10-25 18:55:32',NULL),(140,'Miss Oceane Cronin I',1,'2024-10-25 18:55:32','2024-10-25 18:55:32',NULL),(141,'Ransom Luettgen',1,'2024-10-25 18:55:32','2024-10-25 18:55:32',NULL),(142,'Abraham Hermiston',1,'2024-10-25 18:55:32','2024-10-25 18:55:32',NULL),(143,'Anabelle Lockman',1,'2024-10-25 18:55:32','2024-10-25 18:55:32',NULL),(144,'Walker Witting',1,'2024-10-25 18:55:32','2024-10-25 18:55:32',NULL),(145,'Augusta Bechtelar',1,'2024-10-25 18:55:32','2024-10-25 18:55:32',NULL),(146,'Milan Rolfson DVM',1,'2024-10-25 18:55:32','2024-10-25 18:55:32',NULL),(147,'Jaquan Hoeger V',1,'2024-10-25 18:55:32','2024-10-25 18:55:32',NULL),(148,'Blair Champlin MD',1,'2024-10-25 18:55:32','2024-10-25 18:55:32',NULL),(149,'Emie Gleason DVM',1,'2024-10-25 18:55:32','2024-10-25 18:55:32',NULL),(150,'Mrs. Lora Kshlerin',1,'2024-10-25 18:55:32','2024-10-25 18:55:32',NULL),(151,'Kristian Schulist',1,'2024-10-25 18:55:32','2024-10-25 18:55:32',NULL),(152,'Dr. Thomas McClure',1,'2024-10-25 18:55:32','2024-10-25 18:55:32',NULL),(153,'Enid Pagac',1,'2024-10-25 18:55:32','2024-10-25 18:55:32',NULL),(154,'Adolphus Kerluke Jr.',1,'2024-10-25 18:55:32','2024-10-25 18:55:32',NULL),(155,'Mrs. Mercedes Runte V',1,'2024-10-25 18:55:32','2024-10-25 18:55:32',NULL),(156,'Britney Smith',1,'2024-10-25 18:55:32','2024-10-25 18:55:32',NULL),(157,'Jarrell Ferry',1,'2024-10-25 18:55:32','2024-10-25 18:55:32',NULL),(158,'Wendy Batz',1,'2024-10-25 18:55:32','2024-10-25 18:55:32',NULL),(159,'Torey Quitzon DDS',1,'2024-10-25 18:55:32','2024-10-25 18:55:32',NULL),(160,'Ms. Elva Padberg Jr.',1,'2024-10-25 18:55:32','2024-10-25 18:55:32',NULL),(161,'Edwina Roob',1,'2024-10-25 18:55:32','2024-10-25 18:55:32',NULL),(162,'Kayden Smitham',1,'2024-10-25 18:55:32','2024-10-25 18:55:32',NULL),(163,'Wiley McCullough',1,'2024-10-25 18:55:32','2024-10-25 18:55:32',NULL),(164,'Dr. Carolina Kuphal',1,'2024-10-25 18:55:32','2024-10-25 18:55:32',NULL),(165,'Kennedy Ziemann',1,'2024-10-25 18:55:32','2024-10-25 18:55:32',NULL),(166,'Mrs. Novella Parisian',1,'2024-10-25 18:55:32','2024-10-25 18:55:32',NULL),(217,'Phoebe Connelly',1,'2024-10-26 16:51:02','2024-10-26 16:51:02',NULL),(218,'Miss Anita Welch',1,'2024-10-26 16:51:02','2024-10-26 16:51:02',NULL),(219,'Miss Lorine Brown IV',1,'2024-10-26 16:51:02','2024-10-26 16:51:02',NULL),(220,'Mrs. Vivien Kutch II',1,'2024-10-26 16:51:02','2024-10-26 16:51:02',NULL),(221,'Dariana Wilderman',1,'2024-10-26 16:51:02','2024-10-26 16:51:02',NULL),(222,'Virgie O\'Kon Jr.',1,'2024-10-26 16:51:02','2024-10-26 16:51:02',NULL),(223,'Mrs. Laila Walker',1,'2024-10-26 16:51:02','2024-10-26 16:51:02',NULL),(224,'Hattie Kulas',1,'2024-10-26 16:51:02','2024-10-26 16:51:02',NULL),(225,'Dr. Ralph Tillman',1,'2024-10-26 16:51:02','2024-10-26 16:51:02',NULL),(226,'Vance Kessler',1,'2024-10-26 16:51:02','2024-10-26 16:51:02',NULL),(227,'Prof. Melvina Spencer',1,'2024-10-26 16:51:02','2024-10-26 16:51:02',NULL),(228,'Rafaela Hammes Jr.',1,'2024-10-26 16:51:02','2024-10-26 16:51:02',NULL),(229,'Prof. Lesly Johns DVM',1,'2024-10-26 16:51:02','2024-10-26 16:51:02',NULL),(230,'Jerrod Emmerich IV',1,'2024-10-26 16:51:02','2024-10-26 16:51:02',NULL),(231,'Mrs. Adela Schultz Jr.',1,'2024-10-26 16:51:02','2024-10-26 16:51:02',NULL),(232,'Lempi Casper',1,'2024-10-26 16:51:02','2024-10-26 16:51:02',NULL),(233,'Mr. Reymundo Cronin III',1,'2024-10-26 16:51:02','2024-10-26 16:51:02',NULL),(234,'Mrs. Summer Kemmer III',1,'2024-10-26 16:51:02','2024-10-26 16:51:02',NULL),(235,'Melisa Lockman',1,'2024-10-26 16:51:02','2024-10-26 16:51:02',NULL),(236,'Alverta Frami',1,'2024-10-26 16:51:02','2024-10-26 16:51:02',NULL),(237,'Josephine Collins IV',1,'2024-10-26 16:51:02','2024-10-26 16:51:02',NULL),(238,'Prof. Kyler Aufderhar',1,'2024-10-26 16:51:02','2024-10-26 16:51:02',NULL),(239,'Felton Batz',1,'2024-10-26 16:51:02','2024-10-26 16:51:02',NULL),(240,'Houston Flatley',1,'2024-10-26 16:51:02','2024-10-26 16:51:02',NULL),(241,'Kraig Cormier',1,'2024-10-26 16:51:02','2024-10-26 16:51:02',NULL),(242,'Tanner Corkery',1,'2024-10-26 16:51:02','2024-10-26 16:51:02',NULL),(243,'Carissa Keebler',1,'2024-10-26 16:51:02','2024-10-26 16:51:02',NULL),(244,'Ms. Arvilla Walsh PhD',1,'2024-10-26 16:51:02','2024-10-26 16:51:02',NULL),(245,'Dr. Amparo Krajcik',1,'2024-10-26 16:51:02','2024-10-26 16:51:02',NULL),(246,'Dereck Balistreri',1,'2024-10-26 16:51:02','2024-10-26 16:51:02',NULL),(247,'Crawford Ward',1,'2024-10-26 16:51:02','2024-10-26 16:51:02',NULL),(248,'Rhea Goodwin I',1,'2024-10-26 16:51:02','2024-10-26 16:51:02',NULL),(249,'Niko Metz IV',1,'2024-10-26 16:51:02','2024-10-26 16:51:02',NULL),(250,'Rae Lubowitz V',1,'2024-10-26 16:51:02','2024-10-26 16:51:02',NULL),(251,'Dr. Sarina Smitham',1,'2024-10-26 16:51:02','2024-10-26 16:51:02',NULL),(252,'Miss Rebecca Hegmann I',1,'2024-10-26 16:51:02','2024-10-26 16:51:02',NULL),(253,'Mr. Devante Towne V',1,'2024-10-26 16:51:02','2024-10-26 16:51:02',NULL),(254,'Dr. Martin Walker',1,'2024-10-26 16:51:02','2024-10-26 16:51:02',NULL),(255,'Dr. Vicky Deckow I',1,'2024-10-26 16:51:02','2024-10-26 16:51:02',NULL),(256,'Miss Emma Cremin',1,'2024-10-26 16:51:02','2024-10-26 16:51:02',NULL),(257,'Aubree Dibbert',1,'2024-10-26 16:51:02','2024-10-26 16:51:02',NULL),(258,'Rodolfo Braun I',1,'2024-10-26 16:51:02','2024-10-26 16:51:02',NULL),(259,'Amani Kautzer',1,'2024-10-26 16:51:02','2024-10-26 16:51:02',NULL),(260,'Javon Kertzmann',1,'2024-10-26 16:51:02','2024-10-26 16:51:02',NULL),(261,'Dr. Robyn Abshire',1,'2024-10-26 16:51:02','2024-10-26 16:51:02',NULL),(262,'Cayla Cronin MD',1,'2024-10-26 16:51:02','2024-10-26 16:51:02',NULL),(263,'Pete Mills',1,'2024-10-26 16:51:02','2024-10-26 16:51:02',NULL),(264,'Demario Wisoky',1,'2024-10-26 16:51:02','2024-10-26 16:51:02',NULL),(265,'Helena Conroy',1,'2024-10-26 16:51:02','2024-10-26 16:51:02',NULL),(266,'Claudine Adams',1,'2024-10-26 16:51:02','2024-10-26 16:51:02',NULL),(267,'Ulises Turcotte',1,'2024-10-26 16:51:22','2024-10-26 16:51:22',NULL),(268,'Mrs. Elyssa Towne',1,'2024-10-26 16:51:22','2024-10-26 16:51:22',NULL),(269,'Kamryn Mann',1,'2024-10-26 16:51:22','2024-10-26 16:51:22',NULL),(270,'Mariah Turcotte',1,'2024-10-26 16:51:22','2024-10-26 16:51:22',NULL),(271,'Raoul Ortiz PhD',1,'2024-10-26 16:51:22','2024-10-26 16:51:22',NULL),(272,'Ms. Tania Corwin',1,'2024-10-26 16:51:22','2024-10-26 16:51:22',NULL),(273,'Shad Kozey',1,'2024-10-26 16:51:22','2024-10-26 16:51:22',NULL),(274,'Bryon Simonis MD',1,'2024-10-26 16:51:22','2024-10-26 16:51:22',NULL),(275,'Marlin Durgan',1,'2024-10-26 16:51:22','2024-10-26 16:51:22',NULL),(276,'Derek Towne',1,'2024-10-26 16:51:22','2024-10-26 16:51:22',NULL),(277,'Ms. Ines Corwin MD',1,'2024-10-26 16:51:22','2024-10-26 16:51:22',NULL),(278,'Alessandra Kunde',1,'2024-10-26 16:51:22','2024-10-26 16:51:22',NULL),(279,'Evie Rutherford',1,'2024-10-26 16:51:22','2024-10-26 16:51:22',NULL),(280,'Novella Dach',1,'2024-10-26 16:51:22','2024-10-26 16:51:22',NULL),(281,'Sharon Monahan I',1,'2024-10-26 16:51:22','2024-10-26 16:51:22',NULL),(282,'Hiram Emmerich',1,'2024-10-26 16:51:22','2024-10-26 16:51:22',NULL),(283,'Carol Murazik',1,'2024-10-26 16:51:22','2024-10-26 16:51:22',NULL),(284,'Kyleigh Boyle',1,'2024-10-26 16:51:22','2024-10-26 16:51:22',NULL),(285,'Charlotte Flatley',1,'2024-10-26 16:51:22','2024-10-26 16:51:22',NULL),(286,'Kristopher Johnson DVM',1,'2024-10-26 16:51:22','2024-10-26 16:51:22',NULL),(287,'Karen Kohler',1,'2024-10-26 16:51:22','2024-10-26 16:51:22',NULL),(288,'Matilde Olson',1,'2024-10-26 16:51:22','2024-10-26 16:51:22',NULL),(289,'Dr. Emil Upton',1,'2024-10-26 16:51:22','2024-10-26 16:51:22',NULL),(290,'Rickey Watsica',1,'2024-10-26 16:51:22','2024-10-26 16:51:22',NULL),(291,'Greg Oberbrunner',1,'2024-10-26 16:51:22','2024-10-26 16:51:22',NULL),(292,'Ericka Schmitt',1,'2024-10-26 16:51:22','2024-10-26 16:51:22',NULL),(293,'Mr. Edgardo Jacobi',1,'2024-10-26 16:51:22','2024-10-26 16:51:22',NULL),(294,'Perry Toy II',1,'2024-10-26 16:51:22','2024-10-26 16:51:22',NULL),(295,'Brooke Barrows',1,'2024-10-26 16:51:22','2024-10-26 16:51:22',NULL),(296,'Genesis Gutkowski',1,'2024-10-26 16:51:22','2024-10-26 16:51:22',NULL),(297,'Jaydon Feest',1,'2024-10-26 16:51:22','2024-10-26 16:51:22',NULL),(298,'Addison Pfeffer',1,'2024-10-26 16:51:22','2024-10-26 16:51:22',NULL),(299,'Rae Schulist',1,'2024-10-26 16:51:22','2024-10-26 16:51:22',NULL),(300,'General Lang',1,'2024-10-26 16:51:22','2024-10-26 16:51:22',NULL),(301,'Mrs. Trycia Greenholt MD',1,'2024-10-26 16:51:22','2024-10-26 16:51:22',NULL),(302,'Clotilde Champlin V',1,'2024-10-26 16:51:22','2024-10-26 16:51:22',NULL),(303,'Morris O\'Reilly',1,'2024-10-26 16:51:22','2024-10-26 16:51:22',NULL),(304,'Edison Haley',1,'2024-10-26 16:51:22','2024-10-26 16:51:22',NULL),(305,'Ezekiel Beatty',1,'2024-10-26 16:51:22','2024-10-26 16:51:22',NULL),(306,'Prof. Francis Von',1,'2024-10-26 16:51:22','2024-10-26 16:51:22',NULL),(307,'Ms. Esta Macejkovic',1,'2024-10-26 16:51:22','2024-10-26 16:51:22',NULL),(308,'Kathryne Sporer IV',1,'2024-10-26 16:51:22','2024-10-26 16:51:22',NULL),(309,'Mr. Larry Tremblay',1,'2024-10-26 16:51:22','2024-10-26 16:51:22',NULL),(310,'Jalyn Wisoky',1,'2024-10-26 16:51:22','2024-10-26 16:51:22',NULL),(311,'Otha Bednar IV',1,'2024-10-26 16:51:22','2024-10-26 16:51:22',NULL),(312,'Prof. Madalyn Bednar',1,'2024-10-26 16:51:22','2024-10-26 16:51:22',NULL),(313,'Rosemarie Yost',1,'2024-10-26 16:51:22','2024-10-26 16:51:22',NULL),(314,'Prof. Emilia Braun III',1,'2024-10-26 16:51:22','2024-10-26 16:51:22',NULL),(315,'Prof. Mckenzie Larkin',1,'2024-10-26 16:51:22','2024-10-26 16:51:22',NULL),(316,'Jabari Waters',1,'2024-10-26 16:51:22','2024-10-26 16:51:22',NULL);

--
-- Table structure for table `educational_offices`
--

CREATE TABLE `educational_offices` (
  `id` bigint unsigned NOT NULL AUTO_INCREMENT,
  `department_id` bigint unsigned NOT NULL,
  `name` varchar(191) COLLATE utf8mb4_unicode_ci NOT NULL,
  `status` tinyint(1) NOT NULL DEFAULT '1',
  `created_at` timestamp NULL DEFAULT NULL,
  `updated_at` timestamp NULL DEFAULT NULL,
  `deleted_at` timestamp NULL DEFAULT NULL,
  PRIMARY KEY (`id`),
  KEY `educational_offices_department_id_foreign` (`department_id`),
  CONSTRAINT `educational_offices_department_id_foreign` FOREIGN KEY (`department_id`) REFERENCES `educational_departments` (`id`) ON DELETE CASCADE
) ENGINE=InnoDB AUTO_INCREMENT=376 DEFAULT CHARSET=utf8mb4 COLLATE=utf8mb4_unicode_ci;

--
-- Dumping data for table `educational_offices`
--

INSERT INTO `educational_offices` (`id`, `department_id`, `name`, `status`, `created_at`, `updated_at`, `deleted_at`) VALUES (1,1,'مكتب تعليم العارض',1,'2024-09-07 08:41:51','2024-09-07 08:41:51',NULL),(2,1,'مكتب تعليم الدرعية',1,'2024-09-07 08:41:51','2024-09-07 08:41:51',NULL),(3,1,'مكتب تعليم قرطبة',1,'2024-09-07 08:41:51','2024-09-07 08:41:51',NULL),(4,1,'مكتب تعليم السلي',1,'2024-09-07 08:41:51','2024-09-07 08:41:51',NULL),(5,1,'مكتب تعليم النسيم',1,'2024-09-07 08:41:51','2024-09-07 08:41:51',NULL),(6,1,'مكتب تعليم العليا',1,'2024-09-07 08:41:51','2024-09-07 08:41:51',NULL),(7,1,'مكتب تعليم المعذر',1,'2024-09-07 08:41:51','2024-09-07 08:41:51',NULL),(8,1,'مكتب تعليم الملز',1,'2024-09-07 08:41:51','2024-09-07 08:41:51',NULL),(9,1,'مكتب تعليم الروضة',1,'2024-09-07 08:41:51','2024-09-07 08:41:51',NULL),(10,1,'مكتب تعليم العريجاء',1,'2024-09-07 08:41:51','2024-09-07 08:41:51',NULL),(11,1,'مكتب تعليم الشفا',1,'2024-09-07 08:41:51','2024-09-07 08:41:51',NULL),(12,1,'مكتب تعليم طويق',1,'2024-09-07 08:41:51','2024-09-07 08:41:51',NULL),(13,1,'مكتب تعليم رماح',1,'2024-09-07 08:41:51','2024-09-07 08:41:51',NULL),(14,1,'مكتب تعليم المزاحمية وضرما',1,'2024-09-07 08:41:51','2024-09-07 08:41:51',NULL),(15,1,'مكتب تعليم ثادق وحريمالء',1,'2024-09-07 08:41:51','2024-09-07 08:41:51',NULL),(16,2,'مكتب تعليم ابحر',1,'2024-09-07 08:43:01','2024-09-07 08:43:01',NULL),(17,2,'مكتب تعليم السالمة',1,'2024-09-07 08:43:01','2024-09-07 08:43:01',NULL),(18,2,'مكتب تعليم الحمدانية',1,'2024-09-07 08:43:01','2024-09-07 08:43:01',NULL),(19,2,'مكتب تعليم الفيحاء',1,'2024-09-07 08:43:01','2024-09-07 08:43:01',NULL),(20,2,'مكتب تعليم الصفا',1,'2024-09-07 08:43:01','2024-09-07 08:43:01',NULL),(21,2,'مكتب تعليم الواحة',1,'2024-09-07 08:43:01','2024-09-07 08:43:01',NULL),(22,2,'مكتب تعليم الجوهرة',1,'2024-09-07 08:43:01','2024-09-07 08:43:01',NULL),(23,2,'مكتب تعليم الفضيلة',1,'2024-09-07 08:43:01','2024-09-07 08:43:01',NULL),(24,2,'مكتب تعليم خليص',1,'2024-09-07 08:43:01','2024-09-07 08:43:01',NULL),(25,2,'مكتب تعليم رابغ',1,'2024-09-07 08:43:01','2024-09-07 08:43:01',NULL),(26,3,'مكتب التعليم بالعقيق',1,'2024-09-07 08:44:22','2024-09-07 08:44:22',NULL),(27,3,'مكتب التعليم بالعوالي',1,'2024-09-07 08:44:22','2024-09-07 08:44:22',NULL),(28,3,'مكتب التعليم بقباء',1,'2024-09-07 08:44:22','2024-09-07 08:44:22',NULL),(29,3,'مكتب التعليم بأحد',1,'2024-09-07 08:44:22','2024-09-07 08:44:22',NULL),(30,3,'مكتب التعليم بخيبر',1,'2024-09-07 08:44:22','2024-09-07 08:44:22',NULL),(31,3,'مكتب التعليم بوادي الفرع',1,'2024-09-07 08:44:22','2024-09-07 08:44:22',NULL),(32,3,'مكتب التعليم بالحناكية',1,'2024-09-07 08:44:22','2024-09-07 08:44:22',NULL),(33,3,'مكتب التعليم ببدر',1,'2024-09-07 08:44:22','2024-09-07 08:44:22',NULL),(34,4,'مكتب التعليم بالشمال',1,'2024-09-07 08:46:12','2024-09-07 08:46:12',NULL),(35,4,'مكتب التعليم بشرق الطائف',1,'2024-09-07 08:46:12','2024-09-07 08:46:12',NULL),(36,4,'مكتب التعليم بغرب الطائف',1,'2024-09-07 08:46:12','2024-09-07 08:46:12',NULL),(37,4,'مكتب التعليم بجنوب الطائف',1,'2024-09-07 08:46:12','2024-09-07 08:46:12',NULL),(38,4,'مكتب التعليم بميسان',1,'2024-09-07 08:46:12','2024-09-07 08:46:12',NULL),(39,4,'مكتب التعليم بتربه',1,'2024-09-07 08:46:12','2024-09-07 08:46:12',NULL),(40,4,'مكتب التعليم بالخرمه',1,'2024-09-07 08:46:12','2024-09-07 08:46:12',NULL),(41,4,'مكتب التعليم برنيه',1,'2024-09-07 08:46:12','2024-09-07 08:46:12',NULL),(42,4,'مكتب التعليم بالمويه',1,'2024-09-07 08:46:12','2024-09-07 08:46:12',NULL),(43,5,'مكتب التعليم بوسط نجران',1,'2024-09-07 08:46:12','2024-09-07 08:46:12',NULL),(44,5,'مكتب التعليم بشرق نجران',1,'2024-09-07 08:46:12','2024-09-07 08:46:12',NULL),(45,5,'مكتب التعليم بشمال نجران',1,'2024-09-07 08:46:12','2024-09-07 08:46:12',NULL),(46,5,'مكتب التعليم بيدمة',1,'2024-09-07 08:46:12','2024-09-07 08:46:12',NULL),(47,6,'مكتب التعليم بسكاكا',1,'2024-09-07 08:46:12','2024-09-07 08:46:12',NULL),(48,6,'مكتب تعليم دومة الجندل',1,'2024-09-07 08:46:12','2024-09-07 08:46:12',NULL),(49,6,'مكتب التعليم بطبرجل',1,'2024-09-07 08:46:12','2024-09-07 08:46:12',NULL),(50,7,'مكتب التعليم شمال حائل',1,'2024-09-07 08:47:41','2024-09-07 08:47:41',NULL),(51,7,'مكتب التعليم جنوب حائل',1,'2024-09-07 08:47:41','2024-09-07 08:47:41',NULL),(52,7,'مكتب التعليم شرق حائل',1,'2024-09-07 08:47:41','2024-09-07 08:47:41',NULL),(53,7,'مكتب التعليم بمحافظة الغزالة',1,'2024-09-07 08:47:41','2024-09-07 08:47:41',NULL),(54,7,'مكتب التعليم بمحافظة الحائط',1,'2024-09-07 08:47:41','2024-09-07 08:47:41',NULL),(55,7,'مكتب التعليم بمحافظة سميراء',1,'2024-09-07 08:47:41','2024-09-07 08:47:41',NULL),(56,7,'مكتب التعليم بمحافظة الشملي',1,'2024-09-07 08:47:41','2024-09-07 08:47:41',NULL),(57,7,'مكتب التعليم بمحافظة الشنان',1,'2024-09-07 08:47:41','2024-09-07 08:47:41',NULL),(58,7,'مكتب التعليم بمحافظة بقعاء',1,'2024-09-07 08:47:41','2024-09-07 08:47:41',NULL),(59,7,'مكتب التعليم بمحافظة موقق',1,'2024-09-07 08:47:41','2024-09-07 08:47:41',NULL),(60,7,'مكتب التعليم بمحافظة السليمي',1,'2024-09-07 08:47:41','2024-09-07 08:47:41',NULL),(61,7,'مكتب التعليم بالروضة',1,'2024-09-07 08:47:41','2024-09-07 08:47:41',NULL),(62,7,'مكتب التعليم بفيد',1,'2024-09-07 08:47:41','2024-09-07 08:47:41',NULL),(63,8,'مكتب التعليم بالوسط',1,'2024-09-07 08:47:41','2024-09-07 08:47:41',NULL),(64,8,'مكتب التعليم بالمندق',1,'2024-09-07 08:47:41','2024-09-07 08:47:41',NULL),(65,8,'مكتب التعليم بالعقيق',1,'2024-09-07 08:47:41','2024-09-07 08:47:41',NULL),(66,11,'مكتب تعليم حلي',1,'2024-09-07 08:48:56','2024-09-07 08:48:56',NULL),(67,11,'مكتب تعليم العرضيات',1,'2024-09-07 08:48:56','2024-09-07 08:48:56',NULL),(68,12,'مكتب تعليم صبيا',1,'2024-09-07 08:48:56','2024-09-07 08:48:56',NULL),(69,12,'مكتب تعليم العيدابي',1,'2024-09-07 08:48:56','2024-09-07 08:48:56',NULL),(70,12,'مكتب تعليم الداير',1,'2024-09-07 08:48:56','2024-09-07 08:48:56',NULL),(71,12,'مكتب تعليم بيش',1,'2024-09-07 08:48:56','2024-09-07 08:48:56',NULL),(72,12,'مكتب تعليم الدرب',1,'2024-09-07 08:48:56','2024-09-07 08:48:56',NULL),(73,18,'مكتب تعليم التنعيم (شمال)',1,'2024-09-07 08:49:38','2024-09-07 08:49:38',NULL),(74,18,'مكتب تعليم العوالي (جنوب)',1,'2024-09-07 08:49:38','2024-09-07 08:49:38',NULL),(75,18,'مكتب تعليم المعابدة (وسط)',1,'2024-09-07 08:49:38','2024-09-07 08:49:38',NULL),(76,18,'مكتب تعليم الشرائع (شرق)',1,'2024-09-07 08:49:38','2024-09-07 08:49:38',NULL),(77,18,'مكتب تعليم الشوقية (غرب)',1,'2024-09-07 08:49:38','2024-09-07 08:49:38',NULL),(78,18,'مكتب تعليم بحرة',1,'2024-09-07 08:49:38','2024-09-07 08:49:38',NULL),(79,18,'مكتب تعليم الجموم',1,'2024-09-07 08:49:38','2024-09-07 08:49:38',NULL),(80,18,'مكتب تعليم الكامل',1,'2024-09-07 08:49:38','2024-09-07 08:49:38',NULL),(81,19,'مكتب التعليم بشرق بريدة',1,'2024-09-07 08:50:21','2024-09-07 08:50:21',NULL),(82,19,'مكتب التعليم بغرب بريدة',1,'2024-09-07 08:50:21','2024-09-07 08:50:21',NULL),(83,19,'مكتب التعليم بالأسياح',1,'2024-09-07 08:50:21','2024-09-07 08:50:21',NULL),(84,19,'مكتب التعليم بالبدائع',1,'2024-09-07 08:50:21','2024-09-07 08:50:21',NULL),(85,19,'مكتب التعليم بالنبهانية',1,'2024-09-07 08:50:21','2024-09-07 08:50:21',NULL),(86,19,'مكتب التعليم بمحافظة رياض الخبراء',1,'2024-09-07 08:50:21','2024-09-07 08:50:21',NULL),(87,19,'مكتب التعليم بعيون الجواء',1,'2024-09-07 08:50:21','2024-09-07 08:50:21',NULL),(88,19,'مكتب التعليم بعقلة الصقور',1,'2024-09-07 08:50:21','2024-09-07 08:50:21',NULL),(89,19,'مكتب التعليم بوسط بريدة',1,'2024-09-07 08:50:21','2024-09-07 08:50:21',NULL),(90,21,'مكتب التعليم بالجبيل',1,'2024-09-07 08:55:31','2024-09-07 08:55:31',NULL),(91,21,'مكتب التعليم بالخبر',1,'2024-09-07 08:55:31','2024-09-07 08:55:31',NULL),(92,21,'مكتب التعليم بالخفجي',1,'2024-09-07 08:55:31','2024-09-07 08:55:31',NULL),(93,21,'مكتب التعليم بالقرية العليا',1,'2024-09-07 08:55:31','2024-09-07 08:55:31',NULL),(94,21,'مكتب التعليم بالقطيف',1,'2024-09-07 08:55:31','2024-09-07 08:55:31',NULL),(95,21,'مكتب التعليم بالنعيرية',1,'2024-09-07 08:55:31','2024-09-07 08:55:31',NULL),(96,21,'مكتب التعليم ببقيق',1,'2024-09-07 08:55:31','2024-09-07 08:55:31',NULL),(97,21,'مكتب التعليم براس تنورة',1,'2024-09-07 08:55:31','2024-09-07 08:55:31',NULL),(98,21,'مكتب التعليم بشرق الدمام',1,'2024-09-07 08:55:31','2024-09-07 08:55:31',NULL),(99,21,'مكتب التعليم بغرب الدمام',1,'2024-09-07 08:55:31','2024-09-07 08:55:31',NULL),(100,22,'مكتب أملج',1,'2024-09-07 08:55:31','2024-09-07 08:55:31',NULL),(101,22,'مكتب الوجه',1,'2024-09-07 08:55:31','2024-09-07 08:55:31',NULL),(102,22,'مكتب التعليم بضباء',1,'2024-09-07 08:55:31','2024-09-07 08:55:31',NULL),(103,22,'مكتب التعليم بحقل',1,'2024-09-07 08:55:31','2024-09-07 08:55:31',NULL),(104,22,'مكتب التعليم بتيماء',1,'2024-09-07 08:55:31','2024-09-07 08:55:31',NULL),(105,23,'مكتب تعليم قلوة',1,'2024-09-07 08:55:31','2024-09-07 08:55:31',NULL),(106,24,'مكتب التعليم بالمسارحة والحرث',1,'2024-09-07 08:55:31','2024-09-07 08:55:31',NULL),(107,24,'مكتب التعليم بمحافظة العارضة',1,'2024-09-07 08:55:31','2024-09-07 08:55:31',NULL),(108,24,'مكتب التعليم بمحافظة أبوعريش',1,'2024-09-07 08:55:31','2024-09-07 08:55:31',NULL),(109,24,'مكتب التعليم بوسط جازان',1,'2024-09-07 08:55:31','2024-09-07 08:55:31',NULL),(110,24,'مكتب التعليم بصامطة',1,'2024-09-07 08:55:31','2024-09-07 08:55:31',NULL),(111,25,'مكتب التعليم بمحافظة رفحاء',1,'2024-09-07 09:02:26','2024-09-07 09:02:26',NULL),(112,25,'مكتب التعليم بمحافظة طريف',1,'2024-09-07 09:02:26','2024-09-07 09:02:26',NULL),(113,25,'مكتب التعليم بمحافظة العويقيلة',1,'2024-09-07 09:02:26','2024-09-07 09:02:26',NULL),(114,31,'مكتب تعليم وسط بيشة',1,'2024-09-07 09:02:26','2024-09-07 09:02:26',NULL),(115,31,'مكتب تعليم بلقرن',1,'2024-09-07 09:02:26','2024-09-07 09:02:26',NULL),(116,31,'مكتب تعليم تثليث',1,'2024-09-07 09:02:26','2024-09-07 09:02:26',NULL),(117,31,'مكتب تعليم الثنية وتبالة',1,'2024-09-07 09:02:26','2024-09-07 09:02:26',NULL),(118,37,'مكتب التعليم بمدينة الملك خالد',1,'2024-09-07 09:02:26','2024-09-07 09:02:26',NULL),(119,37,'مكتب التعليم بحفر الباطن بنين',1,'2024-09-07 09:02:26','2024-09-07 09:02:26',NULL),(120,37,'مكتب التعليم بحفر الباطن بنات',1,'2024-09-07 09:02:26','2024-09-07 09:02:26',NULL),(121,2,'test',1,'2024-09-09 08:00:51','2024-09-09 08:01:00','2024-09-09 08:01:00'),(122,1,'test',1,'2024-09-09 08:03:06','2024-09-09 08:03:12','2024-09-09 08:03:12'),(123,1,'test',1,'2024-09-09 08:05:36','2024-09-09 08:05:42','2024-09-09 08:05:42'),(124,6,'فثسف',1,'2024-09-09 17:44:44','2024-09-09 17:44:49','2024-09-09 17:44:49'),(125,66,'ىلاالربؤيء',1,'2024-09-15 12:19:19','2024-09-15 12:19:56',NULL),(126,111,'Prof. Destinee Kilback',1,'2024-10-25 18:53:13','2024-10-25 18:53:13',NULL),(127,5,'Mateo Rolfson',1,'2024-10-25 18:53:13','2024-10-25 18:53:13',NULL),(128,74,'Prof. Constance Dibbert',1,'2024-10-25 18:53:13','2024-10-25 18:53:13',NULL),(129,11,'Hank Dicki II',1,'2024-10-25 18:53:13','2024-10-25 18:53:13',NULL),(130,96,'Dr. Corene D\'Amore',1,'2024-10-25 18:53:13','2024-10-25 18:53:13',NULL),(131,115,'Anabel Hayes',1,'2024-10-25 18:53:13','2024-10-25 18:53:13',NULL),(132,15,'Richmond Fay',1,'2024-10-25 18:53:13','2024-10-25 18:53:13',NULL),(133,2,'Corbin Koss',1,'2024-10-25 18:53:13','2024-10-25 18:53:13',NULL),(134,28,'Priscilla Hartmann',1,'2024-10-25 18:53:13','2024-10-25 18:53:13',NULL),(135,87,'Jalen Bins',1,'2024-10-25 18:53:13','2024-10-25 18:53:13',NULL),(136,68,'Kathleen Breitenberg',1,'2024-10-25 18:53:13','2024-10-25 18:53:13',NULL),(137,12,'Mr. Jovani Keeling',1,'2024-10-25 18:53:13','2024-10-25 18:53:13',NULL),(138,101,'Stan Stark IV',1,'2024-10-25 18:53:13','2024-10-25 18:53:13',NULL),(139,14,'Dr. Claud Schuster MD',1,'2024-10-25 18:53:13','2024-10-25 18:53:13',NULL),(140,74,'Dr. Cory Blanda',1,'2024-10-25 18:53:13','2024-10-25 18:53:13',NULL),(141,19,'Clay Barrows',1,'2024-10-25 18:53:13','2024-10-25 18:53:13',NULL),(142,93,'Frederik Kreiger',1,'2024-10-25 18:53:13','2024-10-25 18:53:13',NULL),(143,29,'Dr. Francesco Dickens DVM',1,'2024-10-25 18:53:13','2024-10-25 18:53:13',NULL),(144,112,'Demetrius Crooks I',1,'2024-10-25 18:53:13','2024-10-25 18:53:13',NULL),(145,109,'Dr. Sigrid Osinski Sr.',1,'2024-10-25 18:53:13','2024-10-25 18:53:13',NULL),(146,110,'Mr. Daren Fay MD',1,'2024-10-25 18:53:13','2024-10-25 18:53:13',NULL),(147,37,'Fay Kuhlman',1,'2024-10-25 18:53:13','2024-10-25 18:53:13',NULL),(148,86,'Mrs. Robyn Mayert II',1,'2024-10-25 18:53:13','2024-10-25 18:53:13',NULL),(149,14,'Abby White',1,'2024-10-25 18:53:13','2024-10-25 18:53:13',NULL),(150,34,'Dr. Tomasa Little',1,'2024-10-25 18:53:13','2024-10-25 18:53:13',NULL),(151,1,'Prof. Morton Leffler Sr.',1,'2024-10-25 18:53:13','2024-10-25 18:53:13',NULL),(152,7,'Darby Green',1,'2024-10-25 18:53:13','2024-10-25 18:53:13',NULL),(153,8,'Dr. Lois Pfannerstill',1,'2024-10-25 18:53:13','2024-10-25 18:53:13',NULL),(154,85,'Mrs. Catharine McGlynn',1,'2024-10-25 18:53:13','2024-10-25 18:53:13',NULL),(155,94,'Nick Kerluke',1,'2024-10-25 18:53:13','2024-10-25 18:53:13',NULL),(156,61,'Mrs. Raina Rau III',1,'2024-10-25 18:53:13','2024-10-25 18:53:13',NULL),(157,70,'Kobe Osinski',1,'2024-10-25 18:53:13','2024-10-25 18:53:13',NULL),(158,23,'Oran Willms',1,'2024-10-25 18:53:13','2024-10-25 18:53:13',NULL),(159,14,'Jude Mohr',1,'2024-10-25 18:53:13','2024-10-25 18:53:13',NULL),(160,30,'Kitty Powlowski',1,'2024-10-25 18:53:13','2024-10-25 18:53:13',NULL),(161,72,'Mrs. Tamia Osinski',1,'2024-10-25 18:53:13','2024-10-25 18:53:13',NULL),(162,94,'Mr. Mervin Howe',1,'2024-10-25 18:53:13','2024-10-25 18:53:13',NULL),(163,107,'Athena Schuster',1,'2024-10-25 18:53:13','2024-10-25 18:53:13',NULL),(164,70,'Kristina Fisher DDS',1,'2024-10-25 18:53:13','2024-10-25 18:53:13',NULL),(165,74,'Randy Howell III',1,'2024-10-25 18:53:13','2024-10-25 18:53:13',NULL),(166,77,'Abbie Kassulke DVM',1,'2024-10-25 18:53:13','2024-10-25 18:53:13',NULL),(167,68,'Winifred Hudson',1,'2024-10-25 18:53:13','2024-10-25 18:53:13',NULL),(168,64,'Peyton Dare',1,'2024-10-25 18:53:13','2024-10-25 18:53:13',NULL),(169,9,'Ms. Alessia Murazik',1,'2024-10-25 18:53:13','2024-10-25 18:53:13',NULL),(170,91,'Mack Marquardt Jr.',1,'2024-10-25 18:53:13','2024-10-25 18:53:13',NULL),(171,100,'Ms. Sheila Haag',1,'2024-10-25 18:53:13','2024-10-25 18:53:13',NULL),(172,104,'Anika Crooks',1,'2024-10-25 18:53:13','2024-10-25 18:53:13',NULL),(173,80,'Michelle Schimmel',1,'2024-10-25 18:53:13','2024-10-25 18:53:13',NULL),(174,116,'Courtney Bode',1,'2024-10-25 18:53:13','2024-10-25 18:53:13',NULL),(175,28,'Destin Boehm',1,'2024-10-25 18:53:13','2024-10-25 18:53:13',NULL),(176,22,'Jordon Yundt',1,'2024-10-25 18:55:32','2024-10-25 18:55:32',NULL),(177,87,'Mr. Josh Ryan DDS',1,'2024-10-25 18:55:32','2024-10-25 18:55:32',NULL),(178,109,'Carleton Roberts',1,'2024-10-25 18:55:32','2024-10-25 18:55:32',NULL),(179,59,'Aisha Fahey',1,'2024-10-25 18:55:32','2024-10-25 18:55:32',NULL),(180,81,'Kiera Jerde',1,'2024-10-25 18:55:32','2024-10-25 18:55:32',NULL),(181,66,'Prof. Ethan Hill Jr.',1,'2024-10-25 18:55:32','2024-10-25 18:55:32',NULL),(182,105,'Mr. German Strosin DVM',1,'2024-10-25 18:55:32','2024-10-25 18:55:32',NULL),(183,135,'Bell Gaylord',1,'2024-10-25 18:55:32','2024-10-25 18:55:32',NULL),(184,99,'Mellie Cummerata',1,'2024-10-25 18:55:32','2024-10-25 18:55:32',NULL),(185,82,'Prof. Esmeralda Mayert',1,'2024-10-25 18:55:32','2024-10-25 18:55:32',NULL),(186,105,'Caroline Romaguera',1,'2024-10-25 18:55:32','2024-10-25 18:55:32',NULL),(187,105,'Maverick Schinner',1,'2024-10-25 18:55:32','2024-10-25 18:55:32',NULL),(188,166,'Prof. Penelope Anderson',1,'2024-10-25 18:55:32','2024-10-25 18:55:32',NULL),(189,92,'Isai Kiehn I',1,'2024-10-25 18:55:32','2024-10-25 18:55:32',NULL),(190,22,'Lucious Hamill',1,'2024-10-25 18:55:32','2024-10-25 18:55:32',NULL),(191,117,'Dr. Camila Marquardt Jr.',1,'2024-10-25 18:55:32','2024-10-25 18:55:32',NULL),(192,13,'Mr. Newton McLaughlin',1,'2024-10-25 18:55:32','2024-10-25 18:55:32',NULL),(193,110,'Robb Adams',1,'2024-10-25 18:55:32','2024-10-25 18:55:32',NULL),(194,34,'Rogelio Conn DDS',1,'2024-10-25 18:55:32','2024-10-25 18:55:32',NULL),(195,17,'Dr. Winston Reinger Jr.',1,'2024-10-25 18:55:32','2024-10-25 18:55:32',NULL),(196,103,'Daphne Spencer',1,'2024-10-25 18:55:32','2024-10-25 18:55:32',NULL),(197,15,'Jalen Quigley',1,'2024-10-25 18:55:32','2024-10-25 18:55:32',NULL),(198,97,'Kailyn Douglas',1,'2024-10-25 18:55:32','2024-10-25 18:55:32',NULL),(199,38,'Ms. Winona Wolff DDS',1,'2024-10-25 18:55:32','2024-10-25 18:55:32',NULL),(200,140,'Jarrod Hayes',1,'2024-10-25 18:55:32','2024-10-25 18:55:32',NULL),(201,74,'Dasia Weber DVM',1,'2024-10-25 18:55:32','2024-10-25 18:55:32',NULL),(202,79,'Ted Jenkins',1,'2024-10-25 18:55:32','2024-10-25 18:55:32',NULL),(203,129,'Jonathan Wolff III',1,'2024-10-25 18:55:32','2024-10-25 18:55:32',NULL),(204,127,'Ms. Jade Wilkinson Sr.',1,'2024-10-25 18:55:32','2024-10-25 18:55:32',NULL),(205,37,'Jasmin Gerlach MD',1,'2024-10-25 18:55:32','2024-10-25 18:55:32',NULL),(206,10,'Ms. Sheila Greenholt',1,'2024-10-25 18:55:32','2024-10-25 18:55:32',NULL),(207,122,'Bernita Von',1,'2024-10-25 18:55:32','2024-10-25 18:55:32',NULL),(208,73,'Mr. Darius Friesen III',1,'2024-10-25 18:55:32','2024-10-25 18:55:32',NULL),(209,16,'Josue Sawayn',1,'2024-10-25 18:55:32','2024-10-25 18:55:32',NULL),(210,17,'Alphonso Sporer',1,'2024-10-25 18:55:32','2024-10-25 18:55:32',NULL),(211,63,'Daphnee Lockman',1,'2024-10-25 18:55:32','2024-10-25 18:55:32',NULL),(212,166,'Mr. Dayton Collier',1,'2024-10-25 18:55:32','2024-10-25 18:55:32',NULL),(213,112,'Jade Turner',1,'2024-10-25 18:55:32','2024-10-25 18:55:32',NULL),(214,166,'Anastasia Klocko',1,'2024-10-25 18:55:32','2024-10-25 18:55:32',NULL),(215,126,'Graciela Turcotte',1,'2024-10-25 18:55:32','2024-10-25 18:55:32',NULL),(216,89,'Dr. Gwen Schmidt',1,'2024-10-25 18:55:32','2024-10-25 18:55:32',NULL),(217,30,'Cleo Lemke',1,'2024-10-25 18:55:32','2024-10-25 18:55:32',NULL),(218,148,'Nicholaus Wyman',1,'2024-10-25 18:55:32','2024-10-25 18:55:32',NULL),(219,7,'Betty King V',1,'2024-10-25 18:55:32','2024-10-25 18:55:32',NULL),(220,74,'Beau Ledner DVM',1,'2024-10-25 18:55:32','2024-10-25 18:55:32',NULL),(221,125,'Ralph Harber',1,'2024-10-25 18:55:32','2024-10-25 18:55:32',NULL),(222,113,'Lennie Donnelly',1,'2024-10-25 18:55:32','2024-10-25 18:55:32',NULL),(223,129,'Oscar Cormier',1,'2024-10-25 18:55:32','2024-10-25 18:55:32',NULL),(224,32,'Katelynn Hyatt',1,'2024-10-25 18:55:32','2024-10-25 18:55:32',NULL),(225,93,'Enrico Haag Jr.',1,'2024-10-25 18:55:32','2024-10-25 18:55:32',NULL);

--
-- Table structure for table `events`
--

CREATE TABLE `events` (
  `id` bigint unsigned NOT NULL AUTO_INCREMENT,
  `holiday` tinyint(1) NOT NULL DEFAULT '0',
  `date_to` varchar(191) COLLATE utf8mb4_unicode_ci NOT NULL,
  `date_from` varchar(150) COLLATE utf8mb4_unicode_ci DEFAULT NULL,
  `title` text COLLATE utf8mb4_unicode_ci,
  `deleted_at` timestamp NULL DEFAULT NULL,
  `created_at` timestamp NULL DEFAULT NULL,
  `updated_at` timestamp NULL DEFAULT NULL,
  PRIMARY KEY (`id`)
) ENGINE=InnoDB AUTO_INCREMENT=67 DEFAULT CHARSET=utf8mb4 COLLATE=utf8mb4_unicode_ci;

--
-- Dumping data for table `events`
--

INSERT INTO `events` (`id`, `holiday`, `date_to`, `date_from`, `title`, `deleted_at`, `created_at`, `updated_at`) VALUES (60,1,'21/08/2024','20/08/2024','Learning new skills is essential',NULL,'2024-10-17 16:25:41','2024-10-22 09:06:11'),(61,0,'31/10/2024','23/10/2024','حدث جديد',NULL,'2024-10-17 17:58:08','2024-10-22 09:12:55'),(62,1,'20/10/2024','17/10/2024','حدث جلل',NULL,'2024-10-17 18:32:58','2024-10-17 18:37:01'),(63,1,'20/08/2024','20/08/2024','Learning new skills is essential  2',NULL,'2024-10-18 13:03:23','2024-10-22 09:06:15'),(64,1,'20/08/2024','20/08/2024','Learning new skills is essential 4',NULL,'2024-10-18 13:03:30','2024-10-23 11:14:54'),(65,0,'26/11/2024','26/11/2024','test',NULL,'2024-11-26 11:39:03','2024-11-26 11:39:03'),(66,0,'28/11/2024','27/11/2024','test event ramzy',NULL,'2024-11-27 11:37:50','2024-11-27 11:41:14');

--
-- Table structure for table `exam_supervision_committees`
--

CREATE TABLE `exam_supervision_committees` (
  `id` bigint unsigned NOT NULL AUTO_INCREMENT,
  `name` varchar(191) COLLATE utf8mb4_unicode_ci NOT NULL,
  `assignment_form_number` int NOT NULL,
  `created_at` timestamp NULL DEFAULT NULL,
  `updated_at` timestamp NULL DEFAULT NULL,
  `deleted_at` timestamp NULL DEFAULT NULL,
  PRIMARY KEY (`id`)
) ENGINE=InnoDB AUTO_INCREMENT=31 DEFAULT CHARSET=utf8mb4 COLLATE=utf8mb4_unicode_ci;

--
-- Dumping data for table `exam_supervision_committees`
--

INSERT INTO `exam_supervision_committees` (`id`, `name`, `assignment_form_number`, `created_at`, `updated_at`, `deleted_at`) VALUES (1,'لجنة التحصيل الدراسي',62,'2024-10-01 09:21:40','2024-10-01 09:21:40',NULL),(2,'لجنة التحكم و الضبط',63,'2024-10-01 09:21:40','2024-10-01 09:21:40',NULL),(3,'لجنة الإشراف و الملاحظة',64,'2024-10-01 09:21:40','2024-10-01 09:21:40',NULL),(4,'لجنة التصحيح و المراجعة',65,'2024-10-01 09:21:40','2024-10-01 09:21:40',NULL),(5,'لجنة الرصد و إخراج النتائج',66,'2024-10-01 09:21:40','2024-10-01 09:21:40',NULL);

--
-- Table structure for table `exams_correction_committee_assignments`
--

CREATE TABLE `exams_correction_committee_assignments` (
  `id` bigint unsigned NOT NULL AUTO_INCREMENT,
  `namazeg_version_id` bigint unsigned NOT NULL,
  `school_id` bigint unsigned NOT NULL,
  `round` varchar(191) COLLATE utf8mb4_unicode_ci DEFAULT 'الأول' COMMENT 'indicating whether the assignment is for the first or second round of exams',
  `subject_id` bigint unsigned DEFAULT NULL,
  `location` varchar(191) COLLATE utf8mb4_unicode_ci DEFAULT NULL,
  `created_at` timestamp NULL DEFAULT NULL,
  `updated_at` timestamp NULL DEFAULT NULL,
  `deleted_at` timestamp NULL DEFAULT NULL,
  PRIMARY KEY (`id`),
  KEY `exams_correction_committee_assignments_school_id_foreign` (`school_id`),
  KEY `exams_correction_committee_assignments_subject_id_foreign` (`subject_id`),
  CONSTRAINT `exams_correction_committee_assignments_school_id_foreign` FOREIGN KEY (`school_id`) REFERENCES `schools` (`id`) ON DELETE CASCADE,
  CONSTRAINT `exams_correction_committee_assignments_subject_id_foreign` FOREIGN KEY (`subject_id`) REFERENCES `subjects` (`id`) ON DELETE CASCADE
) ENGINE=InnoDB AUTO_INCREMENT=9 DEFAULT CHARSET=utf8mb4 COLLATE=utf8mb4_unicode_ci;

--
-- Dumping data for table `exams_correction_committee_assignments`
--

INSERT INTO `exams_correction_committee_assignments` (`id`, `namazeg_version_id`, `school_id`, `round`, `subject_id`, `location`, `created_at`, `updated_at`, `deleted_at`) VALUES (6,11847,112,'الأول',1,'فصل رقم 3','2024-10-29 18:38:51','2024-10-29 18:39:46',NULL),(7,11901,81,'الأول',1,'1المسرح','2024-11-08 12:46:44','2024-11-08 13:03:28','2024-11-08 13:03:28'),(8,11902,81,'الأول',1,'1المسرح','2024-11-09 07:52:34','2024-11-09 07:52:34',NULL);

--
-- Table structure for table `exams_correction_committee_assignments_members`
--

CREATE TABLE `exams_correction_committee_assignments_members` (
  `id` bigint unsigned NOT NULL AUTO_INCREMENT,
  `assignment_id` bigint unsigned NOT NULL,
  `employee_id` bigint unsigned NOT NULL,
  `assignment_work` varchar(191) COLLATE utf8mb4_unicode_ci DEFAULT NULL,
  `mission` varchar(191) COLLATE utf8mb4_unicode_ci DEFAULT NULL,
  `created_at` timestamp NULL DEFAULT NULL,
  `updated_at` timestamp NULL DEFAULT NULL,
  PRIMARY KEY (`id`),
  KEY `assignment_id_foreign` (`assignment_id`),
  KEY `employee_id_foreign` (`employee_id`),
  CONSTRAINT `assignment_id_foreign` FOREIGN KEY (`assignment_id`) REFERENCES `exams_correction_committee_assignments` (`id`) ON DELETE CASCADE,
  CONSTRAINT `employee_id_foreign` FOREIGN KEY (`employee_id`) REFERENCES `school_employees` (`id`) ON DELETE CASCADE
) ENGINE=InnoDB AUTO_INCREMENT=44 DEFAULT CHARSET=utf8mb4 COLLATE=utf8mb4_unicode_ci;

--
-- Dumping data for table `exams_correction_committee_assignments_members`
--

INSERT INTO `exams_correction_committee_assignments_members` (`id`, `assignment_id`, `employee_id`, `assignment_work`, `mission`, `created_at`, `updated_at`) VALUES (36,6,693,'رئيسا',NULL,'2024-10-29 18:39:46','2024-10-29 18:39:46'),(37,6,694,'عضو',NULL,'2024-10-29 18:39:46','2024-10-29 18:39:46'),(38,6,695,'عضو',NULL,'2024-10-29 18:39:46','2024-10-29 18:39:46'),(42,8,959,'رئيساً للجنة','test mission','2024-11-09 07:52:34','2024-11-09 07:52:34'),(43,8,752,'عضو','test3 mission','2024-11-09 07:52:34','2024-11-09 07:52:34');

--
-- Table structure for table `exams_namazeg_answer_sheet_progress`
--

CREATE TABLE `exams_namazeg_answer_sheet_progress` (
  `id` bigint unsigned NOT NULL AUTO_INCREMENT,
  `namazeg_version_id` bigint unsigned NOT NULL,
  `school_id` bigint unsigned NOT NULL,
  `schoolClass_id` bigint unsigned NOT NULL,
  `created_at` timestamp NULL DEFAULT NULL,
  `updated_at` timestamp NULL DEFAULT NULL,
  `deleted_at` timestamp NULL DEFAULT NULL,
  PRIMARY KEY (`id`),
  KEY `exams_namazeg_answer_sheet_progress_school_id_foreign` (`school_id`),
  KEY `exams_namazeg_answer_sheet_progress_schoolclass_id_foreign` (`schoolClass_id`),
  CONSTRAINT `exams_namazeg_answer_sheet_progress_school_id_foreign` FOREIGN KEY (`school_id`) REFERENCES `schools` (`id`) ON DELETE CASCADE,
  CONSTRAINT `exams_namazeg_answer_sheet_progress_schoolclass_id_foreign` FOREIGN KEY (`schoolClass_id`) REFERENCES `school_classes` (`id`) ON DELETE CASCADE
) ENGINE=InnoDB AUTO_INCREMENT=3 DEFAULT CHARSET=utf8mb4 COLLATE=utf8mb4_unicode_ci;

--
-- Dumping data for table `exams_namazeg_answer_sheet_progress`
--

INSERT INTO `exams_namazeg_answer_sheet_progress` (`id`, `namazeg_version_id`, `school_id`, `schoolClass_id`, `created_at`, `updated_at`, `deleted_at`) VALUES (1,12562,98,2936,'2024-11-16 12:15:25','2024-11-16 14:09:59','2024-11-16 14:09:59'),(2,12563,98,2938,'2024-11-16 14:09:45','2024-11-16 14:09:45',NULL);

--
-- Table structure for table `exams_namazeg_daily_observers`
--

CREATE TABLE `exams_namazeg_daily_observers` (
  `id` bigint unsigned NOT NULL AUTO_INCREMENT,
  `namazeg_version_id` bigint unsigned NOT NULL,
  `school_id` bigint unsigned NOT NULL,
  `monitor_id` bigint unsigned NOT NULL,
  `committee_id` bigint unsigned NOT NULL,
  `subject_id` bigint unsigned NOT NULL,
  `exam_time` varchar(191) COLLATE utf8mb4_unicode_ci NOT NULL,
  `employees_ids` json NOT NULL,
  `created_at` timestamp NULL DEFAULT NULL,
  `updated_at` timestamp NULL DEFAULT NULL,
  `deleted_at` timestamp NULL DEFAULT NULL,
  PRIMARY KEY (`id`),
  KEY `exams_namazeg_daily_observers_school_id_foreign` (`school_id`),
  KEY `exams_namazeg_daily_observers_monitor_id_foreign` (`monitor_id`),
  KEY `exams_namazeg_daily_observers_committee_id_foreign` (`committee_id`),
  KEY `exams_namazeg_daily_observers_subject_id_foreign` (`subject_id`),
  CONSTRAINT `exams_namazeg_daily_observers_committee_id_foreign` FOREIGN KEY (`committee_id`) REFERENCES `exams_student_committees_table` (`id`) ON DELETE CASCADE,
  CONSTRAINT `exams_namazeg_daily_observers_monitor_id_foreign` FOREIGN KEY (`monitor_id`) REFERENCES `exams_namazeg_distribution_assignment_monitors` (`id`) ON DELETE CASCADE,
  CONSTRAINT `exams_namazeg_daily_observers_school_id_foreign` FOREIGN KEY (`school_id`) REFERENCES `schools` (`id`) ON DELETE CASCADE,
  CONSTRAINT `exams_namazeg_daily_observers_subject_id_foreign` FOREIGN KEY (`subject_id`) REFERENCES `subjects` (`id`) ON DELETE CASCADE
) ENGINE=InnoDB AUTO_INCREMENT=6 DEFAULT CHARSET=utf8mb4 COLLATE=utf8mb4_unicode_ci;

--
-- Dumping data for table `exams_namazeg_daily_observers`
--

INSERT INTO `exams_namazeg_daily_observers` (`id`, `namazeg_version_id`, `school_id`, `monitor_id`, `committee_id`, `subject_id`, `exam_time`, `employees_ids`, `created_at`, `updated_at`, `deleted_at`) VALUES (1,12560,112,15,201,2,'45','[693, 694]','2024-11-16 10:48:33','2024-11-16 11:12:08',NULL),(4,12561,98,25,205,3,'20','[\"959\", \"976\"]','2024-11-16 16:29:24','2024-11-16 16:29:52',NULL),(5,12561,98,19,208,2,'50','[\"959\"]','2024-11-16 16:29:42','2024-11-16 16:29:42',NULL);

--
-- Table structure for table `exams_namazeg_distribution_assignment_monitors`
--

CREATE TABLE `exams_namazeg_distribution_assignment_monitors` (
  `id` bigint unsigned NOT NULL AUTO_INCREMENT,
  `md_assignment_id` bigint unsigned NOT NULL,
  `employee_id` bigint unsigned NOT NULL,
  `date` varchar(191) COLLATE utf8mb4_unicode_ci NOT NULL,
  `date_type` varchar(191) COLLATE utf8mb4_unicode_ci DEFAULT NULL,
  `period` json DEFAULT NULL,
  `created_at` timestamp NULL DEFAULT NULL,
  `updated_at` timestamp NULL DEFAULT NULL,
  `deleted_at` timestamp NULL DEFAULT NULL,
  PRIMARY KEY (`id`),
  KEY `md_assignment_fk` (`md_assignment_id`),
  KEY `employee_fk` (`employee_id`),
  CONSTRAINT `employee_fk` FOREIGN KEY (`employee_id`) REFERENCES `school_employees` (`id`) ON DELETE CASCADE,
  CONSTRAINT `md_assignment_fk` FOREIGN KEY (`md_assignment_id`) REFERENCES `exams_namazeg_monitor_distribution_assignments` (`id`) ON DELETE CASCADE
) ENGINE=InnoDB AUTO_INCREMENT=26 DEFAULT CHARSET=utf8mb4 COLLATE=utf8mb4_unicode_ci;

--
-- Dumping data for table `exams_namazeg_distribution_assignment_monitors`
--

INSERT INTO `exams_namazeg_distribution_assignment_monitors` (`id`, `md_assignment_id`, `employee_id`, `date`, `date_type`, `period`, `created_at`, `updated_at`, `deleted_at`) VALUES (3,1,976,'19/11/2024','coptic','[\"الثانية\"]','2024-11-14 17:50:25','2024-11-14 17:50:25',NULL),(4,1,959,'28/11/2024','coptic','[\"الاولى\", \"الثانية\"]','2024-11-14 17:50:25','2024-11-14 17:50:25',NULL),(15,3,696,'07/10/2024','coptic','[\"الاولى\"]','2024-11-16 10:41:25','2024-11-16 10:41:25',NULL),(16,3,697,'13/04/2024','coptic','[\"الثانية\"]','2024-11-16 10:41:25','2024-11-16 10:41:25',NULL),(17,3,698,'15/10/2024','coptic','[\"الثانية\", \"الاولى\"]','2024-11-16 10:41:25','2024-11-16 10:41:25',NULL),(18,2,959,'27/11/2024','coptic','[\"الاولى\", \"الثانية\"]','2024-11-16 16:06:44','2024-11-16 16:06:44',NULL),(19,2,976,'28/11/2024','coptic','[\"الاولى\"]','2024-11-16 16:06:44','2024-11-16 16:06:44',NULL),(24,4,959,'28/11/2024','coptic','[\"الاولى\", \"الثانية\"]','2024-11-16 16:24:39','2024-11-16 16:24:39',NULL),(25,4,976,'28/11/2024','coptic','[\"الاولى\", \"الثانية\"]','2024-11-16 16:24:39','2024-11-16 16:24:39',NULL);

--
-- Table structure for table `exams_namazeg_monitor_distribution_assignments`
--

CREATE TABLE `exams_namazeg_monitor_distribution_assignments` (
  `id` bigint unsigned NOT NULL AUTO_INCREMENT,
  `namazeg_version_id` bigint unsigned NOT NULL,
  `school_id` bigint unsigned NOT NULL,
  `semester_id` bigint unsigned DEFAULT NULL,
  `created_at` timestamp NULL DEFAULT NULL,
  `updated_at` timestamp NULL DEFAULT NULL,
  `deleted_at` timestamp NULL DEFAULT NULL,
  PRIMARY KEY (`id`),
  KEY `exams_namazeg_monitor_distribution_assignments_school_id_foreign` (`school_id`),
  KEY `semester_fk` (`semester_id`),
  CONSTRAINT `exams_namazeg_monitor_distribution_assignments_school_id_foreign` FOREIGN KEY (`school_id`) REFERENCES `schools` (`id`) ON DELETE CASCADE,
  CONSTRAINT `semester_fk` FOREIGN KEY (`semester_id`) REFERENCES `semesters` (`id`) ON DELETE CASCADE
) ENGINE=InnoDB AUTO_INCREMENT=5 DEFAULT CHARSET=utf8mb4 COLLATE=utf8mb4_unicode_ci;

--
-- Dumping data for table `exams_namazeg_monitor_distribution_assignments`
--

INSERT INTO `exams_namazeg_monitor_distribution_assignments` (`id`, `namazeg_version_id`, `school_id`, `semester_id`, `created_at`, `updated_at`, `deleted_at`) VALUES (1,12496,98,1,'2024-11-14 16:46:25','2024-11-14 17:53:19','2024-11-14 17:53:19'),(2,12496,98,1,'2024-11-14 18:07:36','2024-11-14 18:07:36',NULL),(3,12559,112,1,'2024-11-16 10:36:51','2024-11-16 10:36:51',NULL),(4,12568,98,1,'2024-11-16 16:07:57','2024-11-16 16:07:57',NULL);

--
-- Table structure for table `exams_namazeg_teacher_curriculum_declarations`
--

CREATE TABLE `exams_namazeg_teacher_curriculum_declarations` (
  `id` bigint unsigned NOT NULL AUTO_INCREMENT,
  `namazeg_version_id` bigint unsigned NOT NULL,
  `school_id` bigint unsigned NOT NULL,
  `teacher_id` bigint unsigned NOT NULL,
  `created_at` timestamp NULL DEFAULT NULL,
  `updated_at` timestamp NULL DEFAULT NULL,
  `deleted_at` timestamp NULL DEFAULT NULL,
  PRIMARY KEY (`id`),
  KEY `exams_namazeg_teacher_curriculum_declarations_school_id_foreign` (`school_id`),
  KEY `exams_namazeg_teacher_curriculum_declarations_teacher_id_foreign` (`teacher_id`),
  CONSTRAINT `exams_namazeg_teacher_curriculum_declarations_school_id_foreign` FOREIGN KEY (`school_id`) REFERENCES `schools` (`id`) ON DELETE CASCADE,
  CONSTRAINT `exams_namazeg_teacher_curriculum_declarations_teacher_id_foreign` FOREIGN KEY (`teacher_id`) REFERENCES `school_employees` (`id`) ON DELETE CASCADE
) ENGINE=InnoDB AUTO_INCREMENT=3 DEFAULT CHARSET=utf8mb4 COLLATE=utf8mb4_unicode_ci;

--
-- Dumping data for table `exams_namazeg_teacher_curriculum_declarations`
--

INSERT INTO `exams_namazeg_teacher_curriculum_declarations` (`id`, `namazeg_version_id`, `school_id`, `teacher_id`, `created_at`, `updated_at`, `deleted_at`) VALUES (1,11915,98,959,'2024-11-10 18:43:14','2024-11-16 16:27:35',NULL),(2,12569,98,976,'2024-11-16 16:27:43','2024-11-16 16:27:43',NULL);

--
-- Table structure for table `exams_namazeg_teacher_question_assignment_subjects`
--

CREATE TABLE `exams_namazeg_teacher_question_assignment_subjects` (
  `id` bigint unsigned NOT NULL AUTO_INCREMENT,
  `tqa_assignment_id` bigint unsigned NOT NULL,
  `subject_id` bigint unsigned NOT NULL,
  `class_name_id` bigint unsigned NOT NULL,
  `created_at` timestamp NULL DEFAULT NULL,
  `updated_at` timestamp NULL DEFAULT NULL,
  `deleted_at` timestamp NULL DEFAULT NULL,
  PRIMARY KEY (`id`),
  KEY `assig_id` (`tqa_assignment_id`),
  CONSTRAINT `assig_id` FOREIGN KEY (`tqa_assignment_id`) REFERENCES `exams_namazeg_teacher_question_assignments` (`id`) ON DELETE CASCADE
) ENGINE=InnoDB AUTO_INCREMENT=10 DEFAULT CHARSET=utf8mb4 COLLATE=utf8mb4_unicode_ci;

--
-- Dumping data for table `exams_namazeg_teacher_question_assignment_subjects`
--

INSERT INTO `exams_namazeg_teacher_question_assignment_subjects` (`id`, `tqa_assignment_id`, `subject_id`, `class_name_id`, `created_at`, `updated_at`, `deleted_at`) VALUES (8,1,2,2,'2024-11-16 15:52:30','2024-11-16 15:52:30',NULL),(9,2,2,2,'2024-11-16 15:52:43','2024-11-16 15:55:23','2024-11-16 15:55:23');

--
-- Table structure for table `exams_namazeg_teacher_question_assignments`
--

CREATE TABLE `exams_namazeg_teacher_question_assignments` (
  `id` bigint unsigned NOT NULL AUTO_INCREMENT,
  `namazeg_version_id` bigint unsigned NOT NULL,
  `school_id` bigint unsigned NOT NULL,
  `teacher_id` bigint unsigned NOT NULL,
  `created_at` timestamp NULL DEFAULT NULL,
  `updated_at` timestamp NULL DEFAULT NULL,
  `deleted_at` timestamp NULL DEFAULT NULL,
  PRIMARY KEY (`id`),
  KEY `exams_namazeg_teacher_question_assignments_school_id_foreign` (`school_id`),
  KEY `exams_namazeg_teacher_question_assignments_teacher_id_foreign` (`teacher_id`),
  CONSTRAINT `exams_namazeg_teacher_question_assignments_school_id_foreign` FOREIGN KEY (`school_id`) REFERENCES `schools` (`id`) ON DELETE CASCADE,
  CONSTRAINT `exams_namazeg_teacher_question_assignments_teacher_id_foreign` FOREIGN KEY (`teacher_id`) REFERENCES `school_employees` (`id`) ON DELETE CASCADE
) ENGINE=InnoDB AUTO_INCREMENT=3 DEFAULT CHARSET=utf8mb4 COLLATE=utf8mb4_unicode_ci;

--
-- Dumping data for table `exams_namazeg_teacher_question_assignments`
--

INSERT INTO `exams_namazeg_teacher_question_assignments` (`id`, `namazeg_version_id`, `school_id`, `teacher_id`, `created_at`, `updated_at`, `deleted_at`) VALUES (1,12472,98,959,'2024-11-14 09:34:19','2024-11-16 15:52:30',NULL),(2,12567,98,976,'2024-11-16 15:52:43','2024-11-16 15:55:23','2024-11-16 15:55:23');

--
-- Table structure for table `exams_student_committee_data`
--

CREATE TABLE `exams_student_committee_data` (
  `id` bigint unsigned NOT NULL AUTO_INCREMENT,
  `committee_id` bigint unsigned NOT NULL,
  `location` varchar(191) COLLATE utf8mb4_unicode_ci NOT NULL,
  `schoolclass_id` bigint unsigned NOT NULL,
  `student_ids` json NOT NULL,
  `created_at` timestamp NULL DEFAULT NULL,
  `updated_at` timestamp NULL DEFAULT NULL,
  `deleted_at` timestamp NULL DEFAULT NULL,
  PRIMARY KEY (`id`),
  KEY `exams_student_committee_data_committee_id_foreign` (`committee_id`),
  KEY `exams_student_committee_data_schoolclass_id_foreign` (`schoolclass_id`),
  CONSTRAINT `exams_student_committee_data_committee_id_foreign` FOREIGN KEY (`committee_id`) REFERENCES `exams_student_committees_table` (`id`) ON DELETE CASCADE,
  CONSTRAINT `exams_student_committee_data_schoolclass_id_foreign` FOREIGN KEY (`schoolclass_id`) REFERENCES `school_classes` (`id`) ON DELETE CASCADE
) ENGINE=InnoDB AUTO_INCREMENT=14 DEFAULT CHARSET=utf8mb4 COLLATE=utf8mb4_unicode_ci;

--
-- Dumping data for table `exams_student_committee_data`
--

INSERT INTO `exams_student_committee_data` (`id`, `committee_id`, `location`, `schoolclass_id`, `student_ids`, `created_at`, `updated_at`, `deleted_at`) VALUES (1,201,'فصل رقم 1',2885,'[\"72007\", \"72010\"]','2024-11-02 09:32:02','2024-11-02 09:32:02',NULL),(2,201,'فصل رقم 1',2889,'[\"72125\"]','2024-11-02 09:32:02','2024-11-02 09:32:02',NULL),(3,204,'الرابع الابتدائي الفصل الأول',2936,'[106908]','2024-11-23 18:02:18','2024-11-23 18:02:18',NULL),(4,222,'اللجنة 1',2936,'[106908]','2024-11-23 20:43:24','2024-11-23 20:43:24',NULL),(5,204,'test',2936,'[106908]','2024-11-24 18:49:54','2024-11-24 18:49:54',NULL),(6,204,'test',2936,'[109196]','2024-11-24 18:50:46','2024-11-24 18:50:46',NULL),(7,204,'test',2936,'[109195]','2024-11-24 18:50:46','2024-11-24 18:50:46',NULL),(8,204,'الرابع الابتدائي الفصل الأول',2936,'[106908, 109195]','2024-11-24 21:13:52','2024-11-24 21:13:52',NULL),(9,204,'الرابع الابتدائي الفصل الأول',2936,'[109195]','2024-11-24 21:14:19','2024-11-24 21:14:19',NULL),(10,204,'الرابع الابتدائي الفصل الأول',2936,'[109195]','2024-11-24 21:14:29','2024-11-24 21:14:29',NULL),(11,222,'اللجنة 1',2936,'[106908]','2024-11-24 21:15:31','2024-11-24 21:15:31',NULL),(12,227,'اللجنة 1',2462,'[61441]','2024-11-29 22:34:17','2024-11-29 22:34:17',NULL),(13,227,'اللجنة 1',2462,'[61441, 61442]','2024-11-29 22:35:25','2024-11-29 22:35:25',NULL);

--
-- Table structure for table `exams_student_committee_seating_numbers`
--

CREATE TABLE `exams_student_committee_seating_numbers` (
  `id` bigint unsigned NOT NULL AUTO_INCREMENT,
  `school_id` bigint unsigned DEFAULT NULL,
  `semester_id` bigint unsigned DEFAULT NULL,
  `student_id` bigint unsigned NOT NULL,
  `committee_id` bigint unsigned NOT NULL,
  `seat_number` bigint NOT NULL,
  `created_at` timestamp NULL DEFAULT NULL,
  `updated_at` timestamp NULL DEFAULT NULL,
  `deleted_at` timestamp NULL DEFAULT NULL,
  PRIMARY KEY (`id`),
  KEY `exams_student_committee_seating_numbers_school_id_foreign` (`school_id`),
  KEY `exams_student_committee_seating_numbers_semester_id_foreign` (`semester_id`),
  KEY `exams_student_committee_seating_numbers_student_id_foreign` (`student_id`),
  KEY `exams_student_committee_seating_numbers_committee_id_foreign` (`committee_id`),
  CONSTRAINT `exams_student_committee_seating_numbers_committee_id_foreign` FOREIGN KEY (`committee_id`) REFERENCES `exams_student_committees_table` (`id`) ON DELETE CASCADE,
  CONSTRAINT `exams_student_committee_seating_numbers_school_id_foreign` FOREIGN KEY (`school_id`) REFERENCES `schools` (`id`) ON DELETE CASCADE,
  CONSTRAINT `exams_student_committee_seating_numbers_semester_id_foreign` FOREIGN KEY (`semester_id`) REFERENCES `semesters` (`id`) ON DELETE CASCADE,
  CONSTRAINT `exams_student_committee_seating_numbers_student_id_foreign` FOREIGN KEY (`student_id`) REFERENCES `school_students` (`id`) ON DELETE CASCADE
) ENGINE=InnoDB AUTO_INCREMENT=4763 DEFAULT CHARSET=utf8mb4 COLLATE=utf8mb4_unicode_ci;

--
-- Dumping data for table `exams_student_committee_seating_numbers`
--

INSERT INTO `exams_student_committee_seating_numbers` (`id`, `school_id`, `semester_id`, `student_id`, `committee_id`, `seat_number`, `created_at`, `updated_at`, `deleted_at`) VALUES (4754,112,1,72007,201,462885272007,'2024-11-02 09:32:02','2024-11-02 09:32:02',NULL),(4755,112,1,72010,201,462885272010,'2024-11-02 09:32:02','2024-11-02 09:32:02',NULL),(4756,112,1,72125,201,462889172125,'2024-11-02 09:32:02','2024-11-02 09:32:02',NULL),(4757,98,1,106908,204,4629361106908,'2024-11-23 18:02:18','2024-11-23 18:02:18',NULL),(4758,98,2,106908,222,4629361106908,'2024-11-23 20:43:24','2024-11-23 20:43:24',NULL),(4759,98,1,109196,204,4629361109196,'2024-11-24 18:50:46','2024-11-24 18:50:46',NULL),(4760,98,1,109195,204,4629361109195,'2024-11-24 18:50:46','2024-11-24 18:50:46',NULL),(4761,81,1,61441,227,462462161441,'2024-11-29 22:34:17','2024-11-29 22:34:17',NULL),(4762,81,1,61442,227,462462161442,'2024-11-29 22:35:25','2024-11-29 22:35:25',NULL);

--
-- Table structure for table `exams_student_committees_table`
--

CREATE TABLE `exams_student_committees_table` (
  `id` bigint unsigned NOT NULL AUTO_INCREMENT,
  `namazeg_version_id` bigint unsigned NOT NULL,
  `school_id` bigint unsigned NOT NULL,
  `semester_id` bigint unsigned NOT NULL,
  `schoolclass_id` bigint unsigned DEFAULT NULL,
  `name` varchar(191) COLLATE utf8mb4_unicode_ci DEFAULT NULL,
  `committee_student_type` varchar(191) COLLATE utf8mb4_unicode_ci DEFAULT NULL,
  `status` varchar(191) COLLATE utf8mb4_unicode_ci DEFAULT NULL,
  `created_at` timestamp NULL DEFAULT NULL,
  `updated_at` timestamp NULL DEFAULT NULL,
  `deleted_at` timestamp NULL DEFAULT NULL,
  PRIMARY KEY (`id`),
  KEY `exams_student_committees_table_school_id_foreign` (`school_id`),
  KEY `exams_student_committees_table_semester_id_foreign` (`semester_id`),
  KEY `exams_student_committees_table_schoolclass_id_foreign` (`schoolclass_id`),
  CONSTRAINT `exams_student_committees_table_school_id_foreign` FOREIGN KEY (`school_id`) REFERENCES `schools` (`id`) ON DELETE CASCADE,
  CONSTRAINT `exams_student_committees_table_schoolclass_id_foreign` FOREIGN KEY (`schoolclass_id`) REFERENCES `school_classes` (`id`) ON DELETE CASCADE,
  CONSTRAINT `exams_student_committees_table_semester_id_foreign` FOREIGN KEY (`semester_id`) REFERENCES `semesters` (`id`) ON DELETE CASCADE
) ENGINE=InnoDB AUTO_INCREMENT=228 DEFAULT CHARSET=utf8mb4 COLLATE=utf8mb4_unicode_ci;

--
-- Dumping data for table `exams_student_committees_table`
--

INSERT INTO `exams_student_committees_table` (`id`, `namazeg_version_id`, `school_id`, `semester_id`, `schoolclass_id`, `name`, `committee_student_type`, `status`, `created_at`, `updated_at`, `deleted_at`) VALUES (201,11602,112,1,NULL,'اللجنة 1','antzam','complated','2024-10-18 08:52:41','2024-11-02 09:32:03',NULL),(202,11603,112,1,NULL,'اللجنة 2','antzam','incomplated','2024-10-18 08:52:42','2024-10-18 08:52:42',NULL),(203,11604,112,1,NULL,'اللجنة 3','antzam','incomplated','2024-10-18 08:52:43','2024-10-18 08:52:43',NULL),(204,12497,98,1,2936,'الرابع الابتدائي الفصل الأول','antzam','complated','2024-11-14 18:16:07','2024-11-14 18:16:07',NULL),(205,12498,98,1,2937,'الرابع الابتدائي الفصل الثاني','antzam','complated','2024-11-14 18:16:07','2024-11-14 18:16:07',NULL),(206,12499,98,1,2938,'الرابع الابتدائي الفصل الثالث','antzam','complated','2024-11-14 18:16:08','2024-11-14 18:16:08',NULL),(207,12500,98,1,2939,'السادس الابتدائي الفصل الرابع','antzam','complated','2024-11-14 18:16:08','2024-11-14 18:16:08',NULL),(208,12501,98,1,2940,'الثاني الثانوي الفصل الخامس','antzam','complated','2024-11-14 18:16:08','2024-11-14 18:16:08',NULL),(209,12502,98,1,2941,'الثاني الثانوي الفصل السادس','antzam','complated','2024-11-14 18:16:08','2024-11-14 18:16:08',NULL),(210,12503,98,1,2942,'الأول الثانوي الفصل السابع','antzam','complated','2024-11-14 18:16:08','2024-11-14 18:16:08',NULL),(211,12504,98,1,2943,'الأول الثانوي الفصل الثامن','antzam','complated','2024-11-14 18:16:08','2024-11-14 18:16:08',NULL),(212,12505,98,1,2944,'الأول الثانوي الفصل التاسع','antzam','complated','2024-11-14 18:16:08','2024-11-14 18:16:08',NULL),(213,12506,98,1,2945,'الثاني الثانوي الفصل الأول','antzam','complated','2024-11-14 18:16:08','2024-11-14 18:16:08',NULL),(214,12507,98,1,2946,'الثاني الثانوي الفصل الثاني','antzam','complated','2024-11-14 18:16:08','2024-11-14 18:16:08',NULL),(215,12508,98,1,2947,'الثاني الثانوي الفصل الثالث','antzam','complated','2024-11-14 18:16:08','2024-11-14 18:16:08',NULL),(216,12509,98,1,2948,'الثاني الثانوي الفصل الرابع','antzam','complated','2024-11-14 18:16:09','2024-11-14 18:16:09',NULL),(217,12510,98,1,2949,'الثاني الثانوي الفصل الخامس','antzam','complated','2024-11-14 18:16:09','2024-11-14 18:16:09',NULL),(218,12511,98,1,2950,'الثاني الثانوي الفصل السادس','antzam','complated','2024-11-14 18:16:09','2024-11-14 18:16:09',NULL),(219,12512,98,1,2951,'الثاني الثانوي الفصل السابع','antzam','complated','2024-11-14 18:16:09','2024-11-14 18:16:09',NULL),(220,12513,98,1,2952,'الثاني الثانوي الفصل الثامن','antzam','complated','2024-11-14 18:16:09','2024-11-14 18:16:09',NULL),(221,12514,98,1,2953,'الثالث الثانوي الفصل الأول','antzam','complated','2024-11-14 18:16:09','2024-11-14 18:16:09',NULL),(222,12986,98,2,NULL,'اللجنة 1','antzam','complated','2024-11-23 20:27:44','2024-11-23 20:43:24',NULL),(223,12987,98,2,NULL,'اللجنة 2','antzam','incomplated','2024-11-23 20:27:44','2024-11-23 20:27:44',NULL),(224,12988,98,2,NULL,'اللجنة 3','antzam','incomplated','2024-11-23 20:27:44','2024-11-23 20:27:44',NULL),(225,12989,98,2,NULL,'اللجنة 4','antzam','incomplated','2024-11-23 20:27:44','2024-11-23 20:27:44',NULL),(226,12990,98,2,NULL,'اللجنة 5','antzam','incomplated','2024-11-23 20:27:44','2024-11-23 20:27:44',NULL),(227,13664,81,1,NULL,'اللجنة 1','antzam','complated','2024-11-29 22:31:29','2024-11-29 22:34:17',NULL);

--
-- Table structure for table `exams_supervision_assignment_members`
--

CREATE TABLE `exams_supervision_assignment_members` (
  `id` bigint unsigned NOT NULL AUTO_INCREMENT,
  `assignment_id` bigint unsigned NOT NULL,
  `employee_id` bigint unsigned NOT NULL,
  `assignment_work` varchar(191) COLLATE utf8mb4_unicode_ci DEFAULT NULL,
  `mission` varchar(191) COLLATE utf8mb4_unicode_ci DEFAULT NULL,
  `created_at` timestamp NULL DEFAULT NULL,
  `updated_at` timestamp NULL DEFAULT NULL,
  PRIMARY KEY (`id`),
  KEY `exams_supervision_assignment_members_assignment_id_foreign` (`assignment_id`),
  KEY `exams_supervision_assignment_members_employee_id_foreign` (`employee_id`),
  CONSTRAINT `exams_supervision_assignment_members_assignment_id_foreign` FOREIGN KEY (`assignment_id`) REFERENCES `exams_supervision_assignments` (`id`) ON DELETE CASCADE,
  CONSTRAINT `exams_supervision_assignment_members_employee_id_foreign` FOREIGN KEY (`employee_id`) REFERENCES `school_employees` (`id`) ON DELETE CASCADE
) ENGINE=InnoDB AUTO_INCREMENT=200 DEFAULT CHARSET=utf8mb4 COLLATE=utf8mb4_unicode_ci;

--
-- Dumping data for table `exams_supervision_assignment_members`
--

INSERT INTO `exams_supervision_assignment_members` (`id`, `assignment_id`, `employee_id`, `assignment_work`, `mission`, `created_at`, `updated_at`) VALUES (18,2,159,'رئيساً للجنة','test mission','2024-10-04 17:08:36','2024-10-04 17:08:36'),(19,2,160,'عضو',NULL,'2024-10-04 17:08:36','2024-10-04 17:08:36'),(20,2,161,'عضو','test5 mission','2024-10-04 17:08:36','2024-10-04 17:08:36'),(21,2,159,'عضو','test5 mission','2024-10-04 17:08:36','2024-10-04 17:08:36'),(22,2,160,'عضو','test5 mission','2024-10-04 17:08:36','2024-10-04 17:08:36'),(116,10,694,'رئيساً للجنة','متابعة الاجراءات','2024-10-07 06:59:47','2024-10-07 06:59:47'),(117,10,698,'عضو','متابعة لجان الامتحان','2024-10-07 06:59:47','2024-10-07 06:59:47'),(118,10,693,'عضو','متابعة لجان التصحيح','2024-10-07 06:59:47','2024-10-07 06:59:47'),(119,10,696,'عضو','متابعة','2024-10-07 06:59:47','2024-10-07 06:59:47'),(120,11,693,'رئيساً للجنة',NULL,'2024-10-07 07:00:35','2024-10-07 07:00:35'),(121,11,694,'نائبا للرئيس',NULL,'2024-10-07 07:00:35','2024-10-07 07:00:35'),(122,11,695,'عضو',NULL,'2024-10-07 07:00:35','2024-10-07 07:00:35'),(123,11,696,'عضو',NULL,'2024-10-07 07:00:35','2024-10-07 07:00:35'),(124,11,697,'عضو',NULL,'2024-10-07 07:00:35','2024-10-07 07:00:35'),(125,11,698,'عضو',NULL,'2024-10-07 07:00:35','2024-10-07 07:00:35'),(126,11,699,'عضو',NULL,'2024-10-07 07:00:35','2024-10-07 07:00:35'),(127,9,693,'رئيساً للجنة',NULL,'2024-10-07 07:10:41','2024-10-07 07:10:41'),(128,9,694,'نائبا للرئيس',NULL,'2024-10-07 07:10:41','2024-10-07 07:10:41'),(129,9,695,'عضو',NULL,'2024-10-07 07:10:41','2024-10-07 07:10:41'),(130,9,696,'عضو',NULL,'2024-10-07 07:10:41','2024-10-07 07:10:41'),(131,9,697,'عضو',NULL,'2024-10-07 07:10:41','2024-10-07 07:10:41'),(132,9,698,'عضو',NULL,'2024-10-07 07:10:41','2024-10-07 07:10:41'),(133,9,699,'عضو',NULL,'2024-10-07 07:10:41','2024-10-07 07:10:41'),(137,12,694,'رئيساً للجنة',NULL,'2024-10-07 07:14:50','2024-10-07 07:14:50'),(138,12,698,'عضو',NULL,'2024-10-07 07:14:50','2024-10-07 07:14:50'),(139,12,697,'عضو',NULL,'2024-10-07 07:14:50','2024-10-07 07:14:50'),(145,8,694,'رئيساً للجنة','متابعة الاجراءات','2024-10-07 07:15:26','2024-10-07 07:15:26'),(146,8,698,'عضو','متابعة لجان الامتحان','2024-10-07 07:15:26','2024-10-07 07:15:26'),(147,8,693,'عضو','متابعة لجان التصحيح','2024-10-07 07:15:26','2024-10-07 07:15:26'),(148,8,696,'عضو','متابعة','2024-10-07 07:15:26','2024-10-07 07:15:26'),(149,8,698,'عضو','asdsad','2024-10-07 07:15:26','2024-10-07 07:15:26'),(153,7,694,'رئيساً للجنة',NULL,'2024-10-29 18:38:26','2024-10-29 18:38:26'),(154,7,693,'عضو',NULL,'2024-10-29 18:38:26','2024-10-29 18:38:26'),(155,7,695,'عضو',NULL,'2024-10-29 18:38:26','2024-10-29 18:38:26'),(174,18,854,'رئيساً للجنة',NULL,'2024-11-18 08:47:24','2024-11-18 08:47:24'),(175,18,854,'عضو',NULL,'2024-11-18 08:47:24','2024-11-18 08:47:24'),(176,18,960,'عضو',NULL,'2024-11-18 08:47:24','2024-11-18 08:47:24'),(189,21,959,'رئيساً للجنة','test mission','2024-11-18 10:36:33','2024-11-18 10:36:33'),(190,21,976,'عضو',NULL,'2024-11-18 10:36:33','2024-11-18 10:36:33'),(191,21,976,'عضو','test5 mission','2024-11-18 10:36:33','2024-11-18 10:36:33'),(192,22,959,'رئيساً للجنة',NULL,'2024-11-19 12:08:59','2024-11-19 12:08:59'),(193,22,976,'نائبا للرئيس',NULL,'2024-11-19 12:08:59','2024-11-19 12:08:59'),(194,22,976,'عضو',NULL,'2024-11-19 12:08:59','2024-11-19 12:08:59'),(195,22,959,'عضو',NULL,'2024-11-19 12:08:59','2024-11-19 12:08:59'),(196,23,959,'رئيساً للجنة',NULL,'2024-11-19 12:09:14','2024-11-19 12:09:14'),(197,23,976,'عضو',NULL,'2024-11-19 12:09:14','2024-11-19 12:09:14'),(198,20,959,'رئيساً للجنة',NULL,'2024-11-19 12:09:27','2024-11-19 12:09:27'),(199,20,976,'عضو',NULL,'2024-11-19 12:09:27','2024-11-19 12:09:27');

--
-- Table structure for table `exams_supervision_assignments`
--

CREATE TABLE `exams_supervision_assignments` (
  `id` bigint unsigned NOT NULL AUTO_INCREMENT,
  `namazeg_version_id` bigint unsigned NOT NULL,
  `school_id` bigint unsigned NOT NULL,
  `committee_id` bigint unsigned NOT NULL,
  `round` varchar(191) COLLATE utf8mb4_unicode_ci DEFAULT 'الأول' COMMENT 'indicating whether the assignment is for the first or second round of exams',
  `created_at` timestamp NULL DEFAULT NULL,
  `updated_at` timestamp NULL DEFAULT NULL,
  `deleted_at` timestamp NULL DEFAULT NULL,
  PRIMARY KEY (`id`),
  KEY `exams_supervision_assignments_school_id_foreign` (`school_id`),
  KEY `exams_supervision_assignments_committee_id_foreign` (`committee_id`),
  CONSTRAINT `exams_supervision_assignments_committee_id_foreign` FOREIGN KEY (`committee_id`) REFERENCES `exam_supervision_committees` (`id`) ON DELETE CASCADE,
  CONSTRAINT `exams_supervision_assignments_school_id_foreign` FOREIGN KEY (`school_id`) REFERENCES `schools` (`id`) ON DELETE CASCADE
) ENGINE=InnoDB AUTO_INCREMENT=24 DEFAULT CHARSET=utf8mb4 COLLATE=utf8mb4_unicode_ci;

--
-- Dumping data for table `exams_supervision_assignments`
--

INSERT INTO `exams_supervision_assignments` (`id`, `namazeg_version_id`, `school_id`, `committee_id`, `round`, `created_at`, `updated_at`, `deleted_at`) VALUES (2,11212,79,1,'الأول','2024-10-04 17:08:36','2024-10-04 17:08:36',NULL),(7,11228,112,5,'الأول','2024-10-06 02:31:48','2024-10-29 18:38:26',NULL),(8,11229,112,3,'الأول','2024-10-06 02:55:41','2024-10-07 07:15:26',NULL),(9,11213,112,1,'الأول','2024-10-07 06:51:28','2024-10-07 07:10:41',NULL),(10,11229,112,3,'الثاني','2024-10-07 06:59:15','2024-10-07 06:59:15',NULL),(11,11213,112,1,'الأول','2024-10-07 07:00:35','2024-10-07 07:00:35',NULL),(12,11226,112,2,'الثاني','2024-10-07 07:14:39','2024-10-07 07:14:50',NULL),(13,11843,121,1,'الأول','2024-10-27 09:52:09','2024-11-18 08:48:12','2024-11-18 08:48:12'),(14,11916,98,3,'الأول','2024-11-10 18:46:53','2024-11-10 18:46:53',NULL),(15,11916,98,3,'الثاني','2024-11-10 18:47:29','2024-11-10 18:47:29',NULL),(16,12557,98,1,'الأول','2024-11-16 09:57:22','2024-11-18 10:15:40','2024-11-18 10:15:40'),(17,12558,11,1,'الأول','2024-11-16 09:59:05','2024-11-16 09:59:05',NULL),(18,12674,121,2,'الثاني','2024-11-18 08:47:24','2024-11-18 08:47:24',NULL),(19,12677,98,4,'الأول','2024-11-18 08:58:16','2024-11-18 08:58:58','2024-11-18 08:58:58'),(20,12677,98,4,'الثاني','2024-11-18 08:59:42','2024-11-18 08:59:42',NULL),(21,12685,98,5,'الأول','2024-11-18 09:51:44','2024-11-18 09:51:44',NULL),(22,12557,98,1,'الأول','2024-11-19 12:08:59','2024-11-19 12:08:59',NULL),(23,12759,98,2,'الأول','2024-11-19 12:09:14','2024-11-19 12:09:14',NULL);

--
-- Table structure for table `external_systems`
--

CREATE TABLE `external_systems` (
  `id` bigint unsigned NOT NULL AUTO_INCREMENT,
  `name` varchar(191) COLLATE utf8mb4_unicode_ci NOT NULL,
  `url` varchar(191) COLLATE utf8mb4_unicode_ci NOT NULL,
  `logo` varchar(191) COLLATE utf8mb4_unicode_ci DEFAULT NULL,
  `description` text COLLATE utf8mb4_unicode_ci,
  `status` tinyint(1) NOT NULL DEFAULT '1',
  `created_at` timestamp NULL DEFAULT NULL,
  `updated_at` timestamp NULL DEFAULT NULL,
  `deleted_at` timestamp NULL DEFAULT NULL,
  PRIMARY KEY (`id`)
) ENGINE=InnoDB AUTO_INCREMENT=312 DEFAULT CHARSET=utf8mb4 COLLATE=utf8mb4_unicode_ci;

--
-- Dumping data for table `external_systems`
--

INSERT INTO `external_systems` (`id`, `name`, `url`, `logo`, `description`, `status`, `created_at`, `updated_at`, `deleted_at`) VALUES (1,'Shea Fahey','http://sauer.com/in-rem-molestiae-similique-voluptatem-eius-consequatur-natus-sint',NULL,'Iusto sint quia veritatis aut ut et voluptate aliquid. Rerum aut omnis magnam dolorem. Rerum voluptas ab autem ab. In ea ipsum rem ab suscipit tempore quaerat.',1,'2024-08-21 08:50:10','2024-08-23 11:18:49','2024-08-23 11:18:49'),(2,'Eli Haag','http://lakin.com/',NULL,'Laboriosam illo tempora voluptas et. Iure quo quae asperiores autem at nostrum quas. Et molestiae veritatis officiis illo.',1,'2024-08-21 08:50:10','2024-08-23 11:18:54','2024-08-23 11:18:54'),(3,'Edward Stehr','http://hermiston.info/',NULL,'Dolores fugiat voluptatum et accusantium corrupti sint. Aut voluptas atque assumenda beatae eos. Aut non eum voluptatum excepturi voluptatem praesentium.',1,'2024-08-21 08:50:10','2024-08-23 11:18:58','2024-08-23 11:18:58'),(4,'Mrs. Jessika Cruickshank','http://berge.com/',NULL,'Similique ratione eveniet iusto. Voluptatem qui est temporibus reprehenderit expedita.',1,'2024-08-21 08:50:10','2024-08-23 11:19:03','2024-08-23 11:19:03'),(5,'Mrs. Elise Bradtke II','https://www.mertz.net/non-labore-placeat-et-aliquam',NULL,'Laborum incidunt culpa qui et fugiat et culpa beatae. Laborum nihil est pariatur aspernatur quidem earum. Est dolore eius sunt eum.',1,'2024-08-21 08:50:10','2024-08-23 11:19:07','2024-08-23 11:19:07'),(6,'Mrs. Aletha Bosco','http://mertz.com/molestias-ipsam-non-voluptates-veniam-rerum-non-tempora.html',NULL,'Magni enim nulla praesentium aut. Et voluptatem dolore vel nam. Nostrum laboriosam maxime sapiente quos esse et. Repellat assumenda ipsam voluptatum.',1,'2024-08-21 08:50:10','2024-08-23 11:19:15','2024-08-23 11:19:15'),(7,'Jazlyn Predovic','https://www.rice.com/esse-vitae-ad-nulla-omnis-repellat',NULL,'Aspernatur eaque distinctio dolores officia at. Animi omnis voluptatem totam odit. Quam ut neque et.',1,'2024-08-21 08:50:10','2024-08-23 11:19:18','2024-08-23 11:19:18'),(8,'Lucius Parker','http://www.schmeler.com/quam-voluptatibus-rerum-nulla-consequatur-animi-ipsam-quis',NULL,'Quibusdam architecto id est non consequatur ad voluptatem. Ab voluptatem accusantium dolores incidunt dolor recusandae ex. Exercitationem et aut tempore eum voluptate.',1,'2024-08-21 08:50:10','2024-08-23 11:19:23','2024-08-23 11:19:23'),(9,'Dr. Karen Grant MD','https://herzog.com/nostrum-veritatis-dolorem-quasi-autem.html',NULL,'Earum ut qui quis a amet fuga. Explicabo laborum numquam assumenda est voluptatem qui molestiae.',1,'2024-08-21 08:50:10','2024-08-23 11:19:27','2024-08-23 11:19:27'),(311,'Stronk','www.google.com','30549.png',NULL,1,'2024-11-24 09:03:10','2024-11-24 09:03:10',NULL);

--
-- Table structure for table `floors`
--

CREATE TABLE `floors` (
  `id` bigint unsigned NOT NULL AUTO_INCREMENT,
  `name` varchar(150) COLLATE utf8mb4_unicode_ci NOT NULL,
  `created_at` timestamp NULL DEFAULT NULL,
  `updated_at` timestamp NULL DEFAULT NULL,
  PRIMARY KEY (`id`)
) ENGINE=InnoDB AUTO_INCREMENT=9 DEFAULT CHARSET=utf8mb4 COLLATE=utf8mb4_unicode_ci;

--
-- Dumping data for table `floors`
--

INSERT INTO `floors` (`id`, `name`, `created_at`, `updated_at`) VALUES (1,'الدور الارضي','2024-08-21 08:50:12','2024-08-21 08:50:12'),(2,'الدور الاول','2024-08-21 08:50:12','2024-08-21 08:50:12'),(3,'الدور الثانى','2024-08-21 08:50:12','2024-08-21 08:50:12'),(4,'الدور الثالث','2024-08-21 08:50:12','2024-08-21 08:50:12'),(5,'الدور الرابع','2024-08-21 08:50:12','2024-08-21 08:50:12'),(6,'الدور الخامص','2024-08-21 08:50:12','2024-08-21 08:50:12'),(7,'الدور السادس','2024-08-21 08:50:12','2024-08-21 08:50:12'),(8,'الدور السابع','2024-08-21 08:50:12','2024-08-21 08:50:12');

--
-- Table structure for table `guides_and_regulations`
--

CREATE TABLE `guides_and_regulations` (
  `id` bigint unsigned NOT NULL AUTO_INCREMENT,
  `name` varchar(191) COLLATE utf8mb4_unicode_ci DEFAULT NULL,
  `status` enum('0','1') COLLATE utf8mb4_unicode_ci NOT NULL DEFAULT '1',
  `icon` varchar(191) COLLATE utf8mb4_unicode_ci DEFAULT NULL,
  `created_at` timestamp NULL DEFAULT NULL,
  `updated_at` timestamp NULL DEFAULT NULL,
  `deleted_at` timestamp NULL DEFAULT NULL,
  PRIMARY KEY (`id`)
) ENGINE=InnoDB AUTO_INCREMENT=41 DEFAULT CHARSET=utf8mb4 COLLATE=utf8mb4_unicode_ci;

--
-- Dumping data for table `guides_and_regulations`
--

INSERT INTO `guides_and_regulations` (`id`, `name`, `status`, `icon`, `created_at`, `updated_at`, `deleted_at`) VALUES (1,'sadas','0',NULL,'2024-08-21 09:00:37','2024-08-23 06:57:39','2024-08-23 06:57:39'),(2,'dasdsa','0',NULL,'2024-08-21 09:00:51','2024-08-23 06:57:43','2024-08-23 06:57:43'),(3,'aaaa','0',NULL,'2024-08-21 09:00:55','2024-08-23 06:57:48','2024-08-23 06:57:48'),(4,'ad','0',NULL,'2024-08-21 09:18:50','2024-08-21 09:18:54','2024-08-21 09:18:54'),(8,'test','0',NULL,'2024-08-29 05:37:10','2024-08-29 05:37:48','2024-08-29 05:37:48'),(10,'دليل التقويم والاختبارات','1','28920.svg','2024-09-26 11:06:57','2024-09-26 12:51:16',NULL),(11,'الادله التنظيمية','1','66295.svg','2024-09-26 11:07:41','2024-09-26 11:50:02',NULL),(12,'asd','0',NULL,'2024-09-28 06:02:22','2024-09-28 06:35:59','2024-09-28 06:35:59'),(13,'test','0',NULL,'2024-09-28 06:22:45','2024-09-28 06:35:57','2024-09-28 06:35:57'),(14,'dasd','0',NULL,'2024-09-28 06:35:08','2024-09-28 06:35:54','2024-09-28 06:35:54'),(15,'wee','0','67353.svg','2024-09-28 06:39:00','2024-09-28 12:06:37',NULL),(16,'q','0',NULL,'2024-09-28 06:47:18','2024-09-28 07:12:20','2024-09-28 07:12:20'),(17,'ewq','0',NULL,'2024-09-28 07:04:05','2024-09-28 07:12:12','2024-09-28 07:12:12'),(18,'qasdq','0',NULL,'2024-09-28 07:04:53','2024-09-28 07:12:08','2024-09-28 07:12:08'),(19,'sad','0',NULL,'2024-09-28 07:06:02','2024-09-28 07:12:06','2024-09-28 07:12:06'),(20,'asdq','0',NULL,'2024-09-28 07:09:09','2024-09-28 07:12:03','2024-09-28 07:12:03'),(21,'asd','0',NULL,'2024-09-28 07:09:21','2024-09-28 07:11:53','2024-09-28 07:11:53'),(22,'wqe','0',NULL,'2024-09-28 07:09:53','2024-09-28 07:11:56','2024-09-28 07:11:56'),(23,'asdq','0',NULL,'2024-09-28 07:11:09','2024-09-28 07:11:59','2024-09-28 07:11:59'),(24,'8520','0',NULL,'2024-09-28 07:16:30','2024-09-28 10:15:29','2024-09-28 10:15:29'),(25,'asd','0',NULL,'2024-09-28 10:03:59','2024-09-28 10:03:59',NULL),(26,'asd','0',NULL,'2024-09-28 10:09:09','2024-09-28 10:15:17','2024-09-28 10:15:17'),(27,'sadqw','0',NULL,'2024-09-28 10:11:22','2024-09-28 10:15:22','2024-09-28 10:15:22'),(28,'asd','0',NULL,'2024-09-28 10:12:42','2024-09-28 10:15:13','2024-09-28 10:15:13'),(29,'adqq','0',NULL,'2024-09-28 10:14:38','2024-09-28 10:15:20','2024-09-28 10:15:20'),(30,'22222222','0',NULL,'2024-09-28 10:15:01','2024-09-28 10:15:25','2024-09-28 10:15:25'),(31,'asd','0',NULL,'2024-09-28 10:19:03','2024-09-28 10:19:03',NULL),(32,'asd','0',NULL,'2024-09-28 10:28:50','2024-09-28 10:41:27','2024-09-28 10:41:27'),(33,'wqqqqq','1',NULL,'2024-09-28 10:33:21','2024-09-28 10:41:30','2024-09-28 10:41:30'),(34,'asdasd','1',NULL,'2024-09-28 10:34:06','2024-09-28 10:34:06',NULL),(35,'sadas','1','11915.svg','2024-09-28 10:36:45','2024-09-28 10:36:45',NULL),(36,'q213123','1','83331.svg','2024-09-28 10:37:20','2024-09-28 10:37:20',NULL),(37,'222','1','77405.svg','2024-09-28 10:46:26','2024-09-28 10:46:26',NULL),(38,'marshmello','1','21378.svg','2024-09-28 13:54:59','2024-09-28 13:54:59',NULL),(39,'كاظم','1','85526.png','2024-09-30 10:11:53','2024-09-30 10:11:53',NULL),(40,'test','1','11656.jpg','2024-10-14 18:02:18','2024-10-14 18:02:18',NULL);

--
-- Table structure for table `guides_and_regulations_files`
--

CREATE TABLE `guides_and_regulations_files` (
  `id` bigint unsigned NOT NULL AUTO_INCREMENT,
  `guide_regulation_id` bigint unsigned DEFAULT NULL,
  `file_name` varchar(191) COLLATE utf8mb4_unicode_ci DEFAULT NULL,
  `publish_date` varchar(191) COLLATE utf8mb4_unicode_ci DEFAULT NULL,
  `publish_date_type` enum('coptic','hijri') COLLATE utf8mb4_unicode_ci DEFAULT NULL,
  `file_path` varchar(191) COLLATE utf8mb4_unicode_ci DEFAULT NULL,
  `file_size` varchar(191) COLLATE utf8mb4_unicode_ci DEFAULT NULL,
  `created_at` timestamp NULL DEFAULT NULL,
  `updated_at` timestamp NULL DEFAULT NULL,
  `deleted_at` timestamp NULL DEFAULT NULL,
  PRIMARY KEY (`id`),
  KEY `guides_and_regulations_files_guide_regulation_id_foreign` (`guide_regulation_id`),
  CONSTRAINT `guides_and_regulations_files_guide_regulation_id_foreign` FOREIGN KEY (`guide_regulation_id`) REFERENCES `guides_and_regulations` (`id`) ON DELETE CASCADE
) ENGINE=InnoDB AUTO_INCREMENT=32 DEFAULT CHARSET=utf8mb4 COLLATE=utf8mb4_unicode_ci;

--
-- Dumping data for table `guides_and_regulations_files`
--

INSERT INTO `guides_and_regulations_files` (`id`, `guide_regulation_id`, `file_name`, `publish_date`, `publish_date_type`, `file_path`, `file_size`, `created_at`, `updated_at`, `deleted_at`) VALUES (8,1,'ملف 3','27/09/2024','coptic','21288.jpg','0.07','2024-09-26 10:16:53','2024-09-26 10:16:53',NULL),(10,11,'ملف تعديل','27/09/2024','coptic',NULL,NULL,'2024-09-26 11:48:22','2024-09-28 12:12:48',NULL),(11,11,'ملف 2','27/09/2024','coptic',NULL,NULL,'2024-09-26 11:59:40','2024-09-30 10:09:07','2024-09-30 10:09:07'),(12,11,'ملف 1','27/09/2024','coptic','95572.pdf','3.88','2024-09-26 23:46:56','2024-09-26 23:46:56',NULL),(13,11,'ملف 2','27/09/2024','coptic','38585.pdf','3.88','2024-09-26 23:47:14','2024-09-26 23:47:14',NULL),(14,11,'ملف 3','27/09/2024','coptic','27015.pdf','3.88','2024-09-26 23:47:31','2024-09-26 23:47:31',NULL),(15,11,'ملف 3','27/09/2024','coptic','16951.pdf','3.88','2024-09-26 23:47:46','2024-09-26 23:47:46',NULL),(16,11,'ملف 3','27/09/2024','coptic','90779.pdf','0.09','2024-09-26 23:48:58','2024-09-26 23:48:58',NULL),(17,11,'ملف 3','27/09/2024','coptic','27516.pdf','0.09','2024-09-26 23:49:00','2024-09-26 23:49:00',NULL),(18,11,'ملف 3','27/09/2024','coptic','17040.pdf','0.09','2024-09-26 23:49:03','2024-09-26 23:49:03',NULL),(19,11,'ملف 3','27/09/2024','coptic','27320.pdf','0.09','2024-09-26 23:49:06','2024-09-26 23:49:06',NULL),(20,11,'ملف 3','27/09/2024','coptic','91661.pdf','0.09','2024-09-26 23:49:08','2024-09-26 23:49:08',NULL),(21,11,'ملف 3','27/09/2024','coptic','75435.pdf','0.09','2024-09-26 23:49:09','2024-09-26 23:49:09',NULL),(22,11,'ملف 3','27/09/2024','coptic','13879.pdf','0.09','2024-09-26 23:49:11','2024-09-26 23:49:11',NULL),(23,11,'ملف 3','27/09/2024','coptic','28220.pdf','0.09','2024-09-26 23:49:13','2024-09-26 23:49:13',NULL),(24,11,'ملف 3','27/09/2024','coptic','50859.pdf','0.09','2024-09-26 23:49:14','2024-09-26 23:49:14',NULL),(25,11,'wqee','28/09/2024','coptic','87179.pdf','0.09','2024-09-28 11:45:31','2024-09-28 13:02:42',NULL),(26,11,'ملف tttttttt','28/09/2024','coptic',NULL,NULL,'2024-09-28 12:58:36','2024-09-30 10:08:41','2024-09-30 10:08:41'),(27,38,'file 2','28/09/2024','coptic',NULL,NULL,'2024-09-28 13:55:17','2024-09-28 13:55:40',NULL),(28,11,'المخزون','08/11/2020','coptic','56194.pdf','0.12','2024-09-30 10:00:57','2024-09-30 10:04:38',NULL),(29,11,'1111','02/09/2024','coptic','18589.pdf','0.12','2024-09-30 10:09:52','2024-09-30 10:10:10',NULL),(30,11,'test','05/11/2024','coptic','33867.pdf','0.05','2024-11-05 12:41:28','2024-11-05 12:42:19','2024-11-05 12:42:19'),(31,10,'adsfasdf','21/11/2024','coptic','34653.pdf','0.11','2024-11-21 08:14:48','2024-11-21 08:14:48',NULL);

--
-- Table structure for table `internal_circulars`
--

CREATE TABLE `internal_circulars` (
  `id` bigint unsigned NOT NULL AUTO_INCREMENT,
  `school_id` bigint unsigned DEFAULT NULL,
  `namazeg_version_id` bigint unsigned DEFAULT NULL,
  `title` varchar(191) COLLATE utf8mb4_unicode_ci DEFAULT NULL,
  `details` text COLLATE utf8mb4_unicode_ci,
  `date` varchar(191) COLLATE utf8mb4_unicode_ci DEFAULT NULL,
  `date_type` enum('coptic','hijri') COLLATE utf8mb4_unicode_ci DEFAULT NULL,
  `day` varchar(191) COLLATE utf8mb4_unicode_ci DEFAULT NULL,
  `created_at` timestamp NULL DEFAULT NULL,
  `updated_at` timestamp NULL DEFAULT NULL,
  `deleted_at` timestamp NULL DEFAULT NULL,
  PRIMARY KEY (`id`),
  KEY `internal_circulars_school_id_foreign` (`school_id`),
  KEY `internal_circulars_namazeg_version_id_foreign` (`namazeg_version_id`),
  CONSTRAINT `internal_circulars_namazeg_version_id_foreign` FOREIGN KEY (`namazeg_version_id`) REFERENCES `namazeg_versions` (`id`) ON DELETE CASCADE,
  CONSTRAINT `internal_circulars_school_id_foreign` FOREIGN KEY (`school_id`) REFERENCES `schools` (`id`) ON DELETE CASCADE
) ENGINE=InnoDB AUTO_INCREMENT=26 DEFAULT CHARSET=utf8mb4 COLLATE=utf8mb4_unicode_ci;

--
-- Dumping data for table `internal_circulars`
--

INSERT INTO `internal_circulars` (`id`, `school_id`, `namazeg_version_id`, `title`, `details`, `date`, `date_type`, `day`, `created_at`, `updated_at`, `deleted_at`) VALUES (1,1,NULL,'title 1','Text 1','12/10/2024','coptic','الخميس','2024-08-23 09:49:42','2024-09-05 14:17:18','2024-09-05 14:17:18'),(3,81,NULL,'test','testttttttttttttttttttttttttttttttttttttttttttttttttttttttttttttttttttttttttttttttttttttt','05/09/2024','coptic','Thursday','2024-09-05 11:02:07','2024-09-16 08:37:35','2024-09-16 08:37:35'),(4,81,NULL,'بشأن تعميم داخلي','بشأن تعميم داخليبشأن تعميم داخليبشأن تعميم داخليبشأن تعميم داخلي','05/09/2024','coptic','الخميس','2024-09-05 12:01:54','2024-09-16 08:37:38','2024-09-16 08:37:38'),(5,81,NULL,'test','testtesttesttesttesttesttesttesttest','06/09/2024','coptic','الأحد','2024-09-05 12:05:55','2024-09-16 08:37:41','2024-09-16 08:37:41'),(6,81,NULL,'title 1 updated','Text 1 updated','13/10/2024','coptic','الاثنين','2024-09-05 12:14:05','2024-09-16 08:37:51','2024-09-16 08:37:51'),(7,81,NULL,'تعميم داخلي','<span style=\"color: rgba(0, 0, 0, 0.88); font-size: 22px\"><strong>تعميم داخلي</strong></span>','07/09/2024','coptic','الإثنين','2024-09-06 08:18:31','2024-09-16 08:37:54','2024-09-16 08:37:54'),(8,81,NULL,'internal type','internal type internal type internal type','08/09/2024','coptic','الأحد','2024-09-08 10:20:51','2024-09-16 08:37:57','2024-09-16 08:37:57'),(9,81,NULL,'testOnSubmit update','testOnSubmit','10/09/2024','coptic','الخميس','2024-09-09 04:48:45','2024-09-16 08:38:01','2024-09-16 08:38:01'),(10,80,NULL,'test','test','15/09/2024','coptic','الثلاثاء','2024-09-14 12:26:49','2024-09-16 08:38:03','2024-09-16 08:38:03'),(11,81,NULL,'test internal update','test internal update','19/09/2024','coptic','الخميس','2024-09-15 10:55:22','2024-09-16 08:38:06','2024-09-16 08:38:06'),(12,81,NULL,'تعميم 1','تعميم 1تعميم 1','16/09/2024','coptic','الإثنين','2024-09-16 09:25:16','2024-09-16 13:29:01','2024-09-16 13:29:01'),(13,81,NULL,'refetchInternalCirculars','refetchInternalCirculars','16/09/2024','coptic','الإثنين','2024-09-16 09:26:31','2024-09-16 13:30:16','2024-09-16 13:30:16'),(14,81,NULL,'test','testtesttest','16/09/2024','coptic','الإثنين','2024-09-16 09:27:30','2024-09-16 13:30:19','2024-09-16 13:30:19'),(15,81,NULL,'test','testtesttesttesttesttesttesttesttesttesttesttesttesttesttest','16/09/2024','coptic','الإثنين','2024-09-16 09:30:44','2024-09-16 13:30:21','2024-09-16 13:30:21'),(16,80,NULL,'تعميم داخلي 80','تعميم داخلي 80','16/09/2024','coptic','الإثنين','2024-09-16 09:51:22','2024-09-16 09:51:22',NULL),(17,81,NULL,'test internal again','test internal again','25/09/2024','coptic','الأربعاء','2024-09-16 11:53:56','2024-09-16 13:30:23','2024-09-16 13:30:23'),(18,81,NULL,'test222','test222test222test222','16/09/2024','coptic','الإثنين','2024-09-16 12:12:13','2024-09-16 13:30:26','2024-09-16 13:30:26'),(19,81,NULL,'تعميم داخلي 1','<ul><li>تعميم داخلي 1</li><li> تعميم داخلي 1</li></ul>','03/10/2024','coptic','الخميس','2024-09-19 12:27:35','2024-09-19 12:27:35',NULL),(20,81,NULL,'تعميم داخلي 2','<strong><em>تعميم داخلي 2 - تعميم داخلي 2</em></strong>','20/09/2024','coptic','الجمعة','2024-09-20 06:09:40','2024-09-23 15:30:14',NULL),(21,81,NULL,'khbjhb','<strong>hjjhnmbkjnblhgj</strong><strong><em>jkkll</em></strong>','23/09/2024','coptic','الإثنين','2024-09-23 15:32:29','2024-09-23 15:32:29',NULL),(22,81,NULL,'kjhkjh','kjhljhkh','23/09/2024','coptic','الإثنين','2024-09-23 15:35:41','2024-09-23 15:35:41',NULL),(23,81,NULL,'jhkj','<ol><li><strong>mnbmnbkb</strong></li><li><strong>hjgjjg</strong></li><li><strong>jnkjnjnpiji</strong></li></ol>','23/09/2024','coptic','الإثنين','2024-09-23 15:40:19','2024-09-23 15:40:19',NULL),(24,81,NULL,'uyuyupoi','<strong><em>oijojoijoijoij</em></strong>','23/09/2024','coptic','الإثنين','2024-09-23 15:41:54','2024-09-23 15:41:54',NULL),(25,98,NULL,'سيشسيشسيسشي','شبيسبشبيشبشيب','24/09/2024','coptic','الثلاثاء','2024-09-24 05:10:10','2024-09-24 05:10:10',NULL);

--
-- Table structure for table `internal_circulars_teachers`
--

CREATE TABLE `internal_circulars_teachers` (
  `id` bigint unsigned NOT NULL AUTO_INCREMENT,
  `internal_circular_id` bigint unsigned DEFAULT NULL,
  `school_employee_id` bigint unsigned DEFAULT NULL,
  `created_at` timestamp NULL DEFAULT NULL,
  `updated_at` timestamp NULL DEFAULT NULL,
  `deleted_at` timestamp NULL DEFAULT NULL,
  PRIMARY KEY (`id`),
  KEY `internal_circulars_teachers_internal_circular_id_foreign` (`internal_circular_id`),
  KEY `internal_circulars_teachers_school_employee_id_foreign` (`school_employee_id`),
  CONSTRAINT `internal_circulars_teachers_internal_circular_id_foreign` FOREIGN KEY (`internal_circular_id`) REFERENCES `internal_circulars` (`id`) ON DELETE CASCADE,
  CONSTRAINT `internal_circulars_teachers_school_employee_id_foreign` FOREIGN KEY (`school_employee_id`) REFERENCES `school_employees` (`id`) ON DELETE CASCADE
) ENGINE=InnoDB AUTO_INCREMENT=53 DEFAULT CHARSET=utf8mb4 COLLATE=utf8mb4_unicode_ci;

--
-- Dumping data for table `internal_circulars_teachers`
--

INSERT INTO `internal_circulars_teachers` (`id`, `internal_circular_id`, `school_employee_id`, `created_at`, `updated_at`, `deleted_at`) VALUES (29,16,687,'2024-09-16 09:51:22','2024-09-16 09:51:22',NULL),(41,19,174,'2024-09-23 15:29:17','2024-09-23 15:29:17',NULL),(43,20,174,'2024-09-23 15:30:14','2024-09-23 15:30:14',NULL),(44,20,175,'2024-09-23 15:30:14','2024-09-23 15:30:14',NULL),(48,23,174,'2024-09-23 15:40:19','2024-09-23 15:40:19',NULL),(49,23,175,'2024-09-23 15:40:19','2024-09-23 15:40:19',NULL),(51,24,174,'2024-09-23 15:41:54','2024-09-23 15:41:54',NULL);

--
-- Table structure for table `jobs`
--

CREATE TABLE `jobs` (
  `id` bigint unsigned NOT NULL AUTO_INCREMENT,
  `queue` varchar(191) COLLATE utf8mb4_unicode_ci NOT NULL,
  `payload` longtext COLLATE utf8mb4_unicode_ci NOT NULL,
  `attempts` tinyint unsigned NOT NULL,
  `reserved_at` int unsigned DEFAULT NULL,
  `available_at` int unsigned NOT NULL,
  `created_at` int unsigned NOT NULL,
  PRIMARY KEY (`id`),
  KEY `jobs_queue_index` (`queue`)
) ENGINE=InnoDB DEFAULT CHARSET=utf8mb4 COLLATE=utf8mb4_unicode_ci;

--
-- Dumping data for table `jobs`
--


--
-- Table structure for table `late_forms`
--

CREATE TABLE `late_forms` (
  `late_procedure_id` bigint unsigned NOT NULL,
  `late_form_id` bigint unsigned NOT NULL,
  `created_at` timestamp NULL DEFAULT NULL,
  `updated_at` timestamp NULL DEFAULT NULL,
  KEY `late_forms_late_procedure_id_foreign` (`late_procedure_id`),
  KEY `late_forms_late_form_id_foreign` (`late_form_id`),
  CONSTRAINT `late_forms_late_form_id_foreign` FOREIGN KEY (`late_form_id`) REFERENCES `namazeg` (`id`) ON DELETE CASCADE,
  CONSTRAINT `late_forms_late_procedure_id_foreign` FOREIGN KEY (`late_procedure_id`) REFERENCES `late_procedures` (`id`) ON DELETE CASCADE
) ENGINE=InnoDB DEFAULT CHARSET=utf8mb4 COLLATE=utf8mb4_unicode_ci;

--
-- Dumping data for table `late_forms`
--

INSERT INTO `late_forms` (`late_procedure_id`, `late_form_id`, `created_at`, `updated_at`) VALUES (1,1,'2024-08-23 11:38:12','2024-08-23 11:38:12'),(2,2,'2024-08-24 07:50:46','2024-08-24 07:50:46'),(3,1,'2024-08-25 05:56:55','2024-08-25 05:56:55');

--
-- Table structure for table `late_procedures`
--

CREATE TABLE `late_procedures` (
  `id` bigint unsigned NOT NULL AUTO_INCREMENT,
  `name_id` bigint unsigned NOT NULL,
  `late_dayes` int DEFAULT NULL,
  `details` text COLLATE utf8mb4_unicode_ci,
  `status` tinyint(1) NOT NULL DEFAULT '1',
  `created_at` timestamp NULL DEFAULT NULL,
  `updated_at` timestamp NULL DEFAULT NULL,
  `deleted_at` timestamp NULL DEFAULT NULL,
  PRIMARY KEY (`id`),
  KEY `late_procedures_name_id_foreign` (`name_id`),
  CONSTRAINT `late_procedures_name_id_foreign` FOREIGN KEY (`name_id`) REFERENCES `procedure_names` (`id`) ON DELETE CASCADE
) ENGINE=InnoDB AUTO_INCREMENT=4 DEFAULT CHARSET=utf8mb4 COLLATE=utf8mb4_unicode_ci;

--
-- Dumping data for table `late_procedures`
--

INSERT INTO `late_procedures` (`id`, `name_id`, `late_dayes`, `details`, `status`, `created_at`, `updated_at`, `deleted_at`) VALUES (1,1,3,NULL,1,'2024-08-23 11:38:12','2024-08-25 05:56:38',NULL),(2,2,5,NULL,1,'2024-08-24 07:50:46','2024-08-24 07:50:46',NULL),(3,3,10,NULL,1,'2024-08-25 05:56:55','2024-08-25 05:56:55',NULL);

--
-- Table structure for table `late_procedures_forms`
--

CREATE TABLE `late_procedures_forms` (
  `id` bigint unsigned NOT NULL AUTO_INCREMENT,
  `name` varchar(191) COLLATE utf8mb4_unicode_ci NOT NULL,
  `details` text COLLATE utf8mb4_unicode_ci,
  `status` tinyint(1) NOT NULL DEFAULT '1',
  `created_at` timestamp NULL DEFAULT NULL,
  `updated_at` timestamp NULL DEFAULT NULL,
  `deleted_at` timestamp NULL DEFAULT NULL,
  PRIMARY KEY (`id`)
) ENGINE=InnoDB DEFAULT CHARSET=utf8mb4 COLLATE=utf8mb4_unicode_ci;

--
-- Dumping data for table `late_procedures_forms`
--


--
-- Table structure for table `letters`
--

CREATE TABLE `letters` (
  `id` bigint unsigned NOT NULL AUTO_INCREMENT,
  `school_id` bigint unsigned DEFAULT NULL,
  `namazeg_version_id` bigint unsigned DEFAULT NULL,
  `type` enum('official','warning') COLLATE utf8mb4_unicode_ci NOT NULL,
  `date_type` enum('hijri','coptic') COLLATE utf8mb4_unicode_ci NOT NULL,
  `date` varchar(191) COLLATE utf8mb4_unicode_ci NOT NULL,
  `title` varchar(191) COLLATE utf8mb4_unicode_ci NOT NULL,
  `letter_for` varchar(191) COLLATE utf8mb4_unicode_ci NOT NULL,
  `details` longtext COLLATE utf8mb4_unicode_ci NOT NULL,
  `created_at` timestamp NULL DEFAULT NULL,
  `updated_at` timestamp NULL DEFAULT NULL,
  `deleted_at` timestamp NULL DEFAULT NULL,
  PRIMARY KEY (`id`),
  KEY `letters_school_id_foreign` (`school_id`),
  KEY `letters_namazeg_version_id_foreign` (`namazeg_version_id`),
  CONSTRAINT `letters_namazeg_version_id_foreign` FOREIGN KEY (`namazeg_version_id`) REFERENCES `namazeg_versions` (`id`) ON DELETE CASCADE,
  CONSTRAINT `letters_school_id_foreign` FOREIGN KEY (`school_id`) REFERENCES `schools` (`id`) ON DELETE CASCADE
) ENGINE=InnoDB AUTO_INCREMENT=13 DEFAULT CHARSET=utf8mb4 COLLATE=utf8mb4_unicode_ci;

--
-- Dumping data for table `letters`
--

INSERT INTO `letters` (`id`, `school_id`, `namazeg_version_id`, `type`, `date_type`, `date`, `title`, `letter_for`, `details`, `created_at`, `updated_at`, `deleted_at`) VALUES (1,81,12533,'warning','coptic','14/04/2024','مخالفة سلوكية','أحمد محمد ابراهيم خالد','لوريم ايبسوم هو نموذج افتراضي يوضع في التصاميم لتعرض على العميل ليتصور طريقه وضع النصوص بالتصاميم سواء كانت تصاميم مطبوعه … بروشور او فلاير على سبيل المثال … او نماذج مواقع انترنت …\n\nوعند موافقه العميل المبدئيه على التصميم يتم ازالة هذا النص من التصميم ويتم وضع النصوص النهائية المطلوبة للتصميم ويقول البعض ان وضع النصوص التجريبية بالتصميم قد تشغل المشاهد عن وضع الكثير من الملاحظات او الانتقادات للتصميم الاساسي','2024-11-15 14:48:47','2024-11-15 14:48:47',NULL),(2,81,12534,'official','coptic','14/04/2024','مخالفة سلوكية','أحمد محمد ابراهيم خالد','لوريم ايبسوم هو نموذج افتراضي يوضع في التصاميم لتعرض على العميل ليتصور طريقه وضع النصوص بالتصاميم سواء كانت تصاميم مطبوعه … بروشور او فلاير على سبيل المثال … او نماذج مواقع انترنت …\n\nوعند موافقه العميل المبدئيه على التصميم يتم ازالة هذا النص من التصميم ويتم وضع النصوص النهائية المطلوبة للتصميم ويقول البعض ان وضع النصوص التجريبية بالتصميم قد تشغل المشاهد عن وضع الكثير من الملاحظات او الانتقادات للتصميم الاساسي','2024-11-15 14:50:51','2024-11-15 14:50:51',NULL),(3,81,12535,'warning','coptic','14/04/2024','مخالفة سلوكية','أحمد محمد ابراهيم خالد','لوريم ايبسوم هو نموذج افتراضي يوضع في التصاميم لتعرض على العميل ليتصور طريقه وضع النصوص بالتصاميم سواء كانت تصاميم مطبوعه … بروشور او فلاير على سبيل المثال … او نماذج مواقع انترنت …\n\nوعند موافقه العميل المبدئيه على التصميم يتم ازالة هذا النص من التصميم ويتم وضع النصوص النهائية المطلوبة للتصميم ويقول البعض ان وضع النصوص التجريبية بالتصميم قد تشغل المشاهد عن وضع الكثير من الملاحظات او الانتقادات للتصميم الاساسي','2024-11-15 14:51:48','2024-11-15 14:51:48',NULL),(4,81,12536,'warning','coptic','14/04/2024','مخالفة سلوكية','أحمد محمد ابراهيم خالد','لوريم ايبسوم هو نموذج افتراضي يوضع في التصاميم لتعرض على العميل ليتصور طريقه وضع النصوص بالتصاميم سواء كانت تصاميم مطبوعه … بروشور او فلاير على سبيل المثال … او نماذج مواقع انترنت …\n\nوعند موافقه العميل المبدئيه على التصميم يتم ازالة هذا النص من التصميم ويتم وضع النصوص النهائية المطلوبة للتصميم ويقول البعض ان وضع النصوص التجريبية بالتصميم قد تشغل المشاهد عن وضع الكثير من الملاحظات او الانتقادات للتصميم الاساسي','2024-11-15 14:52:17','2024-11-15 14:52:17',NULL),(5,81,12537,'official','coptic','14/04/2024','مخالفة سلوكية','أحمد محمد ابراهيم خالد','لوريم ايبسوم هو نموذج افتراضي يوضع في التصاميم لتعرض على العميل ليتصور طريقه وضع النصوص بالتصاميم سواء كانت تصاميم مطبوعه … بروشور او فلاير على سبيل المثال … او نماذج مواقع انترنت …\n\nوعند موافقه العميل المبدئيه على التصميم يتم ازالة هذا النص من التصميم ويتم وضع النصوص النهائية المطلوبة للتصميم ويقول البعض ان وضع النصوص التجريبية بالتصميم قد تشغل المشاهد عن وضع الكثير من الملاحظات او الانتقادات للتصميم الاساسي','2024-11-15 14:55:20','2024-11-15 14:55:20',NULL),(6,81,12538,'warning','coptic','14/04/2024','مخالفة سلوكية','أحمد محمد ابراهيم خالد','لوريم ايبسوم هو نموذج افتراضي يوضع في التصاميم لتعرض على العميل ليتصور طريقه وضع النصوص بالتصاميم سواء كانت تصاميم مطبوعه … بروشور او فلاير على سبيل المثال … او نماذج مواقع انترنت …\n\nوعند موافقه العميل المبدئيه على التصميم يتم ازالة هذا النص من التصميم ويتم وضع النصوص النهائية المطلوبة للتصميم ويقول البعض ان وضع النصوص التجريبية بالتصميم قد تشغل المشاهد عن وضع الكثير من الملاحظات او الانتقادات للتصميم الاساسي','2024-11-15 14:56:21','2024-11-15 14:56:21',NULL),(7,81,12539,'warning','coptic','14/04/2024','مخالفة سلوكية','أحمد محمد ابراهيم خالد','لوريم ايبسوم هو نموذج افتراضي يوضع في التصاميم لتعرض على العميل ليتصور طريقه وضع النصوص بالتصاميم سواء كانت تصاميم مطبوعه … بروشور او فلاير على سبيل المثال … او نماذج مواقع انترنت …\n\nوعند موافقه العميل المبدئيه على التصميم يتم ازالة هذا النص من التصميم ويتم وضع النصوص النهائية المطلوبة للتصميم ويقول البعض ان وضع النصوص التجريبية بالتصميم قد تشغل المشاهد عن وضع الكثير من الملاحظات او الانتقادات للتصميم الاساسي','2024-11-15 14:58:27','2024-11-15 14:58:27',NULL),(8,81,12540,'warning','coptic','14/04/2024','مخالفة سلوكية','أحمد محمد ابراهيم خالد','لوريم ايبسوم هو نموذج افتراضي يوضع في التصاميم لتعرض على العميل ليتصور طريقه وضع النصوص بالتصاميم سواء كانت تصاميم مطبوعه … بروشور او فلاير على سبيل المثال … او نماذج مواقع انترنت …\n\nوعند موافقه العميل المبدئيه على التصميم يتم ازالة هذا النص من التصميم ويتم وضع النصوص النهائية المطلوبة للتصميم ويقول البعض ان وضع النصوص التجريبية بالتصميم قد تشغل المشاهد عن وضع الكثير من الملاحظات او الانتقادات للتصميم الاساسي','2024-11-15 15:00:03','2024-11-15 15:00:03',NULL),(9,81,12541,'warning','coptic','14/04/2024','مخالفة سلوكية','أحمد محمد ابراهيم خالد','لوريم ايبسوم هو نموذج افتراضي يوضع في التصاميم لتعرض على العميل ليتصور طريقه وضع النصوص بالتصاميم سواء كانت تصاميم مطبوعه … بروشور او فلاير على سبيل المثال … او نماذج مواقع انترنت …\n\nوعند موافقه العميل المبدئيه على التصميم يتم ازالة هذا النص من التصميم ويتم وضع النصوص النهائية المطلوبة للتصميم ويقول البعض ان وضع النصوص التجريبية بالتصميم قد تشغل المشاهد عن وضع الكثير من الملاحظات او الانتقادات للتصميم الاساسي','2024-11-15 15:02:37','2024-11-15 15:02:37',NULL),(10,81,12542,'official','coptic','15/11/2024','test update','test update','testtesttesttesttesttesttest update','2024-11-15 15:07:28','2024-11-15 15:24:45','2024-11-15 15:24:45'),(11,81,12543,'warning','coptic','15/11/2024','test update','test update','testtesttest update','2024-11-15 15:25:12','2024-11-15 15:25:58','2024-11-15 15:25:58'),(12,98,13051,'official','coptic','26/11/2024','TEST','abobasha','teste teste','2024-11-26 12:18:39','2024-11-26 12:18:39',NULL);

--
-- Table structure for table `media_suggestions`
--

CREATE TABLE `media_suggestions` (
  `id` bigint unsigned NOT NULL AUTO_INCREMENT,
  `school_id` bigint unsigned NOT NULL,
  `semester_id` bigint unsigned NOT NULL,
  `details` text COLLATE utf8mb4_unicode_ci NOT NULL,
  `created_at` timestamp NULL DEFAULT NULL,
  `updated_at` timestamp NULL DEFAULT NULL,
  PRIMARY KEY (`id`),
  KEY `fk_school_id_8` (`school_id`),
  KEY `fk_semester_6` (`semester_id`),
  CONSTRAINT `fk_school_id_8` FOREIGN KEY (`school_id`) REFERENCES `schools` (`id`) ON DELETE CASCADE,
  CONSTRAINT `fk_semester_6` FOREIGN KEY (`semester_id`) REFERENCES `semesters` (`id`) ON DELETE CASCADE
) ENGINE=InnoDB AUTO_INCREMENT=2 DEFAULT CHARSET=utf8mb4 COLLATE=utf8mb4_unicode_ci;

--
-- Dumping data for table `media_suggestions`
--

INSERT INTO `media_suggestions` (`id`, `school_id`, `semester_id`, `details`, `created_at`, `updated_at`) VALUES (1,98,1,'<p style=\"text-align: center\"><strong>asdasdsadas</strong><ul><li><p style=\"text-align: center\"><u>dgdfgdfgfdg</u></li><li>sfdfdsf<span style=\"font-size: 24px\">asdasdas</span></li><li><span style=\"font-size: 80px\">Updated</span></li></ul>','2024-10-07 19:47:53','2024-10-13 09:19:18');

--
-- Table structure for table `meeting_recommendations`
--

CREATE TABLE `meeting_recommendations` (
  `id` bigint unsigned NOT NULL AUTO_INCREMENT,
  `meeting_id` bigint unsigned DEFAULT NULL,
  `recommendation` varchar(191) COLLATE utf8mb4_unicode_ci DEFAULT NULL,
  `executive_authority` varchar(191) COLLATE utf8mb4_unicode_ci DEFAULT NULL,
  `execution_time` varchar(191) COLLATE utf8mb4_unicode_ci DEFAULT NULL,
  `belonged_executive_authority` varchar(191) COLLATE utf8mb4_unicode_ci DEFAULT NULL,
  `recommendation_status` enum('executed','not_executed') COLLATE utf8mb4_unicode_ci DEFAULT NULL,
  `reason_of_not_execution` varchar(191) COLLATE utf8mb4_unicode_ci DEFAULT NULL,
  `created_at` timestamp NULL DEFAULT NULL,
  `updated_at` timestamp NULL DEFAULT NULL,
  `deleted_at` timestamp NULL DEFAULT NULL,
  PRIMARY KEY (`id`),
  KEY `meeting_recommendations_meeting_id_foreign` (`meeting_id`),
  CONSTRAINT `meeting_recommendations_meeting_id_foreign` FOREIGN KEY (`meeting_id`) REFERENCES `meetings` (`id`) ON DELETE CASCADE
) ENGINE=InnoDB AUTO_INCREMENT=199 DEFAULT CHARSET=utf8mb4 COLLATE=utf8mb4_unicode_ci;

--
-- Dumping data for table `meeting_recommendations`
--

INSERT INTO `meeting_recommendations` (`id`, `meeting_id`, `recommendation`, `executive_authority`, `execution_time`, `belonged_executive_authority`, `recommendation_status`, `reason_of_not_execution`, `created_at`, `updated_at`, `deleted_at`) VALUES (41,35,'ص','ص','ص','ص','not_executed','ئئئئ','2024-09-05 10:37:18','2024-09-05 10:37:18',NULL),(42,35,'ث','ث','ث','ث','not_executed','ئ','2024-09-05 10:37:18','2024-09-05 10:37:18',NULL),(43,35,'ق','ق','ق','ق','not_executed','ئ','2024-09-05 10:37:18','2024-09-05 10:37:18',NULL),(44,35,'ف','ف','ف','ف','not_executed','ئ','2024-09-05 10:37:18','2024-09-05 10:37:18',NULL),(45,36,'w','w','w','w','not_executed','w','2024-09-05 11:10:10','2024-09-05 11:10:10',NULL),(46,36,'s','s','s','s','not_executed','w','2024-09-05 11:10:10','2024-09-05 11:10:10',NULL),(47,36,'s','s','s','s','executed',NULL,'2024-09-05 11:10:10','2024-09-05 11:10:10',NULL),(48,36,'s','s','s','s','executed',NULL,'2024-09-05 11:10:10','2024-09-05 11:10:10',NULL),(53,42,'s',NULL,NULL,NULL,'not_executed','s','2024-09-08 08:49:10','2024-09-08 08:49:10',NULL),(54,42,NULL,NULL,NULL,NULL,NULL,NULL,'2024-09-08 08:49:10','2024-09-08 08:49:10',NULL),(55,42,NULL,NULL,NULL,NULL,NULL,NULL,'2024-09-08 08:49:10','2024-09-08 08:49:10',NULL),(56,42,NULL,NULL,NULL,NULL,NULL,NULL,'2024-09-08 08:49:10','2024-09-08 08:49:10',NULL),(57,43,'k','kk','k','s','not_executed','s','2024-09-08 10:25:42','2024-09-08 10:25:42',NULL),(58,43,'k','k','k','k','not_executed','s','2024-09-08 10:25:42','2024-09-08 10:25:42',NULL),(59,43,'k','k','k','k','executed',NULL,'2024-09-08 10:25:42','2024-09-08 10:25:42',NULL),(60,43,'k','k','kk','k','executed',NULL,'2024-09-08 10:25:42','2024-09-08 10:25:42',NULL),(65,46,NULL,NULL,NULL,NULL,NULL,NULL,'2024-09-09 09:15:40','2024-09-09 09:15:40',NULL),(66,46,NULL,NULL,NULL,NULL,NULL,NULL,'2024-09-09 09:15:40','2024-09-09 09:15:40',NULL),(67,46,NULL,NULL,NULL,NULL,NULL,NULL,'2024-09-09 09:15:40','2024-09-09 09:15:40',NULL),(68,46,NULL,NULL,NULL,NULL,NULL,NULL,'2024-09-09 09:15:40','2024-09-09 09:15:40',NULL),(137,95,'dfg','dfg','dfg','dfg','not_executed','dfg','2024-09-25 19:03:10','2024-09-25 19:03:10',NULL),(138,95,'dfg','dg','dgf','dfgdfg','not_executed','dfgdfg','2024-09-25 19:03:10','2024-09-25 19:03:10',NULL),(139,95,'dfgdfg','dfgdfg','dfgdfg','dfgdgf','not_executed','dfgdfgdfg','2024-09-25 19:03:10','2024-09-25 19:03:10',NULL),(140,97,'dqwd','qwd','qdqwd','qdwd','not_executed','dqwdqwd','2024-09-25 19:08:01','2024-09-25 19:08:01',NULL),(141,97,'dqwdqw','dqwd','dqwd','dqwd','not_executed','dqwdqw','2024-09-25 19:08:01','2024-09-25 19:08:01',NULL),(142,97,'dqwdqw','dqwdqwd','dqwdqwdqwd','ddqwdqwdqwd','not_executed','qdwqdqwd','2024-09-25 19:08:01','2024-09-25 19:08:01',NULL),(143,98,'qew','qwe','qwe','qe','not_executed','qweqwe','2024-09-25 19:18:00','2024-09-25 19:18:00',NULL),(144,98,'qwe','qe','eq','qeqe','not_executed','qweqe','2024-09-25 19:18:00','2024-09-25 19:18:00',NULL),(145,99,'dwqd','dqwd','dqwd','dqwd','not_executed','dwqdqw','2024-09-25 19:25:58','2024-09-25 19:25:58',NULL),(146,99,'dqwdqwd','dqw','dqwd','dqw','not_executed','dqwdqwdqw','2024-09-25 19:25:58','2024-09-25 19:25:58',NULL),(147,99,'dqwd','dqwd','dqw','dqwd','not_executed','dqw','2024-09-25 19:25:58','2024-09-25 19:25:58',NULL),(148,100,'qdqw','dqwd','dqwd','dqw','not_executed','dqwd','2024-09-25 19:34:45','2024-09-25 19:34:45',NULL),(149,100,'dqwd','dqwd','dqwd','dqwd','not_executed','dqwd','2024-09-25 19:34:45','2024-09-25 19:34:45',NULL),(150,100,'dqwd','dqwd','dqwd','dqwd','not_executed','dqwdqw','2024-09-25 19:34:45','2024-09-25 19:34:45',NULL),(151,101,'asdasd','asdasd','dasd','dasd','not_executed','adsd','2024-09-25 19:35:42','2024-09-25 19:35:42',NULL),(152,101,'asdd','dasd','dasd','dasd','not_executed','asdad','2024-09-25 19:35:42','2024-09-25 19:35:42',NULL),(153,101,'dasd','dsad','dasd','dasd','not_executed','adadad','2024-09-25 19:35:42','2024-09-25 19:35:42',NULL),(154,45,'D','D','D','D','not_executed','D','2024-09-25 19:36:45','2024-09-25 19:36:45',NULL),(155,45,'D','D','D','D','executed',NULL,'2024-09-25 19:36:45','2024-09-25 19:36:45',NULL),(156,102,'qweewq','qwe','qwe','qeweqwe','not_executed','weqweqwe','2024-09-25 19:37:53','2024-09-25 19:37:53',NULL),(182,30,'d','d','d','d','not_executed','d','2024-09-29 10:28:26','2024-09-29 10:28:26',NULL),(185,197,'d','d','d','d','not_executed','d','2024-10-28 15:40:07','2024-10-28 15:40:07',NULL),(186,197,'d','dd','d','d','not_executed','d','2024-10-28 15:40:07','2024-10-28 15:40:07',NULL),(187,200,'ي','ي','ي','ي','not_executed','بب','2024-10-28 16:04:34','2024-10-28 16:04:34',NULL),(189,207,'qwee','qwewqe','qweqwe','qweqweweq','not_executed','qweqweqweqwe','2024-11-10 22:40:36','2024-11-10 22:40:36',NULL),(190,209,'asdasd','asdasd','asdas','dasdasd','not_executed','asdasdasd','2024-11-10 22:47:54','2024-11-10 22:47:54',NULL),(191,210,'asdasd','asdasd','asdasd','asdasdasd','not_executed','asdasdasdasd','2024-11-10 22:48:46','2024-11-10 22:48:46',NULL),(192,211,'asdasd','asdasd','asdasd','asdasd','not_executed','asdasdads','2024-11-10 22:50:40','2024-11-10 22:50:40',NULL),(193,214,'hi from recommendation 2','authority 2','3 weeks','another authority 2','not_executed','reason 2','2024-11-19 16:25:02','2024-11-19 16:25:38',NULL),(194,214,'hi from recommendation 2','authority 2','3 weeks','another authority 2','not_executed','reason 2','2024-11-19 16:25:02','2024-11-19 16:25:02',NULL),(195,33,'hi from recommendation 1 updated','authority 1 updated','3 weeks','another authority 1 updated','executed','reason 1 updated','2024-11-21 18:38:34','2024-11-21 18:38:34',NULL),(196,33,'hi from recommendation 2','authority 2','3 weeks','another authority 2','not_executed','reason 2','2024-11-21 18:38:34','2024-11-21 18:38:34',NULL),(197,18,'hi from recommendation 2','authority 2','3 weeks','another authority 2','not_executed','reason 2','2024-11-26 08:33:37','2024-11-26 08:34:51',NULL),(198,18,'hi from recommendation 2','authority 2','3 weeks','another authority 2','not_executed','reason 2','2024-11-26 08:33:37','2024-11-26 08:33:37',NULL);

--
-- Table structure for table `meeting_scheduals`
--

CREATE TABLE `meeting_scheduals` (
  `id` bigint unsigned NOT NULL AUTO_INCREMENT,
  `meeting_id` bigint unsigned DEFAULT NULL,
  `details` text COLLATE utf8mb4_unicode_ci,
  `created_at` timestamp NULL DEFAULT NULL,
  `updated_at` timestamp NULL DEFAULT NULL,
  `deleted_at` timestamp NULL DEFAULT NULL,
  PRIMARY KEY (`id`),
  KEY `meeting_scheduals_meeting_id_foreign` (`meeting_id`),
  CONSTRAINT `meeting_scheduals_meeting_id_foreign` FOREIGN KEY (`meeting_id`) REFERENCES `meetings` (`id`) ON DELETE CASCADE
) ENGINE=InnoDB AUTO_INCREMENT=222 DEFAULT CHARSET=utf8mb4 COLLATE=utf8mb4_unicode_ci;

--
-- Dumping data for table `meeting_scheduals`
--

INSERT INTO `meeting_scheduals` (`id`, `meeting_id`, `details`, `created_at`, `updated_at`, `deleted_at`) VALUES (41,35,'س','2024-09-05 10:37:18','2024-09-05 10:37:18',NULL),(42,35,'س','2024-09-05 10:37:18','2024-09-05 10:37:18',NULL),(43,35,'س','2024-09-05 10:37:18','2024-09-05 10:37:18',NULL),(44,35,'س','2024-09-05 10:37:18','2024-09-05 10:37:18',NULL),(45,36,'w','2024-09-05 11:10:10','2024-09-05 11:10:10',NULL),(46,36,'s','2024-09-05 11:10:10','2024-09-05 11:10:10',NULL),(47,36,'s','2024-09-05 11:10:10','2024-09-05 11:10:10',NULL),(48,36,'s','2024-09-05 11:10:10','2024-09-05 11:10:10',NULL),(53,42,'s','2024-09-08 08:49:10','2024-09-08 08:49:10',NULL),(54,42,NULL,'2024-09-08 08:49:10','2024-09-08 08:49:10',NULL),(55,42,NULL,'2024-09-08 08:49:10','2024-09-08 08:49:10',NULL),(56,42,NULL,'2024-09-08 08:49:10','2024-09-08 08:49:10',NULL),(57,43,'8','2024-09-08 10:25:41','2024-09-08 10:25:41',NULL),(58,43,'8','2024-09-08 10:25:41','2024-09-08 10:25:41',NULL),(59,43,'8','2024-09-08 10:25:41','2024-09-08 10:25:41',NULL),(60,43,'8','2024-09-08 10:25:42','2024-09-08 10:25:42',NULL),(65,46,NULL,'2024-09-09 09:15:40','2024-09-09 09:15:40',NULL),(66,46,NULL,'2024-09-09 09:15:40','2024-09-09 09:15:40',NULL),(67,46,NULL,'2024-09-09 09:15:40','2024-09-09 09:15:40',NULL),(68,46,NULL,'2024-09-09 09:15:40','2024-09-09 09:15:40',NULL),(156,95,'dfg','2024-09-25 19:03:10','2024-09-25 19:03:10',NULL),(157,95,'dfg','2024-09-25 19:03:10','2024-09-25 19:03:10',NULL),(158,95,'gdfg','2024-09-25 19:03:10','2024-09-25 19:03:10',NULL),(159,97,'dqwdqw','2024-09-25 19:08:01','2024-09-25 19:08:01',NULL),(160,97,'dwq','2024-09-25 19:08:01','2024-09-25 19:08:01',NULL),(161,97,'asdasdas','2024-09-25 19:08:01','2024-09-25 19:08:01',NULL),(162,98,'qweq','2024-09-25 19:18:00','2024-09-25 19:18:00',NULL),(163,98,'eqwe','2024-09-25 19:18:00','2024-09-25 19:18:00',NULL),(164,98,'qweqwe','2024-09-25 19:18:00','2024-09-25 19:18:00',NULL),(165,99,'dqwdqwdq','2024-09-25 19:25:58','2024-09-25 19:25:58',NULL),(166,99,'dqwdqw','2024-09-25 19:25:58','2024-09-25 19:25:58',NULL),(167,99,'dqwd','2024-09-25 19:25:58','2024-09-25 19:25:58',NULL),(168,100,'da','2024-09-25 19:34:45','2024-09-25 19:34:45',NULL),(169,100,'asd','2024-09-25 19:34:45','2024-09-25 19:34:45',NULL),(170,100,'ad','2024-09-25 19:34:45','2024-09-25 19:34:45',NULL),(171,101,'asda','2024-09-25 19:35:42','2024-09-25 19:35:42',NULL),(172,101,'dasd','2024-09-25 19:35:42','2024-09-25 19:35:42',NULL),(173,101,'asdasd','2024-09-25 19:35:42','2024-09-25 19:35:42',NULL),(174,45,'D','2024-09-25 19:36:45','2024-09-25 19:36:45',NULL),(175,45,'D','2024-09-25 19:36:45','2024-09-25 19:36:45',NULL),(176,45,'D','2024-09-25 19:36:45','2024-09-25 19:36:45',NULL),(177,102,'qweqew','2024-09-25 19:37:53','2024-09-25 19:37:53',NULL),(178,102,'qweqweeqweqwe','2024-09-25 19:37:53','2024-09-25 19:37:53',NULL),(179,102,'qwewqeqweqweqweqwewqeqwe','2024-09-25 19:37:53','2024-09-25 19:37:53',NULL),(199,30,'ddd','2024-09-29 10:28:26','2024-09-29 10:28:26',NULL),(202,197,'d','2024-10-28 15:40:07','2024-10-28 15:40:07',NULL),(203,197,'d','2024-10-28 15:40:07','2024-10-28 15:40:07',NULL),(204,197,'d','2024-10-28 15:40:07','2024-10-28 15:40:07',NULL),(205,197,'d','2024-10-28 15:40:07','2024-10-28 15:40:07',NULL),(206,200,'ي','2024-10-28 16:04:34','2024-10-28 16:04:34',NULL),(208,207,'qweqwe','2024-11-10 22:40:36','2024-11-10 22:40:36',NULL),(209,207,'qweqweqwe','2024-11-10 22:40:36','2024-11-10 22:40:36',NULL),(210,209,'asdsasd','2024-11-10 22:47:54','2024-11-10 22:47:54',NULL),(211,210,'asdasd','2024-11-10 22:48:46','2024-11-10 22:48:46',NULL),(212,210,'asdasd','2024-11-10 22:48:46','2024-11-10 22:48:46',NULL),(213,210,'asdasd','2024-11-10 22:48:46','2024-11-10 22:48:46',NULL),(214,211,'dasdas','2024-11-10 22:50:40','2024-11-10 22:50:40',NULL),(215,211,'dasdas','2024-11-10 22:50:40','2024-11-10 22:50:40',NULL),(216,214,'hi from details 2','2024-11-19 16:25:02','2024-11-19 16:25:38',NULL),(217,214,'hi from details 2','2024-11-19 16:25:02','2024-11-19 16:25:02',NULL),(218,33,'hi from details 1 updated','2024-11-21 18:38:34','2024-11-21 18:38:34',NULL),(219,33,'hi from details 2 updated','2024-11-21 18:38:34','2024-11-21 18:38:34',NULL),(220,18,'hi from details 2','2024-11-26 08:33:37','2024-11-26 08:34:51',NULL),(221,18,'hi from details 2 updated','2024-11-26 08:33:37','2024-11-26 08:33:37',NULL);

--
