(13459,25,'46-25-517','46',215,'2024-11-28 15:21:04','2024-11-28 15:21:04'),(13460,25,'46-25-518','46',215,'2024-11-28 15:21:07','2024-11-28 15:21:07'),(13461,25,'46-25-519','46',215,'2024-11-28 15:21:10','2024-11-28 15:21:10'),(13462,25,'46-25-520','46',215,'2024-11-28 15:21:13','2024-11-28 15:21:13'),(13463,25,'46-25-521','46',215,'2024-11-28 15:21:16','2024-11-28 15:21:16'),(13464,25,'46-25-522','46',215,'2024-11-28 15:21:18','2024-11-28 15:21:18'),(13465,25,'46-25-523','46',215,'2024-11-28 15:21:21','2024-11-28 15:21:21'),(13466,25,'46-25-524','46',215,'2024-11-28 15:21:24','2024-11-28 15:21:24'),(13467,25,'46-25-525','46',215,'2024-11-28 15:21:27','2024-11-28 15:21:27'),(13468,25,'46-25-526','46',215,'2024-11-28 15:21:30','2024-11-28 15:21:30'),(13469,25,'46-25-527','46',215,'2024-11-28 15:21:33','2024-11-28 15:21:33'),(13470,25,'46-25-528','46',215,'2024-11-28 15:21:36','2024-11-28 15:21:36'),(13471,25,'46-25-529','46',215,'2024-11-28 15:21:39','2024-11-28 15:21:39'),(13472,25,'46-25-530','46',215,'2024-11-28 15:21:42','2024-11-28 15:21:42'),(13473,25,'46-25-531','46',215,'2024-11-28 15:21:45','2024-11-28 15:21:45'),(13474,25,'46-25-532','46',215,'2024-11-28 15:21:48','2024-11-28 15:21:48'),(13475,25,'46-25-533','46',215,'2024-11-28 15:21:51','2024-11-28 15:21:51'),(13476,25,'46-25-534','46',215,'2024-11-28 15:21:54','2024-11-28 15:21:54'),(13477,25,'46-25-535','46',215,'2024-11-28 15:21:57','2024-11-28 15:21:57'),(13478,25,'46-25-536','46',215,'2024-11-28 15:22:00','2024-11-28 15:22:00'),(13479,25,'46-25-537','46',215,'2024-11-28 15:22:03','2024-11-28 15:22:03'),(13480,25,'46-25-538','46',215,'2024-11-28 15:22:06','2024-11-28 15:22:06'),(13481,25,'46-25-539','46',215,'2024-11-28 15:22:10','2024-11-28 15:22:10'),(13482,25,'46-25-540','46',215,'2024-11-28 15:22:13','2024-11-28 15:22:13'),(13483,25,'46-25-541','46',215,'2024-11-28 15:22:16','2024-11-28 15:22:16'),(13484,25,'46-25-542','46',215,'2024-11-28 15:22:20','2024-11-28 15:22:20'),(13485,25,'46-25-543','46',215,'2024-11-28 15:22:23','2024-11-28 15:22:23'),(13486,25,'46-25-544','46',215,'2024-11-28 15:22:26','2024-11-28 15:22:26'),(13487,25,'46-25-545','46',215,'2024-11-28 15:22:29','2024-11-28 15:22:29'),(13488,25,'46-25-546','46',215,'2024-11-28 15:22:32','2024-11-28 15:22:32'),(13489,25,'46-25-547','46',215,'2024-11-28 15:22:35','2024-11-28 15:22:35'),(13490,25,'46-25-548','46',215,'2024-11-28 15:22:38','2024-11-28 15:22:38'),(13491,25,'46-25-549','46',215,'2024-11-28 15:22:41','2024-11-28 15:22:41'),(13492,25,'46-25-550','46',215,'2024-11-28 15:22:44','2024-11-28 15:22:44'),(13493,25,'46-25-551','46',215,'2024-11-28 15:22:48','2024-11-28 15:22:48'),(13494,25,'46-25-552','46',215,'2024-11-28 15:22:51','2024-11-28 15:22:51'),(13495,25,'46-25-553','46',215,'2024-11-28 15:22:54','2024-11-28 15:22:54'),(13496,25,'46-25-554','46',215,'2024-11-28 15:22:57','2024-11-28 15:22:57'),(13497,25,'46-25-555','46',215,'2024-11-28 15:23:00','2024-11-28 15:23:00'),(13498,25,'46-25-556','46',215,'2024-11-28 15:23:03','2024-11-28 15:23:03'),(13499,25,'46-25-557','46',215,'2024-11-28 15:23:07','2024-11-28 15:23:07'),(13500,25,'46-25-558','46',215,'2024-11-28 15:23:10','2024-11-28 15:23:10'),(13501,25,'46-25-559','46',215,'2024-11-28 15:23:14','2024-11-28 15:23:14'),(13502,25,'46-25-560','46',215,'2024-11-28 15:23:17','2024-11-28 15:23:17'),(13503,25,'46-25-561','46',215,'2024-11-28 15:23:20','2024-11-28 15:23:20'),(13504,25,'46-25-562','46',215,'2024-11-28 15:23:23','2024-11-28 15:23:23'),(13505,25,'46-25-563','46',215,'2024-11-28 15:23:26','2024-11-28 15:23:26'),(13506,25,'46-25-564','46',216,'2024-11-28 15:27:36','2024-11-28 15:27:36'),(13507,25,'46-25-565','46',216,'2024-11-28 15:27:39','2024-11-28 15:27:39'),(13508,25,'46-25-566','46',216,'2024-11-28 15:27:42','2024-11-28 15:27:42'),(13509,25,'46-25-567','46',216,'2024-11-28 15:27:46','2024-11-28 15:27:46'),(13510,25,'46-25-568','46',216,'2024-11-28 15:27:49','2024-11-28 15:27:49'),(13511,25,'46-25-569','46',216,'2024-11-28 15:27:52','2024-11-28 15:27:52'),(13512,25,'46-25-570','46',216,'2024-11-28 15:27:55','2024-11-28 15:27:55'),(13513,25,'46-25-571','46',216,'2024-11-28 15:27:58','2024-11-28 15:27:58'),(13514,25,'46-25-572','46',216,'2024-11-28 15:28:01','2024-11-28 15:28:01'),(13515,25,'46-25-573','46',216,'2024-11-28 15:28:04','2024-11-28 15:28:04'),(13516,25,'46-25-574','46',216,'2024-11-28 15:28:08','2024-11-28 15:28:08'),(13517,25,'46-25-575','46',216,'2024-11-28 15:28:11','2024-11-28 15:28:11'),(13518,25,'46-25-576','46',216,'2024-11-28 15:28:14','2024-11-28 15:28:14'),(13519,25,'46-25-577','46',216,'2024-11-28 15:28:17','2024-11-28 15:28:17'),(13520,25,'46-25-578','46',216,'2024-11-28 15:28:21','2024-11-28 15:28:21'),(13521,25,'46-25-579','46',216,'2024-11-28 15:28:24','2024-11-28 15:28:24'),(13522,25,'46-25-580','46',216,'2024-11-28 15:28:27','2024-11-28 15:28:27'),(13523,25,'46-25-581','46',216,'2024-11-28 15:28:30','2024-11-28 15:28:30'),(13524,25,'46-25-582','46',216,'2024-11-28 15:28:33','2024-11-28 15:28:33'),(13525,25,'46-25-583','46',216,'2024-11-28 15:28:37','2024-11-28 15:28:37'),(13526,25,'46-25-584','46',216,'2024-11-28 15:28:40','2024-11-28 15:28:40'),(13527,25,'46-25-585','46',216,'2024-11-28 15:28:43','2024-11-28 15:28:43'),(13528,25,'46-25-586','46',216,'2024-11-28 15:28:47','2024-11-28 15:28:47'),(13529,25,'46-25-587','46',216,'2024-11-28 15:28:50','2024-11-28 15:28:50'),(13530,25,'46-25-588','46',216,'2024-11-28 15:28:54','2024-11-28 15:28:54'),(13531,25,'46-25-589','46',216,'2024-11-28 15:28:58','2024-11-28 15:28:58'),(13532,25,'46-25-590','46',216,'2024-11-28 15:29:02','2024-11-28 15:29:02'),(13533,25,'46-25-591','46',216,'2024-11-28 15:29:06','2024-11-28 15:29:06'),(13534,25,'46-25-592','46',216,'2024-11-28 15:29:09','2024-11-28 15:29:09'),(13535,25,'46-25-593','46',216,'2024-11-28 15:29:13','2024-11-28 15:29:13'),(13536,25,'46-25-594','46',216,'2024-11-28 15:29:16','2024-11-28 15:29:16'),(13537,25,'46-25-595','46',216,'2024-11-28 15:29:20','2024-11-28 15:29:20'),(13538,25,'46-25-596','46',216,'2024-11-28 15:29:23','2024-11-28 15:29:23'),(13539,25,'46-25-597','46',216,'2024-11-28 15:29:27','2024-11-28 15:29:27'),(13540,25,'46-25-598','46',216,'2024-11-28 15:29:31','2024-11-28 15:29:31'),(13541,25,'46-25-599','46',216,'2024-11-28 15:29:34','2024-11-28 15:29:34'),(13542,25,'46-25-600','46',216,'2024-11-28 15:29:39','2024-11-28 15:29:39'),(13543,25,'46-25-601','46',216,'2024-11-28 15:29:42','2024-11-28 15:29:42'),(13544,25,'46-25-602','46',216,'2024-11-28 15:29:46','2024-11-28 15:29:46'),(13545,25,'46-25-603','46',216,'2024-11-28 15:29:49','2024-11-28 15:29:49'),(13546,25,'46-25-604','46',216,'2024-11-28 15:29:53','2024-11-28 15:29:53'),(13547,25,'46-25-605','46',216,'2024-11-28 15:29:56','2024-11-28 15:29:56'),(13548,25,'46-25-606','46',216,'2024-11-28 15:30:00','2024-11-28 15:30:00'),(13549,25,'46-25-607','46',216,'2024-11-28 15:30:04','2024-11-28 15:30:04'),(13550,25,'46-25-608','46',216,'2024-11-28 15:30:07','2024-11-28 15:30:07'),(13551,25,'46-25-609','46',216,'2024-11-28 15:30:11','2024-11-28 15:30:11'),(13552,25,'46-25-610','46',216,'2024-11-28 15:30:15','2024-11-28 15:30:15'),(13553,25,'46-25-611','46',216,'2024-11-28 15:30:18','2024-11-28 15:30:18'),(13554,25,'46-25-612','46',216,'2024-11-28 15:30:22','2024-11-28 15:30:22'),(13555,25,'46-25-613','46',216,'2024-11-28 15:30:26','2024-11-28 15:30:26'),(13556,25,'46-25-614','46',216,'2024-11-28 15:30:29','2024-11-28 15:30:29'),(13557,70,'46-70-2',NULL,217,'2024-11-28 16:35:14','2024-11-28 16:35:14'),(13558,25,'46-25-717','46',217,'2024-11-28 16:35:18','2024-11-28 16:35:18'),(13559,25,'46-25-718','46',217,'2024-11-28 16:35:23','2024-11-28 16:35:23'),(13560,25,'46-25-719','46',217,'2024-11-28 16:35:27','2024-11-28 16:35:27'),(13561,25,'46-25-720','46',217,'2024-11-28 16:35:31','2024-11-28 16:35:31'),(13562,25,'46-25-721','46',217,'2024-11-28 16:35:35','2024-11-28 16:35:35'),(13563,25,'46-25-722','46',217,'2024-11-28 16:35:40','2024-11-28 16:35:40'),(13564,25,'46-25-723','46',217,'2024-11-28 16:35:44','2024-11-28 16:35:44'),(13565,25,'46-25-724','46',217,'2024-11-28 16:35:48','2024-11-28 16:35:48'),(13566,25,'46-25-725','46',217,'2024-11-28 16:35:52','2024-11-28 16:35:52'),(13567,25,'46-25-726','46',217,'2024-11-28 16:35:56','2024-11-28 16:35:56'),(13568,25,'46-25-727','46',217,'2024-11-28 16:36:00','2024-11-28 16:36:00'),(13569,25,'46-25-728','46',217,'2024-11-28 16:36:04','2024-11-28 16:36:04'),(13570,25,'46-25-729','46',217,'2024-11-28 16:36:09','2024-11-28 16:36:09'),(13571,25,'46-25-730','46',217,'2024-11-28 16:36:14','2024-11-28 16:36:14'),(13572,25,'46-25-731','46',217,'2024-11-28 16:36:18','2024-11-28 16:36:18'),(13573,25,'46-25-732','46',217,'2024-11-28 16:36:22','2024-11-28 16:36:22'),(13574,25,'46-25-733','46',217,'2024-11-28 16:36:27','2024-11-28 16:36:27'),(13575,25,'46-25-734','46',217,'2024-11-28 16:36:31','2024-11-28 16:36:31'),(13576,25,'46-25-735','46',217,'2024-11-28 16:36:35','2024-11-28 16:36:35'),(13577,25,'46-25-736','46',217,'2024-11-28 16:36:39','2024-11-28 16:36:39'),(13578,25,'46-25-737','46',217,'2024-11-28 16:36:44','2024-11-28 16:36:44'),(13579,25,'46-25-738','46',217,'2024-11-28 16:36:48','2024-11-28 16:36:48'),(13580,25,'46-25-739','46',217,'2024-11-28 16:36:52','2024-11-28 16:36:52'),(13581,25,'46-25-740','46',217,'2024-11-28 16:36:56','2024-11-28 16:36:56'),(13582,25,'46-25-741','46',217,'2024-11-28 16:37:00','2024-11-28 16:37:00'),(13583,25,'46-25-742','46',217,'2024-11-28 16:37:04','2024-11-28 16:37:04'),(13584,25,'46-25-743','46',217,'2024-11-28 16:37:08','2024-11-28 16:37:08'),(13585,25,'46-25-744','46',217,'2024-11-28 16:37:12','2024-11-28 16:37:12'),(13586,25,'46-25-745','46',217,'2024-11-28 16:37:16','2024-11-28 16:37:16'),(13587,25,'46-25-746','46',217,'2024-11-28 16:37:20','2024-11-28 16:37:20'),(13588,25,'46-25-747','46',217,'2024-11-28 16:37:24','2024-11-28 16:37:24'),(13589,25,'46-25-748','46',217,'2024-11-28 16:37:29','2024-11-28 16:37:29'),(13590,25,'46-25-749','46',217,'2024-11-28 16:37:33','2024-11-28 16:37:33'),(13591,25,'46-25-750','46',217,'2024-11-28 16:37:37','2024-11-28 16:37:37'),(13592,25,'46-25-751','46',217,'2024-11-28 16:37:41','2024-11-28 16:37:41'),(13593,25,'46-25-752','46',217,'2024-11-28 16:37:45','2024-11-28 16:37:45'),(13594,25,'46-25-753','46',217,'2024-11-28 16:37:49','2024-11-28 16:37:49'),(13595,25,'46-25-754','46',217,'2024-11-28 16:37:53','2024-11-28 16:37:53'),(13596,25,'46-25-755','46',217,'2024-11-28 16:37:57','2024-11-28 16:37:57'),(13597,25,'46-25-756','46',217,'2024-11-28 16:38:01','2024-11-28 16:38:01'),(13598,25,'46-25-757','46',217,'2024-11-28 16:38:06','2024-11-28 16:38:06'),(13599,25,'46-25-758','46',217,'2024-11-28 16:38:10','2024-11-28 16:38:10'),(13600,25,'46-25-759','46',217,'2024-11-28 16:38:15','2024-11-28 16:38:15'),(13601,25,'46-25-760','46',217,'2024-11-28 16:38:19','2024-11-28 16:38:19'),(13602,25,'46-25-761','46',217,'2024-11-28 16:38:24','2024-11-28 16:38:24'),(13603,25,'46-25-762','46',217,'2024-11-28 16:38:28','2024-11-28 16:38:28'),(13604,25,'46-25-763','46',217,'2024-11-28 16:38:32','2024-11-28 16:38:32'),(13605,25,'46-25-764','46',217,'2024-11-28 16:38:37','2024-11-28 16:38:37'),(13606,25,'46-25-765','46',217,'2024-11-28 16:38:41','2024-11-28 16:38:41'),(13607,25,'46-25-766','46',217,'2024-11-28 16:38:45','2024-11-28 16:38:45'),(13608,25,'46-25-767','46',217,'2024-11-28 16:38:50','2024-11-28 16:38:50'),(13609,70,'46-70-3',NULL,218,'2024-11-28 16:46:58','2024-11-28 16:46:58'),(13610,25,'46-25-768','46',218,'2024-11-28 16:47:02','2024-11-28 16:47:02'),(13611,25,'46-25-769','46',218,'2024-11-28 16:47:06','2024-11-28 16:47:06'),(13612,25,'46-25-770','46',218,'2024-11-28 16:47:11','2024-11-28 16:47:11'),(13613,25,'46-25-771','46',218,'2024-11-28 16:47:16','2024-11-28 16:47:16'),(13614,25,'46-25-772','46',218,'2024-11-28 16:47:20','2024-11-28 16:47:20'),(13615,25,'46-25-773','46',218,'2024-11-28 16:47:24','2024-11-28 16:47:24'),(13616,25,'46-25-774','46',218,'2024-11-28 16:47:29','2024-11-28 16:47:29'),(13617,25,'46-25-775','46',218,'2024-11-28 16:47:33','2024-11-28 16:47:33'),(13618,25,'46-25-776','46',218,'2024-11-28 16:47:37','2024-11-28 16:47:37'),(13619,25,'46-25-777','46',218,'2024-11-28 16:47:42','2024-11-28 16:47:42'),(13620,25,'46-25-778','46',218,'2024-11-28 16:47:46','2024-11-28 16:47:46'),(13621,25,'46-25-779','46',218,'2024-11-28 16:47:51','2024-11-28 16:47:51'),(13622,25,'46-25-780','46',218,'2024-11-28 16:47:55','2024-11-28 16:47:55'),(13623,25,'46-25-781','46',218,'2024-11-28 16:48:00','2024-11-28 16:48:00'),(13624,25,'46-25-782','46',218,'2024-11-28 16:48:04','2024-11-28 16:48:04'),(13625,25,'46-25-783','46',218,'2024-11-28 16:48:08','2024-11-28 16:48:08'),(13626,25,'46-25-784','46',218,'2024-11-28 16:48:12','2024-11-28 16:48:12'),(13627,25,'46-25-785','46',218,'2024-11-28 16:48:17','2024-11-28 16:48:17'),(13628,25,'46-25-786','46',218,'2024-11-28 16:48:21','2024-11-28 16:48:21'),(13629,25,'46-25-787','46',218,'2024-11-28 16:48:25','2024-11-28 16:48:25'),(13630,25,'46-25-788','46',218,'2024-11-28 16:48:31','2024-11-28 16:48:31'),(13631,25,'46-25-789','46',218,'2024-11-28 16:48:35','2024-11-28 16:48:35'),(13632,25,'46-25-790','46',218,'2024-11-28 16:48:40','2024-11-28 16:48:40'),(13633,25,'46-25-791','46',218,'2024-11-28 16:48:44','2024-11-28 16:48:44'),(13634,25,'46-25-792','46',218,'2024-11-28 16:48:49','2024-11-28 16:48:49'),(13635,25,'46-25-793','46',218,'2024-11-28 16:48:53','2024-11-28 16:48:53'),(13636,25,'46-25-794','46',218,'2024-11-28 16:48:58','2024-11-28 16:48:58'),(13637,25,'46-25-795','46',218,'2024-11-28 16:49:02','2024-11-28 16:49:02'),(13638,25,'46-25-796','46',218,'2024-11-28 16:49:07','2024-11-28 16:49:07'),(13639,25,'46-25-797','46',218,'2024-11-28 16:49:12','2024-11-28 16:49:12'),(13640,25,'46-25-798','46',218,'2024-11-28 16:49:17','2024-11-28 16:49:17'),(13641,25,'46-25-799','46',218,'2024-11-28 16:49:22','2024-11-28 16:49:22'),(13642,25,'46-25-800','46',218,'2024-11-28 16:49:26','2024-11-28 16:49:26'),(13643,25,'46-25-801','46',218,'2024-11-28 16:49:31','2024-11-28 16:49:31'),(13644,25,'46-25-802','46',218,'2024-11-28 16:49:35','2024-11-28 16:49:35'),(13645,25,'46-25-803','46',218,'2024-11-28 16:49:39','2024-11-28 16:49:39'),(13646,25,'46-25-804','46',218,'2024-11-28 16:49:44','2024-11-28 16:49:44'),(13647,25,'46-25-805','46',218,'2024-11-28 16:49:48','2024-11-28 16:49:48'),(13648,25,'46-25-806','46',218,'2024-11-28 16:49:53','2024-11-28 16:49:53'),(13649,25,'46-25-807','46',218,'2024-11-28 16:49:58','2024-11-28 16:49:58'),(13650,25,'46-25-808','46',218,'2024-11-28 16:50:03','2024-11-28 16:50:03'),(13651,25,'46-25-809','46',218,'2024-11-28 16:50:08','2024-11-28 16:50:08'),(13652,25,'46-25-810','46',218,'2024-11-28 16:50:13','2024-11-28 16:50:13'),(13653,25,'46-25-811','46',218,'2024-11-28 16:50:17','2024-11-28 16:50:17'),(13654,25,'46-25-812','46',218,'2024-11-28 16:50:22','2024-11-28 16:50:22'),(13655,25,'46-25-813','46',218,'2024-11-28 16:50:26','2024-11-28 16:50:26'),(13656,25,'46-25-814','46',218,'2024-11-28 16:50:31','2024-11-28 16:50:31'),(13657,25,'46-25-815','46',218,'2024-11-28 16:50:36','2024-11-28 16:50:36'),(13658,25,'46-25-816','46',218,'2024-11-28 16:50:40','2024-11-28 16:50:40'),(13659,25,'46-25-817','46',218,'2024-11-28 16:50:45','2024-11-28 16:50:45'),(13660,25,'46-25-818','46',218,'2024-11-28 16:50:49','2024-11-28 16:50:49'),(13661,158,'46-158-6',NULL,81,'2024-11-28 17:21:27','2024-11-28 17:21:27'),(13662,158,'46-158-7',NULL,81,'2024-11-28 17:30:49','2024-11-28 17:30:49'),(13663,52,'46-52-6',NULL,81,'2024-11-28 18:18:42','2024-11-28 18:18:42'),(13664,94,'46-94-2',NULL,81,'2024-11-29 22:31:29','2024-11-29 22:31:29');

--
-- Table structure for table `namazeg_violation_proceeds`
--

CREATE TABLE `namazeg_violation_proceeds` (
  `id` bigint unsigned NOT NULL AUTO_INCREMENT,
  `v_student_punishment_id` bigint unsigned NOT NULL,
  `namazeg_version_id` bigint unsigned NOT NULL,
  `decision_number` int NOT NULL,
  `about` varchar(191) COLLATE utf8mb4_unicode_ci NOT NULL,
  `date` varchar(191) COLLATE utf8mb4_unicode_ci NOT NULL,
  `created_at` timestamp NULL DEFAULT NULL,
  `updated_at` timestamp NULL DEFAULT NULL,
  `deleted_at` timestamp NULL DEFAULT NULL,
  PRIMARY KEY (`id`),
  KEY `deleter_version_proceeds` (`namazeg_version_id`),
  KEY `delete_student_punishment` (`v_student_punishment_id`),
  CONSTRAINT `delete_student_punishment` FOREIGN KEY (`v_student_punishment_id`) REFERENCES `violation_student_punishments` (`id`) ON DELETE CASCADE,
  CONSTRAINT `deleter_version_proceeds` FOREIGN KEY (`namazeg_version_id`) REFERENCES `namazeg_versions` (`id`) ON DELETE CASCADE
) ENGINE=InnoDB AUTO_INCREMENT=49 DEFAULT CHARSET=utf8mb4 COLLATE=utf8mb4_unicode_ci;

--
-- Dumping data for table `namazeg_violation_proceeds`
--

INSERT INTO `namazeg_violation_proceeds` (`id`, `v_student_punishment_id`, `namazeg_version_id`, `decision_number`, `about`, `date`, `created_at`, `updated_at`, `deleted_at`) VALUES (1,45,12054,1,'test','12/11/2024','2024-11-12 13:31:42','2024-11-12 13:31:42',NULL),(2,46,12056,5,'test namozag','12/11/2024','2024-11-12 14:47:04','2024-11-12 14:47:04',NULL),(3,53,12061,1,'test','12/11/2024','2024-11-12 15:39:48','2024-11-12 15:39:48',NULL),(5,80,12097,2,'محضر','13/11/2024','2024-11-13 12:13:27','2024-11-13 12:13:27',NULL),(6,105,12116,1,'test','13/11/2024','2024-11-13 16:44:04','2024-11-13 16:44:04',NULL),(7,108,12426,1,'test','13/11/2024','2024-11-13 18:31:42','2024-11-13 18:31:42',NULL),(8,109,12428,25,'test edit update','13/11/2024','2024-11-13 18:38:06','2024-11-13 18:52:10',NULL),(10,111,12432,15,'test updated','13/11/2024','2024-11-13 19:11:34','2024-11-13 19:31:13',NULL),(11,112,12434,1,'test','13/11/2024','2024-11-13 19:42:20','2024-11-13 19:42:20',NULL),(12,113,12436,10,'test update','21/11/2024','2024-11-14 08:03:08','2024-11-14 08:10:19',NULL),(13,115,12439,1,'test','14/11/2024','2024-11-14 08:17:07','2024-11-14 08:17:07',NULL),(14,116,12441,23,'test update','27/11/2024','2024-11-14 08:32:55','2024-11-14 08:37:35',NULL),(15,117,12443,1,'test','14/11/2024','2024-11-14 08:39:43','2024-11-14 08:39:43',NULL),(16,118,12445,1,'test','14/11/2024','2024-11-14 08:41:42','2024-11-14 08:41:42',NULL),(17,119,12447,2,'test 2','14/11/2024','2024-11-14 08:47:27','2024-11-14 08:47:27',NULL),(18,120,12449,3,'test 3','14/11/2024','2024-11-14 08:51:48','2024-11-14 08:51:48',NULL),(19,121,12451,4,'test 4','14/11/2024','2024-11-14 08:54:14','2024-11-14 08:54:14',NULL),(20,122,12453,1,'test','14/11/2024','2024-11-14 08:57:14','2024-11-14 08:57:14',NULL),(21,123,12455,2,'test','14/11/2024','2024-11-14 08:58:45','2024-11-14 08:58:45',NULL),(22,124,12457,2,'tttt','14/11/2024','2024-11-14 09:01:37','2024-11-14 09:07:14',NULL),(23,125,12459,1,'t','14/11/2024','2024-11-14 09:09:34','2024-11-14 09:09:34',NULL),(24,128,12463,1,'t','14/11/2024','2024-11-14 09:18:12','2024-11-14 09:18:12',NULL),(25,129,12465,1,'t','14/11/2024','2024-11-14 09:21:03','2024-11-14 09:21:03',NULL),(26,130,12467,1,'t','14/11/2024','2024-11-14 09:29:25','2024-11-14 09:29:25',NULL),(27,131,12469,1,'t','14/11/2024','2024-11-14 09:31:48','2024-11-14 09:31:48',NULL),(28,133,12474,1,'test','14/11/2024','2024-11-14 09:48:59','2024-11-14 09:48:59',NULL),(29,134,12476,1,'test','14/11/2024','2024-11-14 09:59:43','2024-11-14 09:59:43',NULL),(30,135,12478,2,'test','14/11/2024','2024-11-14 10:05:33','2024-11-14 10:11:21',NULL),(31,146,12486,1,'test','14/11/2024','2024-11-14 11:35:16','2024-11-14 11:35:16',NULL),(33,155,12519,1,'tesr','03/12/2024','2024-11-14 19:39:46','2024-11-14 19:50:17',NULL),(34,156,12521,7,'tt','14/11/2024','2024-11-14 19:54:25','2024-11-14 19:59:09',NULL),(35,157,12523,9,'test','27/11/2024','2024-11-14 20:03:48','2024-11-14 20:04:57',NULL),(36,158,12525,40,'tفtt','14/11/2024','2024-11-14 20:08:16','2024-11-14 20:24:49',NULL),(37,159,12527,20,'test 2','14/11/2024','2024-11-14 20:31:30','2024-11-14 20:34:48',NULL),(38,160,12529,5,'h','14/11/2024','2024-11-14 20:35:34','2024-11-14 20:35:34',NULL),(39,162,12551,1,'test','15/11/2024','2024-11-15 19:34:12','2024-11-15 19:34:12',NULL),(40,163,12553,2,'test update','15/11/2024','2024-11-15 19:51:59','2024-11-15 19:52:43',NULL),(41,2,12576,1,'test','16/11/2024','2024-11-16 18:35:41','2024-11-16 18:35:41',NULL),(42,51,12671,2,'test','18/11/2024','2024-11-18 08:07:35','2024-11-18 08:07:49',NULL),(43,72,12716,10,'test 10','19/12/2024','2024-11-18 14:04:03','2024-11-18 14:04:22',NULL),(44,80,12725,1,'محضر للطالب','18/11/2024','2024-11-18 14:40:02','2024-11-18 14:40:02',NULL),(45,82,12728,2,'test new code','18/11/2024','2024-11-18 14:51:23','2024-11-18 15:38:26',NULL),(46,85,12740,1,'test','18/11/2024','2024-11-18 20:06:07','2024-11-18 20:06:07',NULL),(47,89,12745,1,'test','19/11/2024','2024-11-19 08:12:06','2024-11-19 08:12:06',NULL),(48,95,12751,1,'تست','19/11/2024','2024-11-19 09:40:20','2024-11-19 09:40:20',NULL);

--
-- Table structure for table `notification_receptors`
--

CREATE TABLE `notification_receptors` (
  `id` bigint unsigned NOT NULL AUTO_INCREMENT,
  `note_enum_id` int DEFAULT NULL,
  `user_type` enum('student','employee') COLLATE utf8mb4_unicode_ci NOT NULL,
  `user_id` int DEFAULT NULL,
  `seen` tinyint(1) NOT NULL DEFAULT '0',
  `notification_id` bigint unsigned NOT NULL,
  `open` tinyint(1) NOT NULL DEFAULT '0',
  `school_id` bigint unsigned NOT NULL,
  `created_at` timestamp NULL DEFAULT NULL,
  `updated_at` timestamp NULL DEFAULT NULL,
  PRIMARY KEY (`id`),
  KEY `notification_receptors_notification_id_foreign` (`notification_id`),
  CONSTRAINT `notification_receptors_notification_id_foreign` FOREIGN KEY (`notification_id`) REFERENCES `notifications` (`id`) ON DELETE CASCADE
) ENGINE=InnoDB AUTO_INCREMENT=70 DEFAULT CHARSET=utf8mb4 COLLATE=utf8mb4_unicode_ci;

--
-- Dumping data for table `notification_receptors`
--

INSERT INTO `notification_receptors` (`id`, `note_enum_id`, `user_type`, `user_id`, `seen`, `notification_id`, `open`, `school_id`, `created_at`, `updated_at`) VALUES (1,18,'employee',235,0,1,0,81,'2024-11-26 14:37:15','2024-11-26 14:37:15'),(2,18,'employee',229,0,1,0,81,'2024-11-26 14:37:15','2024-11-26 14:37:15'),(3,3,'employee',269,0,2,0,98,'2024-11-26 20:53:58','2024-11-28 16:59:02'),(4,2,'employee',269,0,3,0,98,'2024-11-26 23:06:33','2024-11-28 16:59:02'),(5,2,'employee',229,0,3,0,81,'2024-11-27 10:16:50','2024-11-29 22:19:59'),(6,18,'employee',235,0,4,0,81,'2024-11-27 10:17:55','2024-11-27 10:17:55'),(7,18,'employee',229,0,4,0,81,'2024-11-27 10:17:55','2024-11-27 10:17:55'),(8,1,'employee',679,0,5,0,196,'2024-11-27 10:22:08','2024-11-27 10:22:08'),(9,2,'employee',679,0,3,0,196,'2024-11-27 10:22:08','2024-11-27 10:22:08'),(10,5,'employee',679,0,6,0,196,'2024-11-27 10:22:08','2024-11-27 10:22:08'),(11,6,'employee',679,0,7,0,196,'2024-11-27 10:22:08','2024-11-27 10:22:08'),(12,1,'employee',845,1,5,0,203,'2024-11-27 10:55:35','2024-11-28 11:19:55'),(13,2,'employee',845,0,3,0,203,'2024-11-27 10:55:35','2024-11-27 10:55:35'),(14,3,'employee',845,0,2,0,203,'2024-11-27 10:55:35','2024-11-27 10:55:35'),(15,5,'employee',845,1,6,0,203,'2024-11-27 10:55:35','2024-11-28 17:37:06'),(16,6,'employee',845,1,7,0,203,'2024-11-27 10:55:35','2024-11-28 11:19:55'),(17,1,'employee',355,1,5,0,121,'2024-11-27 15:27:58','2024-11-27 15:28:00'),(18,2,'employee',355,0,3,0,121,'2024-11-27 15:27:58','2024-11-27 15:27:58'),(19,6,'employee',355,1,7,0,121,'2024-11-27 15:27:58','2024-11-27 15:28:00'),(20,6,'employee',269,1,8,0,98,'2024-11-27 17:45:17','2024-11-28 16:59:02'),(21,24,'employee',970,0,9,0,210,'2024-11-28 09:44:00','2024-11-28 09:44:00'),(22,1,'employee',970,0,10,0,210,'2024-11-28 10:01:40','2024-11-28 15:17:58'),(23,2,'employee',970,0,3,0,210,'2024-11-28 10:01:40','2024-11-28 10:01:40'),(24,5,'employee',970,0,6,0,210,'2024-11-28 10:01:40','2024-11-28 15:17:58'),(25,6,'employee',970,0,8,0,210,'2024-11-28 10:01:40','2024-11-28 15:17:58'),(26,1,'employee',845,1,10,0,203,'2024-11-28 11:19:50','2024-11-28 17:37:06'),(27,6,'employee',845,1,8,0,203,'2024-11-28 11:19:50','2024-11-28 17:37:06'),(28,1,'employee',355,1,10,0,121,'2024-11-28 11:41:15','2024-11-28 12:57:27'),(29,6,'employee',355,1,8,0,121,'2024-11-28 11:41:15','2024-11-28 12:57:27'),(30,1,'employee',269,1,10,0,98,'2024-11-28 13:03:37','2024-11-28 13:30:04'),(31,7,'employee',269,1,11,0,98,'2024-11-28 13:03:37','2024-11-28 13:30:04'),(32,2,'employee',29,0,3,0,39,'2024-11-28 13:39:55','2024-11-28 13:39:55'),(33,5,'employee',29,0,6,0,39,'2024-11-28 13:39:55','2024-11-28 16:53:35'),(34,3,'employee',29,0,2,0,39,'2024-11-28 14:04:20','2024-11-28 16:53:35'),(35,3,'employee',229,0,2,0,81,'2024-11-28 14:15:04','2024-11-29 22:19:59'),(36,2,'employee',1071,0,3,0,214,'2024-11-28 14:42:34','2024-11-28 16:08:25'),(37,3,'employee',1071,1,2,0,214,'2024-11-28 14:42:34','2024-11-28 16:08:36'),(38,5,'employee',1071,0,6,0,214,'2024-11-28 14:42:34','2024-11-28 16:08:28'),(39,24,'employee',1071,0,9,1,214,'2024-11-28 15:17:24','2024-11-28 15:40:38'),(40,1,'employee',1071,0,10,0,214,'2024-11-28 15:17:33','2024-11-28 16:08:28'),(41,6,'employee',1071,0,8,0,214,'2024-11-28 15:17:33','2024-11-28 16:08:28'),(42,24,'employee',1072,0,9,1,215,'2024-11-28 15:21:36','2024-11-28 17:29:00'),(43,1,'employee',1072,1,10,0,215,'2024-11-28 15:50:15','2024-11-28 16:50:29'),(44,2,'employee',1072,0,3,0,215,'2024-11-28 15:50:15','2024-11-28 17:29:04'),(45,3,'employee',1072,1,2,0,215,'2024-11-28 15:50:15','2024-11-28 17:39:54'),(46,5,'employee',1072,0,6,0,215,'2024-11-28 15:50:15','2024-11-28 17:39:54'),(47,6,'employee',1072,0,8,0,215,'2024-11-28 15:50:15','2024-11-28 17:39:54'),(48,24,'employee',1235,0,9,0,217,'2024-11-28 16:36:56','2024-11-28 16:36:56'),(49,23,'employee',229,0,12,0,81,'2024-11-28 16:46:30','2024-11-29 22:19:59'),(50,24,'employee',1235,0,9,0,218,'2024-11-28 16:50:07','2024-11-28 16:50:07'),(51,2,'employee',29,0,3,0,215,'2024-11-28 16:53:01','2024-11-28 16:53:01'),(52,3,'employee',29,0,2,0,215,'2024-11-28 16:53:01','2024-11-28 17:02:31'),(53,5,'employee',29,1,6,0,215,'2024-11-28 16:53:01','2024-11-28 17:06:26'),(54,6,'employee',29,1,8,0,215,'2024-11-28 16:53:01','2024-11-28 17:06:26'),(55,2,'employee',29,0,3,0,216,'2024-11-28 16:53:10','2024-11-28 16:53:10'),(56,3,'employee',29,0,2,0,216,'2024-11-28 16:53:10','2024-11-28 17:02:54'),(57,5,'employee',29,1,6,0,216,'2024-11-28 16:53:10','2024-11-28 17:06:15'),(58,6,'employee',29,1,8,0,216,'2024-11-28 16:53:10','2024-11-28 17:06:15'),(59,2,'employee',1072,0,3,0,216,'2024-11-28 17:03:21','2024-11-28 17:03:21'),(60,3,'employee',1072,0,2,0,216,'2024-11-28 17:03:21','2024-11-28 17:40:01'),(61,5,'employee',1072,1,6,0,216,'2024-11-28 17:03:21','2024-11-28 17:40:01'),(62,6,'employee',1072,1,8,0,216,'2024-11-28 17:03:21','2024-11-28 17:40:01'),(63,1,'employee',29,1,10,0,216,'2024-11-28 17:05:57','2024-11-28 17:06:15'),(64,1,'employee',1072,1,10,0,216,'2024-11-28 17:06:59','2024-11-28 17:40:01'),(65,1,'employee',1072,1,10,0,216,'2024-11-28 17:06:59','2024-11-28 17:06:59'),(66,2,'employee',1072,0,3,0,1,'2024-11-28 17:07:33','2024-11-28 17:07:33'),(67,3,'employee',1072,0,2,0,1,'2024-11-28 17:07:33','2024-11-28 17:07:34'),(68,18,'employee',235,0,13,0,81,'2024-11-28 18:18:42','2024-11-28 18:18:42'),(69,18,'employee',229,0,13,0,81,'2024-11-28 18:18:42','2024-11-28 18:18:42');

--
-- Table structure for table `notification_school_settings`
--

CREATE TABLE `notification_school_settings` (
  `id` bigint unsigned NOT NULL AUTO_INCREMENT,
  `school_id` bigint unsigned NOT NULL,
  `notification_setting_id` bigint unsigned NOT NULL,
  `website` tinyint(1) NOT NULL DEFAULT '1',
  `website_disability` tinyint(1) NOT NULL DEFAULT '0',
  `app` tinyint(1) NOT NULL DEFAULT '1',
  `app_disability` tinyint(1) NOT NULL DEFAULT '0',
  `messages` tinyint(1) NOT NULL DEFAULT '1',
  `messages_disability` tinyint(1) NOT NULL DEFAULT '0',
  `created_at` timestamp NULL DEFAULT NULL,
  `updated_at` timestamp NULL DEFAULT NULL,
  PRIMARY KEY (`id`),
  KEY `notification_school_settings_school_id_foreign` (`school_id`),
  KEY `notification_school_settings_notification_setting_id_foreign` (`notification_setting_id`),
  CONSTRAINT `notification_school_settings_notification_setting_id_foreign` FOREIGN KEY (`notification_setting_id`) REFERENCES `notification_settings` (`id`) ON DELETE CASCADE,
  CONSTRAINT `notification_school_settings_school_id_foreign` FOREIGN KEY (`school_id`) REFERENCES `schools` (`id`) ON DELETE CASCADE
) ENGINE=InnoDB AUTO_INCREMENT=2619 DEFAULT CHARSET=utf8mb4 COLLATE=utf8mb4_unicode_ci;

--
-- Dumping data for table `notification_school_settings`
--

INSERT INTO `notification_school_settings` (`id`, `school_id`, `notification_setting_id`, `website`, `website_disability`, `app`, `app_disability`, `messages`, `messages_disability`, `created_at`, `updated_at`) VALUES (1,98,1,0,0,0,0,0,0,'2024-11-10 10:22:49','2024-11-10 17:07:04'),(2,98,2,1,1,1,0,1,1,'2024-11-10 10:22:49','2024-11-10 12:38:48'),(3,98,3,1,0,1,0,1,0,'2024-11-10 10:22:49','2024-11-10 10:22:49'),(4,98,4,1,1,1,1,1,0,'2024-11-10 10:22:49','2024-11-10 10:22:49'),(5,98,5,1,1,1,1,1,0,'2024-11-10 10:22:49','2024-11-10 10:22:49'),(6,98,6,1,1,1,1,1,0,'2024-11-10 10:22:49','2024-11-10 10:22:49'),(7,98,7,1,1,1,1,1,0,'2024-11-10 10:22:49','2024-11-10 10:22:49'),(8,98,8,1,0,0,1,1,0,'2024-11-10 10:22:49','2024-11-10 17:06:53'),(9,98,9,1,0,1,0,1,0,'2024-11-10 10:22:49','2024-11-10 10:22:49'),(10,98,10,1,1,1,1,1,1,'2024-11-10 10:22:49','2024-11-10 10:22:49'),(11,98,11,1,1,1,1,1,1,'2024-11-10 10:22:49','2024-11-10 10:22:49'),(12,98,12,1,0,1,0,1,0,'2024-11-10 10:22:49','2024-11-10 10:22:49'),(13,98,13,1,0,1,0,1,0,'2024-11-10 10:22:49','2024-11-10 10:22:49'),(14,98,14,1,1,1,1,1,0,'2024-11-10 10:22:49','2024-11-10 10:22:49'),(15,98,15,1,1,1,1,1,0,'2024-11-10 10:22:49','2024-11-10 10:22:49'),(16,98,16,1,1,1,1,1,0,'2024-11-10 10:22:49','2024-11-10 10:22:49'),(17,98,17,1,1,1,1,1,0,'2024-11-10 10:22:49','2024-11-10 10:22:49'),(18,98,18,1,1,1,1,1,0,'2024-11-10 10:22:49','2024-11-10 10:22:49'),(19,98,19,1,1,1,1,1,0,'2024-11-10 10:22:49','2024-11-10 10:22:49'),(20,98,20,1,1,1,1,1,0,'2024-11-10 10:22:49','2024-11-10 10:22:49'),(21,98,21,1,1,1,1,1,0,'2024-11-10 10:22:49','2024-11-10 10:22:49'),(22,98,22,1,1,1,0,1,0,'2024-11-10 10:22:49','2024-11-10 10:22:49'),(23,191,1,1,0,1,0,1,0,'2024-11-17 09:27:04','2024-11-17 09:27:04'),(24,191,2,1,1,1,0,1,1,'2024-11-17 09:27:04','2024-11-17 09:27:04'),(25,191,3,1,0,1,0,1,0,'2024-11-17 09:27:04','2024-11-17 09:27:04'),(26,191,4,1,1,1,1,1,0,'2024-11-17 09:27:04','2024-11-17 09:27:04'),(27,191,5,1,1,1,1,1,0,'2024-11-17 09:27:04','2024-11-17 09:27:04'),(28,191,6,1,1,1,1,1,0,'2024-11-17 09:27:04','2024-11-17 09:27:04'),(29,191,7,1,1,1,1,1,0,'2024-11-17 09:27:04','2024-11-17 09:27:04'),(30,191,8,1,0,1,1,1,0,'2024-11-17 09:27:04','2024-11-17 09:27:04'),(31,191,9,1,0,1,0,1,0,'2024-11-17 09:27:04','2024-11-17 09:27:04'),(32,191,10,1,1,1,1,1,1,'2024-11-17 09:27:04','2024-11-17 09:27:04'),(33,191,11,1,1,1,1,1,1,'2024-11-17 09:27:04','2024-11-17 09:27:04'),(34,191,12,1,0,1,0,1,0,'2024-11-17 09:27:04','2024-11-17 09:27:04'),(35,191,13,1,0,1,0,1,0,'2024-11-17 09:27:04','2024-11-17 09:27:04'),(36,191,14,1,1,1,1,1,0,'2024-11-17 09:27:04','2024-11-17 09:27:04'),(37,191,15,1,1,1,1,1,0,'2024-11-17 09:27:04','2024-11-17 09:27:04'),(38,191,16,1,1,1,1,1,0,'2024-11-17 09:27:04','2024-11-17 09:27:04'),(39,191,17,1,1,1,1,1,0,'2024-11-17 09:27:04','2024-11-17 09:27:04'),(40,191,18,1,1,1,1,1,0,'2024-11-17 09:27:04','2024-11-17 09:27:04'),(41,191,19,1,1,1,1,1,0,'2024-11-17 09:27:04','2024-11-17 09:27:04'),(42,191,20,1,1,1,1,1,0,'2024-11-17 09:27:04','2024-11-17 09:27:04'),(43,191,21,1,1,1,1,1,0,'2024-11-17 09:27:04','2024-11-17 09:27:04'),(44,191,22,1,1,1,0,1,0,'2024-11-17 09:27:04','2024-11-17 09:27:04'),(45,1,1,1,0,1,0,1,0,'2024-11-17 21:54:00','2024-11-17 21:54:00'),(46,1,2,1,1,1,0,1,1,'2024-11-17 21:54:00','2024-11-17 21:54:00'),(47,1,3,1,0,1,0,1,0,'2024-11-17 21:54:00','2024-11-17 21:54:00'),(48,1,4,1,1,1,1,1,0,'2024-11-17 21:54:00','2024-11-17 21:54:00'),(49,1,5,1,1,1,1,1,0,'2024-11-17 21:54:00','2024-11-17 21:54:00'),(50,1,6,1,1,1,1,1,0,'2024-11-17 21:54:00','2024-11-17 21:54:00'),(51,1,7,1,1,1,1,1,0,'2024-11-17 21:54:00','2024-11-17 21:54:00'),(52,1,8,1,0,1,1,1,0,'2024-11-17 21:54:00','2024-11-17 21:54:00'),(53,1,9,1,0,1,0,1,0,'2024-11-17 21:54:00','2024-11-17 21:54:00'),(54,1,10,1,1,1,1,1,1,'2024-11-17 21:54:01','2024-11-17 21:54:01'),(55,1,11,1,1,1,1,1,1,'2024-11-17 21:54:01','2024-11-17 21:54:01'),(56,1,12,1,0,1,0,1,0,'2024-11-17 21:54:01','2024-11-17 21:54:01'),(57,1,13,1,0,1,0,1,0,'2024-11-17 21:54:01','2024-11-17 21:54:01'),(58,1,14,1,1,1,1,1,0,'2024-11-17 21:54:01','2024-11-17 21:54:01'),(59,1,15,1,1,1,1,1,0,'2024-11-17 21:54:01','2024-11-17 21:54:01'),(60,1,16,1,1,1,1,1,0,'2024-11-17 21:54:01','2024-11-17 21:54:01'),(61,1,17,1,1,1,1,1,0,'2024-11-17 21:54:01','2024-11-17 21:54:01'),(62,1,18,1,1,1,1,1,0,'2024-11-17 21:54:01','2024-11-17 21:54:01'),(63,1,19,1,1,1,1,1,0,'2024-11-17 21:54:01','2024-11-17 21:54:01'),(64,1,20,1,1,1,1,1,0,'2024-11-17 21:54:01','2024-11-17 21:54:01'),(65,1,21,1,1,1,1,1,0,'2024-11-17 21:54:01','2024-11-17 21:54:01'),(66,1,22,1,1,1,0,1,0,'2024-11-17 21:54:01','2024-11-17 21:54:01'),(67,6,1,1,0,1,0,1,0,'2024-11-17 21:54:02','2024-11-17 21:54:02'),(68,6,2,1,1,1,0,1,1,'2024-11-17 21:54:02','2024-11-17 21:54:02'),(69,6,3,1,0,1,0,1,0,'2024-11-17 21:54:02','2024-11-17 21:54:02'),(70,6,4,1,1,1,1,1,0,'2024-11-17 21:54:02','2024-11-17 21:54:02'),(71,6,5,1,1,1,1,1,0,'2024-11-17 21:54:02','2024-11-17 21:54:02'),(72,6,6,1,1,1,1,1,0,'2024-11-17 21:54:02','2024-11-17 21:54:02'),(73,6,7,1,1,1,1,1,0,'2024-11-17 21:54:02','2024-11-17 21:54:02'),(74,6,8,1,0,1,1,1,0,'2024-11-17 21:54:02','2024-11-17 21:54:02'),(75,6,9,1,0,1,0,1,0,'2024-11-17 21:54:02','2024-11-17 21:54:02'),(76,6,10,1,1,1,1,1,1,'2024-11-17 21:54:02','2024-11-17 21:54:02'),(77,6,11,1,1,1,1,1,1,'2024-11-17 21:54:02','2024-11-17 21:54:02'),(78,6,12,1,0,1,0,1,0,'2024-11-17 21:54:02','2024-11-17 21:54:02'),(79,6,13,1,0,1,0,1,0,'2024-11-17 21:54:02','2024-11-17 21:54:02'),(80,6,14,1,1,1,1,1,0,'2024-11-17 21:54:02','2024-11-17 21:54:02'),(81,6,15,1,1,1,1,1,0,'2024-11-17 21:54:02','2024-11-17 21:54:02'),(82,6,16,1,1,1,1,1,0,'2024-11-17 21:54:02','2024-11-17 21:54:02'),(83,6,17,1,1,1,1,1,0,'2024-11-17 21:54:02','2024-11-17 21:54:02'),(84,6,18,1,1,1,1,1,0,'2024-11-17 21:54:02','2024-11-17 21:54:02'),(85,6,19,1,1,1,1,1,0,'2024-11-17 21:54:02','2024-11-17 21:54:02'),(86,6,20,1,1,1,1,1,0,'2024-11-17 21:54:02','2024-11-17 21:54:02'),(87,6,21,1,1,1,1,1,0,'2024-11-17 21:54:02','2024-11-17 21:54:02'),(88,6,22,1,1,1,0,1,0,'2024-11-17 21:54:02','2024-11-17 21:54:02'),(89,7,1,1,0,1,0,1,0,'2024-11-17 21:54:03','2024-11-17 21:54:03'),(90,7,2,1,1,1,0,1,1,'2024-11-17 21:54:03','2024-11-17 21:54:03'),(91,7,3,1,0,1,0,1,0,'2024-11-17 21:54:03','2024-11-17 21:54:03'),(92,7,4,1,1,1,1,1,0,'2024-11-17 21:54:03','2024-11-17 21:54:03'),(93,7,5,1,1,1,1,1,0,'2024-11-17 21:54:03','2024-11-17 21:54:03'),(94,7,6,1,1,1,1,1,0,'2024-11-17 21:54:03','2024-11-17 21:54:03'),(95,7,7,1,1,1,1,1,0,'2024-11-17 21:54:03','2024-11-17 21:54:03'),(96,7,8,1,0,1,1,1,0,'2024-11-17 21:54:03','2024-11-17 21:54:03'),(97,7,9,1,0,1,0,1,0,'2024-11-17 21:54:03','2024-11-17 21:54:03'),(98,7,10,1,1,1,1,1,1,'2024-11-17 21:54:03','2024-11-17 21:54:03'),(99,7,11,1,1,1,1,1,1,'2024-11-17 21:54:03','2024-11-17 21:54:03'),(100,7,12,1,0,1,0,1,0,'2024-11-17 21:54:03','2024-11-17 21:54:03'),(101,7,13,1,0,1,0,1,0,'2024-11-17 21:54:03','2024-11-17 21:54:03'),(102,7,14,1,1,1,1,1,0,'2024-11-17 21:54:03','2024-11-17 21:54:03'),(103,7,15,1,1,1,1,1,0,'2024-11-17 21:54:03','2024-11-17 21:54:03'),(104,7,16,1,1,1,1,1,0,'2024-11-17 21:54:03','2024-11-17 21:54:03'),(105,7,17,1,1,1,1,1,0,'2024-11-17 21:54:03','2024-11-17 21:54:03'),(106,7,18,1,1,1,1,1,0,'2024-11-17 21:54:03','2024-11-17 21:54:03'),(107,7,19,1,1,1,1,1,0,'2024-11-17 21:54:03','2024-11-17 21:54:03'),(108,7,20,1,1,1,1,1,0,'2024-11-17 21:54:03','2024-11-17 21:54:03'),(109,7,21,1,1,1,1,1,0,'2024-11-17 21:54:03','2024-11-17 21:54:03'),(110,7,22,1,1,1,0,1,0,'2024-11-17 21:54:03','2024-11-17 21:54:03'),(111,8,1,1,0,1,0,1,0,'2024-11-17 21:54:04','2024-11-17 21:54:04'),(112,8,2,1,1,1,0,1,1,'2024-11-17 21:54:04','2024-11-17 21:54:04'),(113,8,3,1,0,1,0,1,0,'2024-11-17 21:54:04','2024-11-17 21:54:04'),(114,8,4,1,1,1,1,1,0,'2024-11-17 21:54:04','2024-11-17 21:54:04'),(115,8,5,1,1,1,1,1,0,'2024-11-17 21:54:04','2024-11-17 21:54:04'),(116,8,6,1,1,1,1,1,0,'2024-11-17 21:54:04','2024-11-17 21:54:04'),(117,8,7,1,1,1,1,1,0,'2024-11-17 21:54:04','2024-11-17 21:54:04'),(118,8,8,1,0,1,1,1,0,'2024-11-17 21:54:04','2024-11-17 21:54:04'),(119,8,9,1,0,1,0,1,0,'2024-11-17 21:54:04','2024-11-17 21:54:04'),(120,8,10,1,1,1,1,1,1,'2024-11-17 21:54:04','2024-11-17 21:54:04'),(121,8,11,1,1,1,1,1,1,'2024-11-17 21:54:04','2024-11-17 21:54:04'),(122,8,12,1,0,1,0,1,0,'2024-11-17 21:54:04','2024-11-17 21:54:04'),(123,8,13,1,0,1,0,1,0,'2024-11-17 21:54:04','2024-11-17 21:54:04'),(124,8,14,1,1,1,1,1,0,'2024-11-17 21:54:04','2024-11-17 21:54:04'),(125,8,15,1,1,1,1,1,0,'2024-11-17 21:54:04','2024-11-17 21:54:04'),(126,8,16,1,1,1,1,1,0,'2024-11-17 21:54:04','2024-11-17 21:54:04'),(127,8,17,1,1,1,1,1,0,'2024-11-17 21:54:04','2024-11-17 21:54:04'),(128,8,18,1,1,1,1,1,0,'2024-11-17 21:54:04','2024-11-17 21:54:04'),(129,8,19,1,1,1,1,1,0,'2024-11-17 21:54:04','2024-11-17 21:54:04'),(130,8,20,1,1,1,1,1,0,'2024-11-17 21:54:04','2024-11-17 21:54:04'),(131,8,21,1,1,1,1,1,0,'2024-11-17 21:54:04','2024-11-17 21:54:04'),(132,8,22,1,1,1,0,1,0,'2024-11-17 21:54:04','2024-11-17 21:54:04'),(133,9,1,1,0,1,0,1,0,'2024-11-17 21:54:06','2024-11-17 21:54:06'),(134,9,2,1,1,1,0,1,1,'2024-11-17 21:54:06','2024-11-17 21:54:06'),(135,9,3,1,0,1,0,1,0,'2024-11-17 21:54:06','2024-11-17 21:54:06'),(136,9,4,1,1,1,1,1,0,'2024-11-17 21:54:06','2024-11-17 21:54:06'),(137,9,5,1,1,1,1,1,0,'2024-11-17 21:54:06','2024-11-17 21:54:06'),(138,9,6,1,1,1,1,1,0,'2024-11-17 21:54:06','2024-11-17 21:54:06'),(139,9,7,1,1,1,1,1,0,'2024-11-17 21:54:06','2024-11-17 21:54:06'),(140,9,8,1,0,1,1,1,0,'2024-11-17 21:54:06','2024-11-17 21:54:06'),(141,9,9,1,0,1,0,1,0,'2024-11-17 21:54:06','2024-11-17 21:54:06'),(142,9,10,1,1,1,1,1,1,'2024-11-17 21:54:06','2024-11-17 21:54:06'),(143,9,11,1,1,1,1,1,1,'2024-11-17 21:54:06','2024-11-17 21:54:06'),(144,9,12,1,0,1,0,1,0,'2024-11-17 21:54:06','2024-11-17 21:54:06'),(145,9,13,1,0,1,0,1,0,'2024-11-17 21:54:06','2024-11-17 21:54:06'),(146,9,14,1,1,1,1,1,0,'2024-11-17 21:54:06','2024-11-17 21:54:06'),(147,9,15,1,1,1,1,1,0,'2024-11-17 21:54:06','2024-11-17 21:54:06'),(148,9,16,1,1,1,1,1,0,'2024-11-17 21:54:06','2024-11-17 21:54:06'),(149,9,17,1,1,1,1,1,0,'2024-11-17 21:54:06','2024-11-17 21:54:06'),(150,9,18,1,1,1,1,1,0,'2024-11-17 21:54:06','2024-11-17 21:54:06'),(151,9,19,1,1,1,1,1,0,'2024-11-17 21:54:06','2024-11-17 21:54:06'),(152,9,20,1,1,1,1,1,0,'2024-11-17 21:54:06','2024-11-17 21:54:06'),(153,9,21,1,1,1,1,1,0,'2024-11-17 21:54:06','2024-11-17 21:54:06'),(154,9,22,1,1,1,0,1,0,'2024-11-17 21:54:06','2024-11-17 21:54:06'),(155,10,1,1,0,1,0,1,0,'2024-11-17 21:54:07','2024-11-17 21:54:07'),(156,10,2,1,1,1,0,1,1,'2024-11-17 21:54:07','2024-11-17 21:54:07'),(157,10,3,1,0,1,0,1,0,'2024-11-17 21:54:07','2024-11-17 21:54:07'),(158,10,4,1,1,1,1,1,0,'2024-11-17 21:54:07','2024-11-17 21:54:07'),(159,10,5,1,1,1,1,1,0,'2024-11-17 21:54:07','2024-11-17 21:54:07'),(160,10,6,1,1,1,1,1,0,'2024-11-17 21:54:07','2024-11-17 21:54:07'),(161,10,7,1,1,1,1,1,0,'2024-11-17 21:54:07','2024-11-17 21:54:07'),(162,10,8,1,0,1,1,1,0,'2024-11-17 21:54:07','2024-11-17 21:54:07'),(163,10,9,1,0,1,0,1,0,'2024-11-17 21:54:07','2024-11-17 21:54:07'),(164,10,10,1,1,1,1,1,1,'2024-11-17 21:54:07','2024-11-17 21:54:07'),(165,10,11,1,1,1,1,1,1,'2024-11-17 21:54:07','2024-11-17 21:54:07'),(166,10,12,1,0,1,0,1,0,'2024-11-17 21:54:07','2024-11-17 21:54:07'),(167,10,13,1,0,1,0,1,0,'2024-11-17 21:54:07','2024-11-17 21:54:07'),(168,10,14,1,1,1,1,1,0,'2024-11-17 21:54:07','2024-11-17 21:54:07'),(169,10,15,1,1,1,1,1,0,'2024-11-17 21:54:07','2024-11-17 21:54:07'),(170,10,16,1,1,1,1,1,0,'2024-11-17 21:54:07','2024-11-17 21:54:07'),(171,10,17,1,1,1,1,1,0,'2024-11-17 21:54:07','2024-11-17 21:54:07'),(172,10,18,1,1,1,1,1,0,'2024-11-17 21:54:07','2024-11-17 21:54:07'),(173,10,19,1,1,1,1,1,0,'2024-11-17 21:54:07','2024-11-17 21:54:07'),(174,10,20,1,1,1,1,1,0,'2024-11-17 21:54:07','2024-11-17 21:54:07'),(175,10,21,1,1,1,1,1,0,'2024-11-17 21:54:07','2024-11-17 21:54:07'),(176,10,22,1,1,1,0,1,0,'2024-11-17 21:54:07','2024-11-17 21:54:07'),(177,11,1,1,0,1,0,1,0,'2024-11-17 21:54:08','2024-11-17 21:54:08'),(178,11,2,1,1,1,0,1,1,'2024-11-17 21:54:08','2024-11-17 21:54:08'),(179,11,3,1,0,1,0,1,0,'2024-11-17 21:54:08','2024-11-17 21:54:08'),(180,11,4,1,1,1,1,1,0,'2024-11-17 21:54:08','2024-11-17 21:54:08'),(181,11,5,1,1,1,1,1,0,'2024-11-17 21:54:08','2024-11-17 21:54:08'),(182,11,6,1,1,1,1,1,0,'2024-11-17 21:54:08','2024-11-17 21:54:08'),(183,11,7,1,1,1,1,1,0,'2024-11-17 21:54:08','2024-11-17 21:54:08'),(184,11,8,1,0,1,1,1,0,'2024-11-17 21:54:08','2024-11-17 21:54:08'),(185,11,9,1,0,1,0,1,0,'2024-11-17 21:54:08','2024-11-17 21:54:08'),(186,11,10,1,1,1,1,1,1,'2024-11-17 21:54:08','2024-11-17 21:54:08'),(187,11,11,1,1,1,1,1,1,'2024-11-17 21:54:08','2024-11-17 21:54:08'),(188,11,12,1,0,1,0,1,0,'2024-11-17 21:54:08','2024-11-17 21:54:08'),(189,11,13,1,0,1,0,1,0,'2024-11-17 21:54:08','2024-11-17 21:54:08'),(190,11,14,1,1,1,1,1,0,'2024-11-17 21:54:08','2024-11-17 21:54:08'),(191,11,15,1,1,1,1,1,0,'2024-11-17 21:54:08','2024-11-17 21:54:08'),(192,11,16,1,1,1,1,1,0,'2024-11-17 21:54:08','2024-11-17 21:54:08'),(193,11,17,1,1,1,1,1,0,'2024-11-17 21:54:08','2024-11-17 21:54:08'),(194,11,18,1,1,1,1,1,0,'2024-11-17 21:54:08','2024-11-17 21:54:08'),(195,11,19,1,1,1,1,1,0,'2024-11-17 21:54:08','2024-11-17 21:54:08'),(196,11,20,1,1,1,1,1,0,'2024-11-17 21:54:08','2024-11-17 21:54:08'),(197,11,21,1,1,1,1,1,0,'2024-11-17 21:54:08','2024-11-17 21:54:08'),(198,11,22,1,1,1,0,1,0,'2024-11-17 21:54:08','2024-11-17 21:54:08'),(199,12,1,1,0,1,0,1,0,'2024-11-17 21:54:10','2024-11-17 21:54:10'),(200,12,2,1,1,1,0,1,1,'2024-11-17 21:54:10','2024-11-17 21:54:10'),(201,12,3,1,0,1,0,1,0,'2024-11-17 21:54:10','2024-11-17 21:54:10'),(202,12,4,1,1,1,1,1,0,'2024-11-17 21:54:10','2024-11-17 21:54:10'),(203,12,5,1,1,1,1,1,0,'2024-11-17 21:54:10','2024-11-17 21:54:10'),(204,12,6,1,1,1,1,1,0,'2024-11-17 21:54:10','2024-11-17 21:54:10'),(205,12,7,1,1,1,1,1,0,'2024-11-17 21:54:10','2024-11-17 21:54:10'),(206,12,8,1,0,1,1,1,0,'2024-11-17 21:54:10','2024-11-17 21:54:10'),(207,12,9,1,0,1,0,1,0,'2024-11-17 21:54:10','2024-11-17 21:54:10'),(208,12,10,1,1,1,1,1,1,'2024-11-17 21:54:10','2024-11-17 21:54:10'),(209,12,11,1,1,1,1,1,1,'2024-11-17 21:54:10','2024-11-17 21:54:10'),(210,12,12,1,0,1,0,1,0,'2024-11-17 21:54:10','2024-11-17 21:54:10'),(211,12,13,1,0,1,0,1,0,'2024-11-17 21:54:10','2024-11-17 21:54:10'),(212,12,14,1,1,1,1,1,0,'2024-11-17 21:54:10','2024-11-17 21:54:10'),(213,12,15,1,1,1,1,1,0,'2024-11-17 21:54:10','2024-11-17 21:54:10'),(214,12,16,1,1,1,1,1,0,'2024-11-17 21:54:10','2024-11-17 21:54:10'),(215,12,17,1,1,1,1,1,0,'2024-11-17 21:54:10','2024-11-17 21:54:10'),(216,12,18,1,1,1,1,1,0,'2024-11-17 21:54:10','2024-11-17 21:54:10'),(217,12,19,1,1,1,1,1,0,'2024-11-17 21:54:10','2024-11-17 21:54:10'),(218,12,20,1,1,1,1,1,0,'2024-11-17 21:54:10','2024-11-17 21:54:10'),(219,12,21,1,1,1,1,1,0,'2024-11-17 21:54:10','2024-11-17 21:54:10'),(220,12,22,1,1,1,0,1,0,'2024-11-17 21:54:10','2024-11-17 21:54:10'),(221,13,1,1,0,1,0,1,0,'2024-11-17 21:54:11','2024-11-17 21:54:11'),(222,13,2,1,1,1,0,1,1,'2024-11-17 21:54:11','2024-11-17 21:54:11'),(223,13,3,1,0,1,0,1,0,'2024-11-17 21:54:11','2024-11-17 21:54:11'),(224,13,4,1,1,1,1,1,0,'2024-11-17 21:54:11','2024-11-17 21:54:11'),(225,13,5,1,1,1,1,1,0,'2024-11-17 21:54:11','2024-11-17 21:54:11'),(226,13,6,1,1,1,1,1,0,'2024-11-17 21:54:11','2024-11-17 21:54:11'),(227,13,7,1,1,1,1,1,0,'2024-11-17 21:54:11','2024-11-17 21:54:11'),(228,13,8,1,0,1,1,1,0,'2024-11-17 21:54:11','2024-11-17 21:54:11'),(229,13,9,1,0,1,0,1,0,'2024-11-17 21:54:11','2024-11-17 21:54:11'),(230,13,10,1,1,1,1,1,1,'2024-11-17 21:54:11','2024-11-17 21:54:11'),(231,13,11,1,1,1,1,1,1,'2024-11-17 21:54:11','2024-11-17 21:54:11'),(232,13,12,1,0,1,0,1,0,'2024-11-17 21:54:11','2024-11-17 21:54:11'),(233,13,13,1,0,1,0,1,0,'2024-11-17 21:54:11','2024-11-17 21:54:11'),(234,13,14,1,1,1,1,1,0,'2024-11-17 21:54:11','2024-11-17 21:54:11'),(235,13,15,1,1,1,1,1,0,'2024-11-17 21:54:11','2024-11-17 21:54:11'),(236,13,16,1,1,1,1,1,0,'2024-11-17 21:54:11','2024-11-17 21:54:11'),(237,13,17,1,1,1,1,1,0,'2024-11-17 21:54:11','2024-11-17 21:54:11'),(238,13,18,1,1,1,1,1,0,'2024-11-17 21:54:11','2024-11-17 21:54:11'),(239,13,19,1,1,1,1,1,0,'2024-11-17 21:54:11','2024-11-17 21:54:11'),(240,13,20,1,1,1,1,1,0,'2024-11-17 21:54:11','2024-11-17 21:54:11'),(241,13,21,1,1,1,1,1,0,'2024-11-17 21:54:11','2024-11-17 21:54:11'),(242,13,22,1,1,1,0,1,0,'2024-11-17 21:54:11','2024-11-17 21:54:11'),(243,14,1,1,0,1,0,1,0,'2024-11-17 21:54:12','2024-11-17 21:54:12'),(244,14,2,1,1,1,0,1,1,'2024-11-17 21:54:12','2024-11-17 21:54:12'),(245,14,3,1,0,1,0,1,0,'2024-11-17 21:54:12','2024-11-17 21:54:12'),(246,14,4,1,1,1,1,1,0,'2024-11-17 21:54:12','2024-11-17 21:54:12'),(247,14,5,1,1,1,1,1,0,'2024-11-17 21:54:12','2024-11-17 21:54:12'),(248,14,6,1,1,1,1,1,0,'2024-11-17 21:54:12','2024-11-17 21:54:12'),(249,14,7,1,1,1,1,1,0,'2024-11-17 21:54:12','2024-11-17 21:54:12'),(250,14,8,1,0,1,1,1,0,'2024-11-17 21:54:12','2024-11-17 21:54:12'),(251,14,9,1,0,1,0,1,0,'2024-11-17 21:54:12','2024-11-17 21:54:12'),(252,14,10,1,1,1,1,1,1,'2024-11-17 21:54:12','2024-11-17 21:54:12'),(253,14,11,1,1,1,1,1,1,'2024-11-17 21:54:12','2024-11-17 21:54:12'),(254,14,12,1,0,1,0,1,0,'2024-11-17 21:54:12','2024-11-17 21:54:12'),(255,14,13,1,0,1,0,1,0,'2024-11-17 21:54:12','2024-11-17 21:54:12'),(256,14,14,1,1,1,1,1,0,'2024-11-17 21:54:12','2024-11-17 21:54:12'),(257,14,15,1,1,1,1,1,0,'2024-11-17 21:54:12','2024-11-17 21:54:12'),(258,14,16,1,1,1,1,1,0,'2024-11-17 21:54:12','2024-11-17 21:54:12'),(259,14,17,1,1,1,1,1,0,'2024-11-17 21:54:12','2024-11-17 21:54:12'),(260,14,18,1,1,1,1,1,0,'2024-11-17 21:54:12','2024-11-17 21:54:12'),(261,14,19,1,1,1,1,1,0,'2024-11-17 21:54:12','2024-11-17 21:54:12'),(262,14,20,1,1,1,1,1,0,'2024-11-17 21:54:12','2024-11-17 21:54:12'),(263,14,21,1,1,1,1,1,0,'2024-11-17 21:54:12','2024-11-17 21:54:12'),(264,14,22,1,1,1,0,1,0,'2024-11-17 21:54:12','2024-11-17 21:54:12'),(265,15,1,1,0,1,0,1,0,'2024-11-17 21:54:13','2024-11-17 21:54:13'),(266,15,2,1,1,1,0,1,1,'2024-11-17 21:54:13','2024-11-17 21:54:13'),(267,15,3,1,0,1,0,1,0,'2024-11-17 21:54:13','2024-11-17 21:54:13'),(268,15,4,1,1,1,1,1,0,'2024-11-17 21:54:13','2024-11-17 21:54:13'),(269,15,5,1,1,1,1,1,0,'2024-11-17 21:54:13','2024-11-17 21:54:13'),(270,15,6,1,1,1,1,1,0,'2024-11-17 21:54:13','2024-11-17 21:54:13'),(271,15,7,1,1,1,1,1,0,'2024-11-17 21:54:13','2024-11-17 21:54:13'),(272,15,8,1,0,1,1,1,0,'2024-11-17 21:54:13','2024-11-17 21:54:13'),(273,15,9,1,0,1,0,1,0,'2024-11-17 21:54:13','2024-11-17 21:54:13'),(274,15,10,1,1,1,1,1,1,'2024-11-17 21:54:13','2024-11-17 21:54:13'),(275,15,11,1,1,1,1,1,1,'2024-11-17 21:54:13','2024-11-17 21:54:13'),(276,15,12,1,0,1,0,1,0,'2024-11-17 21:54:13','2024-11-17 21:54:13'),(277,15,13,1,0,1,0,1,0,'2024-11-17 21:54:13','2024-11-17 21:54:13'),(278,15,14,1,1,1,1,1,0,'2024-11-17 21:54:13','2024-11-17 21:54:13'),(279,15,15,1,1,1,1,1,0,'2024-11-17 21:54:13','2024-11-17 21:54:13'),(280,15,16,1,1,1,1,1,0,'2024-11-17 21:54:13','2024-11-17 21:54:13'),(281,15,17,1,1,1,1,1,0,'2024-11-17 21:54:13','2024-11-17 21:54:13'),(282,15,18,1,1,1,1,1,0,'2024-11-17 21:54:13','2024-11-17 21:54:13'),(283,15,19,1,1,1,1,1,0,'2024-11-17 21:54:13','2024-11-17 21:54:13'),(284,15,20,1,1,1,1,1,0,'2024-11-17 21:54:13','2024-11-17 21:54:13'),(285,15,21,1,1,1,1,1,0,'2024-11-17 21:54:13','2024-11-17 21:54:13'),(286,15,22,1,1,1,0,1,0,'2024-11-17 21:54:13','2024-11-17 21:54:13'),(287,16,1,1,0,1,0,1,0,'2024-11-17 21:54:15','2024-11-17 21:54:15'),(288,16,2,1,1,1,0,1,1,'2024-11-17 21:54:15','2024-11-17 21:54:15'),(289,16,3,1,0,1,0,1,0,'2024-11-17 21:54:15','2024-11-17 21:54:15'),(290,16,4,1,1,1,1,1,0,'2024-11-17 21:54:15','2024-11-17 21:54:15'),(291,16,5,1,1,1,1,1,0,'2024-11-17 21:54:15','2024-11-17 21:54:15'),(292,16,6,1,1,1,1,1,0,'2024-11-17 21:54:15','2024-11-17 21:54:15'),(293,16,7,1,1,1,1,1,0,'2024-11-17 21:54:15','2024-11-17 21:54:15'),(294,16,8,1,0,1,1,1,0,'2024-11-17 21:54:15','2024-11-17 21:54:15'),(295,16,9,1,0,1,0,1,0,'2024-11-17 21:54:15','2024-11-17 21:54:15'),(296,16,10,1,1,1,1,1,1,'2024-11-17 21:54:15','2024-11-17 21:54:15'),(297,16,11,1,1,1,1,1,1,'2024-11-17 21:54:15','2024-11-17 21:54:15'),(298,16,12,1,0,1,0,1,0,'2024-11-17 21:54:15','2024-11-17 21:54:15'),(299,16,13,1,0,1,0,1,0,'2024-11-17 21:54:15','2024-11-17 21:54:15'),(300,16,14,1,1,1,1,1,0,'2024-11-17 21:54:15','2024-11-17 21:54:15'),(301,16,15,1,1,1,1,1,0,'2024-11-17 21:54:15','2024-11-17 21:54:15'),(302,16,16,1,1,1,1,1,0,'2024-11-17 21:54:15','2024-11-17 21:54:15'),(303,16,17,1,1,1,1,1,0,'2024-11-17 21:54:15','2024-11-17 21:54:15'),(304,16,18,1,1,1,1,1,0,'2024-11-17 21:54:15','2024-11-17 21:54:15'),(305,16,19,1,1,1,1,1,0,'2024-11-17 21:54:15','2024-11-17 21:54:15'),(306,16,20,1,1,1,1,1,0,'2024-11-17 21:54:15','2024-11-17 21:54:15'),(307,16,21,1,1,1,1,1,0,'2024-11-17 21:54:15','2024-11-17 21:54:15'),(308,16,22,1,1,1,0,1,0,'2024-11-17 21:54:15','2024-11-17 21:54:15'),(309,17,1,1,0,1,0,1,0,'2024-11-17 21:54:16','2024-11-17 21:54:16'),(310,17,2,1,1,1,0,1,1,'2024-11-17 21:54:16','2024-11-17 21:54:16'),(311,17,3,1,0,1,0,1,0,'2024-11-17 21:54:16','2024-11-17 21:54:16'),(312,17,4,1,1,1,1,1,0,'2024-11-17 21:54:16','2024-11-17 21:54:16'),(313,17,5,1,1,1,1,1,0,'2024-11-17 21:54:16','2024-11-17 21:54:16'),(314,17,6,1,1,1,1,1,0,'2024-11-17 21:54:16','2024-11-17 21:54:16'),(315,17,7,1,1,1,1,1,0,'2024-11-17 21:54:16','2024-11-17 21:54:16'),(316,17,8,1,0,1,1,1,0,'2024-11-17 21:54:16','2024-11-17 21:54:16'),(317,17,9,1,0,1,0,1,0,'2024-11-17 21:54:16','2024-11-17 21:54:16'),(318,17,10,1,1,1,1,1,1,'2024-11-17 21:54:16','2024-11-17 21:54:16'),(319,17,11,1,1,1,1,1,1,'2024-11-17 21:54:16','2024-11-17 21:54:16'),(320,17,12,1,0,1,0,1,0,'2024-11-17 21:54:16','2024-11-17 21:54:16'),(321,17,13,1,0,1,0,1,0,'2024-11-17 21:54:16','2024-11-17 21:54:16'),(322,17,14,1,1,1,1,1,0,'2024-11-17 21:54:16','2024-11-17 21:54:16'),(323,17,15,1,1,1,1,1,0,'2024-11-17 21:54:16','2024-11-17 21:54:16'),(324,17,16,1,1,1,1,1,0,'2024-11-17 21:54:16','2024-11-17 21:54:16'),(325,17,17,1,1,1,1,1,0,'2024-11-17 21:54:16','2024-11-17 21:54:16'),(326,17,18,1,1,1,1,1,0,'2024-11-17 21:54:16','2024-11-17 21:54:16'),(327,17,19,1,1,1,1,1,0,'2024-11-17 21:54:16','2024-11-17 21:54:16'),(328,17,20,1,1,1,1,1,0,'2024-11-17 21:54:16','2024-11-17 21:54:16'),(329,17,21,1,1,1,1,1,0,'2024-11-17 21:54:16','2024-11-17 21:54:16'),(330,17,22,1,1,1,0,1,0,'2024-11-17 21:54:16','2024-11-17 21:54:16'),(331,18,1,1,0,1,0,1,0,'2024-11-17 21:54:17','2024-11-17 21:54:17'),(332,18,2,1,1,1,0,1,1,'2024-11-17 21:54:17','2024-11-17 21:54:17'),(333,18,3,1,0,1,0,1,0,'2024-11-17 21:54:17','2024-11-17 21:54:17'),(334,18,4,1,1,1,1,1,0,'2024-11-17 21:54:17','2024-11-17 21:54:17'),(335,18,5,1,1,1,1,1,0,'2024-11-17 21:54:17','2024-11-17 21:54:17'),(336,18,6,1,1,1,1,1,0,'2024-11-17 21:54:17','2024-11-17 21:54:17'),(337,18,7,1,1,1,1,1,0,'2024-11-17 21:54:17','2024-11-17 21:54:17'),(338,18,8,1,0,1,1,1,0,'2024-11-17 21:54:17','2024-11-17 21:54:17'),(339,18,9,1,0,1,0,1,0,'2024-11-17 21:54:17','2024-11-17 21:54:17'),(340,18,10,1,1,1,1,1,1,'2024-11-17 21:54:17','2024-11-17 21:54:17'),(341,18,11,1,1,1,1,1,1,'2024-11-17 21:54:17','2024-11-17 21:54:17'),(342,18,12,1,0,1,0,1,0,'2024-11-17 21:54:17','2024-11-17 21:54:17'),(343,18,13,1,0,1,0,1,0,'2024-11-17 21:54:17','2024-11-17 21:54:17'),(344,18,14,1,1,1,1,1,0,'2024-11-17 21:54:17','2024-11-17 21:54:17'),(345,18,15,1,1,1,1,1,0,'2024-11-17 21:54:17','2024-11-17 21:54:17'),(346,18,16,1,1,1,1,1,0,'2024-11-17 21:54:17','2024-11-17 21:54:17'),(347,18,17,1,1,1,1,1,0,'2024-11-17 21:54:17','2024-11-17 21:54:17'),(348,18,18,1,1,1,1,1,0,'2024-11-17 21:54:17','2024-11-17 21:54:17'),(349,18,19,1,1,1,1,1,0,'2024-11-17 21:54:17','2024-11-17 21:54:17'),(350,18,20,1,1,1,1,1,0,'2024-11-17 21:54:17','2024-11-17 21:54:17'),(351,18,21,1,1,1,1,1,0,'2024-11-17 21:54:17','2024-11-17 21:54:17'),(352,18,22,1,1,1,0,1,0,'2024-11-17 21:54:17','2024-11-17 21:54:17'),(353,19,1,1,0,1,0,1,0,'2024-11-17 21:54:18','2024-11-17 21:54:18'),(354,19,2,1,1,1,0,1,1,'2024-11-17 21:54:18','2024-11-17 21:54:18'),(355,19,3,1,0,1,0,1,0,'2024-11-17 21:54:18','2024-11-17 21:54:18'),(356,19,4,1,1,1,1,1,0,'2024-11-17 21:54:18','2024-11-17 21:54:18'),(357,19,5,1,1,1,1,1,0,'2024-11-17 21:54:18','2024-11-17 21:54:18'),(358,19,6,1,1,1,1,1,0,'2024-11-17 21:54:18','2024-11-17 21:54:18'),(359,19,7,1,1,1,1,1,0,'2024-11-17 21:54:18','2024-11-17 21:54:18'),(360,19,8,1,0,1,1,1,0,'2024-11-17 21:54:18','2024-11-17 21:54:18'),(361,19,9,1,0,1,0,1,0,'2024-11-17 21:54:18','2024-11-17 21:54:18'),(362,19,10,1,1,1,1,1,1,'2024-11-17 21:54:18','2024-11-17 21:54:18'),(363,19,11,1,1,1,1,1,1,'2024-11-17 21:54:18','2024-11-17 21:54:18'),(364,19,12,1,0,1,0,1,0,'2024-11-17 21:54:18','2024-11-17 21:54:18'),(365,19,13,1,0,1,0,1,0,'2024-11-17 21:54:18','2024-11-17 21:54:18'),(366,19,14,1,1,1,1,1,0,'2024-11-17 21:54:18','2024-11-17 21:54:18'),(367,19,15,1,1,1,1,1,0,'2024-11-17 21:54:18','2024-11-17 21:54:18'),(368,19,16,1,1,1,1,1,0,'2024-11-17 21:54:18','2024-11-17 21:54:18'),(369,19,17,1,1,1,1,1,0,'2024-11-17 21:54:18','2024-11-17 21:54:18'),(370,19,18,1,1,1,1,1,0,'2024-11-17 21:54:18','2024-11-17 21:54:18'),(371,19,19,1,1,1,1,1,0,'2024-11-17 21:54:18','2024-11-17 21:54:18'),(372,19,20,1,1,1,1,1,0,'2024-11-17 21:54:18','2024-11-17 21:54:18'),(373,19,21,1,1,1,1,1,0,'2024-11-17 21:54:18','2024-11-17 21:54:18'),(374,19,22,1,1,1,0,1,0,'2024-11-17 21:54:18','2024-11-17 21:54:18'),(375,20,1,1,0,1,0,1,0,'2024-11-17 21:54:19','2024-11-17 21:54:19'),(376,20,2,1,1,1,0,1,1,'2024-11-17 21:54:19','2024-11-17 21:54:19'),(377,20,3,1,0,1,0,1,0,'2024-11-17 21:54:19','2024-11-17 21:54:19'),(378,20,4,1,1,1,1,1,0,'2024-11-17 21:54:19','2024-11-17 21:54:19'),(379,20,5,1,1,1,1,1,0,'2024-11-17 21:54:19','2024-11-17 21:54:19'),(380,20,6,1,1,1,1,1,0,'2024-11-17 21:54:19','2024-11-17 21:54:19'),(381,20,7,1,1,1,1,1,0,'2024-11-17 21:54:19','2024-11-17 21:54:19'),(382,20,8,1,0,1,1,1,0,'2024-11-17 21:54:19','2024-11-17 21:54:19'),(383,20,9,1,0,1,0,1,0,'2024-11-17 21:54:20','2024-11-17 21:54:20'),(384,20,10,1,1,1,1,1,1,'2024-11-17 21:54:20','2024-11-17 21:54:20'),(385,20,11,1,1,1,1,1,1,'2024-11-17 21:54:20','2024-11-17 21:54:20'),(386,20,12,1,0,1,0,1,0,'2024-11-17 21:54:20','2024-11-17 21:54:20'),(387,20,13,1,0,1,0,1,0,'2024-11-17 21:54:20','2024-11-17 21:54:20'),(388,20,14,1,1,1,1,1,0,'2024-11-17 21:54:20','2024-11-17 21:54:20'),(389,20,15,1,1,1,1,1,0,'2024-11-17 21:54:20','2024-11-17 21:54:20'),(390,20,16,1,1,1,1,1,0,'2024-11-17 21:54:20','2024-11-17 21:54:20'),(391,20,17,1,1,1,1,1,0,'2024-11-17 21:54:20','2024-11-17 21:54:20'),(392,20,18,1,1,1,1,1,0,'2024-11-17 21:54:20','2024-11-17 21:54:20'),(393,20,19,1,1,1,1,1,0,'2024-11-17 21:54:20','2024-11-17 21:54:20'),(394,20,20,1,1,1,1,1,0,'2024-11-17 21:54:20','2024-11-17 21:54:20'),(395,20,21,1,1,1,1,1,0,'2024-11-17 21:54:20','2024-11-17 21:54:20'),(396,20,22,1,1,1,0,1,0,'2024-11-17 21:54:20','2024-11-17 21:54:20'),(397,21,1,1,0,1,0,1,0,'2024-11-17 21:54:21','2024-11-17 21:54:21'),(398,21,2,1,1,1,0,1,1,'2024-11-17 21:54:21','2024-11-17 21:54:21'),(399,21,3,1,0,1,0,1,0,'2024-11-17 21:54:21','2024-11-17 21:54:21'),(400,21,4,1,1,1,1,1,0,'2024-11-17 21:54:21','2024-11-17 21:54:21'),(401,21,5,1,1,1,1,1,0,'2024-11-17 21:54:21','2024-11-17 21:54:21'),(402,21,6,1,1,1,1,1,0,'2024-11-17 21:54:21','2024-11-17 21:54:21'),(403,21,7,1,1,1,1,1,0,'2024-11-17 21:54:21','2024-11-17 21:54:21'),(404,21,8,1,0,1,1,1,0,'2024-11-17 21:54:21','2024-11-17 21:54:21'),(405,21,9,1,0,1,0,1,0,'2024-11-17 21:54:21','2024-11-17 21:54:21'),(406,21,10,1,1,1,1,1,1,'2024-11-17 21:54:21','2024-11-17 21:54:21'),(407,21,11,1,1,1,1,1,1,'2024-11-17 21:54:21','2024-11-17 21:54:21'),(408,21,12,1,0,1,0,1,0,'2024-11-17 21:54:21','2024-11-17 21:54:21'),(409,21,13,1,0,1,0,1,0,'2024-11-17 21:54:21','2024-11-17 21:54:21'),(410,21,14,1,1,1,1,1,0,'2024-11-17 21:54:21','2024-11-17 21:54:21'),(411,21,15,1,1,1,1,1,0,'2024-11-17 21:54:21','2024-11-17 21:54:21'),(412,21,16,1,1,1,1,1,0,'2024-11-17 21:54:21','2024-11-17 21:54:21'),(413,21,17,1,1,1,1,1,0,'2024-11-17 21:54:21','2024-11-17 21:54:21'),(414,21,18,1,1,1,1,1,0,'2024-11-17 21:54:21','2024-11-17 21:54:21'),(415,21,19,1,1,1,1,1,0,'2024-11-17 21:54:21','2024-11-17 21:54:21'),(416,21,20,1,1,1,1,1,0,'2024-11-17 21:54:21','2024-11-17 21:54:21'),(417,21,21,1,1,1,1,1,0,'2024-11-17 21:54:21','2024-11-17 21:54:21'),(418,21,22,1,1,1,0,1,0,'2024-11-17 21:54:21','2024-11-17 21:54:21'),(419,22,1,1,0,1,0,1,0,'2024-11-17 21:54:22','2024-11-17 21:54:22'),(420,22,2,1,1,1,0,1,1,'2024-11-17 21:54:22','2024-11-17 21:54:22'),(421,22,3,1,0,1,0,1,0,'2024-11-17 21:54:22','2024-11-17 21:54:22'),(422,22,4,1,1,1,1,1,0,'2024-11-17 21:54:22','2024-11-17 21:54:22'),(423,22,5,1,1,1,1,1,0,'2024-11-17 21:54:22','2024-11-17 21:54:22'),(424,22,6,1,1,1,1,1,0,'2024-11-17 21:54:22','2024-11-17 21:54:22'),(425,22,7,1,1,1,1,1,0,'2024-11-17 21:54:22','2024-11-17 21:54:22'),(426,22,8,1,0,1,1,1,0,'2024-11-17 21:54:22','2024-11-17 21:54:22'),(427,22,9,1,0,1,0,1,0,'2024-11-17 21:54:22','2024-11-17 21:54:22'),(428,22,10,1,1,1,1,1,1,'2024-11-17 21:54:22','2024-11-17 21:54:22'),(429,22,11,1,1,1,1,1,1,'2024-11-17 21:54:22','2024-11-17 21:54:22'),(430,22,12,1,0,1,0,1,0,'2024-11-17 21:54:22','2024-11-17 21:54:22'),(431,22,13,1,0,1,0,1,0,'2024-11-17 21:54:22','2024-11-17 21:54:22'),(432,22,14,1,1,1,1,1,0,'2024-11-17 21:54:22','2024-11-17 21:54:22'),(433,22,15,1,1,1,1,1,0,'2024-11-17 21:54:22','2024-11-17 21:54:22'),(434,22,16,1,1,1,1,1,0,'2024-11-17 21:54:22','2024-11-17 21:54:22'),(435,22,17,1,1,1,1,1,0,'2024-11-17 21:54:22','2024-11-17 21:54:22'),(436,22,18,1,1,1,1,1,0,'2024-11-17 21:54:22','2024-11-17 21:54:22'),(437,22,19,1,1,1,1,1,0,'2024-11-17 21:54:22','2024-11-17 21:54:22'),(438,22,20,1,1,1,1,1,0,'2024-11-17 21:54:22','2024-11-17 21:54:22'),(439,22,21,1,1,1,1,1,0,'2024-11-17 21:54:22','2024-11-17 21:54:22'),(440,22,22,1,1,1,0,1,0,'2024-11-17 21:54:22','2024-11-17 21:54:22'),(441,23,1,1,0,1,0,1,0,'2024-11-17 21:54:23','2024-11-17 21:54:23'),(442,23,2,1,1,1,0,1,1,'2024-11-17 21:54:23','2024-11-17 21:54:23'),(443,23,3,1,0,1,0,1,0,'2024-11-17 21:54:23','2024-11-17 21:54:23'),(444,23,4,1,1,1,1,1,0,'2024-11-17 21:54:23','2024-11-17 21:54:23'),(445,23,5,1,1,1,1,1,0,'2024-11-17 21:54:23','2024-11-17 21:54:23'),(446,23,6,1,1,1,1,1,0,'2024-11-17 21:54:23','2024-11-17 21:54:23'),(447,23,7,1,1,1,1,1,0,'2024-11-17 21:54:23','2024-11-17 21:54:23'),(448,23,8,1,0,1,1,1,0,'2024-11-17 21:54:23','2024-11-17 21:54:23'),(449,23,9,1,0,1,0,1,0,'2024-11-17 21:54:23','2024-11-17 21:54:23'),(450,23,10,1,1,1,1,1,1,'2024-11-17 21:54:23','2024-11-17 21:54:23'),(451,23,11,1,1,1,1,1,1,'2024-11-17 21:54:23','2024-11-17 21:54:23'),(452,23,12,1,0,1,0,1,0,'2024-11-17 21:54:23','2024-11-17 21:54:23'),(453,23,13,1,0,1,0,1,0,'2024-11-17 21:54:23','2024-11-17 21:54:23'),(454,23,14,1,1,1,1,1,0,'2024-11-17 21:54:23','2024-11-17 21:54:23'),(455,23,15,1,1,1,1,1,0,'2024-11-17 21:54:23','2024-11-17 21:54:23'),(456,23,16,1,1,1,1,1,0,'2024-11-17 21:54:23','2024-11-17 21:54:23'),(457,23,17,1,1,1,1,1,0,'2024-11-17 21:54:23','2024-11-17 21:54:23'),(458,23,18,1,1,1,1,1,0,'2024-11-17 21:54:23','2024-11-17 21:54:23'),(459,23,19,1,1,1,1,1,0,'2024-11-17 21:54:23','2024-11-17 21:54:23'),(460,23,20,1,1,1,1,1,0,'2024-11-17 21:54:23','2024-11-17 21:54:23'),(461,23,21,1,1,1,1,1,0,'2024-11-17 21:54:23','2024-11-17 21:54:23'),(462,23,22,1,1,1,0,1,0,'2024-11-17 21:54:23','2024-11-17 21:54:23'),(463,24,1,1,0,1,0,1,0,'2024-11-17 21:54:24','2024-11-17 21:54:24'),(464,24,2,1,1,1,0,1,1,'2024-11-17 21:54:24','2024-11-17 21:54:24'),(465,24,3,1,0,1,0,1,0,'2024-11-17 21:54:24','2024-11-17 21:54:24'),(466,24,4,1,1,1,1,1,0,'2024-11-17 21:54:24','2024-11-17 21:54:24'),(467,24,5,1,1,1,1,1,0,'2024-11-17 21:54:24','2024-11-17 21:54:24'),(468,24,6,1,1,1,1,1,0,'2024-11-17 21:54:24','2024-11-17 21:54:24'),(469,24,7,1,1,1,1,1,0,'2024-11-17 21:54:24','2024-11-17 21:54:24'),(470,24,8,1,0,1,1,1,0,'2024-11-17 21:54:24','2024-11-17 21:54:24'),(471,24,9,1,0,1,0,1,0,'2024-11-17 21:54:24','2024-11-17 21:54:24'),(472,24,10,1,1,1,1,1,1,'2024-11-17 21:54:24','2024-11-17 21:54:24'),(473,24,11,1,1,1,1,1,1,'2024-11-17 21:54:24','2024-11-17 21:54:24'),(474,24,12,1,0,1,0,1,0,'2024-11-17 21:54:24','2024-11-17 21:54:24'),(475,24,13,1,0,1,0,1,0,'2024-11-17 21:54:24','2024-11-17 21:54:24'),(476,24,14,1,1,1,1,1,0,'2024-11-17 21:54:24','2024-11-17 21:54:24'),(477,24,15,1,1,1,1,1,0,'2024-11-17 21:54:24','2024-11-17 21:54:24'),(478,24,16,1,1,1,1,1,0,'2024-11-17 21:54:24','2024-11-17 21:54:24'),(479,24,17,1,1,1,1,1,0,'2024-11-17 21:54:24','2024-11-17 21:54:24'),(480,24,18,1,1,1,1,1,0,'2024-11-17 21:54:24','2024-11-17 21:54:24'),(481,24,19,1,1,1,1,1,0,'2024-11-17 21:54:24','2024-11-17 21:54:24'),(482,24,20,1,1,1,1,1,0,'2024-11-17 21:54:24','2024-11-17 21:54:24'),(483,24,21,1,1,1,1,1,0,'2024-11-17 21:54:24','2024-11-17 21:54:24'),(484,24,22,1,1,1,0,1,0,'2024-11-17 21:54:24','2024-11-17 21:54:24'),(485,25,1,1,0,1,0,1,0,'2024-11-17 21:54:26','2024-11-17 21:54:26'),(486,25,2,1,1,1,0,1,1,'2024-11-17 21:54:26','2024-11-17 21:54:26'),(487,25,3,1,0,1,0,1,0,'2024-11-17 21:54:26','2024-11-17 21:54:26'),(488,25,4,1,1,1,1,1,0,'2024-11-17 21:54:26','2024-11-17 21:54:26'),(489,25,5,1,1,1,1,1,0,'2024-11-17 21:54:26','2024-11-17 21:54:26'),(490,25,6,1,1,1,1,1,0,'2024-11-17 21:54:26','2024-11-17 21:54:26'),(491,25,7,1,1,1,1,1,0,'2024-11-17 21:54:26','2024-11-17 21:54:26'),(492,25,8,1,0,1,1,1,0,'2024-11-17 21:54:26','2024-11-17 21:54:26'),(493,25,9,1,0,1,0,1,0,'2024-11-17 21:54:26','2024-11-17 21:54:26'),(494,25,10,1,1,1,1,1,1,'2024-11-17 21:54:26','2024-11-17 21:54:26'),(495,25,11,1,1,1,1,1,1,'2024-11-17 21:54:26','2024-11-17 21:54:26'),(496,25,12,1,0,1,0,1,0,'2024-11-17 21:54:26','2024-11-17 21:54:26'),(497,25,13,1,0,1,0,1,0,'2024-11-17 21:54:26','2024-11-17 21:54:26'),(498,25,14,1,1,1,1,1,0,'2024-11-17 21:54:26','2024-11-17 21:54:26'),(499,25,15,1,1,1,1,1,0,'2024-11-17 21:54:26','2024-11-17 21:54:26'),(500,25,16,1,1,1,1,1,0,'2024-11-17 21:54:26','2024-11-17 21:54:26'),(501,25,17,1,1,1,1,1,0,'2024-11-17 21:54:26','2024-11-17 21:54:26'),(502,25,18,1,1,1,1,1,0,'2024-11-17 21:54:26','2024-11-17 21:54:26'),(503,25,19,1,1,1,1,1,0,'2024-11-17 21:54:26','2024-11-17 21:54:26'),(504,25,20,1,1,1,1,1,0,'2024-11-17 21:54:26','2024-11-17 21:54:26'),(505,25,21,1,1,1,1,1,0,'2024-11-17 21:54:26','2024-11-17 21:54:26'),(506,25,22,1,1,1,0,1,0,'2024-11-17 21:54:26','2024-11-17 21:54:26'),(507,26,1,1,0,1,0,1,0,'2024-11-17 21:54:27','2024-11-17 21:54:27'),(508,26,2,1,1,1,0,1,1,'2024-11-17 21:54:27','2024-11-17 21:54:27'),(509,26,3,1,0,1,0,1,0,'2024-11-17 21:54:27','2024-11-17 21:54:27'),(510,26,4,1,1,1,1,1,0,'2024-11-17 21:54:27','2024-11-17 21:54:27'),(511,26,5,1,1,1,1,1,0,'2024-11-17 21:54:27','2024-11-17 21:54:27'),(512,26,6,1,1,1,1,1,0,'2024-11-17 21:54:27','2024-11-17 21:54:27'),(513,26,7,1,1,1,1,1,0,'2024-11-17 21:54:27','2024-11-17 21:54:27'),(514,26,8,1,0,1,1,1,0,'2024-11-17 21:54:27','2024-11-17 21:54:27'),(515,26,9,1,0,1,0,1,0,'2024-11-17 21:54:27','2024-11-17 21:54:27'),(516,26,10,1,1,1,1,1,1,'2024-11-17 21:54:27','2024-11-17 21:54:27'),(517,26,11,1,1,1,1,1,1,'2024-11-17 21:54:27','2024-11-17 21:54:27'),(518,26,12,1,0,1,0,1,0,'2024-11-17 21:54:27','2024-11-17 21:54:27'),(519,26,13,1,0,1,0,1,0,'2024-11-17 21:54:27','2024-11-17 21:54:27'),(520,26,14,1,1,1,1,1,0,'2024-11-17 21:54:27','2024-11-17 21:54:27'),(521,26,15,1,1,1,1,1,0,'2024-11-17 21:54:27','2024-11-17 21:54:27'),(522,26,16,1,1,1,1,1,0,'2024-11-17 21:54:27','2024-11-17 21:54:27'),(523,26,17,1,1,1,1,1,0,'2024-11-17 21:54:27','2024-11-17 21:54:27'),(524,26,18,1,1,1,1,1,0,'2024-11-17 21:54:27','2024-11-17 21:54:27'),(525,26,19,1,1,1,1,1,0,'2024-11-17 21:54:27','2024-11-17 21:54:27'),(526,26,20,1,1,1,1,1,0,'2024-11-17 21:54:27','2024-11-17 21:54:27'),(527,26,21,1,1,1,1,1,0,'2024-11-17 21:54:27','2024-11-17 21:54:27'),(528,26,22,1,1,1,0,1,0,'2024-11-17 21:54:27','2024-11-17 21:54:27'),(529,27,1,1,0,1,0,1,0,'2024-11-17 21:54:28','2024-11-17 21:54:28'),(530,27,2,1,1,1,0,1,1,'2024-11-17 21:54:28','2024-11-17 21:54:28'),(531,27,3,1,0,1,0,1,0,'2024-11-17 21:54:28','2024-11-17 21:54:28'),(532,27,4,1,1,1,1,1,0,'2024-11-17 21:54:28','2024-11-17 21:54:28'),(533,27,5,1,1,1,1,1,0,'2024-11-17 21:54:28','2024-11-17 21:54:28'),(534,27,6,1,1,1,1,1,0,'2024-11-17 21:54:28','2024-11-17 21:54:28'),(535,27,7,1,1,1,1,1,0,'2024-11-17 21:54:28','2024-11-17 21:54:28'),(536,27,8,1,0,1,1,1,0,'2024-11-17 21:54:28','2024-11-17 21:54:28'),(537,27,9,1,0,1,0,1,0,'2024-11-17 21:54:28','2024-11-17 21:54:28'),(538,27,10,1,1,1,1,1,1,'2024-11-17 21:54:28','2024-11-17 21:54:28'),(539,27,11,1,1,1,1,1,1,'2024-11-17 21:54:28','2024-11-17 21:54:28'),(540,27,12,1,0,1,0,1,0,'2024-11-17 21:54:28','2024-11-17 21:54:28'),(541,27,13,1,0,1,0,1,0,'2024-11-17 21:54:28','2024-11-17 21:54:28'),(542,27,14,1,1,1,1,1,0,'2024-11-17 21:54:28','2024-11-17 21:54:28'),(543,27,15,1,1,1,1,1,0,'2024-11-17 21:54:28','2024-11-17 21:54:28'),(544,27,16,1,1,1,1,1,0,'2024-11-17 21:54:28','2024-11-17 21:54:28'),(545,27,17,1,1,1,1,1,0,'2024-11-17 21:54:28','2024-11-17 21:54:28'),(546,27,18,1,1,1,1,1,0,'2024-11-17 21:54:28','2024-11-17 21:54:28'),(547,27,19,1,1,1,1,1,0,'2024-11-17 21:54:28','2024-11-17 21:54:28'),(548,27,20,1,1,1,1,1,0,'2024-11-17 21:54:28','2024-11-17 21:54:28'),(549,27,21,1,1,1,1,1,0,'2024-11-17 21:54:28','2024-11-17 21:54:28'),(550,27,22,1,1,1,0,1,0,'2024-11-17 21:54:28','2024-11-17 21:54:28'),(551,28,1,1,0,1,0,1,0,'2024-11-17 21:54:30','2024-11-17 21:54:30'),(552,28,2,1,1,1,0,1,1,'2024-11-17 21:54:30','2024-11-17 21:54:30'),(553,28,3,1,0,1,0,1,0,'2024-11-17 21:54:30','2024-11-17 21:54:30'),(554,28,4,1,1,1,1,1,0,'2024-11-17 21:54:30','2024-11-17 21:54:30'),(555,28,5,1,1,1,1,1,0,'2024-11-17 21:54:30','2024-11-17 21:54:30'),(556,28,6,1,1,1,1,1,0,'2024-11-17 21:54:30','2024-11-17 21:54:30'),(557,28,7,1,1,1,1,1,0,'2024-11-17 21:54:30','2024-11-17 21:54:30'),(558,28,8,1,0,1,1,1,0,'2024-11-17 21:54:30','2024-11-17 21:54:30'),(559,28,9,1,0,1,0,1,0,'2024-11-17 21:54:30','2024-11-17 21:54:30'),(560,28,10,1,1,1,1,1,1,'2024-11-17 21:54:30','2024-11-17 21:54:30'),(561,28,11,1,1,1,1,1,1,'2024-11-17 21:54:30','2024-11-17 21:54:30'),(562,28,12,1,0,1,0,1,0,'2024-11-17 21:54:30','2024-11-17 21:54:30'),(563,28,13,1,0,1,0,1,0,'2024-11-17 21:54:30','2024-11-17 21:54:30'),(564,28,14,1,1,1,1,1,0,'2024-11-17 21:54:30','2024-11-17 21:54:30'),(565,28,15,1,1,1,1,1,0,'2024-11-17 21:54:30','2024-11-17 21:54:30'),(566,28,16,1,1,1,1,1,0,'2024-11-17 21:54:30','2024-11-17 21:54:30'),(567,28,17,1,1,1,1,1,0,'2024-11-17 21:54:30','2024-11-17 21:54:30'),(568,28,18,1,1,1,1,1,0,'2024-11-17 21:54:30','2024-11-17 21:54:30'),(569,28,19,1,1,1,1,1,0,'2024-11-17 21:54:30','2024-11-17 21:54:30'),(570,28,20,1,1,1,1,1,0,'2024-11-17 21:54:30','2024-11-17 21:54:30'),(571,28,21,1,1,1,1,1,0,'2024-11-17 21:54:30','2024-11-17 21:54:30'),(572,28,22,1,1,1,0,1,0,'2024-11-17 21:54:30','2024-11-17 21:54:30'),(573,29,1,1,0,1,0,1,0,'2024-11-17 21:54:31','2024-11-17 21:54:31'),(574,29,2,1,1,1,0,1,1,'2024-11-17 21:54:31','2024-11-17 21:54:31'),(575,29,3,1,0,1,0,1,0,'2024-11-17 21:54:31','2024-11-17 21:54:31'),(576,29,4,1,1,1,1,1,0,'2024-11-17 21:54:31','2024-11-17 21:54:31'),(577,29,5,1,1,1,1,1,0,'2024-11-17 21:54:31','2024-11-17 21:54:31'),(578,29,6,1,1,1,1,1,0,'2024-11-17 21:54:31','2024-11-17 21:54:31'),(579,29,7,1,1,1,1,1,0,'2024-11-17 21:54:31','2024-11-17 21:54:31'),(580,29,8,1,0,1,1,1,0,'2024-11-17 21:54:31','2024-11-17 21:54:31'),(581,29,9,1,0,1,0,1,0,'2024-11-17 21:54:31','2024-11-17 21:54:31'),(582,29,10,1,1,1,1,1,1,'2024-11-17 21:54:31','2024-11-17 21:54:31'),(583,29,11,1,1,1,1,1,1,'2024-11-17 21:54:31','2024-11-17 21:54:31'),(584,29,12,1,0,1,0,1,0,'2024-11-17 21:54:31','2024-11-17 21:54:31'),(585,29,13,1,0,1,0,1,0,'2024-11-17 21:54:31','2024-11-17 21:54:31'),(586,29,14,1,1,1,1,1,0,'2024-11-17 21:54:31','2024-11-17 21:54:31'),(587,29,15,1,1,1,1,1,0,'2024-11-17 21:54:31','2024-11-17 21:54:31'),(588,29,16,1,1,1,1,1,0,'2024-11-17 21:54:31','2024-11-17 21:54:31'),(589,29,17,1,1,1,1,1,0,'2024-11-17 21:54:31','2024-11-17 21:54:31'),(590,29,18,1,1,1,1,1,0,'2024-11-17 21:54:31','2024-11-17 21:54:31'),(591,29,19,1,1,1,1,1,0,'2024-11-17 21:54:31','2024-11-17 21:54:31'),(592,29,20,1,1,1,1,1,0,'2024-11-17 21:54:31','2024-11-17 21:54:31'),(593,29,21,1,1,1,1,1,0,'2024-11-17 21:54:31','2024-11-17 21:54:31'),(594,29,22,1,1,1,0,1,0,'2024-11-17 21:54:31','2024-11-17 21:54:31'),(595,31,1,1,0,1,0,1,0,'2024-11-17 21:54:32','2024-11-17 21:54:32'),(596,31,2,1,1,1,0,1,1,'2024-11-17 21:54:32','2024-11-17 21:54:32'),(597,31,3,1,0,1,0,1,0,'2024-11-17 21:54:32','2024-11-17 21:54:32'),(598,31,4,1,1,1,1,1,0,'2024-11-17 21:54:32','2024-11-17 21:54:32'),(599,31,5,1,1,1,1,1,0,'2024-11-17 21:54:32','2024-11-17 21:54:32'),(600,31,6,1,1,1,1,1,0,'2024-11-17 21:54:32','2024-11-17 21:54:32'),(601,31,7,1,1,1,1,1,0,'2024-11-17 21:54:32','2024-11-17 21:54:32'),(602,31,8,1,0,1,1,1,0,'2024-11-17 21:54:32','2024-11-17 21:54:32'),(603,31,9,1,0,1,0,1,0,'2024-11-17 21:54:32','2024-11-17 21:54:32'),(604,31,10,1,1,1,1,1,1,'2024-11-17 21:54:32','2024-11-17 21:54:32'),(605,31,11,1,1,1,1,1,1,'2024-11-17 21:54:32','2024-11-17 21:54:32'),(606,31,12,1,0,1,0,1,0,'2024-11-17 21:54:32','2024-11-17 21:54:32'),(607,31,13,1,0,1,0,1,0,'2024-11-17 21:54:32','2024-11-17 21:54:32'),(608,31,14,1,1,1,1,1,0,'2024-11-17 21:54:32','2024-11-17 21:54:32'),(609,31,15,1,1,1,1,1,0,'2024-11-17 21:54:32','2024-11-17 21:54:32'),(610,31,16,1,1,1,1,1,0,'2024-11-17 21:54:32','2024-11-17 21:54:32'),(611,31,17,1,1,1,1,1,0,'2024-11-17 21:54:32','2024-11-17 21:54:32'),(612,31,18,1,1,1,1,1,0,'2024-11-17 21:54:32','2024-11-17 21:54:32'),(613,31,19,1,1,1,1,1,0,'2024-11-17 21:54:32','2024-11-17 21:54:32'),(614,31,20,1,1,1,1,1,0,'2024-11-17 21:54:32','2024-11-17 21:54:32'),(615,31,21,1,1,1,1,1,0,'2024-11-17 21:54:32','2024-11-17 21:54:32'),(616,31,22,1,1,1,0,1,0,'2024-11-17 21:54:32','2024-11-17 21:54:32'),(617,32,1,1,0,1,0,1,0,'2024-11-17 21:54:34','2024-11-17 21:54:34'),(618,32,2,1,1,1,0,1,1,'2024-11-17 21:54:34','2024-11-17 21:54:34'),(619,32,3,1,0,1,0,1,0,'2024-11-17 21:54:34','2024-11-17 21:54:34'),(620,32,4,1,1,1,1,1,0,'2024-11-17 21:54:34','2024-11-17 21:54:34'),(621,32,5,1,1,1,1,1,0,'2024-11-17 21:54:34','2024-11-17 21:54:34'),(622,32,6,1,1,1,1,1,0,'2024-11-17 21:54:34','2024-11-17 21:54:34'),(623,32,7,1,1,1,1,1,0,'2024-11-17 21:54:34','2024-11-17 21:54:34'),(624,32,8,1,0,1,1,1,0,'2024-11-17 21:54:34','2024-11-17 21:54:34'),(625,32,9,1,0,1,0,1,0,'2024-11-17 21:54:34','2024-11-17 21:54:34'),(626,32,10,1,1,1,1,1,1,'2024-11-17 21:54:34','2024-11-17 21:54:34'),(627,32,11,1,1,1,1,1,1,'2024-11-17 21:54:34','2024-11-17 21:54:34'),(628,32,12,1,0,1,0,1,0,'2024-11-17 21:54:34','2024-11-17 21:54:34'),(629,32,13,1,0,1,0,1,0,'2024-11-17 21:54:34','2024-11-17 21:54:34'),(630,32,14,1,1,1,1,1,0,'2024-11-17 21:54:34','2024-11-17 21:54:34'),(631,32,15,1,1,1,1,1,0,'2024-11-17 21:54:34','2024-11-17 21:54:34'),(632,32,16,1,1,1,1,1,0,'2024-11-17 21:54:34','2024-11-17 21:54:34'),(633,32,17,1,1,1,1,1,0,'2024-11-17 21:54:34','2024-11-17 21:54:34'),(634,32,18,1,1,1,1,1,0,'2024-11-17 21:54:34','2024-11-17 21:54:34'),(635,32,19,1,1,1,1,1,0,'2024-11-17 21:54:34','2024-11-17 21:54:34'),(636,32,20,1,1,1,1,1,0,'2024-11-17 21:54:34','2024-11-17 21:54:34'),(637,32,21,1,1,1,1,1,0,'2024-11-17 21:54:34','2024-11-17 21:54:34'),(638,32,22,1,1,1,0,1,0,'2024-11-17 21:54:34','2024-11-17 21:54:34'),(639,33,1,1,0,1,0,1,0,'2024-11-17 21:54:35','2024-11-17 21:54:35'),(640,33,2,1,1,1,0,1,1,'2024-11-17 21:54:35','2024-11-17 21:54:35'),(641,33,3,1,0,1,0,1,0,'2024-11-17 21:54:35','2024-11-17 21:54:35'),(642,33,4,1,1,1,1,1,0,'2024-11-17 21:54:35','2024-11-17 21:54:35'),(643,33,5,1,1,1,1,1,0,'2024-11-17 21:54:35','2024-11-17 21:54:35'),(644,33,6,1,1,1,1,1,0,'2024-11-17 21:54:35','2024-11-17 21:54:35'),(645,33,7,1,1,1,1,1,0,'2024-11-17 21:54:35','2024-11-17 21:54:35'),(646,33,8,1,0,1,1,1,0,'2024-11-17 21:54:35','2024-11-17 21:54:35'),(647,33,9,1,0,1,0,1,0,'2024-11-17 21:54:35','2024-11-17 21:54:35'),(648,33,10,1,1,1,1,1,1,'2024-11-17 21:54:35','2024-11-17 21:54:35'),(649,33,11,1,1,1,1,1,1,'2024-11-17 21:54:35','2024-11-17 21:54:35'),(650,33,12,1,0,1,0,1,0,'2024-11-17 21:54:35','2024-11-17 21:54:35'),(651,33,13,1,0,1,0,1,0,'2024-11-17 21:54:35','2024-11-17 21:54:35'),(652,33,14,1,1,1,1,1,0,'2024-11-17 21:54:35','2024-11-17 21:54:35'),(653,33,15,1,1,1,1,1,0,'2024-11-17 21:54:35','2024-11-17 21:54:35'),(654,33,16,1,1,1,1,1,0,'2024-11-17 21:54:35','2024-11-17 21:54:35'),(655,33,17,1,1,1,1,1,0,'2024-11-17 21:54:35','2024-11-17 21:54:35'),(656,33,18,1,1,1,1,1,0,'2024-11-17 21:54:35','2024-11-17 21:54:35'),(657,33,19,1,1,1,1,1,0,'2024-11-17 21:54:35','2024-11-17 21:54:35'),(658,33,20,1,1,1,1,1,0,'2024-11-17 21:54:35','2024-11-17 21:54:35'),(659,33,21,1,1,1,1,1,0,'2024-11-17 21:54:35','2024-11-17 21:54:35'),(660,33,22,1,1,1,0,1,0,'2024-11-17 21:54:35','2024-11-17 21:54:35'),(661,34,1,1,0,1,0,1,0,'2024-11-17 21:54:36','2024-11-17 21:54:36'),(662,34,2,1,1,1,0,1,1,'2024-11-17 21:54:36','2024-11-17 21:54:36'),(663,34,3,1,0,1,0,1,0,'2024-11-17 21:54:36','2024-11-17 21:54:36'),(664,34,4,1,1,1,1,1,0,'2024-11-17 21:54:36','2024-11-17 21:54:36'),(665,34,5,1,1,1,1,1,0,'2024-11-17 21:54:36','2024-11-17 21:54:36'),(666,34,6,1,1,1,1,1,0,'2024-11-17 21:54:36','2024-11-17 21:54:36'),(667,34,7,1,1,1,1,1,0,'2024-11-17 21:54:36','2024-11-17 21:54:36'),(668,34,8,1,0,1,1,1,0,'2024-11-17 21:54:36','2024-11-17 21:54:36'),(669,34,9,1,0,1,0,1,0,'2024-11-17 21:54:36','2024-11-17 21:54:36'),(670,34,10,1,1,1,1,1,1,'2024-11-17 21:54:36','2024-11-17 21:54:36'),(671,34,11,1,1,1,1,1,1,'2024-11-17 21:54:36','2024-11-17 21:54:36'),(672,34,12,1,0,1,0,1,0,'2024-11-17 21:54:36','2024-11-17 21:54:36'),(673,34,13,1,0,1,0,1,0,'2024-11-17 21:54:36','2024-11-17 21:54:36'),(674,34,14,1,1,1,1,1,0,'2024-11-17 21:54:36','2024-11-17 21:54:36'),(675,34,15,1,1,1,1,1,0,'2024-11-17 21:54:36','2024-11-17 21:54:36'),(676,34,16,1,1,1,1,1,0,'2024-11-17 21:54:36','2024-11-17 21:54:36'),(677,34,17,1,1,1,1,1,0,'2024-11-17 21:54:36','2024-11-17 21:54:36'),(678,34,18,1,1,1,1,1,0,'2024-11-17 21:54:36','2024-11-17 21:54:36'),(679,34,19,1,1,1,1,1,0,'2024-11-17 21:54:36','2024-11-17 21:54:36'),(680,34,20,1,1,1,1,1,0,'2024-11-17 21:54:36','2024-11-17 21:54:36'),(681,34,21,1,1,1,1,1,0,'2024-11-17 21:54:36','2024-11-17 21:54:36'),(682,34,22,1,1,1,0,1,0,'2024-11-17 21:54:36','2024-11-17 21:54:36'),(683,35,1,1,0,1,0,1,0,'2024-11-17 21:54:37','2024-11-17 21:54:37'),(684,35,2,1,1,1,0,1,1,'2024-11-17 21:54:37','2024-11-17 21:54:37'),(685,35,3,1,0,1,0,1,0,'2024-11-17 21:54:37','2024-11-17 21:54:37'),(686,35,4,1,1,1,1,1,0,'2024-11-17 21:54:37','2024-11-17 21:54:37'),(687,35,5,1,1,1,1,1,0,'2024-11-17 21:54:37','2024-11-17 21:54:37'),(688,35,6,1,1,1,1,1,0,'2024-11-17 21:54:37','2024-11-17 21:54:37'),(689,35,7,1,1,1,1,1,0,'2024-11-17 21:54:37','2024-11-17 21:54:37'),(690,35,8,1,0,1,1,1,0,'2024-11-17 21:54:37','2024-11-17 21:54:37'),(691,35,9,1,0,1,0,1,0,'2024-11-17 21:54:37','2024-11-17 21:54:37'),(692,35,10,1,1,1,1,1,1,'2024-11-17 21:54:37','2024-11-17 21:54:37'),(693,35,11,1,1,1,1,1,1,'2024-11-17 21:54:37','2024-11-17 21:54:37'),(694,35,12,1,0,1,0,1,0,'2024-11-17 21:54:37','2024-11-17 21:54:37'),(695,35,13,1,0,1,0,1,0,'2024-11-17 21:54:37','2024-11-17 21:54:37'),(696,35,14,1,1,1,1,1,0,'2024-11-17 21:54:37','2024-11-17 21:54:37'),(697,35,15,1,1,1,1,1,0,'2024-11-17 21:54:37','2024-11-17 21:54:37'),(698,35,16,1,1,1,1,1,0,'2024-11-17 21:54:37','2024-11-17 21:54:37'),(699,35,17,1,1,1,1,1,0,'2024-11-17 21:54:37','2024-11-17 21:54:37'),(700,35,18,1,1,1,1,1,0,'2024-11-17 21:54:37','2024-11-17 21:54:37'),(701,35,19,1,1,1,1,1,0,'2024-11-17 21:54:37','2024-11-17 21:54:37'),(702,35,20,1,1,1,1,1,0,'2024-11-17 21:54:38','2024-11-17 21:54:38'),(703,35,21,1,1,1,1,1,0,'2024-11-17 21:54:38','2024-11-17 21:54:38'),(704,35,22,1,1,1,0,1,0,'2024-11-17 21:54:38','2024-11-17 21:54:38'),(705,36,1,1,0,1,0,1,0,'2024-11-17 21:54:39','2024-11-17 21:54:39'),(706,36,2,1,1,1,0,1,1,'2024-11-17 21:54:39','2024-11-17 21:54:39'),(707,36,3,1,0,1,0,1,0,'2024-11-17 21:54:39','2024-11-17 21:54:39'),(708,36,4,1,1,1,1,1,0,'2024-11-17 21:54:39','2024-11-17 21:54:39'),(709,36,5,1,1,1,1,1,0,'2024-11-17 21:54:39','2024-11-17 21:54:39'),(710,36,6,1,1,1,1,1,0,'2024-11-17 21:54:39','2024-11-17 21:54:39'),(711,36,7,1,1,1,1,1,0,'2024-11-17 21:54:39','2024-11-17 21:54:39'),(712,36,8,1,0,1,1,1,0,'2024-11-17 21:54:39','2024-11-17 21:54:39'),(713,36,9,1,0,1,0,1,0,'2024-11-17 21:54:39','2024-11-17 21:54:39'),(714,36,10,1,1,1,1,1,1,'2024-11-17 21:54:39','2024-11-17 21:54:39'),(715,36,11,1,1,1,1,1,1,'2024-11-17 21:54:39','2024-11-17 21:54:39'),(716,36,12,1,0,1,0,1,0,'2024-11-17 21:54:39','2024-11-17 21:54:39'),(717,36,13,1,0,1,0,1,0,'2024-11-17 21:54:39','2024-11-17 21:54:39'),(718,36,14,1,1,1,1,1,0,'2024-11-17 21:54:39','2024-11-17 21:54:39'),(719,36,15,1,1,1,1,1,0,'2024-11-17 21:54:39','2024-11-17 21:54:39'),(720,36,16,1,1,1,1,1,0,'2024-11-17 21:54:39','2024-11-17 21:54:39'),(721,36,17,1,1,1,1,1,0,'2024-11-17 21:54:39','2024-11-17 21:54:39'),(722,36,18,1,1,1,1,1,0,'2024-11-17 21:54:39','2024-11-17 21:54:39'),(723,36,19,1,1,1,1,1,0,'2024-11-17 21:54:39','2024-11-17 21:54:39'),(724,36,20,1,1,1,1,1,0,'2024-11-17 21:54:39','2024-11-17 21:54:39'),(725,36,21,1,1,1,1,1,0,'2024-11-17 21:54:39','2024-11-17 21:54:39'),(726,36,22,1,1,1,0,1,0,'2024-11-17 21:54:39','2024-11-17 21:54:39'),(727,37,1,1,0,1,0,1,0,'2024-11-17 21:54:40','2024-11-17 21:54:40'),(728,37,2,1,1,1,0,1,1,'2024-11-17 21:54:40','2024-11-17 21:54:40'),(729,37,3,1,0,1,0,1,0,'2024-11-17 21:54:40','2024-11-17 21:54:40'),(730,37,4,1,1,1,1,1,0,'2024-11-17 21:54:40','2024-11-17 21:54:40'),(731,37,5,1,1,1,1,1,0,'2024-11-17 21:54:40','2024-11-17 21:54:40'),(732,37,6,1,1,1,1,1,0,'2024-11-17 21:54:40','2024-11-17 21:54:40'),(733,37,7,1,1,1,1,1,0,'2024-11-17 21:54:40','2024-11-17 21:54:40'),(734,37,8,1,0,1,1,1,0,'2024-11-17 21:54:40','2024-11-17 21:54:40'),(735,37,9,1,0,1,0,1,0,'2024-11-17 21:54:40','2024-11-17 21:54:40'),(736,37,10,1,1,1,1,1,1,'2024-11-17 21:54:40','2024-11-17 21:54:40'),(737,37,11,1,1,1,1,1,1,'2024-11-17 21:54:40','2024-11-17 21:54:40'),(738,37,12,1,0,1,0,1,0,'2024-11-17 21:54:40','2024-11-17 21:54:40'),(739,37,13,1,0,1,0,1,0,'2024-11-17 21:54:40','2024-11-17 21:54:40'),(740,37,14,1,1,1,1,1,0,'2024-11-17 21:54:40','2024-11-17 21:54:40'),(741,37,15,1,1,1,1,1,0,'2024-11-17 21:54:40','2024-11-17 21:54:40'),(742,37,16,1,1,1,1,1,0,'2024-11-17 21:54:40','2024-11-17 21:54:40'),(743,37,17,1,1,1,1,1,0,'2024-11-17 21:54:40','2024-11-17 21:54:40'),(744,37,18,1,1,1,1,1,0,'2024-11-17 21:54:40','2024-11-17 21:54:40'),(745,37,19,1,1,1,1,1,0,'2024-11-17 21:54:40','2024-11-17 21:54:40'),(746,37,20,1,1,1,1,1,0,'2024-11-17 21:54:40','2024-11-17 21:54:40'),(747,37,21,1,1,1,1,1,0,'2024-11-17 21:54:40','2024-11-17 21:54:40'),(748,37,22,1,1,1,0,1,0,'2024-11-17 21:54:40','2024-11-17 21:54:40'),(749,38,1,1,0,1,0,1,0,'2024-11-17 21:54:43','2024-11-17 21:54:43'),(750,38,2,1,1,1,0,1,1,'2024-11-17 21:54:43','2024-11-17 21:54:43'),(751,38,3,1,0,1,0,1,0,'2024-11-17 21:54:43','2024-11-17 21:54:43'),(752,38,4,1,1,1,1,1,0,'2024-11-17 21:54:43','2024-11-17 21:54:43'),(753,38,5,1,1,1,1,1,0,'2024-11-17 21:54:43','2024-11-17 21:54:43'),(754,38,6,1,1,1,1,1,0,'2024-11-17 21:54:43','2024-11-17 21:54:43'),(755,38,7,1,1,1,1,1,0,'2024-11-17 21:54:43','2024-11-17 21:54:43'),(756,38,8,1,0,1,1,1,0,'2024-11-17 21:54:43','2024-11-17 21:54:43'),(757,38,9,1,0,1,0,1,0,'2024-11-17 21:54:43','2024-11-17 21:54:43'),(758,38,10,1,1,1,1,1,1,'2024-11-17 21:54:43','2024-11-17 21:54:43'),(759,38,11,1,1,1,1,1,1,'2024-11-17 21:54:43','2024-11-17 21:54:43'),(760,38,12,1,0,1,0,1,0,'2024-11-17 21:54:43','2024-11-17 21:54:43'),(761,38,13,1,0,1,0,1,0,'2024-11-17 21:54:43','2024-11-17 21:54:43'),(762,38,14,1,1,1,1,1,0,'2024-11-17 21:54:43','2024-11-17 21:54:43'),(763,38,15,1,1,1,1,1,0,'2024-11-17 21:54:43','2024-11-17 21:54:43'),(764,38,16,1,1,1,1,1,0,'2024-11-17 21:54:43','2024-11-17 21:54:43'),(765,38,17,1,1,1,1,1,0,'2024-11-17 21:54:43','2024-11-17 21:54:43'),(766,38,18,1,1,1,1,1,0,'2024-11-17 21:54:43','2024-11-17 21:54:43'),(767,38,19,1,1,1,1,1,0,'2024-11-17 21:54:43','2024-11-17 21:54:43'),(768,38,20,1,1,1,1,1,0,'2024-11-17 21:54:43','2024-11-17 21:54:43'),(769,38,21,1,1,1,1,1,0,'2024-11-17 21:54:43','2024-11-17 21:54:43'),(770,38,22,1,1,1,0,1,0,'2024-11-17 21:54:43','2024-11-17 21:54:43'),(771,39,1,1,0,1,0,1,0,'2024-11-17 21:54:45','2024-11-17 21:54:45'),(772,39,2,1,1,1,0,1,1,'2024-11-17 21:54:45','2024-11-17 21:54:45'),(773,39,3,1,0,1,0,1,0,'2024-11-17 21:54:45','2024-11-17 21:54:45'),(774,39,4,1,1,1,1,1,0,'2024-11-17 21:54:45','2024-11-17 21:54:45'),(775,39,5,1,1,1,1,1,0,'2024-11-17 21:54:45','2024-11-17 21:54:45'),(776,39,6,1,1,1,1,1,0,'2024-11-17 21:54:45','2024-11-17 21:54:45'),(777,39,7,1,1,1,1,1,0,'2024-11-17 21:54:45','2024-11-17 21:54:45'),(778,39,8,1,0,1,1,1,0,'2024-11-17 21:54:45','2024-11-17 21:54:45'),(779,39,9,1,0,1,0,1,0,'2024-11-17 21:54:45','2024-11-17 21:54:45'),(780,39,10,1,1,1,1,1,1,'2024-11-17 21:54:45','2024-11-17 21:54:45'),(781,39,11,1,1,1,1,1,1,'2024-11-17 21:54:45','2024-11-17 21:54:45'),(782,39,12,1,0,1,0,1,0,'2024-11-17 21:54:45','2024-11-17 21:54:45'),(783,39,13,1,0,1,0,1,0,'2024-11-17 21:54:45','2024-11-17 21:54:45'),(784,39,14,1,1,1,1,1,0,'2024-11-17 21:54:45','2024-11-17 21:54:45'),(785,39,15,1,1,1,1,1,0,'2024-11-17 21:54:45','2024-11-17 21:54:45'),(786,39,16,1,1,1,1,1,0,'2024-11-17 21:54:45','2024-11-17 21:54:45'),(787,39,17,1,1,1,1,1,0,'2024-11-17 21:54:45','2024-11-17 21:54:45'),(788,39,18,1,1,1,1,1,0,'2024-11-17 21:54:45','2024-11-17 21:54:45'),(789,39,19,1,1,1,1,1,0,'2024-11-17 21:54:45','2024-11-17 21:54:45'),(790,39,20,1,1,1,1,1,0,'2024-11-17 21:54:45','2024-11-17 21:54:45'),(791,39,21,1,1,1,1,1,0,'2024-11-17 21:54:45','2024-11-17 21:54:45'),(792,39,22,1,1,1,0,1,0,'2024-11-17 21:54:45','2024-11-17 21:54:45'),(793,40,1,1,0,1,0,1,0,'2024-11-17 21:54:46','2024-11-17 21:54:46'),(794,40,2,1,1,1,0,1,1,'2024-11-17 21:54:46','2024-11-17 21:54:46'),(795,40,3,1,0,1,0,1,0,'2024-11-17 21:54:46','2024-11-17 21:54:46'),(796,40,4,1,1,1,1,1,0,'2024-11-17 21:54:46','2024-11-17 21:54:46'),(797,40,5,1,1,1,1,1,0,'2024-11-17 21:54:46','2024-11-17 21:54:46'),(798,40,6,1,1,1,1,1,0,'2024-11-17 21:54:46','2024-11-17 21:54:46'),(799,40,7,1,1,1,1,1,0,'2024-11-17 21:54:46','2024-11-17 21:54:46'),(800,40,8,1,0,1,1,1,0,'2024-11-17 21:54:46','2024-11-17 21:54:46'),(801,40,9,1,0,1,0,1,0,'2024-11-17 21:54:46','2024-11-17 21:54:46'),(802,40,10,1,1,1,1,1,1,'2024-11-17 21:54:46','2024-11-17 21:54:46'),(803,40,11,1,1,1,1,1,1,'2024-11-17 21:54:46','2024-11-17 21:54:46'),(804,40,12,1,0,1,0,1,0,'2024-11-17 21:54:46','2024-11-17 21:54:46'),(805,40,13,1,0,1,0,1,0,'2024-11-17 21:54:46','2024-11-17 21:54:46'),(806,40,14,1,1,1,1,1,0,'2024-11-17 21:54:46','2024-11-17 21:54:46'),(807,40,15,1,1,1,1,1,0,'2024-11-17 21:54:46','2024-11-17 21:54:46'),(808,40,16,1,1,1,1,1,0,'2024-11-17 21:54:46','2024-11-17 21:54:46'),(809,40,17,1,1,1,1,1,0,'2024-11-17 21:54:46','2024-11-17 21:54:46'),(810,40,18,1,1,1,1,1,0,'2024-11-17 21:54:46','2024-11-17 21:54:46'),(811,40,19,1,1,1,1,1,0,'2024-11-17 21:54:46','2024-11-17 21:54:46'),(812,40,20,1,1,1,1,1,0,'2024-11-17 21:54:46','2024-11-17 21:54:46'),(813,40,21,1,1,1,1,1,0,'2024-11-17 21:54:46','2024-11-17 21:54:46'),(814,40,22,1,1,1,0,1,0,'2024-11-17 21:54:46','2024-11-17 21:54:46'),(815,41,1,1,0,1,0,1,0,'2024-11-17 21:54:49','2024-11-17 21:54:49'),(816,41,2,1,1,1,0,1,1,'2024-11-17 21:54:49','2024-11-17 21:54:49'),(817,41,3,1,0,1,0,1,0,'2024-11-17 21:54:49','2024-11-17 21:54:49'),(818,41,4,1,1,1,1,1,0,'2024-11-17 21:54:49','2024-11-17 21:54:49'),(819,41,5,1,1,1,1,1,0,'2024-11-17 21:54:49','2024-11-17 21:54:49'),(820,41,6,1,1,1,1,1,0,'2024-11-17 21:54:49','2024-11-17 21:54:49'),(821,41,7,1,1,1,1,1,0,'2024-11-17 21:54:49','2024-11-17 21:54:49'),(822,41,8,1,0,1,1,1,0,'2024-11-17 21:54:49','2024-11-17 21:54:49'),(823,41,9,1,0,1,0,1,0,'2024-11-17 21:54:49','2024-11-17 21:54:49'),(824,41,10,1,1,1,1,1,1,'2024-11-17 21:54:49','2024-11-17 21:54:49'),(825,41,11,1,1,1,1,1,1,'2024-11-17 21:54:49','2024-11-17 21:54:49'),(826,41,12,1,0,1,0,1,0,'2024-11-17 21:54:49','2024-11-17 21:54:49'),(827,41,13,1,0,1,0,1,0,'2024-11-17 21:54:49','2024-11-17 21:54:49'),(828,41,14,1,1,1,1,1,0,'2024-11-17 21:54:49','2024-11-17 21:54:49'),(829,41,15,1,1,1,1,1,0,'2024-11-17 21:54:49','2024-11-17 21:54:49'),(830,41,16,1,1,1,1,1,0,'2024-11-17 21:54:49','2024-11-17 21:54:49'),(831,41,17,1,1,1,1,1,0,'2024-11-17 21:54:49','2024-11-17 21:54:49'),(832,41,18,1,1,1,1,1,0,'2024-11-17 21:54:49','2024-11-17 21:54:49'),(833,41,19,1,1,1,1,1,0,'2024-11-17 21:54:49','2024-11-17 21:54:49'),(834,41,20,1,1,1,1,1,0,'2024-11-17 21:54:49','2024-11-17 21:54:49'),(835,41,21,1,1,1,1,1,0,'2024-11-17 21:54:49','2024-11-17 21:54:49'),(836,41,22,1,1,1,0,1,0,'2024-11-17 21:54:49','2024-11-17 21:54:49'),(837,42,1,1,0,1,0,1,0,'2024-11-17 21:54:50','2024-11-17 21:54:50'),(838,42,2,1,1,1,0,1,1,'2024-11-17 21:54:50','2024-11-17 21:54:50'),(839,42,3,1,0,1,0,1,0,'2024-11-17 21:54:50','2024-11-17 21:54:50'),(840,42,4,1,1,1,1,1,0,'2024-11-17 21:54:50','2024-11-17 21:54:50'),(841,42,5,1,1,1,1,1,0,'2024-11-17 21:54:50','2024-11-17 21:54:50'),(842,42,6,1,1,1,1,1,0,'2024-11-17 21:54:50','2024-11-17 21:54:50'),(843,42,7,1,1,1,1,1,0,'2024-11-17 21:54:50','2024-11-17 21:54:50'),(844,42,8,1,0,1,1,1,0,'2024-11-17 21:54:50','2024-11-17 21:54:50'),(845,42,9,1,0,1,0,1,0,'2024-11-17 21:54:50','2024-11-17 21:54:50'),(846,42,10,1,1,1,1,1,1,'2024-11-17 21:54:50','2024-11-17 21:54:50'),(847,42,11,1,1,1,1,1,1,'2024-11-17 21:54:50','2024-11-17 21:54:50'),(848,42,12,1,0,1,0,1,0,'2024-11-17 21:54:50','2024-11-17 21:54:50'),(849,42,13,1,0,1,0,1,0,'2024-11-17 21:54:50','2024-11-17 21:54:50'),(850,42,14,1,1,1,1,1,0,'2024-11-17 21:54:50','2024-11-17 21:54:50'),(851,42,15,1,1,1,1,1,0,'2024-11-17 21:54:50','2024-11-17 21:54:50'),(852,42,16,1,1,1,1,1,0,'2024-11-17 21:54:50','2024-11-17 21:54:50'),(853,42,17,1,1,1,1,1,0,'2024-11-17 21:54:50','2024-11-17 21:54:50'),(854,42,18,1,1,1,1,1,0,'2024-11-17 21:54:50','2024-11-17 21:54:50'),(855,42,19,1,1,1,1,1,0,'2024-11-17 21:54:50','2024-11-17 21:54:50'),(856,42,20,1,1,1,1,1,0,'2024-11-17 21:54:50','2024-11-17 21:54:50'),(857,42,21,1,1,1,1,1,0,'2024-11-17 21:54:50','2024-11-17 21:54:50'),(858,42,22,1,1,1,0,1,0,'2024-11-17 21:54:50','2024-11-17 21:54:50'),(859,43,1,1,0,1,0,1,0,'2024-11-17 21:54:52','2024-11-17 21:54:52'),(860,43,2,1,1,1,0,1,1,'2024-11-17 21:54:52','2024-11-17 21:54:52'),(861,43,3,1,0,1,0,1,0,'2024-11-17 21:54:52','2024-11-17 21:54:52'),(862,43,4,1,1,1,1,1,0,'2024-11-17 21:54:52','2024-11-17 21:54:52'),(863,43,5,1,1,1,1,1,0,'2024-11-17 21:54:52','2024-11-17 21:54:52'),(864,43,6,1,1,1,1,1,0,'2024-11-17 21:54:52','2024-11-17 21:54:52'),(865,43,7,1,1,1,1,1,0,'2024-11-17 21:54:52','2024-11-17 21:54:52'),(866,43,8,1,0,1,1,1,0,'2024-11-17 21:54:52','2024-11-17 21:54:52'),(867,43,9,1,0,1,0,1,0,'2024-11-17 21:54:52','2024-11-17 21:54:52'),(868,43,10,1,1,1,1,1,1,'2024-11-17 21:54:52','2024-11-17 21:54:52'),(869,43,11,1,1,1,1,1,1,'2024-11-17 21:54:52','2024-11-17 21:54:52'),(870,43,12,1,0,1,0,1,0,'2024-11-17 21:54:52','2024-11-17 21:54:52'),(871,43,13,1,0,1,0,1,0,'2024-11-17 21:54:52','2024-11-17 21:54:52'),(872,43,14,1,1,1,1,1,0,'2024-11-17 21:54:52','2024-11-17 21:54:52'),(873,43,15,1,1,1,1,1,0,'2024-11-17 21:54:52','2024-11-17 21:54:52'),(874,43,16,1,1,1,1,1,0,'2024-11-17 21:54:52','2024-11-17 21:54:52'),(875,43,17,1,1,1,1,1,0,'2024-11-17 21:54:52','2024-11-17 21:54:52'),(876,43,18,1,1,1,1,1,0,'2024-11-17 21:54:52','2024-11-17 21:54:52'),(877,43,19,1,1,1,1,1,0,'2024-11-17 21:54:52','2024-11-17 21:54:52'),(878,43,20,1,1,1,1,1,0,'2024-11-17 21:54:52','2024-11-17 21:54:52'),(879,43,21,1,1,1,1,1,0,'2024-11-17 21:54:52','2024-11-17 21:54:52'),(880,43,22,1,1,1,0,1,0,'2024-11-17 21:54:52','2024-11-17 21:54:52'),(881,44,1,1,0,1,0,1,0,'2024-11-17 21:54:53','2024-11-17 21:54:53'),(882,44,2,1,1,1,0,1,1,'2024-11-17 21:54:53','2024-11-17 21:54:53'),(883,44,3,1,0,1,0,1,0,'2024-11-17 21:54:53','2024-11-17 21:54:53'),(884,44,4,1,1,1,1,1,0,'2024-11-17 21:54:53','2024-11-17 21:54:53'),(885,44,5,1,1,1,1,1,0,'2024-11-17 21:54:53','2024-11-17 21:54:53'),(886,44,6,1,1,1,1,1,0,'2024-11-17 21:54:53','2024-11-17 21:54:53'),(887,44,7,1,1,1,1,1,0,'2024-11-17 21:54:53','2024-11-17 21:54:53'),(888,44,8,1,0,1,1,1,0,'2024-11-17 21:54:53','2024-11-17 21:54:53'),(889,44,9,1,0,1,0,1,0,'2024-11-17 21:54:53','2024-11-17 21:54:53'),(890,44,10,1,1,1,1,1,1,'2024-11-17 21:54:53','2024-11-17 21:54:53'),(891,44,11,1,1,1,1,1,1,'2024-11-17 21:54:53','2024-11-17 21:54:53'),(892,44,12,1,0,1,0,1,0,'2024-11-17 21:54:53','2024-11-17 21:54:53'),(893,44,13,1,0,1,0,1,0,'2024-11-17 21:54:53','2024-11-17 21:54:53'),(894,44,14,1,1,1,1,1,0,'2024-11-17 21:54:53','2024-11-17 21:54:53'),(895,44,15,1,1,1,1,1,0,'2024-11-17 21:54:53','2024-11-17 21:54:53'),(896,44,16,1,1,1,1,1,0,'2024-11-17 21:54:53','2024-11-17 21:54:53'),(897,44,17,1,1,1,1,1,0,'2024-11-17 21:54:53','2024-11-17 21:54:53'),(898,44,18,1,1,1,1,1,0,'2024-11-17 21:54:53','2024-11-17 21:54:53'),(899,44,19,1,1,1,1,1,0,'2024-11-17 21:54:53','2024-11-17 21:54:53'),(900,44,20,1,1,1,1,1,0,'2024-11-17 21:54:53','2024-11-17 21:54:53'),(901,44,21,1,1,1,1,1,0,'2024-11-17 21:54:53','2024-11-17 21:54:53'),(902,44,22,1,1,1,0,1,0,'2024-11-17 21:54:53','2024-11-17 21:54:53'),(903,45,1,1,0,1,0,1,0,'2024-11-17 21:54:55','2024-11-17 21:54:55'),(904,45,2,1,1,1,0,1,1,'2024-11-17 21:54:55','2024-11-17 21:54:55'),(905,45,3,1,0,1,0,1,0,'2024-11-17 21:54:55','2024-11-17 21:54:55'),(906,45,4,1,1,1,1,1,0,'2024-11-17 21:54:55','2024-11-17 21:54:55'),(907,45,5,1,1,1,1,1,0,'2024-11-17 21:54:55','2024-11-17 21:54:55'),(908,45,6,1,1,1,1,1,0,'2024-11-17 21:54:55','2024-11-17 21:54:55'),(909,45,7,1,1,1,1,1,0,'2024-11-17 21:54:55','2024-11-17 21:54:55'),(910,45,8,1,0,1,1,1,0,'2024-11-17 21:54:55','2024-11-17 21:54:55'),(911,45,9,1,0,1,0,1,0,'2024-11-17 21:54:55','2024-11-17 21:54:55'),(912,45,10,1,1,1,1,1,1,'2024-11-17 21:54:55','2024-11-17 21:54:55'),(913,45,11,1,1,1,1,1,1,'2024-11-17 21:54:55','2024-11-17 21:54:55'),(914,45,12,1,0,1,0,1,0,'2024-11-17 21:54:55','2024-11-17 21:54:55'),(915,45,13,1,0,1,0,1,0,'2024-11-17 21:54:55','2024-11-17 21:54:55'),(916,45,14,1,1,1,1,1,0,'2024-11-17 21:54:55','2024-11-17 21:54:55'),(917,45,15,1,1,1,1,1,0,'2024-11-17 21:54:55','2024-11-17 21:54:55'),(918,45,16,1,1,1,1,1,0,'2024-11-17 21:54:55','2024-11-17 21:54:55'),(919,45,17,1,1,1,1,1,0,'2024-11-17 21:54:55','2024-11-17 21:54:55'),(920,45,18,1,1,1,1,1,0,'2024-11-17 21:54:55','2024-11-17 21:54:55'),(921,45,19,1,1,1,1,1,0,'2024-11-17 21:54:55','2024-11-17 21:54:55'),(922,45,20,1,1,1,1,1,0,'2024-11-17 21:54:55','2024-11-17 21:54:55'),(923,45,21,1,1,1,1,1,0,'2024-11-17 21:54:55','2024-11-17 21:54:55'),(924,45,22,1,1,1,0,1,0,'2024-11-17 21:54:55','2024-11-17 21:54:55'),(925,46,1,1,0,1,0,1,0,'2024-11-17 21:54:57','2024-11-17 21:54:57'),(926,46,2,1,1,1,0,1,1,'2024-11-17 21:54:57','2024-11-17 21:54:57'),(927,46,3,1,0,1,0,1,0,'2024-11-17 21:54:57','2024-11-17 21:54:57'),(928,46,4,1,1,1,1,1,0,'2024-11-17 21:54:57','2024-11-17 21:54:57'),(929,46,5,1,1,1,1,1,0,'2024-11-17 21:54:57','2024-11-17 21:54:57'),(930,46,6,1,1,1,1,1,0,'2024-11-17 21:54:57','2024-11-17 21:54:57'),(931,46,7,1,1,1,1,1,0,'2024-11-17 21:54:57','2024-11-17 21:54:57'),(932,46,8,1,0,1,1,1,0,'2024-11-17 21:54:57','2024-11-17 21:54:57'),(933,46,9,1,0,1,0,1,0,'2024-11-17 21:54:57','2024-11-17 21:54:57'),(934,46,10,1,1,1,1,1,1,'2024-11-17 21:54:57','2024-11-17 21:54:57'),(935,46,11,1,1,1,1,1,1,'2024-11-17 21:54:57','2024-11-17 21:54:57'),(936,46,12,1,0,1,0,1,0,'2024-11-17 21:54:57','2024-11-17 21:54:57'),(937,46,13,1,0,1,0,1,0,'2024-11-17 21:54:57','2024-11-17 21:54:57'),(938,46,14,1,1,1,1,1,0,'2024-11-17 21:54:57','2024-11-17 21:54:57'),(939,46,15,1,1,1,1,1,0,'2024-11-17 21:54:57','2024-11-17 21:54:57'),(940,46,16,1,1,1,1,1,0,'2024-11-17 21:54:57','2024-11-17 21:54:57'),(941,46,17,1,1,1,1,1,0,'2024-11-17 21:54:57','2024-11-17 21:54:57'),(942,46,18,1,1,1,1,1,0,'2024-11-17 21:54:57','2024-11-17 21:54:57'),(943,46,19,1,1,1,1,1,0,'2024-11-17 21:54:57','2024-11-17 21:54:57'),(944,46,20,1,1,1,1,1,0,'2024-11-17 21:54:57','2024-11-17 21:54:57'),(945,46,21,1,1,1,1,1,0,'2024-11-17 21:54:57','2024-11-17 21:54:57'),(946,46,22,1,1,1,0,1,0,'2024-11-17 21:54:57','2024-11-17 21:54:57'),(947,47,1,1,0,1,0,1,0,'2024-11-17 21:54:59','2024-11-17 21:54:59'),(948,47,2,1,1,1,0,1,1,'2024-11-17 21:54:59','2024-11-17 21:54:59'),(949,47,3,1,0,1,0,1,0,'2024-11-17 21:54:59','2024-11-17 21:54:59'),(950,47,4,1,1,1,1,1,0,'2024-11-17 21:54:59','2024-11-17 21:54:59'),(951,47,5,1,1,1,1,1,0,'2024-11-17 21:54:59','2024-11-17 21:54:59'),(952,47,6,1,1,1,1,1,0,'2024-11-17 21:54:59','2024-11-17 21:54:59'),(953,47,7,1,1,1,1,1,0,'2024-11-17 21:54:59','2024-11-17 21:54:59'),(954,47,8,1,0,1,1,1,0,'2024-11-17 21:54:59','2024-11-17 21:54:59'),(955,47,9,1,0,1,0,1,0,'2024-11-17 21:54:59','2024-11-17 21:54:59'),(956,47,10,1,1,1,1,1,1,'2024-11-17 21:54:59','2024-11-17 21:54:59'),(957,47,11,1,1,1,1,1,1,'2024-11-17 21:54:59','2024-11-17 21:54:59'),(958,47,12,1,0,1,0,1,0,'2024-11-17 21:54:59','2024-11-17 21:54:59'),(959,47,13,1,0,1,0,1,0,'2024-11-17 21:54:59','2024-11-17 21:54:59'),(960,47,14,1,1,1,1,1,0,'2024-11-17 21:54:59','2024-11-17 21:54:59'),(961,47,15,1,1,1,1,1,0,'2024-11-17 21:54:59','2024-11-17 21:54:59'),(962,47,16,1,1,1,1,1,0,'2024-11-17 21:54:59','2024-11-17 21:54:59'),(963,47,17,1,1,1,1,1,0,'2024-11-17 21:54:59','2024-11-17 21:54:59'),(964,47,18,1,1,1,1,1,0,'2024-11-17 21:54:59','2024-11-17 21:54:59'),(965,47,19,1,1,1,1,1,0,'2024-11-17 21:54:59','2024-11-17 21:54:59'),(966,47,20,1,1,1,1,1,0,'2024-11-17 21:54:59','2024-11-17 21:54:59'),(967,47,21,1,1,1,1,1,0,'2024-11-17 21:54:59','2024-11-17 21:54:59'),(968,47,22,1,1,1,0,1,0,'2024-11-17 21:54:59','2024-11-17 21:54:59'),(969,63,1,1,0,1,0,1,0,'2024-11-17 21:55:00','2024-11-17 21:55:00'),(970,63,2,1,1,1,0,1,1,'2024-11-17 21:55:00','2024-11-17 21:55:00'),(971,63,3,1,0,1,0,1,0,'2024-11-17 21:55:00','2024-11-17 21:55:00'),(972,63,4,1,1,1,1,1,0,'2024-11-17 21:55:00','2024-11-17 21:55:00'),(973,63,5,1,1,1,1,1,0,'2024-11-17 21:55:00','2024-11-17 21:55:00'),(974,63,6,1,1,1,1,1,0,'2024-11-17 21:55:00','2024-11-17 21:55:00'),(975,63,7,1,1,1,1,1,0,'2024-11-17 21:55:00','2024-11-17 21:55:00'),(976,63,8,1,0,1,1,1,0,'2024-11-17 21:55:00','2024-11-17 21:55:00'),(977,63,9,1,0,1,0,1,0,'2024-11-17 21:55:00','2024-11-17 21:55:00'),(978,63,10,1,1,1,1,1,1,'2024-11-17 21:55:00','2024-11-17 21:55:00'),(979,63,11,1,1,1,1,1,1,'2024-11-17 21:55:00','2024-11-17 21:55:00'),(980,63,12,1,0,1,0,1,0,'2024-11-17 21:55:00','2024-11-17 21:55:00'),(981,63,13,1,0,1,0,1,0,'2024-11-17 21:55:00','2024-11-17 21:55:00'),(982,63,14,1,1,1,1,1,0,'2024-11-17 21:55:00','2024-11-17 21:55:00'),(983,63,15,1,1,1,1,1,0,'2024-11-17 21:55:00','2024-11-17 21:55:00'),(984,63,16,1,1,1,1,1,0,'2024-11-17 21:55:00','2024-11-17 21:55:00'),(985,63,17,1,1,1,1,1,0,'2024-11-17 21:55:00','2024-11-17 21:55:00'),(986,63,18,1,1,1,1,1,0,'2024-11-17 21:55:00','2024-11-17 21:55:00'),(987,63,19,1,1,1,1,1,0,'2024-11-17 21:55:00','2024-11-17 21:55:00'),(988,63,20,1,1,1,1,1,0,'2024-11-17 21:55:00','2024-11-17 21:55:00'),(989,63,21,1,1,1,1,1,0,'2024-11-17 21:55:00','2024-11-17 21:55:00'),(990,63,22,1,1,1,0,1,0,'2024-11-17 21:55:00','2024-11-17 21:55:00'),(991,70,1,1,0,1,0,1,0,'2024-11-17 21:55:01','2024-11-17 21:55:01'),(992,70,2,1,1,1,0,1,1,'2024-11-17 21:55:01','2024-11-17 21:55:01'),(993,70,3,1,0,1,0,1,0,'2024-11-17 21:55:01','2024-11-17 21:55:01'),(994,70,4,1,1,1,1,1,0,'2024-11-17 21:55:01','2024-11-17 21:55:01'),(995,70,5,1,1,1,1,1,0,'2024-11-17 21:55:01','2024-11-17 21:55:01'),(996,70,6,1,1,1,1,1,0,'2024-11-17 21:55:01','2024-11-17 21:55:01'),(997,70,7,1,1,1,1,1,0,'2024-11-17 21:55:01','2024-11-17 21:55:01'),(998,70,8,1,0,1,1,1,0,'2024-11-17 21:55:01','2024-11-17 21:55:01'),(999,70,9,1,0,1,0,1,0,'2024-11-17 21:55:02','2024-11-17 21:55:02'),(1000,70,10,1,1,1,1,1,1,'2024-11-17 21:55:02','2024-11-17 21:55:02'),(1001,70,11,1,1,1,1,1,1,'2024-11-17 21:55:02','2024-11-17 21:55:02'),(1002,70,12,1,0,1,0,1,0,'2024-11-17 21:55:02','2024-11-17 21:55:02'),(1003,70,13,1,0,1,0,1,0,'2024-11-17 21:55:02','2024-11-17 21:55:02'),(1004,70,14,1,1,1,1,1,0,'2024-11-17 21:55:02','2024-11-17 21:55:02'),(1005,70,15,1,1,1,1,1,0,'2024-11-17 21:55:02','2024-11-17 21:55:02'),(1006,70,16,1,1,1,1,1,0,'2024-11-17 21:55:02','2024-11-17 21:55:02'),(1007,70,17,1,1,1,1,1,0,'2024-11-17 21:55:02','2024-11-17 21:55:02'),(1008,70,18,1,1,1,1,1,0,'2024-11-17 21:55:02','2024-11-17 21:55:02'),(1009,70,19,1,1,1,1,1,0,'2024-11-17 21:55:02','2024-11-17 21:55:02'),(1010,70,20,1,1,1,1,1,0,'2024-11-17 21:55:02','2024-11-17 21:55:02'),(1011,70,21,1,1,1,1,1,0,'2024-11-17 21:55:02','2024-11-17 21:55:02'),(1012,70,22,1,1,1,0,1,0,'2024-11-17 21:55:02','2024-11-17 21:55:02'),(1013,79,1,1,0,1,0,1,0,'2024-11-17 21:55:03','2024-11-17 21:55:03'),(1014,79,2,1,1,1,0,1,1,'2024-11-17 21:55:03','2024-11-17 21:55:03'),(1015,79,3,1,0,1,0,1,0,'2024-11-17 21:55:03','2024-11-17 21:55:03'),(1016,79,4,1,1,1,1,1,0,'2024-11-17 21:55:03','2024-11-17 21:55:03'),(1017,79,5,1,1,1,1,1,0,'2024-11-17 21:55:03','2024-11-17 21:55:03'),(1018,79,6,1,1,1,1,1,0,'2024-11-17 21:55:03','2024-11-17 21:55:03'),(1019,79,7,1,1,1,1,1,0,'2024-11-17 21:55:03','2024-11-17 21:55:03'),(1020,79,8,1,0,1,1,1,0,'2024-11-17 21:55:03','2024-11-17 21:55:03'),(1021,79,9,1,0,1,0,1,0,'2024-11-17 21:55:03','2024-11-17 21:55:03'),(1022,79,10,1,1,1,1,1,1,'2024-11-17 21:55:03','2024-11-17 21:55:03'),(1023,79,11,1,1,1,1,1,1,'2024-11-17 21:55:03','2024-11-17 21:55:03'),(1024,79,12,1,0,1,0,1,0,'2024-11-17 21:55:03','2024-11-17 21:55:03'),(1025,79,13,1,0,1,0,1,0,'2024-11-17 21:55:03','2024-11-17 21:55:03'),(1026,79,14,1,1,1,1,1,0,'2024-11-17 21:55:03','2024-11-17 21:55:03'),(1027,79,15,1,1,1,1,1,0,'2024-11-17 21:55:03','2024-11-17 21:55:03'),(1028,79,16,1,1,1,1,1,0,'2024-11-17 21:55:03','2024-11-17 21:55:03'),(1029,79,17,1,1,1,1,1,0,'2024-11-17 21:55:03','2024-11-17 21:55:03'),(1030,79,18,1,1,1,1,1,0,'2024-11-17 21:55:03','2024-11-17 21:55:03'),(1031,79,19,1,1,1,1,1,0,'2024-11-17 21:55:03','2024-11-17 21:55:03'),(1032,79,20,1,1,1,1,1,0,'2024-11-17 21:55:03','2024-11-17 21:55:03'),(1033,79,21,1,1,1,1,1,0,'2024-11-17 21:55:03','2024-11-17 21:55:03'),(1034,79,22,1,1,1,0,1,0,'2024-11-17 21:55:03','2024-11-17 21:55:03'),(1035,80,1,1,0,1,0,1,0,'2024-11-17 21:55:04','2024-11-17 21:55:04'),(1036,80,2,1,1,1,0,1,1,'2024-11-17 21:55:04','2024-11-17 21:55:04'),(1037,80,3,1,0,1,0,1,0,'2024-11-17 21:55:04','2024-11-17 21:55:04'),(1038,80,4,1,1,1,1,1,0,'2024-11-17 21:55:04','2024-11-17 21:55:04'),(1039,80,5,1,1,1,1,1,0,'2024-11-17 21:55:04','2024-11-17 21:55:04'),(1040,80,6,1,1,1,1,1,0,'2024-11-17 21:55:04','2024-11-17 21:55:04'),(1041,80,7,1,1,1,1,1,0,'2024-11-17 21:55:04','2024-11-17 21:55:04'),(1042,80,8,1,0,1,1,1,0,'2024-11-17 21:55:04','2024-11-17 21:55:04'),(1043,80,9,1,0,1,0,1,0,'2024-11-17 21:55:04','2024-11-17 21:55:04'),(1044,80,10,1,1,1,1,1,1,'2024-11-17 21:55:04','2024-11-17 21:55:04'),(1045,80,11,1,1,1,1,1,1,'2024-11-17 21:55:04','2024-11-17 21:55:04'),(1046,80,12,1,0,1,0,1,0,'2024-11-17 21:55:04','2024-11-17 21:55:04'),(1047,80,13,1,0,1,0,1,0,'2024-11-17 21:55:04','2024-11-17 21:55:04'),(1048,80,14,1,1,1,1,1,0,'2024-11-17 21:55:04','2024-11-17 21:55:04'),(1049,80,15,1,1,1,1,1,0,'2024-11-17 21:55:04','2024-11-17 21:55:04'),(1050,80,16,1,1,1,1,1,0,'2024-11-17 21:55:04','2024-11-17 21:55:04'),(1051,80,17,1,1,1,1,1,0,'2024-11-17 21:55:04','2024-11-17 21:55:04'),(1052,80,18,1,1,1,1,1,0,'2024-11-17 21:55:04','2024-11-17 21:55:04'),(1053,80,19,1,1,1,1,1,0,'2024-11-17 21:55:04','2024-11-17 21:55:04'),(1054,80,20,1,1,1,1,1,0,'2024-11-17 21:55:04','2024-11-17 21:55:04'),(1055,80,21,1,1,1,1,1,0,'2024-11-17 21:55:04','2024-11-17 21:55:04'),(1056,80,22,1,1,1,0,1,0,'2024-11-17 21:55:04','2024-11-17 21:55:04'),(1057,81,1,1,0,1,0,1,0,'2024-11-17 21:55:05','2024-11-17 21:55:05'),(1058,81,2,1,1,1,0,1,1,'2024-11-17 21:55:05','2024-11-17 21:55:05'),(1059,81,3,1,0,1,0,1,0,'2024-11-17 21:55:05','2024-11-17 21:55:05'),(1060,81,4,1,1,1,1,1,0,'2024-11-17 21:55:05','2024-11-17 21:55:05'),(1061,81,5,1,1,1,1,1,0,'2024-11-17 21:55:05','2024-11-17 21:55:05'),(1062,81,6,1,1,1,1,1,0,'2024-11-17 21:55:05','2024-11-17 21:55:05'),(1063,81,7,1,1,1,1,1,0,'2024-11-17 21:55:05','2024-11-17 21:55:05'),(1064,81,8,1,0,1,1,1,0,'2024-11-17 21:55:05','2024-11-17 21:55:05'),(1065,81,9,1,0,1,0,1,0,'2024-11-17 21:55:05','2024-11-17 21:55:05'),(1066,81,10,1,1,1,1,1,1,'2024-11-17 21:55:05','2024-11-17 21:55:05'),(1067,81,11,1,1,1,1,1,1,'2024-11-17 21:55:05','2024-11-17 21:55:05'),(1068,81,12,1,0,1,0,1,0,'2024-11-17 21:55:05','2024-11-17 21:55:05'),(1069,81,13,1,0,1,0,1,0,'2024-11-17 21:55:05','2024-11-17 21:55:05'),(1070,81,14,1,1,1,1,1,0,'2024-11-17 21:55:05','2024-11-17 21:55:05'),(1071,81,15,1,1,1,1,1,0,'2024-11-17 21:55:05','2024-11-17 21:55:05'),(1072,81,16,1,1,1,1,1,0,'2024-11-17 21:55:05','2024-11-17 21:55:05'),(1073,81,17,1,1,1,1,1,0,'2024-11-17 21:55:05','2024-11-17 21:55:05'),(1074,81,18,1,1,1,1,1,0,'2024-11-17 21:55:05','2024-11-17 21:55:05'),(1075,81,19,1,1,1,1,1,0,'2024-11-17 21:55:05','2024-11-17 21:55:05'),(1076,81,20,1,1,1,1,1,0,'2024-11-17 21:55:05','2024-11-17 21:55:05'),(1077,81,21,1,1,1,1,1,0,'2024-11-17 21:55:05','2024-11-17 21:55:05'),(1078,81,22,1,1,1,0,1,0,'2024-11-17 21:55:05','2024-11-17 21:55:05'),(1079,82,1,1,0,1,0,1,0,'2024-11-17 21:55:06','2024-11-17 21:55:06'),(1080,82,2,1,1,1,0,1,1,'2024-11-17 21:55:06','2024-11-17 21:55:06'),(1081,82,3,1,0,1,0,1,0,'2024-11-17 21:55:06','2024-11-17 21:55:06'),(1082,82,4,1,1,1,1,1,0,'2024-11-17 21:55:06','2024-11-17 21:55:06'),(1083,82,5,1,1,1,1,1,0,'2024-11-17 21:55:06','2024-11-17 21:55:06'),(1084,82,6,1,1,1,1,1,0,'2024-11-17 21:55:06','2024-11-17 21:55:06'),(1085,82,7,1,1,1,1,1,0,'2024-11-17 21:55:06','2024-11-17 21:55:06'),(1086,82,8,1,0,1,1,1,0,'2024-11-17 21:55:06','2024-11-17 21:55:06'),(1087,82,9,1,0,1,0,1,0,'2024-11-17 21:55:06','2024-11-17 21:55:06'),(1088,82,10,1,1,1,1,1,1,'2024-11-17 21:55:06','2024-11-17 21:55:06'),(1089,82,11,1,1,1,1,1,1,'2024-11-17 21:55:06','2024-11-17 21:55:06'),(1090,82,12,1,0,1,0,1,0,'2024-11-17 21:55:06','2024-11-17 21:55:06'),(1091,82,13,1,0,1,0,1,0,'2024-11-17 21:55:06','2024-11-17 21:55:06'),(1092,82,14,1,1,1,1,1,0,'2024-11-17 21:55:07','2024-11-17 21:55:07'),(1093,82,15,1,1,1,1,1,0,'2024-11-17 21:55:07','2024-11-17 21:55:07'),(1094,82,16,1,1,1,1,1,0,'2024-11-17 21:55:07','2024-11-17 21:55:07'),(1095,82,17,1,1,1,1,1,0,'2024-11-17 21:55:07','2024-11-17 21:55:07'),(1096,82,18,1,1,1,1,1,0,'2024-11-17 21:55:07','2024-11-17 21:55:07'),(1097,82,19,1,1,1,1,1,0,'2024-11-17 21:55:07','2024-11-17 21:55:07'),(1098,82,20,1,1,1,1,1,0,'2024-11-17 21:55:07','2024-11-17 21:55:07'),(1099,82,21,1,1,1,1,1,0,'2024-11-17 21:55:07','2024-11-17 21:55:07'),(1100,82,22,1,1,1,0,1,0,'2024-11-17 21:55:07','2024-11-17 21:55:07'),(1101,83,1,1,0,1,0,1,0,'2024-11-17 21:55:08','2024-11-17 21:55:08'),(1102,83,2,1,1,1,0,1,1,'2024-11-17 21:55:08','2024-11-17 21:55:08'),(1103,83,3,1,0,1,0,1,0,'2024-11-17 21:55:08','2024-11-17 21:55:08'),(1104,83,4,1,1,1,1,1,0,'2024-11-17 21:55:08','2024-11-17 21:55:08'),(1105,83,5,1,1,1,1,1,0,'2024-11-17 21:55:08','2024-11-17 21:55:08'),(1106,83,6,1,1,1,1,1,0,'2024-11-17 21:55:08','2024-11-17 21:55:08'),(1107,83,7,1,1,1,1,1,0,'2024-11-17 21:55:08','2024-11-17 21:55:08'),(1108,83,8,1,0,1,1,1,0,'2024-11-17 21:55:08','2024-11-17 21:55:08'),(1109,83,9,1,0,1,0,1,0,'2024-11-17 21:55:08','2024-11-17 21:55:08'),(1110,83,10,1,1,1,1,1,1,'2024-11-17 21:55:08','2024-11-17 21:55:08'),(1111,83,11,1,1,1,1,1,1,'2024-11-17 21:55:08','2024-11-17 21:55:08'),(1112,83,12,1,0,1,0,1,0,'2024-11-17 21:55:08','2024-11-17 21:55:08'),(1113,83,13,1,0,1,0,1,0,'2024-11-17 21:55:08','2024-11-17 21:55:08'),(1114,83,14,1,1,1,1,1,0,'2024-11-17 21:55:08','2024-11-17 21:55:08'),(1115,83,15,1,1,1,1,1,0,'2024-11-17 21:55:08','2024-11-17 21:55:08'),(1116,83,16,1,1,1,1,1,0,'2024-11-17 21:55:08','2024-11-17 21:55:08'),(1117,83,17,1,1,1,1,1,0,'2024-11-17 21:55:08','2024-11-17 21:55:08'),(1118,83,18,1,1,1,1,1,0,'2024-11-17 21:55:08','2024-11-17 21:55:08'),(1119,83,19,1,1,1,1,1,0,'2024-11-17 21:55:08','2024-11-17 21:55:08'),(1120,83,20,1,1,1,1,1,0,'2024-11-17 21:55:08','2024-11-17 21:55:08'),(1121,83,21,1,1,1,1,1,0,'2024-11-17 21:55:08','2024-11-17 21:55:08'),(1122,83,22,1,1,1,0,1,0,'2024-11-17 21:55:08','2024-11-17 21:55:08'),(1123,84,1,1,0,1,0,1,0,'2024-11-17 21:55:09','2024-11-17 21:55:09'),(1124,84,2,1,1,1,0,1,1,'2024-11-17 21:55:09','2024-11-17 21:55:09'),(1125,84,3,1,0,1,0,1,0,'2024-11-17 21:55:09','2024-11-17 21:55:09'),(1126,84,4,1,1,1,1,1,0,'2024-11-17 21:55:09','2024-11-17 21:55:09'),(1127,84,5,1,1,1,1,1,0,'2024-11-17 21:55:09','2024-11-17 21:55:09'),(1128,84,6,1,1,1,1,1,0,'2024-11-17 21:55:09','2024-11-17 21:55:09'),(1129,84,7,1,1,1,1,1,0,'2024-11-17 21:55:09','2024-11-17 21:55:09'),(1130,84,8,1,0,1,1,1,0,'2024-11-17 21:55:09','2024-11-17 21:55:09'),(1131,84,9,1,0,1,0,1,0,'2024-11-17 21:55:09','2024-11-17 21:55:09'),(1132,84,10,1,1,1,1,1,1,'2024-11-17 21:55:09','2024-11-17 21:55:09'),(1133,84,11,1,1,1,1,1,1,'2024-11-17 21:55:09','2024-11-17 21:55:09'),(1134,84,12,1,0,1,0,1,0,'2024-11-17 21:55:09','2024-11-17 21:55:09'),(1135,84,13,1,0,1,0,1,0,'2024-11-17 21:55:09','2024-11-17 21:55:09'),(1136,84,14,1,1,1,1,1,0,'2024-11-17 21:55:09','2024-11-17 21:55:09'),(1137,84,15,1,1,1,1,1,0,'2024-11-17 21:55:09','2024-11-17 21:55:09'),(1138,84,16,1,1,1,1,1,0,'2024-11-17 21:55:09','2024-11-17 21:55:09'),(1139,84,17,1,1,1,1,1,0,'2024-11-17 21:55:09','2024-11-17 21:55:09'),(1140,84,18,1,1,1,1,1,0,'2024-11-17 21:55:09','2024-11-17 21:55:09'),(1141,84,19,1,1,1,1,1,0,'2024-11-17 21:55:09','2024-11-17 21:55:09'),(1142,84,20,1,1,1,1,1,0,'2024-11-17 21:55:09','2024-11-17 21:55:09'),(1143,84,21,1,1,1,1,1,0,'2024-11-17 21:55:09','2024-11-17 21:55:09'),(1144,84,22,1,1,1,0,1,0,'2024-11-17 21:55:09','2024-11-17 21:55:09'),(1145,85,1,1,0,1,0,1,0,'2024-11-17 21:55:10','2024-11-17 21:55:10'),(1146,85,2,1,1,1,0,1,1,'2024-11-17 21:55:10','2024-11-17 21:55:10'),(1147,85,3,1,0,1,0,1,0,'2024-11-17 21:55:10','2024-11-17 21:55:10'),(1148,85,4,1,1,1,1,1,0,'2024-11-17 21:55:10','2024-11-17 21:55:10'),(1149,85,5,1,1,1,1,1,0,'2024-11-17 21:55:10','2024-11-17 21:55:10'),(1150,85,6,1,1,1,1,1,0,'2024-11-17 21:55:10','2024-11-17 21:55:10'),(1151,85,7,1,1,1,1,1,0,'2024-11-17 21:55:10','2024-11-17 21:55:10'),(1152,85,8,1,0,1,1,1,0,'2024-11-17 21:55:10','2024-11-17 21:55:10'),(1153,85,9,1,0,1,0,1,0,'2024-11-17 21:55:10','2024-11-17 21:55:10'),(1154,85,10,1,1,1,1,1,1,'2024-11-17 21:55:10','2024-11-17 21:55:10'),(1155,85,11,1,1,1,1,1,1,'2024-11-17 21:55:10','2024-11-17 21:55:10'),(1156,85,12,1,0,1,0,1,0,'2024-11-17 21:55:10','2024-11-17 21:55:10'),(1157,85,13,1,0,1,0,1,0,'2024-11-17 21:55:10','2024-11-17 21:55:10'),(1158,85,14,1,1,1,1,1,0,'2024-11-17 21:55:10','2024-11-17 21:55:10'),(1159,85,15,1,1,1,1,1,0,'2024-11-17 21:55:10','2024-11-17 21:55:10'),(1160,85,16,1,1,1,1,1,0,'2024-11-17 21:55:10','2024-11-17 21:55:10'),(1161,85,17,1,1,1,1,1,0,'2024-11-17 21:55:10','2024-11-17 21:55:10'),(1162,85,18,1,1,1,1,1,0,'2024-11-17 21:55:10','2024-11-17 21:55:10'),(1163,85,19,1,1,1,1,1,0,'2024-11-17 21:55:10','2024-11-17 21:55:10'),(1164,85,20,1,1,1,1,1,0,'2024-11-17 21:55:10','2024-11-17 21:55:10'),(1165,85,21,1,1,1,1,1,0,'2024-11-17 21:55:10','2024-11-17 21:55:10'),(1166,85,22,1,1,1,0,1,0,'2024-11-17 21:55:10','2024-11-17 21:55:10'),(1167,86,1,1,0,1,0,1,0,'2024-11-17 21:55:11','2024-11-17 21:55:11'),(1168,86,2,1,1,1,0,1,1,'2024-11-17 21:55:11','2024-11-17 21:55:11'),(1169,86,3,1,0,1,0,1,0,'2024-11-17 21:55:11','2024-11-17 21:55:11'),(1170,86,4,1,1,1,1,1,0,'2024-11-17 21:55:11','2024-11-17 21:55:11'),(1171,86,5,1,1,1,1,1,0,'2024-11-17 21:55:11','2024-11-17 21:55:11'),(1172,86,6,1,1,1,1,1,0,'2024-11-17 21:55:11','2024-11-17 21:55:11'),(1173,86,7,1,1,1,1,1,0,'2024-11-17 21:55:11','2024-11-17 21:55:11'),(1174,86,8,1,0,1,1,1,0,'2024-11-17 21:55:11','2024-11-17 21:55:11'),(1175,86,9,1,0,1,0,1,0,'2024-11-17 21:55:11','2024-11-17 21:55:11'),(1176,86,10,1,1,1,1,1,1,'2024-11-17 21:55:11','2024-11-17 21:55:11'),(1177,86,11,1,1,1,1,1,1,'2024-11-17 21:55:11','2024-11-17 21:55:11'),(1178,86,12,1,0,1,0,1,0,'2024-11-17 21:55:11','2024-11-17 21:55:11'),(1179,86,13,1,0,1,0,1,0,'2024-11-17 21:55:11','2024-11-17 21:55:11'),(1180,86,14,1,1,1,1,1,0,'2024-11-17 21:55:11','2024-11-17 21:55:11'),(1181,86,15,1,1,1,1,1,0,'2024-11-17 21:55:11','2024-11-17 21:55:11'),(1182,86,16,1,1,1,1,1,0,'2024-11-17 21:55:11','2024-11-17 21:55:11'),(1183,86,17,1,1,1,1,1,0,'2024-11-17 21:55:11','2024-11-17 21:55:11'),(1184,86,18,1,1,1,1,1,0,'2024-11-17 21:55:12','2024-11-17 21:55:12'),(1185,86,19,1,1,1,1,1,0,'2024-11-17 21:55:12','2024-11-17 21:55:12'),(1186,86,20,1,1,1,1,1,0,'2024-11-17 21:55:12','2024-11-17 21:55:12'),(1187,86,21,1,1,1,1,1,0,'2024-11-17 21:55:12','2024-11-17 21:55:12'),(1188,86,22,1,1,1,0,1,0,'2024-11-17 21:55:12','2024-11-17 21:55:12'),(1189,87,1,1,0,1,0,1,0,'2024-11-17 21:55:13','2024-11-17 21:55:13'),(1190,87,2,1,1,1,0,1,1,'2024-11-17 21:55:13','2024-11-17 21:55:13'),(1191,87,3,1,0,1,0,1,0,'2024-11-17 21:55:13','2024-11-17 21:55:13'),(1192,87,4,1,1,1,1,1,0,'2024-11-17 21:55:13','2024-11-17 21:55:13'),(1193,87,5,1,1,1,1,1,0,'2024-11-17 21:55:13','2024-11-17 21:55:13'),(1194,87,6,1,1,1,1,1,0,'2024-11-17 21:55:13','2024-11-17 21:55:13'),(1195,87,7,1,1,1,1,1,0,'2024-11-17 21:55:13','2024-11-17 21:55:13'),(1196,87,8,1,0,1,1,1,0,'2024-11-17 21:55:13','2024-11-17 21:55:13'),(1197,87,9,1,0,1,0,1,0,'2024-11-17 21:55:13','2024-11-17 21:55:13'),(1198,87,10,1,1,1,1,1,1,'2024-11-17 21:55:13','2024-11-17 21:55:13'),(1199,87,11,1,1,1,1,1,1,'2024-11-17 21:55:13','2024-11-17 21:55:13'),(1200,87,12,1,0,1,0,1,0,'2024-11-17 21:55:13','2024-11-17 21:55:13'),(1201,87,13,1,0,1,0,1,0,'2024-11-17 21:55:13','2024-11-17 21:55:13'),(1202,87,14,1,1,1,1,1,0,'2024-11-17 21:55:13','2024-11-17 21:55:13'),(1203,87,15,1,1,1,1,1,0,'2024-11-17 21:55:13','2024-11-17 21:55:13'),(1204,87,16,1,1,1,1,1,0,'2024-11-17 21:55:13','2024-11-17 21:55:13'),(1205,87,17,1,1,1,1,1,0,'2024-11-17 21:55:13','2024-11-17 21:55:13'),(1206,87,18,1,1,1,1,1,0,'2024-11-17 21:55:13','2024-11-17 21:55:13'),(1207,87,19,1,1,1,1,1,0,'2024-11-17 21:55:13','2024-11-17 21:55:13'),(1208,87,20,1,1,1,1,1,0,'2024-11-17 21:55:13','2024-11-17 21:55:13'),(1209,87,21,1,1,1,1,1,0,'2024-11-17 21:55:13','2024-11-17 21:55:13'),(1210,87,22,1,1,1,0,1,0,'2024-11-17 21:55:13','2024-11-17 21:55:13'),(1211,88,1,1,0,1,0,1,0,'2024-11-17 21:55:14','2024-11-17 21:55:14'),(1212,88,2,1,1,1,0,1,1,'2024-11-17 21:55:14','2024-11-17 21:55:14'),(1213,88,3,1,0,1,0,1,0,'2024-11-17 21:55:14','2024-11-17 21:55:14'),(1214,88,4,1,1,1,1,1,0,'2024-11-17 21:55:14','2024-11-17 21:55:14'),(1215,88,5,1,1,1,1,1,0,'2024-11-17 21:55:14','2024-11-17 21:55:14'),(1216,88,6,1,1,1,1,1,0,'2024-11-17 21:55:14','2024-11-17 21:55:14'),(1217,88,7,1,1,1,1,1,0,'2024-11-17 21:55:14','2024-11-17 21:55:14'),(1218,88,8,1,0,1,1,1,0,'2024-11-17 21:55:14','2024-11-17 21:55:14'),(1219,88,9,1,0,1,0,1,0,'2024-11-17 21:55:14','2024-11-17 21:55:14'),(1220,88,10,1,1,1,1,1,1,'2024-11-17 21:55:14','2024-11-17 21:55:14'),(1221,88,11,1,1,1,1,1,1,'2024-11-17 21:55:14','2024-11-17 21:55:14'),(1222,88,12,1,0,1,0,1,0,'2024-11-17 21:55:14','2024-11-17 21:55:14'),(1223,88,13,1,0,1,0,1,0,'2024-11-17 21:55:14','2024-11-17 21:55:14'),(1224,88,14,1,1,1,1,1,0,'2024-11-17 21:55:14','2024-11-17 21:55:14'),(1225,88,15,1,1,1,1,1,0,'2024-11-17 21:55:14','2024-11-17 21:55:14'),(1226,88,16,1,1,1,1,1,0,'2024-11-17 21:55:14','2024-11-17 21:55:14'),(1227,88,17,1,1,1,1,1,0,'2024-11-17 21:55:14','2024-11-17 21:55:14'),(1228,88,18,1,1,1,1,1,0,'2024-11-17 21:55:14','2024-11-17 21:55:14'),(1229,88,19,1,1,1,1,1,0,'2024-11-17 21:55:14','2024-11-17 21:55:14'),(1230,88,20,1,1,1,1,1,0,'2024-11-17 21:55:14','2024-11-17 21:55:14'),(1231,88,21,1,1,1,1,1,0,'2024-11-17 21:55:14','2024-11-17 21:55:14'),(1232,88,22,1,1,1,0,1,0,'2024-11-17 21:55:14','2024-11-17 21:55:14'),(1233,89,1,1,0,1,0,1,0,'2024-11-17 21:55:15','2024-11-17 21:55:15'),(1234,89,2,1,1,1,0,1,1,'2024-11-17 21:55:15','2024-11-17 21:55:15'),(1235,89,3,1,0,1,0,1,0,'2024-11-17 21:55:15','2024-11-17 21:55:15'),(1236,89,4,1,1,1,1,1,0,'2024-11-17 21:55:15','2024-11-17 21:55:15'),(1237,89,5,1,1,1,1,1,0,'2024-11-17 21:55:15','2024-11-17 21:55:15'),(1238,89,6,1,1,1,1,1,0,'2024-11-17 21:55:15','2024-11-17 21:55:15'),(1239,89,7,1,1,1,1,1,0,'2024-11-17 21:55:15','2024-11-17 21:55:15'),(1240,89,8,1,0,1,1,1,0,'2024-11-17 21:55:15','2024-11-17 21:55:15'),(1241,89,9,1,0,1,0,1,0,'2024-11-17 21:55:15','2024-11-17 21:55:15'),(1242,89,10,1,1,1,1,1,1,'2024-11-17 21:55:15','2024-11-17 21:55:15'),(1243,89,11,1,1,1,1,1,1,'2024-11-17 21:55:15','2024-11-17 21:55:15'),(1244,89,12,1,0,1,0,1,0,'2024-11-17 21:55:15','2024-11-17 21:55:15'),(1245,89,13,1,0,1,0,1,0,'2024-11-17 21:55:15','2024-11-17 21:55:15'),(1246,89,14,1,1,1,1,1,0,'2024-11-17 21:55:15','2024-11-17 21:55:15'),(1247,89,15,1,1,1,1,1,0,'2024-11-17 21:55:15','2024-11-17 21:55:15'),(1248,89,16,1,1,1,1,1,0,'2024-11-17 21:55:15','2024-11-17 21:55:15'),(1249,89,17,1,1,1,1,1,0,'2024-11-17 21:55:15','2024-11-17 21:55:15'),(1250,89,18,1,1,1,1,1,0,'2024-11-17 21:55:15','2024-11-17 21:55:15'),(1251,89,19,1,1,1,1,1,0,'2024-11-17 21:55:15','2024-11-17 21:55:15'),(1252,89,20,1,1,1,1,1,0,'2024-11-17 21:55:15','2024-11-17 21:55:15'),(1253,89,21,1,1,1,1,1,0,'2024-11-17 21:55:15','2024-11-17 21:55:15'),(1254,89,22,1,1,1,0,1,0,'2024-11-17 21:55:15','2024-11-17 21:55:15'),(1255,90,1,1,0,1,0,1,0,'2024-11-17 21:55:17','2024-11-17 21:55:17'),(1256,90,2,1,1,1,0,1,1,'2024-11-17 21:55:17','2024-11-17 21:55:17'),(1257,90,3,1,0,1,0,1,0,'2024-11-17 21:55:17','2024-11-17 21:55:17'),(1258,90,4,1,1,1,1,1,0,'2024-11-17 21:55:17','2024-11-17 21:55:17'),(1259,90,5,1,1,1,1,1,0,'2024-11-17 21:55:17','2024-11-17 21:55:17'),(1260,90,6,1,1,1,1,1,0,'2024-11-17 21:55:17','2024-11-17 21:55:17'),(1261,90,7,1,1,1,1,1,0,'2024-11-17 21:55:17','2024-11-17 21:55:17'),(1262,90,8,1,0,1,1,1,0,'2024-11-17 21:55:17','2024-11-17 21:55:17'),(1263,90,9,1,0,1,0,1,0,'2024-11-17 21:55:17','2024-11-17 21:55:17'),(1264,90,10,1,1,1,1,1,1,'2024-11-17 21:55:17','2024-11-17 21:55:17'),(1265,90,11,1,1,1,1,1,1,'2024-11-17 21:55:17','2024-11-17 21:55:17'),(1266,90,12,1,0,1,0,1,0,'2024-11-17 21:55:17','2024-11-17 21:55:17'),(1267,90,13,1,0,1,0,1,0,'2024-11-17 21:55:17','2024-11-17 21:55:17'),(1268,90,14,1,1,1,1,1,0,'2024-11-17 21:55:17','2024-11-17 21:55:17'),(1269,90,15,1,1,1,1,1,0,'2024-11-17 21:55:17','2024-11-17 21:55:17'),(1270,90,16,1,1,1,1,1,0,'2024-11-17 21:55:17','2024-11-17 21:55:17'),(1271,90,17,1,1,1,1,1,0,'2024-11-17 21:55:17','2024-11-17 21:55:17'),(1272,90,18,1,1,1,1,1,0,'2024-11-17 21:55:17','2024-11-17 21:55:17'),(1273,90,19,1,1,1,1,1,0,'2024-11-17 21:55:17','2024-11-17 21:55:17'),(1274,90,20,1,1,1,1,1,0,'2024-11-17 21:55:17','2024-11-17 21:55:17'),(1275,90,21,1,1,1,1,1,0,'2024-11-17 21:55:17','2024-11-17 21:55:17'),(1276,90,22,1,1,1,0,1,0,'2024-11-17 21:55:17','2024-11-17 21:55:17'),(1277,91,1,1,0,1,0,1,0,'2024-11-17 21:55:18','2024-11-17 21:55:18'),(1278,91,2,1,1,1,0,1,1,'2024-11-17 21:55:18','2024-11-17 21:55:18'),(1279,91,3,1,0,1,0,1,0,'2024-11-17 21:55:18','2024-11-17 21:55:18'),(1280,91,4,1,1,1,1,1,0,'2024-11-17 21:55:18','2024-11-17 21:55:18'),(1281,91,5,1,1,1,1,1,0,'2024-11-17 21:55:18','2024-11-17 21:55:18'),(1282,91,6,1,1,1,1,1,0,'2024-11-17 21:55:18','2024-11-17 21:55:18'),(1283,91,7,1,1,1,1,1,0,'2024-11-17 21:55:18','2024-11-17 21:55:18'),(1284,91,8,1,0,1,1,1,0,'2024-11-17 21:55:18','2024-11-17 21:55:18'),(1285,91,9,1,0,1,0,1,0,'2024-11-17 21:55:18','2024-11-17 21:55:18'),(1286,91,10,1,1,1,1,1,1,'2024-11-17 21:55:18','2024-11-17 21:55:18'),(1287,91,11,1,1,1,1,1,1,'2024-11-17 21:55:18','2024-11-17 21:55:18'),(1288,91,12,1,0,1,0,1,0,'2024-11-17 21:55:18','2024-11-17 21:55:18'),(1289,91,13,1,0,1,0,1,0,'2024-11-17 21:55:18','2024-11-17 21:55:18'),(1290,91,14,1,1,1,1,1,0,'2024-11-17 21:55:18','2024-11-17 21:55:18'),(1291,91,15,1,1,1,1,1,0,'2024-11-17 21:55:18','2024-11-17 21:55:18'),(1292,91,16,1,1,1,1,1,0,'2024-11-17 21:55:18','2024-11-17 21:55:18'),(1293,91,17,1,1,1,1,1,0,'2024-11-17 21:55:18','2024-11-17 21:55:18'),(1294,91,18,1,1,1,1,1,0,'2024-11-17 21:55:18','2024-11-17 21:55:18'),(1295,91,19,1,1,1,1,1,0,'2024-11-17 21:55:18','2024-11-17 21:55:18'),(1296,91,20,1,1,1,1,1,0,'2024-11-17 21:55:18','2024-11-17 21:55:18'),(1297,91,21,1,1,1,1,1,0,'2024-11-17 21:55:18','2024-11-17 21:55:18'),(1298,91,22,1,1,1,0,1,0,'2024-11-17 21:55:18','2024-11-17 21:55:18'),(1299,92,1,1,0,1,0,1,0,'2024-11-17 21:55:20','2024-11-17 21:55:20'),(1300,92,2,1,1,1,0,1,1,'2024-11-17 21:55:20','2024-11-17 21:55:20'),(1301,92,3,1,0,1,0,1,0,'2024-11-17 21:55:20','2024-11-17 21:55:20'),(1302,92,4,1,1,1,1,1,0,'2024-11-17 21:55:20','2024-11-17 21:55:20'),(1303,92,5,1,1,1,1,1,0,'2024-11-17 21:55:20','2024-11-17 21:55:20'),(1304,92,6,1,1,1,1,1,0,'2024-11-17 21:55:20','2024-11-17 21:55:20'),(1305,92,7,1,1,1,1,1,0,'2024-11-17 21:55:20','2024-11-17 21:55:20'),(1306,92,8,1,0,1,1,1,0,'2024-11-17 21:55:20','2024-11-17 21:55:20'),(1307,92,9,1,0,1,0,1,0,'2024-11-17 21:55:20','2024-11-17 21:55:20'),(1308,92,10,1,1,1,1,1,1,'2024-11-17 21:55:20','2024-11-17 21:55:20'),(1309,92,11,1,1,1,1,1,1,'2024-11-17 21:55:20','2024-11-17 21:55:20'),(1310,92,12,1,0,1,0,1,0,'2024-11-17 21:55:20','2024-11-17 21:55:20'),(1311,92,13,1,0,1,0,1,0,'2024-11-17 21:55:20','2024-11-17 21:55:20'),(1312,92,14,1,1,1,1,1,0,'2024-11-17 21:55:20','2024-11-17 21:55:20'),(1313,92,15,1,1,1,1,1,0,'2024-11-17 21:55:20','2024-11-17 21:55:20'),(1314,92,16,1,1,1,1,1,0,'2024-11-17 21:55:20','2024-11-17 21:55:20'),(1315,92,17,1,1,1,1,1,0,'2024-11-17 21:55:20','2024-11-17 21:55:20'),(1316,92,18,1,1,1,1,1,0,'2024-11-17 21:55:20','2024-11-17 21:55:20'),(1317,92,19,1,1,1,1,1,0,'2024-11-17 21:55:20','2024-11-17 21:55:20'),(1318,92,20,1,1,1,1,1,0,'2024-11-17 21:55:20','2024-11-17 21:55:20'),(1319,92,21,1,1,1,1,1,0,'2024-11-17 21:55:20','2024-11-17 21:55:20'),(1320,92,22,1,1,1,0,1,0,'2024-11-17 21:55:20','2024-11-17 21:55:20'),(1321,93,1,1,0,1,0,1,0,'2024-11-17 21:55:21','2024-11-17 21:55:21'),(1322,93,2,1,1,1,0,1,1,'2024-11-17 21:55:22','2024-11-17 21:55:22'),(1323,93,3,1,0,1,0,1,0,'2024-11-17 21:55:22','2024-11-17 21:55:22'),(1324,93,4,1,1,1,1,1,0,'2024-11-17 21:55:22','2024-11-17 21:55:22'),(1325,93,5,1,1,1,1,1,0,'2024-11-17 21:55:22','2024-11-17 21:55:22'),(1326,93,6,1,1,1,1,1,0,'2024-11-17 21:55:22','2024-11-17 21:55:22'),(1327,93,7,1,1,1,1,1,0,'2024-11-17 21:55:22','2024-11-17 21:55:22'),(1328,93,8,1,0,1,1,1,0,'2024-11-17 21:55:22','2024-11-17 21:55:22'),(1329,93,9,1,0,1,0,1,0,'2024-11-17 21:55:22','2024-11-17 21:55:22'),(1330,93,10,1,1,1,1,1,1,'2024-11-17 21:55:22','2024-11-17 21:55:22'),(1331,93,11,1,1,1,1,1,1,'2024-11-17 21:55:22','2024-11-17 21:55:22'),(1332,93,12,1,0,1,0,1,0,'2024-11-17 21:55:22','2024-11-17 21:55:22'),(1333,93,13,1,0,1,0,1,0,'2024-11-17 21:55:22','2024-11-17 21:55:22'),(1334,93,14,1,1,1,1,1,0,'2024-11-17 21:55:22','2024-11-17 21:55:22'),(1335,93,15,1,1,1,1,1,0,'2024-11-17 21:55:22','2024-11-17 21:55:22'),(1336,93,16,1,1,1,1,1,0,'2024-11-17 21:55:22','2024-11-17 21:55:22'),(1337,93,17,1,1,1,1,1,0,'2024-11-17 21:55:22','2024-11-17 21:55:22'),(1338,93,18,1,1,1,1,1,0,'2024-11-17 21:55:22','2024-11-17 21:55:22'),(1339,93,19,1,1,1,1,1,0,'2024-11-17 21:55:22','2024-11-17 21:55:22'),(1340,93,20,1,1,1,1,1,0,'2024-11-17 21:55:22','2024-11-17 21:55:22'),(1341,93,21,1,1,1,1,1,0,'2024-11-17 21:55:22','2024-11-17 21:55:22'),(1342,93,22,1,1,1,0,1,0,'2024-11-17 21:55:22','2024-11-17 21:55:22'),(1343,94,1,1,0,1,0,1,0,'2024-11-17 21:55:25','2024-11-17 21:55:25'),(1344,94,2,1,1,1,0,1,1,'2024-11-17 21:55:25','2024-11-17 21:55:25'),(1345,94,3,1,0,1,0,1,0,'2024-11-17 21:55:25','2024-11-17 21:55:25'),(1346,94,4,1,1,1,1,1,0,'2024-11-17 21:55:25','2024-11-17 21:55:25'),(1347,94,5,1,1,1,1,1,0,'2024-11-17 21:55:25','2024-11-17 21:55:25'),(1348,94,6,1,1,1,1,1,0,'2024-11-17 21:55:25','2024-11-17 21:55:25'),(1349,94,7,1,1,1,1,1,0,'2024-11-17 21:55:25','2024-11-17 21:55:25'),(1350,94,8,1,0,1,1,1,0,'2024-11-17 21:55:25','2024-11-17 21:55:25'),(1351,94,9,1,0,1,0,1,0,'2024-11-17 21:55:25','2024-11-17 21:55:25'),(1352,94,10,1,1,1,1,1,1,'2024-11-17 21:55:25','2024-11-17 21:55:25'),(1353,94,11,1,1,1,1,1,1,'2024-11-17 21:55:25','2024-11-17 21:55:25'),(1354,94,12,1,0,1,0,1,0,'2024-11-17 21:55:25','2024-11-17 21:55:25'),(1355,94,13,1,0,1,0,1,0,'2024-11-17 21:55:25','2024-11-17 21:55:25'),(1356,94,14,1,1,1,1,1,0,'2024-11-17 21:55:25','2024-11-17 21:55:25'),(1357,94,15,1,1,1,1,1,0,'2024-11-17 21:55:25','2024-11-17 21:55:25'),(1358,94,16,1,1,1,1,1,0,'2024-11-17 21:55:25','2024-11-17 21:55:25'),(1359,94,17,1,1,1,1,1,0,'2024-11-17 21:55:25','2024-11-17 21:55:25'),(1360,94,18,1,1,1,1,1,0,'2024-11-17 21:55:25','2024-11-17 21:55:25'),(1361,94,19,1,1,1,1,1,0,'2024-11-17 21:55:25','2024-11-17 21:55:25'),(1362,94,20,1,1,1,1,1,0,'2024-11-17 21:55:25','2024-11-17 21:55:25'),(1363,94,21,1,1,1,1,1,0,'2024-11-17 21:55:25','2024-11-17 21:55:25'),(1364,94,22,1,1,1,0,1,0,'2024-11-17 21:55:25','2024-11-17 21:55:25'),(1365,95,1,1,0,1,0,1,0,'2024-11-17 21:55:26','2024-11-17 21:55:26'),(1366,95,2,1,1,1,0,1,1,'2024-11-17 21:55:26','2024-11-17 21:55:26'),(1367,95,3,1,0,1,0,1,0,'2024-11-17 21:55:26','2024-11-17 21:55:26'),(1368,95,4,1,1,1,1,1,0,'2024-11-17 21:55:26','2024-11-17 21:55:26'),(1369,95,5,1,1,1,1,1,0,'2024-11-17 21:55:26','2024-11-17 21:55:26'),(1370,95,6,1,1,1,1,1,0,'2024-11-17 21:55:26','2024-11-17 21:55:26'),(1371,95,7,1,1,1,1,1,0,'2024-11-17 21:55:26','2024-11-17 21:55:26'),(1372,95,8,1,0,1,1,1,0,'2024-11-17 21:55:26','2024-11-17 21:55:26'),(1373,95,9,1,0,1,0,1,0,'2024-11-17 21:55:26','2024-11-17 21:55:26'),(1374,95,10,1,1,1,1,1,1,'2024-11-17 21:55:26','2024-11-17 21:55:26'),(1375,95,11,1,1,1,1,1,1,'2024-11-17 21:55:26','2024-11-17 21:55:26'),(1376,95,12,1,0,1,0,1,0,'2024-11-17 21:55:26','2024-11-17 21:55:26'),(1377,95,13,1,0,1,0,1,0,'2024-11-17 21:55:26','2024-11-17 21:55:26'),(1378,95,14,1,1,1,1,1,0,'2024-11-17 21:55:26','2024-11-17 21:55:26'),(1379,95,15,1,1,1,1,1,0,'2024-11-17 21:55:26','2024-11-17 21:55:26'),(1380,95,16,1,1,1,1,1,0,'2024-11-17 21:55:26','2024-11-17 21:55:26'),(1381,95,17,1,1,1,1,1,0,'2024-11-17 21:55:26','2024-11-17 21:55:26'),(1382,95,18,1,1,1,1,1,0,'2024-11-17 21:55:26','2024-11-17 21:55:26'),(1383,95,19,1,1,1,1,1,0,'2024-11-17 21:55:26','2024-11-17 21:55:26'),(1384,95,20,1,1,1,1,1,0,'2024-11-17 21:55:26','2024-11-17 21:55:26'),(1385,95,21,1,1,1,1,1,0,'2024-11-17 21:55:26','2024-11-17 21:55:26'),(1386,95,22,1,1,1,0,1,0,'2024-11-17 21:55:26','2024-11-17 21:55:26'),(1387,96,1,1,0,1,0,1,0,'2024-11-17 21:55:27','2024-11-17 21:55:27'),(1388,96,2,1,1,1,0,1,1,'2024-11-17 21:55:27','2024-11-17 21:55:27'),(1389,96,3,1,0,1,0,1,0,'2024-11-17 21:55:27','2024-11-17 21:55:27'),(1390,96,4,1,1,1,1,1,0,'2024-11-17 21:55:27','2024-11-17 21:55:27'),(1391,96,5,1,1,1,1,1,0,'2024-11-17 21:55:27','2024-11-17 21:55:27'),(1392,96,6,1,1,1,1,1,0,'2024-11-17 21:55:27','2024-11-17 21:55:27'),(1393,96,7,1,1,1,1,1,0,'2024-11-17 21:55:27','2024-11-17 21:55:27'),(1394,96,8,1,0,1,1,1,0,'2024-11-17 21:55:27','2024-11-17 21:55:27'),(1395,96,9,1,0,1,0,1,0,'2024-11-17 21:55:27','2024-11-17 21:55:27'),(1396,96,10,1,1,1,1,1,1,'2024-11-17 21:55:27','2024-11-17 21:55:27'),(1397,96,11,1,1,1,1,1,1,'2024-11-17 21:55:27','2024-11-17 21:55:27'),(1398,96,12,1,0,1,0,1,0,'2024-11-17 21:55:27','2024-11-17 21:55:27'),(1399,96,13,1,0,1,0,1,0,'2024-11-17 21:55:27','2024-11-17 21:55:27'),(1400,96,14,1,1,1,1,1,0,'2024-11-17 21:55:27','2024-11-17 21:55:27'),(1401,96,15,1,1,1,1,1,0,'2024-11-17 21:55:27','2024-11-17 21:55:27'),(1402,96,16,1,1,1,1,1,0,'2024-11-17 21:55:27','2024-11-17 21:55:27'),(1403,96,17,1,1,1,1,1,0,'2024-11-17 21:55:28','2024-11-17 21:55:28'),(1404,96,18,1,1,1,1,1,0,'2024-11-17 21:55:28','2024-11-17 21:55:28'),(1405,96,19,1,1,1,1,1,0,'2024-11-17 21:55:28','2024-11-17 21:55:28'),(1406,96,20,1,1,1,1,1,0,'2024-11-17 21:55:28','2024-11-17 21:55:28'),(1407,96,21,1,1,1,1,1,0,'2024-11-17 21:55:28','2024-11-17 21:55:28'),(1408,96,22,1,1,1,0,1,0,'2024-11-17 21:55:28','2024-11-17 21:55:28'),(1409,97,1,1,0,1,0,1,0,'2024-11-17 21:55:29','2024-11-17 21:55:29'),(1410,97,2,1,1,1,0,1,1,'2024-11-17 21:55:29','2024-11-17 21:55:29'),(1411,97,3,1,0,1,0,1,0,'2024-11-17 21:55:29','2024-11-17 21:55:29'),(1412,97,4,1,1,1,1,1,0,'2024-11-17 21:55:29','2024-11-17 21:55:29'),(1413,97,5,1,1,1,1,1,0,'2024-11-17 21:55:29','2024-11-17 21:55:29'),(1414,97,6,1,1,1,1,1,0,'2024-11-17 21:55:29','2024-11-17 21:55:29'),(1415,97,7,1,1,1,1,1,0,'2024-11-17 21:55:29','2024-11-17 21:55:29'),(1416,97,8,1,0,1,1,1,0,'2024-11-17 21:55:29','2024-11-17 21:55:29'),(1417,97,9,1,0,1,0,1,0,'2024-11-17 21:55:29','2024-11-17 21:55:29'),(1418,97,10,1,1,1,1,1,1,'2024-11-17 21:55:29','2024-11-17 21:55:29'),(1419,97,11,1,1,1,1,1,1,'2024-11-17 21:55:29','2024-11-17 21:55:29'),(1420,97,12,1,0,1,0,1,0,'2024-11-17 21:55:29','2024-11-17 21:55:29'),(1421,97,13,1,0,1,0,1,0,'2024-11-17 21:55:29','2024-11-17 21:55:29'),(1422,97,14,1,1,1,1,1,0,'2024-11-17 21:55:29','2024-11-17 21:55:29'),(1423,97,15,1,1,1,1,1,0,'2024-11-17 21:55:29','2024-11-17 21:55:29'),(1424,97,16,1,1,1,1,1,0,'2024-11-17 21:55:29','2024-11-17 21:55:29'),(1425,97,17,1,1,1,1,1,0,'2024-11-17 21:55:29','2024-11-17 21:55:29'),(1426,97,18,1,1,1,1,1,0,'2024-11-17 21:55:29','2024-11-17 21:55:29'),(1427,97,19,1,1,1,1,1,0,'2024-11-17 21:55:29','2024-11-17 21:55:29'),(1428,97,20,1,1,1,1,1,0,'2024-11-17 21:55:29','2024-11-17 21:55:29'),(1429,97,21,1,1,1,1,1,0,'2024-11-17 21:55:29','2024-11-17 21:55:29'),(1430,97,22,1,1,1,0,1,0,'2024-11-17 21:55:29','2024-11-17 21:55:29'),(1431,99,1,1,0,1,0,1,0,'2024-11-17 21:55:31','2024-11-17 21:55:31'),(1432,99,2,1,1,1,0,1,1,'2024-11-17 21:55:32','2024-11-17 21:55:32'),(1433,99,3,1,0,1,0,1,0,'2024-11-17 21:55:32','2024-11-17 21:55:32'),(1434,99,4,1,1,1,1,1,0,'2024-11-17 21:55:32','2024-11-17 21:55:32'),(1435,99,5,1,1,1,1,1,0,'2024-11-17 21:55:32','2024-11-17 21:55:32'),(1436,99,6,1,1,1,1,1,0,'2024-11-17 21:55:32','2024-11-17 21:55:32'),(1437,99,7,1,1,1,1,1,0,'2024-11-17 21:55:32','2024-11-17 21:55:32'),(1438,99,8,1,0,1,1,1,0,'2024-11-17 21:55:32','2024-11-17 21:55:32'),(1439,99,9,1,0,1,0,1,0,'2024-11-17 21:55:32','2024-11-17 21:55:32'),(1440,99,10,1,1,1,1,1,1,'2024-11-17 21:55:32','2024-11-17 21:55:32'),(1441,99,11,1,1,1,1,1,1,'2024-11-17 21:55:32','2024-11-17 21:55:32'),(1442,99,12,1,0,1,0,1,0,'2024-11-17 21:55:32','2024-11-17 21:55:32'),(1443,99,13,1,0,1,0,1,0,'2024-11-17 21:55:32','2024-11-17 21:55:32'),(1444,99,14,1,1,1,1,1,0,'2024-11-17 21:55:32','2024-11-17 21:55:32'),(1445,99,15,1,1,1,1,1,0,'2024-11-17 21:55:32','2024-11-17 21:55:32'),(1446,99,16,1,1,1,1,1,0,'2024-11-17 21:55:32','2024-11-17 21:55:32'),(1447,99,17,1,1,1,1,1,0,'2024-11-17 21:55:32','2024-11-17 21:55:32'),(1448,99,18,1,1,1,1,1,0,'2024-11-17 21:55:32','2024-11-17 21:55:32'),(1449,99,19,1,1,1,1,1,0,'2024-11-17 21:55:32','2024-11-17 21:55:32'),(1450,99,20,1,1,1,1,1,0,'2024-11-17 21:55:32','2024-11-17 21:55:32'),(1451,99,21,1,1,1,1,1,0,'2024-11-17 21:55:32','2024-11-17 21:55:32'),(1452,99,22,1,1,1,0,1,0,'2024-11-17 21:55:32','2024-11-17 21:55:32'),(1453,100,1,1,0,1,0,1,0,'2024-11-17 21:55:33','2024-11-17 21:55:33'),(1454,100,2,1,1,1,0,1,1,'2024-11-17 21:55:33','2024-11-17 21:55:33'),(1455,100,3,1,0,1,0,1,0,'2024-11-17 21:55:33','2024-11-17 21:55:33'),(1456,100,4,1,1,1,1,1,0,'2024-11-17 21:55:33','2024-11-17 21:55:33'),(1457,100,5,1,1,1,1,1,0,'2024-11-17 21:55:33','2024-11-17 21:55:33'),(1458,100,6,1,1,1,1,1,0,'2024-11-17 21:55:33','2024-11-17 21:55:33'),(1459,100,7,1,1,1,1,1,0,'2024-11-17 21:55:33','2024-11-17 21:55:33'),(1460,100,8,1,0,1,1,1,0,'2024-11-17 21:55:33','2024-11-17 21:55:33'),(1461,100,9,1,0,1,0,1,0,'2024-11-17 21:55:33','2024-11-17 21:55:33'),(1462,100,10,1,1,1,1,1,1,'2024-11-17 21:55:33','2024-11-17 21:55:33'),(1463,100,11,1,1,1,1,1,1,'2024-11-17 21:55:33','2024-11-17 21:55:33'),(1464,100,12,1,0,1,0,1,0,'2024-11-17 21:55:33','2024-11-17 21:55:33'),(1465,100,13,1,0,1,0,1,0,'2024-11-17 21:55:33','2024-11-17 21:55:33'),(1466,100,14,1,1,1,1,1,0,'2024-11-17 21:55:33','2024-11-17 21:55:33'),(1467,100,15,1,1,1,1,1,0,'2024-11-17 21:55:33','2024-11-17 21:55:33'),(1468,100,16,1,1,1,1,1,0,'2024-11-17 21:55:33','2024-11-17 21:55:33'),(1469,100,17,1,1,1,1,1,0,'2024-11-17 21:55:33','2024-11-17 21:55:33'),(1470,100,18,1,1,1,1,1,0,'2024-11-17 21:55:33','2024-11-17 21:55:33'),(1471,100,19,1,1,1,1,1,0,'2024-11-17 21:55:33','2024-11-17 21:55:33'),(1472,100,20,1,1,1,1,1,0,'2024-11-17 21:55:33','2024-11-17 21:55:33'),(1473,100,21,1,1,1,1,1,0,'2024-11-17 21:55:33','2024-11-17 21:55:33'),(1474,100,22,1,1,1,0,1,0,'2024-11-17 21:55:33','2024-11-17 21:55:33'),(1475,101,1,1,0,1,0,1,0,'2024-11-17 21:55:35','2024-11-17 21:55:35'),(1476,101,2,1,1,1,0,1,1,'2024-11-17 21:55:35','2024-11-17 21:55:35'),(1477,101,3,1,0,1,0,1,0,'2024-11-17 21:55:35','2024-11-17 21:55:35'),(1478,101,4,1,1,1,1,1,0,'2024-11-17 21:55:35','2024-11-17 21:55:35'),(1479,101,5,1,1,1,1,1,0,'2024-11-17 21:55:35','2024-11-17 21:55:35'),(1480,101,6,1,1,1,1,1,0,'2024-11-17 21:55:35','2024-11-17 21:55:35'),(1481,101,7,1,1,1,1,1,0,'2024-11-17 21:55:35','2024-11-17 21:55:35'),(1482,101,8,1,0,1,1,1,0,'2024-11-17 21:55:35','2024-11-17 21:55:35'),(1483,101,9,1,0,1,0,1,0,'2024-11-17 21:55:35','2024-11-17 21:55:35'),(1484,101,10,1,1,1,1,1,1,'2024-11-17 21:55:35','2024-11-17 21:55:35'),(1485,101,11,1,1,1,1,1,1,'2024-11-17 21:55:35','2024-11-17 21:55:35'),(1486,101,12,1,0,1,0,1,0,'2024-11-17 21:55:35','2024-11-17 21:55:35'),(1487,101,13,1,0,1,0,1,0,'2024-11-17 21:55:35','2024-11-17 21:55:35'),(1488,101,14,1,1,1,1,1,0,'2024-11-17 21:55:35','2024-11-17 21:55:35'),(1489,101,15,1,1,1,1,1,0,'2024-11-17 21:55:35','2024-11-17 21:55:35'),(1490,101,16,1,1,1,1,1,0,'2024-11-17 21:55:35','2024-11-17 21:55:35'),(1491,101,17,1,1,1,1,1,0,'2024-11-17 21:55:35','2024-11-17 21:55:35'),(1492,101,18,1,1,1,1,1,0,'2024-11-17 21:55:35','2024-11-17 21:55:35'),(1493,101,19,1,1,1,1,1,0,'2024-11-17 21:55:35','2024-11-17 21:55:35'),(1494,101,20,1,1,1,1,1,0,'2024-11-17 21:55:35','2024-11-17 21:55:35'),(1495,101,21,1,1,1,1,1,0,'2024-11-17 21:55:35','2024-11-17 21:55:35'),(1496,101,22,1,1,1,0,1,0,'2024-11-17 21:55:35','2024-11-17 21:55:35'),(1497,102,1,1,0,1,0,1,0,'2024-11-17 21:55:36','2024-11-17 21:55:36'),(1498,102,2,1,1,1,0,1,1,'2024-11-17 21:55:36','2024-11-17 21:55:36'),(1499,102,3,1,0,1,0,1,0,'2024-11-17 21:55:36','2024-11-17 21:55:36'),(1500,102,4,1,1,1,1,1,0,'2024-11-17 21:55:36','2024-11-17 21:55:36'),(1501,102,5,1,1,1,1,1,0,'2024-11-17 21:55:36','2024-11-17 21:55:36'),(1502,102,6,1,1,1,1,1,0,'2024-11-17 21:55:36','2024-11-17 21:55:36'),(1503,102,7,1,1,1,1,1,0,'2024-11-17 21:55:36','2024-11-17 21:55:36'),(1504,102,8,1,0,1,1,1,0,'2024-11-17 21:55:36','2024-11-17 21:55:36'),(1505,102,9,1,0,1,0,1,0,'2024-11-17 21:55:36','2024-11-17 21:55:36'),(1506,102,10,1,1,1,1,1,1,'2024-11-17 21:55:36','2024-11-17 21:55:36'),(1507,102,11,1,1,1,1,1,1,'2024-11-17 21:55:36','2024-11-17 21:55:36'),(1508,102,12,1,0,1,0,1,0,'2024-11-17 21:55:36','2024-11-17 21:55:36'),(1509,102,13,1,0,1,0,1,0,'2024-11-17 21:55:36','2024-11-17 21:55:36'),(1510,102,14,1,1,1,1,1,0,'2024-11-17 21:55:36','2024-11-17 21:55:36'),(1511,102,15,1,1,1,1,1,0,'2024-11-17 21:55:36','2024-11-17 21:55:36'),(1512,102,16,1,1,1,1,1,0,'2024-11-17 21:55:36','2024-11-17 21:55:36'),(1513,102,17,1,1,1,1,1,0,'2024-11-17 21:55:36','2024-11-17 21:55:36'),(1514,102,18,1,1,1,1,1,0,'2024-11-17 21:55:36','2024-11-17 21:55:36'),(1515,102,19,1,1,1,1,1,0,'2024-11-17 21:55:36','2024-11-17 21:55:36'),(1516,102,20,1,1,1,1,1,0,'2024-11-17 21:55:36','2024-11-17 21:55:36'),(1517,102,21,1,1,1,1,1,0,'2024-11-17 21:55:36','2024-11-17 21:55:36'),(1518,102,22,1,1,1,0,1,0,'2024-11-17 21:55:36','2024-11-17 21:55:36'),(1519,103,1,1,0,1,0,1,0,'2024-11-17 21:55:39','2024-11-17 21:55:39'),(1520,103,2,1,1,1,0,1,1,'2024-11-17 21:55:39','2024-11-17 21:55:39'),(1521,103,3,1,0,1,0,1,0,'2024-11-17 21:55:39','2024-11-17 21:55:39'),(1522,103,4,1,1,1,1,1,0,'2024-11-17 21:55:39','2024-11-17 21:55:39'),(1523,103,5,1,1,1,1,1,0,'2024-11-17 21:55:39','2024-11-17 21:55:39'),(1524,103,6,1,1,1,1,1,0,'2024-11-17 21:55:39','2024-11-17 21:55:39'),(1525,103,7,1,1,1,1,1,0,'2024-11-17 21:55:39','2024-11-17 21:55:39'),(1526,103,8,1,0,1,1,1,0,'2024-11-17 21:55:39','2024-11-17 21:55:39'),(1527,103,9,1,0,1,0,1,0,'2024-11-17 21:55:39','2024-11-17 21:55:39'),(1528,103,10,1,1,1,1,1,1,'2024-11-17 21:55:39','2024-11-17 21:55:39'),(1529,103,11,1,1,1,1,1,1,'2024-11-17 21:55:39','2024-11-17 21:55:39'),(1530,103,12,1,0,1,0,1,0,'2024-11-17 21:55:39','2024-11-17 21:55:39'),(1531,103,13,1,0,1,0,1,0,'2024-11-17 21:55:39','2024-11-17 21:55:39'),(1532,103,14,1,1,1,1,1,0,'2024-11-17 21:55:39','2024-11-17 21:55:39'),(1533,103,15,1,1,1,1,1,0,'2024-11-17 21:55:39','2024-11-17 21:55:39'),(1534,103,16,1,1,1,1,1,0,'2024-11-17 21:55:39','2024-11-17 21:55:39'),(1535,103,17,1,1,1,1,1,0,'2024-11-17 21:55:39','2024-11-17 21:55:39'),(1536,103,18,1,1,1,1,1,0,'2024-11-17 21:55:39','2024-11-17 21:55:39'),(1537,103,19,1,1,1,1,1,0,'2024-11-17 21:55:39','2024-11-17 21:55:39'),(1538,103,20,1,1,1,1,1,0,'2024-11-17 21:55:39','2024-11-17 21:55:39'),(1539,103,21,1,1,1,1,1,0,'2024-11-17 21:55:39','2024-11-17 21:55:39'),(1540,103,22,1,1,1,0,1,0,'2024-11-17 21:55:39','2024-11-17 21:55:39'),(1541,104,1,1,0,1,0,1,0,'2024-11-17 21:55:53','2024-11-17 21:55:53'),(1542,104,2,1,1,1,0,1,1,'2024-11-17 21:55:53','2024-11-17 21:55:53'),(1543,104,3,1,0,1,0,1,0,'2024-11-17 21:55:53','2024-11-17 21:55:53'),(1544,104,4,1,1,1,1,1,0,'2024-11-17 21:55:53','2024-11-17 21:55:53'),(1545,104,5,1,1,1,1,1,0,'2024-11-17 21:55:53','2024-11-17 21:55:53'),(1546,104,6,1,1,1,1,1,0,'2024-11-17 21:55:53','2024-11-17 21:55:53'),(1547,104,7,1,1,1,1,1,0,'2024-11-17 21:55:53','2024-11-17 21:55:53'),(1548,104,8,1,0,1,1,1,0,'2024-11-17 21:55:53','2024-11-17 21:55:53'),(1549,104,9,1,0,1,0,1,0,'2024-11-17 21:55:53','2024-11-17 21:55:53'),(1550,104,10,1,1,1,1,1,1,'2024-11-17 21:55:53','2024-11-17 21:55:53'),(1551,104,11,1,1,1,1,1,1,'2024-11-17 21:55:53','2024-11-17 21:55:53'),(1552,104,12,1,0,1,0,1,0,'2024-11-17 21:55:53','2024-11-17 21:55:53'),(1553,104,13,1,0,1,0,1,0,'2024-11-17 21:55:53','2024-11-17 21:55:53'),(1554,104,14,1,1,1,1,1,0,'2024-11-17 21:55:53','2024-11-17 21:55:53'),(1555,104,15,1,1,1,1,1,0,'2024-11-17 21:55:53','2024-11-17 21:55:53'),(1556,104,16,1,1,1,1,1,0,'2024-11-17 21:55:53','2024-11-17 21:55:53'),(1557,104,17,1,1,1,1,1,0,'2024-11-17 21:55:53','2024-11-17 21:55:53'),(1558,104,18,1,1,1,1,1,0,'2024-11-17 21:55:53','2024-11-17 21:55:53'),(1559,104,19,1,1,1,1,1,0,'2024-11-17 21:55:53','2024-11-17 21:55:53'),(1560,104,20,1,1,1,1,1,0,'2024-11-17 21:55:53','2024-11-17 21:55:53'),(1561,104,21,1,1,1,1,1,0,'2024-11-17 21:55:53','2024-11-17 21:55:53'),(1562,104,22,1,1,1,0,1,0,'2024-11-17 21:55:53','2024-11-17 21:55:53'),(1563,105,1,1,0,1,0,1,0,'2024-11-17 21:55:55','2024-11-17 21:55:55'),(1564,105,2,1,1,1,0,1,1,'2024-11-17 21:55:55','2024-11-17 21:55:55'),(1565,105,3,1,0,1,0,1,0,'2024-11-17 21:55:55','2024-11-17 21:55:55'),(1566,105,4,1,1,1,1,1,0,'2024-11-17 21:55:55','2024-11-17 21:55:55'),(1567,105,5,1,1,1,1,1,0,'2024-11-17 21:55:55','2024-11-17 21:55:55'),(1568,105,6,1,1,1,1,1,0,'2024-11-17 21:55:55','2024-11-17 21:55:55'),(1569,105,7,1,1,1,1,1,0,'2024-11-17 21:55:55','2024-11-17 21:55:55'),(1570,105,8,1,0,1,1,1,0,'2024-11-17 21:55:55','2024-11-17 21:55:55'),(1571,105,9,1,0,1,0,1,0,'2024-11-17 21:55:55','2024-11-17 21:55:55'),(1572,105,10,1,1,1,1,1,1,'2024-11-17 21:55:55','2024-11-17 21:55:55'),(1573,105,11,1,1,1,1,1,1,'2024-11-17 21:55:55','2024-11-17 21:55:55'),(1574,105,12,1,0,1,0,1,0,'2024-11-17 21:55:55','2024-11-17 21:55:55'),(1575,105,13,1,0,1,0,1,0,'2024-11-17 21:55:55','2024-11-17 21:55:55'),(1576,105,14,1,1,1,1,1,0,'2024-11-17 21:55:55','2024-11-17 21:55:55'),(1577,105,15,1,1,1,1,1,0,'2024-11-17 21:55:55','2024-11-17 21:55:55'),(1578,105,16,1,1,1,1,1,0,'2024-11-17 21:55:55','2024-11-17 21:55:55'),(1579,105,17,1,1,1,1,1,0,'2024-11-17 21:55:55','2024-11-17 21:55:55'),(1580,105,18,1,1,1,1,1,0,'2024-11-17 21:55:55','2024-11-17 21:55:55'),(1581,105,19,1,1,1,1,1,0,'2024-11-17 21:55:55','2024-11-17 21:55:55'),(1582,105,20,1,1,1,1,1,0,'2024-11-17 21:55:55','2024-11-17 21:55:55'),(1583,105,21,1,1,1,1,1,0,'2024-11-17 21:55:55','2024-11-17 21:55:55'),(1584,105,22,1,1,1,0,1,0,'2024-11-17 21:55:55','2024-11-17 21:55:55'),(1585,106,1,1,0,1,0,1,0,'2024-11-17 21:55:57','2024-11-17 21:55:57'),(1586,106,2,1,1,1,0,1,1,'2024-11-17 21:55:57','2024-11-17 21:55:57'),(1587,106,3,1,0,1,0,1,0,'2024-11-17 21:55:57','2024-11-17 21:55:57'),(1588,106,4,1,1,1,1,1,0,'2024-11-17 21:55:57','2024-11-17 21:55:57'),(1589,106,5,1,1,1,1,1,0,'2024-11-17 21:55:57','2024-11-17 21:55:57'),(1590,106,6,1,1,1,1,1,0,'2024-11-17 21:55:57','2024-11-17 21:55:57'),(1591,106,7,1,1,1,1,1,0,'2024-11-17 21:55:57','2024-11-17 21:55:57'),(1592,106,8,1,0,1,1,1,0,'2024-11-17 21:55:57','2024-11-17 21:55:57'),(1593,106,9,1,0,1,0,1,0,'2024-11-17 21:55:57','2024-11-17 21:55:57'),(1594,106,10,1,1,1,1,1,1,'2024-11-17 21:55:57','2024-11-17 21:55:57'),(1595,106,11,1,1,1,1,1,1,'2024-11-17 21:55:57','2024-11-17 21:55:57'),(1596,106,12,1,0,1,0,1,0,'2024-11-17 21:55:57','2024-11-17 21:55:57'),(1597,106,13,1,0,1,0,1,0,'2024-11-17 21:55:57','2024-11-17 21:55:57'),(1598,106,14,1,1,1,1,1,0,'2024-11-17 21:55:57','2024-11-17 21:55:57'),(1599,106,15,1,1,1,1,1,0,'2024-11-17 21:55:57','2024-11-17 21:55:57'),(1600,106,16,1,1,1,1,1,0,'2024-11-17 21:55:57','2024-11-17 21:55:57'),(1601,106,17,1,1,1,1,1,0,'2024-11-17 21:55:57','2024-11-17 21:55:57'),(1602,106,18,1,1,1,1,1,0,'2024-11-17 21:55:57','2024-11-17 21:55:57'),(1603,106,19,1,1,1,1,1,0,'2024-11-17 21:55:57','2024-11-17 21:55:57'),(1604,106,20,1,1,1,1,1,0,'2024-11-17 21:55:57','2024-11-17 21:55:57'),(1605,106,21,1,1,1,1,1,0,'2024-11-17 21:55:57','2024-11-17 21:55:57'),(1606,106,22,1,1,1,0,1,0,'2024-11-17 21:55:57','2024-11-17 21:55:57'),(1607,107,1,1,0,1,0,1,0,'2024-11-17 21:55:58','2024-11-17 21:55:58'),(1608,107,2,1,1,1,0,1,1,'2024-11-17 21:55:58','2024-11-17 21:55:58'),(1609,107,3,1,0,1,0,1,0,'2024-11-17 21:55:58','2024-11-17 21:55:58'),(1610,107,4,1,1,1,1,1,0,'2024-11-17 21:55:58','2024-11-17 21:55:58'),(1611,107,5,1,1,1,1,1,0,'2024-11-17 21:55:58','2024-11-17 21:55:58'),(1612,107,6,1,1,1,1,1,0,'2024-11-17 21:55:58','2024-11-17 21:55:58'),(1613,107,7,1,1,1,1,1,0,'2024-11-17 21:55:58','2024-11-17 21:55:58'),(1614,107,8,1,0,1,1,1,0,'2024-11-17 21:55:58','2024-11-17 21:55:58'),(1615,107,9,1,0,1,0,1,0,'2024-11-17 21:55:58','2024-11-17 21:55:58'),(1616,107,10,1,1,1,1,1,1,'2024-11-17 21:55:58','2024-11-17 21:55:58'),(1617,107,11,1,1,1,1,1,1,'2024-11-17 21:55:58','2024-11-17 21:55:58'),(1618,107,12,1,0,1,0,1,0,'2024-11-17 21:55:58','2024-11-17 21:55:58'),(1619,107,13,1,0,1,0,1,0,'2024-11-17 21:55:58','2024-11-17 21:55:58'),(1620,107,14,1,1,1,1,1,0,'2024-11-17 21:55:58','2024-11-17 21:55:58'),(1621,107,15,1,1,1,1,1,0,'2024-11-17 21:55:58','2024-11-17 21:55:58'),(1622,107,16,1,1,1,1,1,0,'2024-11-17 21:55:58','2024-11-17 21:55:58'),(1623,107,17,1,1,1,1,1,0,'2024-11-17 21:55:58','2024-11-17 21:55:58'),(1624,107,18,1,1,1,1,1,0,'2024-11-17 21:55:58','2024-11-17 21:55:58'),(1625,107,19,1,1,1,1,1,0,'2024-11-17 21:55:58','2024-11-17 21:55:58'),(1626,107,20,1,1,1,1,1,0,'2024-11-17 21:55:58','2024-11-17 21:55:58'),(1627,107,21,1,1,1,1,1,0,'2024-11-17 21:55:58','2024-11-17 21:55:58'),(1628,107,22,1,1,1,0,1,0,'2024-11-17 21:55:58','2024-11-17 21:55:58'),(1629,108,1,1,0,1,0,1,0,'2024-11-17 21:55:59','2024-11-17 21:55:59'),(1630,108,2,1,1,1,0,1,1,'2024-11-17 21:55:59','2024-11-17 21:55:59'),(1631,108,3,1,0,1,0,1,0,'2024-11-17 21:55:59','2024-11-17 21:55:59'),(1632,108,4,1,1,1,1,1,0,'2024-11-17 21:55:59','2024-11-17 21:55:59'),(1633,108,5,1,1,1,1,1,0,'2024-11-17 21:55:59','2024-11-17 21:55:59'),(1634,108,6,1,1,1,1,1,0,'2024-11-17 21:55:59','2024-11-17 21:55:59'),(1635,108,7,1,1,1,1,1,0,'2024-11-17 21:55:59','2024-11-17 21:55:59'),(1636,108,8,1,0,1,1,1,0,'2024-11-17 21:55:59','2024-11-17 21:55:59'),(1637,108,9,1,0,1,0,1,0,'2024-11-17 21:55:59','2024-11-17 21:55:59'),(1638,108,10,1,1,1,1,1,1,'2024-11-17 21:55:59','2024-11-17 21:55:59'),(1639,108,11,1,1,1,1,1,1,'2024-11-17 21:55:59','2024-11-17 21:55:59'),(1640,108,12,1,0,1,0,1,0,'2024-11-17 21:55:59','2024-11-17 21:55:59'),(1641,108,13,1,0,1,0,1,0,'2024-11-17 21:55:59','2024-11-17 21:55:59'),(1642,108,14,1,1,1,1,1,0,'2024-11-17 21:55:59','2024-11-17 21:55:59'),(1643,108,15,1,1,1,1,1,0,'2024-11-17 21:55:59','2024-11-17 21:55:59'),(1644,108,16,1,1,1,1,1,0,'2024-11-17 21:55:59','2024-11-17 21:55:59'),(1645,108,17,1,1,1,1,1,0,'2024-11-17 21:55:59','2024-11-17 21:55:59'),(1646,108,18,1,1,1,1,1,0,'2024-11-17 21:55:59','2024-11-17 21:55:59'),(1647,108,19,1,1,1,1,1,0,'2024-11-17 21:55:59','2024-11-17 21:55:59'),(1648,108,20,1,1,1,1,1,0,'2024-11-17 21:55:59','2024-11-17 21:55:59'),(1649,108,21,1,1,1,1,1,0,'2024-11-17 21:55:59','2024-11-17 21:55:59'),(1650,108,22,1,1,1,0,1,0,'2024-11-17 21:55:59','2024-11-17 21:55:59'),(1651,109,1,1,0,1,0,1,0,'2024-11-17 21:56:01','2024-11-17 21:56:01'),(1652,109,2,1,1,1,0,1,1,'2024-11-17 21:56:01','2024-11-17 21:56:01'),(1653,109,3,1,0,1,0,1,0,'2024-11-17 21:56:01','2024-11-17 21:56:01'),(1654,109,4,1,1,1,1,1,0,'2024-11-17 21:56:01','2024-11-17 21:56:01'),(1655,109,5,1,1,1,1,1,0,'2024-11-17 21:56:01','2024-11-17 21:56:01'),(1656,109,6,1,1,1,1,1,0,'2024-11-17 21:56:01','2024-11-17 21:56:01'),(1657,109,7,1,1,1,1,1,0,'2024-11-17 21:56:01','2024-11-17 21:56:01'),(1658,109,8,1,0,1,1,1,0,'2024-11-17 21:56:01','2024-11-17 21:56:01'),(1659,109,9,1,0,1,0,1,0,'2024-11-17 21:56:01','2024-11-17 21:56:01'),(1660,109,10,1,1,1,1,1,1,'2024-11-17 21:56:01','2024-11-17 21:56:01'),(1661,109,11,1,1,1,1,1,1,'2024-11-17 21:56:01','2024-11-17 21:56:01'),(1662,109,12,1,0,1,0,1,0,'2024-11-17 21:56:01','2024-11-17 21:56:01'),(1663,109,13,1,0,1,0,1,0,'2024-11-17 21:56:01','2024-11-17 21:56:01'),(1664,109,14,1,1,1,1,1,0,'2024-11-17 21:56:01','2024-11-17 21:56:01'),(1665,109,15,1,1,1,1,1,0,'2024-11-17 21:56:01','2024-11-17 21:56:01'),(1666,109,16,1,1,1,1,1,0,'2024-11-17 21:56:01','2024-11-17 21:56:01'),(1667,109,17,1,1,1,1,1,0,'2024-11-17 21:56:01','2024-11-17 21:56:01'),(1668,109,18,1,1,1,1,1,0,'2024-11-17 21:56:01','2024-11-17 21:56:01'),(1669,109,19,1,1,1,1,1,0,'2024-11-17 21:56:01','2024-11-17 21:56:01'),(1670,109,20,1,1,1,1,1,0,'2024-11-17 21:56:01','2024-11-17 21:56:01'),(1671,109,21,1,1,1,1,1,0,'2024-11-17 21:56:01','2024-11-17 21:56:01'),(1672,109,22,1,1,1,0,1,0,'2024-11-17 21:56:01','2024-11-17 21:56:01'),(1673,110,1,1,0,1,0,1,0,'2024-11-17 21:56:02','2024-11-17 21:56:02'),(1674,110,2,1,1,1,0,1,1,'2024-11-17 21:56:02','2024-11-17 21:56:02'),(1675,110,3,1,0,1,0,1,0,'2024-11-17 21:56:02','2024-11-17 21:56:02'),(1676,110,4,1,1,1,1,1,0,'2024-11-17 21:56:02','2024-11-17 21:56:02'),(1677,110,5,1,1,1,1,1,0,'2024-11-17 21:56:02','2024-11-17 21:56:02'),(1678,110,6,1,1,1,1,1,0,'2024-11-17 21:56:02','2024-11-17 21:56:02'),(1679,110,7,1,1,1,1,1,0,'2024-11-17 21:56:02','2024-11-17 21:56:02'),(1680,110,8,1,0,1,1,1,0,'2024-11-17 21:56:02','2024-11-17 21:56:02'),(1681,110,9,1,0,1,0,1,0,'2024-11-17 21:56:02','2024-11-17 21:56:02'),(1682,110,10,1,1,1,1,1,1,'2024-11-17 21:56:02','2024-11-17 21:56:02'),(1683,110,11,1,1,1,1,1,1,'2024-11-17 21:56:02','2024-11-17 21:56:02'),(1684,110,12,1,0,1,0,1,0,'2024-11-17 21:56:02','2024-11-17 21:56:02'),(1685,110,13,1,0,1,0,1,0,'2024-11-17 21:56:02','2024-11-17 21:56:02'),(1686,110,14,1,1,1,1,1,0,'2024-11-17 21:56:02','2024-11-17 21:56:02'),(1687,110,15,1,1,1,1,1,0,'2024-11-17 21:56:02','2024-11-17 21:56:02'),(1688,110,16,1,1,1,1,1,0,'2024-11-17 21:56:02','2024-11-17 21:56:02'),(1689,110,17,1,1,1,1,1,0,'2024-11-17 21:56:02','2024-11-17 21:56:02'),(1690,110,18,1,1,1,1,1,0,'2024-11-17 21:56:02','2024-11-17 21:56:02'),(1691,110,19,1,1,1,1,1,0,'2024-11-17 21:56:02','2024-11-17 21:56:02'),(1692,110,20,1,1,1,1,1,0,'2024-11-17 21:56:02','2024-11-17 21:56:02'),(1693,110,21,1,1,1,1,1,0,'2024-11-17 21:56:02','2024-11-17 21:56:02'),(1694,110,22,1,1,1,0,1,0,'2024-11-17 21:56:02','2024-11-17 21:56:02'),(1695,111,1,1,0,1,0,1,0,'2024-11-17 21:56:03','2024-11-17 21:56:03'),(1696,111,2,1,1,1,0,1,1,'2024-11-17 21:56:03','2024-11-17 21:56:03'),(1697,111,3,1,0,1,0,1,0,'2024-11-17 21:56:03','2024-11-17 21:56:03'),(1698,111,4,1,1,1,1,1,0,'2024-11-17 21:56:03','2024-11-17 21:56:03'),(1699,111,5,1,1,1,1,1,0,'2024-11-17 21:56:03','2024-11-17 21:56:03'),(1700,111,6,1,1,1,1,1,0,'2024-11-17 21:56:03','2024-11-17 21:56:03'),(1701,111,7,1,1,1,1,1,0,'2024-11-17 21:56:03','2024-11-17 21:56:03'),(1702,111,8,1,0,1,1,1,0,'2024-11-17 21:56:03','2024-11-17 21:56:03'),(1703,111,9,1,0,1,0,1,0,'2024-11-17 21:56:03','2024-11-17 21:56:03'),(1704,111,10,1,1,1,1,1,1,'2024-11-17 21:56:03','2024-11-17 21:56:03'),(1705,111,11,1,1,1,1,1,1,'2024-11-17 21:56:03','2024-11-17 21:56:03'),(1706,111,12,1,0,1,0,1,0,'2024-11-17 21:56:03','2024-11-17 21:56:03'),(1707,111,13,1,0,1,0,1,0,'2024-11-17 21:56:03','2024-11-17 21:56:03'),(1708,111,14,1,1,1,1,1,0,'2024-11-17 21:56:03','2024-11-17 21:56:03'),(1709,111,15,1,1,1,1,1,0,'2024-11-17 21:56:03','2024-11-17 21:56:03'),(1710,111,16,1,1,1,1,1,0,'2024-11-17 21:56:03','2024-11-17 21:56:03'),(1711,111,17,1,1,1,1,1,0,'2024-11-17 21:56:03','2024-11-17 21:56:03'),(1712,111,18,1,1,1,1,1,0,'2024-11-17 21:56:03','2024-11-17 21:56:03'),(1713,111,19,1,1,1,1,1,0,'2024-11-17 21:56:03','2024-11-17 21:56:03'),(1714,111,20,1,1,1,1,1,0,'2024-11-17 21:56:03','2024-11-17 21:56:03'),(1715,111,21,1,1,1,1,1,0,'2024-11-17 21:56:03','2024-11-17 21:56:03'),(1716,111,22,1,1,1,0,1,0,'2024-11-17 21:56:03','2024-11-17 21:56:03'),(1717,112,1,1,0,1,0,1,0,'2024-11-17 21:56:05','2024-11-17 21:56:05'),(1718,112,2,1,1,1,0,1,1,'2024-11-17 21:56:05','2024-11-17 21:56:05'),(1719,112,3,1,0,1,0,1,0,'2024-11-17 21:56:05','2024-11-17 21:56:05'),(1720,112,4,1,1,1,1,1,0,'2024-11-17 21:56:05','2024-11-17 21:56:05'),(1721,112,5,1,1,1,1,1,0,'2024-11-17 21:56:05','2024-11-17 21:56:05'),(1722,112,6,1,1,1,1,1,0,'2024-11-17 21:56:05','2024-11-17 21:56:05'),(1723,112,7,1,1,1,1,1,0,'2024-11-17 21:56:05','2024-11-17 21:56:05'),(1724,112,8,1,0,1,1,1,0,'2024-11-17 21:56:05','2024-11-17 21:56:05'),(1725,112,9,1,0,1,0,1,0,'2024-11-17 21:56:05','2024-11-17 21:56:05'),(1726,112,10,1,1,1,1,1,1,'2024-11-17 21:56:05','2024-11-17 21:56:05'),(1727,112,11,1,1,1,1,1,1,'2024-11-17 21:56:05','2024-11-17 21:56:05'),(1728,112,12,1,0,1,0,1,0,'2024-11-17 21:56:05','2024-11-17 21:56:05'),(1729,112,13,1,0,1,0,1,0,'2024-11-17 21:56:05','2024-11-17 21:56:05'),(1730,112,14,1,1,1,1,1,0,'2024-11-17 21:56:05','2024-11-17 21:56:05'),(1731,112,15,1,1,1,1,1,0,'2024-11-17 21:56:05','2024-11-17 21:56:05'),(1732,112,16,1,1,1,1,1,0,'2024-11-17 21:56:05','2024-11-17 21:56:05'),(1733,112,17,1,1,1,1,1,0,'2024-11-17 21:56:05','2024-11-17 21:56:05'),(1734,112,18,1,1,1,1,1,0,'2024-11-17 21:56:05','2024-11-17 21:56:05'),(1735,112,19,1,1,1,1,1,0,'2024-11-17 21:56:05','2024-11-17 21:56:05'),(1736,112,20,1,1,1,1,1,0,'2024-11-17 21:56:05','2024-11-17 21:56:05'),(1737,112,21,1,1,1,1,1,0,'2024-11-17 21:56:05','2024-11-17 21:56:05'),(1738,112,22,1,1,1,0,1,0,'2024-11-17 21:56:05','2024-11-17 21:56:05'),(1739,113,1,1,0,1,0,1,0,'2024-11-17 21:56:06','2024-11-17 21:56:06'),(1740,113,2,1,1,1,0,1,1,'2024-11-17 21:56:06','2024-11-17 21:56:06'),(1741,113,3,1,0,1,0,1,0,'2024-11-17 21:56:06','2024-11-17 21:56:06'),(1742,113,4,1,1,1,1,1,0,'2024-11-17 21:56:06','2024-11-17 21:56:06'),(1743,113,5,1,1,1,1,1,0,'2024-11-17 21:56:06','2024-11-17 21:56:06'),(1744,113,6,1,1,1,1,1,0,'2024-11-17 21:56:06','2024-11-17 21:56:06'),(1745,113,7,1,1,1,1,1,0,'2024-11-17 21:56:06','2024-11-17 21:56:06'),(1746,113,8,1,0,1,1,1,0,'2024-11-17 21:56:06','2024-11-17 21:56:06'),(1747,113,9,1,0,1,0,1,0,'2024-11-17 21:56:06','2024-11-17 21:56:06'),(1748,113,10,1,1,1,1,1,1,'2024-11-17 21:56:06','2024-11-17 21:56:06'),(1749,113,11,1,1,1,1,1,1,'2024-11-17 21:56:06','2024-11-17 21:56:06'),(1750,113,12,1,0,1,0,1,0,'2024-11-17 21:56:06','2024-11-17 21:56:06'),(1751,113,13,1,0,1,0,1,0,'2024-11-17 21:56:06','2024-11-17 21:56:06'),(1752,113,14,1,1,1,1,1,0,'2024-11-17 21:56:06','2024-11-17 21:56:06'),(1753,113,15,1,1,1,1,1,0,'2024-11-17 21:56:06','2024-11-17 21:56:06'),(1754,113,16,1,1,1,1,1,0,'2024-11-17 21:56:06','2024-11-17 21:56:06'),(1755,113,17,1,1,1,1,1,0,'2024-11-17 21:56:06','2024-11-17 21:56:06'),(1756,113,18,1,1,1,1,1,0,'2024-11-17 21:56:06','2024-11-17 21:56:06'),(1757,113,19,1,1,1,1,1,0,'2024-11-17 21:56:06','2024-11-17 21:56:06'),(1758,113,20,1,1,1,1,1,0,'2024-11-17 21:56:06','2024-11-17 21:56:06'),(1759,113,21,1,1,1,1,1,0,'2024-11-17 21:56:06','2024-11-17 21:56:06'),(1760,113,22,1,1,1,0,1,0,'2024-11-17 21:56:06','2024-11-17 21:56:06'),(1761,114,1,1,0,1,0,1,0,'2024-11-17 21:56:07','2024-11-17 21:56:07'),(1762,114,2,1,1,1,0,1,1,'2024-11-17 21:56:07','2024-11-17 21:56:07'),(1763,114,3,1,0,1,0,1,0,'2024-11-17 21:56:07','2024-11-17 21:56:07'),(1764,114,4,1,1,1,1,1,0,'2024-11-17 21:56:07','2024-11-17 21:56:07'),(1765,114,5,1,1,1,1,1,0,'2024-11-17 21:56:07','2024-11-17 21:56:07'),(1766,114,6,1,1,1,1,1,0,'2024-11-17 21:56:08','2024-11-17 21:56:08'),(1767,114,7,1,1,1,1,1,0,'2024-11-17 21:56:08','2024-11-17 21:56:08'),(1768,114,8,1,0,1,1,1,0,'2024-11-17 21:56:08','2024-11-17 21:56:08'),(1769,114,9,1,0,1,0,1,0,'2024-11-17 21:56:08','2024-11-17 21:56:08'),(1770,114,10,1,1,1,1,1,1,'2024-11-17 21:56:08','2024-11-17 21:56:08'),(1771,114,11,1,1,1,1,1,1,'2024-11-17 21:56:08','2024-11-17 21:56:08'),(1772,114,12,1,0,1,0,1,0,'2024-11-17 21:56:08','2024-11-17 21:56:08'),(1773,114,13,1,0,1,0,1,0,'2024-11-17 21:56:08','2024-11-17 21:56:08'),(1774,114,14,1,1,1,1,1,0,'2024-11-17 21:56:08','2024-11-17 21:56:08'),(1775,114,15,1,1,1,1,1,0,'2024-11-17 21:56:08','2024-11-17 21:56:08'),(1776,114,16,1,1,1,1,1,0,'2024-11-17 21:56:08','2024-11-17 21:56:08'),(1777,114,17,1,1,1,1,1,0,'2024-11-17 21:56:08','2024-11-17 21:56:08'),(1778,114,18,1,1,1,1,1,0,'2024-11-17 21:56:08','2024-11-17 21:56:08'),(1779,114,19,1,1,1,1,1,0,'2024-11-17 21:56:08','2024-11-17 21:56:08'),(1780,114,20,1,1,1,1,1,0,'2024-11-17 21:56:08','2024-11-17 21:56:08'),(1781,114,21,1,1,1,1,1,0,'2024-11-17 21:56:08','2024-11-17 21:56:08'),(1782,114,22,1,1,1,0,1,0,'2024-11-17 21:56:08','2024-11-17 21:56:08'),(1783,115,1,1,0,1,0,1,0,'2024-11-17 21:56:09','2024-11-17 21:56:09'),(1784,115,2,1,1,1,0,1,1,'2024-11-17 21:56:09','2024-11-17 21:56:09'),(1785,115,3,1,0,1,0,1,0,'2024-11-17 21:56:09','2024-11-17 21:56:09'),(1786,115,4,1,1,1,1,1,0,'2024-11-17 21:56:09','2024-11-17 21:56:09'),(1787,115,5,1,1,1,1,1,0,'2024-11-17 21:56:09','2024-11-17 21:56:09'),(1788,115,6,1,1,1,1,1,0,'2024-11-17 21:56:09','2024-11-17 21:56:09'),(1789,115,7,1,1,1,1,1,0,'2024-11-17 21:56:09','2024-11-17 21:56:09'),(1790,115,8,1,0,1,1,1,0,'2024-11-17 21:56:09','2024-11-17 21:56:09'),(1791,115,9,1,0,1,0,1,0,'2024-11-17 21:56:09','2024-11-17 21:56:09'),(1792,115,10,1,1,1,1,1,1,'2024-11-17 21:56:09','2024-11-17 21:56:09'),(1793,115,11,1,1,1,1,1,1,'2024-11-17 21:56:09','2024-11-17 21:56:09'),(1794,115,12,1,0,1,0,1,0,'2024-11-17 21:56:09','2024-11-17 21:56:09'),(1795,115,13,1,0,1,0,1,0,'2024-11-17 21:56:09','2024-11-17 21:56:09'),(1796,115,14,1,1,1,1,1,0,'2024-11-17 21:56:09','2024-11-17 21:56:09'),(1797,115,15,1,1,1,1,1,0,'2024-11-17 21:56:09','2024-11-17 21:56:09'),(1798,115,16,1,1,1,1,1,0,'2024-11-17 21:56:09','2024-11-17 21:56:09'),(1799,115,17,1,1,1,1,1,0,'2024-11-17 21:56:09','2024-11-17 21:56:09'),(1800,115,18,1,1,1,1,1,0,'2024-11-17 21:56:09','2024-11-17 21:56:09'),(1801,115,19,1,1,1,1,1,0,'2024-11-17 21:56:09','2024-11-17 21:56:09'),(1802,115,20,1,1,1,1,1,0,'2024-11-17 21:56:09','2024-11-17 21:56:09'),(1803,115,21,1,1,1,1,1,0,'2024-11-17 21:56:09','2024-11-17 21:56:09'),(1804,115,22,1,1,1,0,1,0,'2024-11-17 21:56:09','2024-11-17 21:56:09'),(1805,116,1,1,0,1,0,1,0,'2024-11-17 21:56:11','2024-11-17 21:56:11'),(1806,116,2,1,1,1,0,1,1,'2024-11-17 21:56:11','2024-11-17 21:56:11'),(1807,116,3,1,0,1,0,1,0,'2024-11-17 21:56:11','2024-11-17 21:56:11'),(1808,116,4,1,1,1,1,1,0,'2024-11-17 21:56:11','2024-11-17 21:56:11'),(1809,116,5,1,1,1,1,1,0,'2024-11-17 21:56:11','2024-11-17 21:56:11'),(1810,116,6,1,1,1,1,1,0,'2024-11-17 21:56:11','2024-11-17 21:56:11'),(1811,116,7,1,1,1,1,1,0,'2024-11-17 21:56:11','2024-11-17 21:56:11'),(1812,116,8,1,0,1,1,1,0,'2024-11-17 21:56:11','2024-11-17 21:56:11'),(1813,116,9,1,0,1,0,1,0,'2024-11-17 21:56:11','2024-11-17 21:56:11'),(1814,116,10,1,1,1,1,1,1,'2024-11-17 21:56:11','2024-11-17 21:56:11'),(1815,116,11,1,1,1,1,1,1,'2024-11-17 21:56:11','2024-11-17 21:56:11'),(1816,116,12,1,0,1,0,1,0,'2024-11-17 21:56:11','2024-11-17 21:56:11'),(1817,116,13,1,0,1,0,1,0,'2024-11-17 21:56:11','2024-11-17 21:56:11'),(1818,116,14,1,1,1,1,1,0,'2024-11-17 21:56:11','2024-11-17 21:56:11'),(1819,116,15,1,1,1,1,1,0,'2024-11-17 21:56:11','2024-11-17 21:56:11'),(1820,116,16,1,1,1,1,1,0,'2024-11-17 21:56:11','2024-11-17 21:56:11'),(1821,116,17,1,1,1,1,1,0,'2024-11-17 21:56:11','2024-11-17 21:56:11'),(1822,116,18,1,1,1,1,1,0,'2024-11-17 21:56:11','2024-11-17 21:56:11'),(1823,116,19,1,1,1,1,1,0,'2024-11-17 21:56:11','2024-11-17 21:56:11'),(1824,116,20,1,1,1,1,1,0,'2024-11-17 21:56:11','2024-11-17 21:56:11'),(1825,116,21,1,1,1,1,1,0,'2024-11-17 21:56:11','2024-11-17 21:56:11'),(1826,116,22,1,1,1,0,1,0,'2024-11-17 21:56:11','2024-11-17 21:56:11'),(1827,117,1,1,0,1,0,1,0,'2024-11-17 21:56:13','2024-11-17 21:56:13'),(1828,117,2,1,1,1,0,1,1,'2024-11-17 21:56:13','2024-11-17 21:56:13'),(1829,117,3,1,0,1,0,1,0,'2024-11-17 21:56:13','2024-11-17 21:56:13'),(1830,117,4,1,1,1,1,1,0,'2024-11-17 21:56:13','2024-11-17 21:56:13'),(1831,117,5,1,1,1,1,1,0,'2024-11-17 21:56:13','2024-11-17 21:56:13'),(1832,117,6,1,1,1,1,1,0,'2024-11-17 21:56:13','2024-11-17 21:56:13'),(1833,117,7,1,1,1,1,1,0,'2024-11-17 21:56:13','2024-11-17 21:56:13'),(1834,117,8,1,0,1,1,1,0,'2024-11-17 21:56:13','2024-11-17 21:56:13'),(1835,117,9,1,0,1,0,1,0,'2024-11-17 21:56:13','2024-11-17 21:56:13'),(1836,117,10,1,1,1,1,1,1,'2024-11-17 21:56:13','2024-11-17 21:56:13'),(1837,117,11,1,1,1,1,1,1,'2024-11-17 21:56:13','2024-11-17 21:56:13'),(1838,117,12,1,0,1,0,1,0,'2024-11-17 21:56:13','2024-11-17 21:56:13'),(1839,117,13,1,0,1,0,1,0,'2024-11-17 21:56:13','2024-11-17 21:56:13'),(1840,117,14,1,1,1,1,1,0,'2024-11-17 21:56:13','2024-11-17 21:56:13'),(1841,117,15,1,1,1,1,1,0,'2024-11-17 21:56:13','2024-11-17 21:56:13'),(1842,117,16,1,1,1,1,1,0,'2024-11-17 21:56:13','2024-11-17 21:56:13'),(1843,117,17,1,1,1,1,1,0,'2024-11-17 21:56:13','2024-11-17 21:56:13'),(1844,117,18,1,1,1,1,1,0,'2024-11-17 21:56:13','2024-11-17 21:56:13'),(1845,117,19,1,1,1,1,1,0,'2024-11-17 21:56:13','2024-11-17 21:56:13'),(1846,117,20,1,1,1,1,1,0,'2024-11-17 21:56:13','2024-11-17 21:56:13'),(1847,117,21,1,1,1,1,1,0,'2024-11-17 21:56:13','2024-11-17 21:56:13'),(1848,117,22,1,1,1,0,1,0,'2024-11-17 21:56:13','2024-11-17 21:56:13'),(1849,118,1,1,0,1,0,1,0,'2024-11-17 21:56:14','2024-11-17 21:56:14'),(1850,118,2,1,1,1,0,1,1,'2024-11-17 21:56:14','2024-11-17 21:56:14'),(1851,118,3,1,0,1,0,1,0,'2024-11-17 21:56:14','2024-11-17 21:56:14'),(1852,118,4,1,1,1,1,1,0,'2024-11-17 21:56:14','2024-11-17 21:56:14'),(1853,118,5,1,1,1,1,1,0,'2024-11-17 21:56:14','2024-11-17 21:56:14'),(1854,118,6,1,1,1,1,1,0,'2024-11-17 21:56:14','2024-11-17 21:56:14'),(1855,118,7,1,1,1,1,1,0,'2024-11-17 21:56:14','2024-11-17 21:56:14'),(1856,118,8,1,0,1,1,1,0,'2024-11-17 21:56:14','2024-11-17 21:56:14'),(1857,118,9,1,0,1,0,1,0,'2024-11-17 21:56:14','2024-11-17 21:56:14'),(1858,118,10,1,1,1,1,1,1,'2024-11-17 21:56:14','2024-11-17 21:56:14'),(1859,118,11,1,1,1,1,1,1,'2024-11-17 21:56:14','2024-11-17 21:56:14'),(1860,118,12,1,0,1,0,1,0,'2024-11-17 21:56:14','2024-11-17 21:56:14'),(1861,118,13,1,0,1,0,1,0,'2024-11-17 21:56:14','2024-11-17 21:56:14'),(1862,118,14,1,1,1,1,1,0,'2024-11-17 21:56:14','2024-11-17 21:56:14'),(1863,118,15,1,1,1,1,1,0,'2024-11-17 21:56:14','2024-11-17 21:56:14'),(1864,118,16,1,1,1,1,1,0,'2024-11-17 21:56:14','2024-11-17 21:56:14'),(1865,118,17,1,1,1,1,1,0,'2024-11-17 21:56:14','2024-11-17 21:56:14'),(1866,118,18,1,1,1,1,1,0,'2024-11-17 21:56:14','2024-11-17 21:56:14'),(1867,118,19,1,1,1,1,1,0,'2024-11-17 21:56:14','2024-11-17 21:56:14'),(1868,118,20,1,1,1,1,1,0,'2024-11-17 21:56:14','2024-11-17 21:56:14'),(1869,118,21,1,1,1,1,1,0,'2024-11-17 21:56:14','2024-11-17 21:56:14'),(1870,118,22,1,1,1,0,1,0,'2024-11-17 21:56:14','2024-11-17 21:56:14'),(1871,119,1,1,0,1,0,1,0,'2024-11-17 21:56:15','2024-11-17 21:56:15'),(1872,119,2,1,1,1,0,1,1,'2024-11-17 21:56:15','2024-11-17 21:56:15'),(1873,119,3,1,0,1,0,1,0,'2024-11-17 21:56:15','2024-11-17 21:56:15'),(1874,119,4,1,1,1,1,1,0,'2024-11-17 21:56:15','2024-11-17 21:56:15'),(1875,119,5,1,1,1,1,1,0,'2024-11-17 21:56:15','2024-11-17 21:56:15'),(1876,119,6,1,1,1,1,1,0,'2024-11-17 21:56:15','2024-11-17 21:56:15'),(1877,119,7,1,1,1,1,1,0,'2024-11-17 21:56:15','2024-11-17 21:56:15'),(1878,119,8,1,0,1,1,1,0,'2024-11-17 21:56:15','2024-11-17 21:56:15'),(1879,119,9,1,0,1,0,1,0,'2024-11-17 21:56:15','2024-11-17 21:56:15'),(1880,119,10,1,1,1,1,1,1,'2024-11-17 21:56:15','2024-11-17 21:56:15'),(1881,119,11,1,1,1,1,1,1,'2024-11-17 21:56:15','2024-11-17 21:56:15'),(1882,119,12,1,0,1,0,1,0,'2024-11-17 21:56:15','2024-11-17 21:56:15'),(1883,119,13,1,0,1,0,1,0,'2024-11-17 21:56:15','2024-11-17 21:56:15'),(1884,119,14,1,1,1,1,1,0,'2024-11-17 21:56:15','2024-11-17 21:56:15'),(1885,119,15,1,1,1,1,1,0,'2024-11-17 21:56:15','2024-11-17 21:56:15'),(1886,119,16,1,1,1,1,1,0,'2024-11-17 21:56:15','2024-11-17 21:56:15'),(1887,119,17,1,1,1,1,1,0,'2024-11-17 21:56:15','2024-11-17 21:56:15'),(1888,119,18,1,1,1,1,1,0,'2024-11-17 21:56:15','2024-11-17 21:56:15'),(1889,119,19,1,1,1,1,1,0,'2024-11-17 21:56:16','2024-11-17 21:56:16'),(1890,119,20,1,1,1,1,1,0,'2024-11-17 21:56:16','2024-11-17 21:56:16'),(1891,119,21,1,1,1,1,1,0,'2024-11-17 21:56:16','2024-11-17 21:56:16'),(1892,119,22,1,1,1,0,1,0,'2024-11-17 21:56:16','2024-11-17 21:56:16'),(1893,120,1,1,0,1,0,1,0,'2024-11-17 21:56:17','2024-11-17 21:56:17'),(1894,120,2,1,1,1,0,1,1,'2024-11-17 21:56:17','2024-11-17 21:56:17'),(1895,120,3,1,0,1,0,1,0,'2024-11-17 21:56:17','2024-11-17 21:56:17'),(1896,120,4,1,1,1,1,1,0,'2024-11-17 21:56:17','2024-11-17 21:56:17'),(1897,120,5,1,1,1,1,1,0,'2024-11-17 21:56:17','2024-11-17 21:56:17'),(1898,120,6,1,1,1,1,1,0,'2024-11-17 21:56:17','2024-11-17 21:56:17'),(1899,120,7,1,1,1,1,1,0,'2024-11-17 21:56:17','2024-11-17 21:56:17'),(1900,120,8,1,0,1,1,1,0,'2024-11-17 21:56:17','2024-11-17 21:56:17'),(1901,120,9,1,0,1,0,1,0,'2024-11-17 21:56:17','2024-11-17 21:56:17'),(1902,120,10,1,1,1,1,1,1,'2024-11-17 21:56:17','2024-11-17 21:56:17'),(1903,120,11,1,1,1,1,1,1,'2024-11-17 21:56:17','2024-11-17 21:56:17'),(1904,120,12,1,0,1,0,1,0,'2024-11-17 21:56:17','2024-11-17 21:56:17'),(1905,120,13,1,0,1,0,1,0,'2024-11-17 21:56:17','2024-11-17 21:56:17'),(1906,120,14,1,1,1,1,1,0,'2024-11-17 21:56:17','2024-11-17 21:56:17'),(1907,120,15,1,1,1,1,1,0,'2024-11-17 21:56:17','2024-11-17 21:56:17'),(1908,120,16,1,1,1,1,1,0,'2024-11-17 21:56:17','2024-11-17 21:56:17'),(1909,120,17,1,1,1,1,1,0,'2024-11-17 21:56:17','2024-11-17 21:56:17'),(1910,120,18,1,1,1,1,1,0,'2024-11-17 21:56:17','2024-11-17 21:56:17'),(1911,120,19,1,1,1,1,1,0,'2024-11-17 21:56:17','2024-11-17 21:56:17'),(1912,120,20,1,1,1,1,1,0,'2024-11-17 21:56:17','2024-11-17 21:56:17'),(1913,120,21,1,1,1,1,1,0,'2024-11-17 21:56:17','2024-11-17 21:56:17'),(1914,120,22,1,1,1,0,1,0,'2024-11-17 21:56:17','2024-11-17 21:56:17'),(1915,121,1,1,0,1,0,1,0,'2024-11-17 21:56:18','2024-11-17 21:56:18'),(1916,121,2,1,1,1,0,1,1,'2024-11-17 21:56:18','2024-11-17 21:56:18'),(1917,121,3,1,0,1,0,1,0,'2024-11-17 21:56:18','2024-11-17 21:56:18'),(1918,121,4,1,1,1,1,1,0,'2024-11-17 21:56:18','2024-11-17 21:56:18'),(1919,121,5,1,1,1,1,1,0,'2024-11-17 21:56:18','2024-11-17 21:56:18'),(1920,121,6,1,1,1,1,1,0,'2024-11-17 21:56:18','2024-11-17 21:56:18'),(1921,121,7,1,1,1,1,1,0,'2024-11-17 21:56:18','2024-11-17 21:56:18'),(1922,121,8,1,0,1,1,1,0,'2024-11-17 21:56:18','2024-11-17 21:56:18'),(1923,121,9,1,0,1,0,1,0,'2024-11-17 21:56:18','2024-11-17 21:56:18'),(1924,121,10,1,1,1,1,1,1,'2024-11-17 21:56:18','2024-11-17 21:56:18'),(1925,121,11,1,1,1,1,1,1,'2024-11-17 21:56:18','2024-11-17 21:56:18'),(1926,121,12,1,0,1,0,1,0,'2024-11-17 21:56:18','2024-11-17 21:56:18'),(1927,121,13,1,0,1,0,1,0,'2024-11-17 21:56:18','2024-11-17 21:56:18'),(1928,121,14,1,1,1,1,1,0,'2024-11-17 21:56:18','2024-11-17 21:56:18'),(1929,121,15,1,1,1,1,1,0,'2024-11-17 21:56:18','2024-11-17 21:56:18'),(1930,121,16,1,1,1,1,1,0,'2024-11-17 21:56:18','2024-11-17 21:56:18'),(1931,121,17,1,1,1,1,1,0,'2024-11-17 21:56:18','2024-11-17 21:56:18'),(1932,121,18,1,1,1,1,1,0,'2024-11-17 21:56:18','2024-11-17 21:56:18'),(1933,121,19,1,1,1,1,1,0,'2024-11-17 21:56:19','2024-11-17 21:56:19'),(1934,121,20,1,1,1,1,1,0,'2024-11-17 21:56:19','2024-11-17 21:56:19'),(1935,121,21,1,1,1,1,1,0,'2024-11-17 21:56:19','2024-11-17 21:56:19'),(1936,121,22,1,1,1,0,1,0,'2024-11-17 21:56:19','2024-11-17 21:56:19'),(1937,172,1,1,0,1,0,1,0,'2024-11-17 21:56:20','2024-11-17 21:56:20'),(1938,172,2,1,1,1,0,1,1,'2024-11-17 21:56:20','2024-11-17 21:56:20'),(1939,172,3,1,0,1,0,1,0,'2024-11-17 21:56:20','2024-11-17 21:56:20'),(1940,172,4,1,1,1,1,1,0,'2024-11-17 21:56:20','2024-11-17 21:56:20'),(1941,172,5,1,1,1,1,1,0,'2024-11-17 21:56:20','2024-11-17 21:56:20'),(1942,172,6,1,1,1,1,1,0,'2024-11-17 21:56:20','2024-11-17 21:56:20'),(1943,172,7,1,1,1,1,1,0,'2024-11-17 21:56:20','2024-11-17 21:56:20'),(1944,172,8,1,0,1,1,1,0,'2024-11-17 21:56:20','2024-11-17 21:56:20'),(1945,172,9,1,0,1,0,1,0,'2024-11-17 21:56:20','2024-11-17 21:56:20'),(1946,172,10,1,1,1,1,1,1,'2024-11-17 21:56:20','2024-11-17 21:56:20'),(1947,172,11,1,1,1,1,1,1,'2024-11-17 21:56:20','2024-11-17 21:56:20'),(1948,172,12,1,0,1,0,1,0,'2024-11-17 21:56:20','2024-11-17 21:56:20'),(1949,172,13,1,0,1,0,1,0,'2024-11-17 21:56:20','2024-11-17 21:56:20'),(1950,172,14,1,1,1,1,1,0,'2024-11-17 21:56:20','2024-11-17 21:56:20'),(1951,172,15,1,1,1,1,1,0,'2024-11-17 21:56:20','2024-11-17 21:56:20'),(1952,172,16,1,1,1,1,1,0,'2024-11-17 21:56:20','2024-11-17 21:56:20'),(1953,172,17,1,1,1,1,1,0,'2024-11-17 21:56:20','2024-11-17 21:56:20'),(1954,172,18,1,1,1,1,1,0,'2024-11-17 21:56:20','2024-11-17 21:56:20'),(1955,172,19,1,1,1,1,1,0,'2024-11-17 21:56:20','2024-11-17 21:56:20'),(1956,172,20,1,1,1,1,1,0,'2024-11-17 21:56:20','2024-11-17 21:56:20'),(1957,172,21,1,1,1,1,1,0,'2024-11-17 21:56:20','2024-11-17 21:56:20'),(1958,172,22,1,1,1,0,1,0,'2024-11-17 21:56:20','2024-11-17 21:56:20'),(1959,173,1,1,0,1,0,1,0,'2024-11-17 21:56:21','2024-11-17 21:56:21'),(1960,173,2,1,1,1,0,1,1,'2024-11-17 21:56:21','2024-11-17 21:56:21'),(1961,173,3,1,0,1,0,1,0,'2024-11-17 21:56:21','2024-11-17 21:56:21'),(1962,173,4,1,1,1,1,1,0,'2024-11-17 21:56:21','2024-11-17 21:56:21'),(1963,173,5,1,1,1,1,1,0,'2024-11-17 21:56:21','2024-11-17 21:56:21'),(1964,173,6,1,1,1,1,1,0,'2024-11-17 21:56:21','2024-11-17 21:56:21'),(1965,173,7,1,1,1,1,1,0,'2024-11-17 21:56:21','2024-11-17 21:56:21'),(1966,173,8,1,0,1,1,1,0,'2024-11-17 21:56:21','2024-11-17 21:56:21'),(1967,173,9,1,0,1,0,1,0,'2024-11-17 21:56:21','2024-11-17 21:56:21'),(1968,173,10,1,1,1,1,1,1,'2024-11-17 21:56:21','2024-11-17 21:56:21'),(1969,173,11,1,1,1,1,1,1,'2024-11-17 21:56:21','2024-11-17 21:56:21'),(1970,173,12,1,0,1,0,1,0,'2024-11-17 21:56:21','2024-11-17 21:56:21'),(1971,173,13,1,0,1,0,1,0,'2024-11-17 21:56:21','2024-11-17 21:56:21'),(1972,173,14,1,1,1,1,1,0,'2024-11-17 21:56:21','2024-11-17 21:56:21'),(1973,173,15,1,1,1,1,1,0,'2024-11-17 21:56:21','2024-11-17 21:56:21'),(1974,173,16,1,1,1,1,1,0,'2024-11-17 21:56:21','2024-11-17 21:56:21'),(1975,173,17,1,1,1,1,1,0,'2024-11-17 21:56:21','2024-11-17 21:56:21'),(1976,173,18,1,1,1,1,1,0,'2024-11-17 21:56:21','2024-11-17 21:56:21'),(1977,173,19,1,1,1,1,1,0,'2024-11-17 21:56:21','2024-11-17 21:56:21'),(1978,173,20,1,1,1,1,1,0,'2024-11-17 21:56:21','2024-11-17 21:56:21'),(1979,173,21,1,1,1,1,1,0,'2024-11-17 21:56:21','2024-11-17 21:56:21'),(1980,173,22,1,1,1,0,1,0,'2024-11-17 21:56:21','2024-11-17 21:56:21'),(1981,174,1,1,0,1,0,1,0,'2024-11-17 21:56:23','2024-11-17 21:56:23'),(1982,174,2,1,1,1,0,1,1,'2024-11-17 21:56:23','2024-11-17 21:56:23'),(1983,174,3,1,0,1,0,1,0,'2024-11-17 21:56:23','2024-11-17 21:56:23'),(1984,174,4,1,1,1,1,1,0,'2024-11-17 21:56:23','2024-11-17 21:56:23'),(1985,174,5,1,1,1,1,1,0,'2024-11-17 21:56:23','2024-11-17 21:56:23'),(1986,174,6,1,1,1,1,1,0,'2024-11-17 21:56:23','2024-11-17 21:56:23'),(1987,174,7,1,1,1,1,1,0,'2024-11-17 21:56:23','2024-11-17 21:56:23'),(1988,174,8,1,0,1,1,1,0,'2024-11-17 21:56:23','2024-11-17 21:56:23'),(1989,174,9,1,0,1,0,1,0,'2024-11-17 21:56:23','2024-11-17 21:56:23'),(1990,174,10,1,1,1,1,1,1,'2024-11-17 21:56:23','2024-11-17 21:56:23'),(1991,174,11,1,1,1,1,1,1,'2024-11-17 21:56:23','2024-11-17 21:56:23'),(1992,174,12,1,0,1,0,1,0,'2024-11-17 21:56:23','2024-11-17 21:56:23'),(1993,174,13,1,0,1,0,1,0,'2024-11-17 21:56:23','2024-11-17 21:56:23'),(1994,174,14,1,1,1,1,1,0,'2024-11-17 21:56:23','2024-11-17 21:56:23'),(1995,174,15,1,1,1,1,1,0,'2024-11-17 21:56:23','2024-11-17 21:56:23'),(1996,174,16,1,1,1,1,1,0,'2024-11-17 21:56:23','2024-11-17 21:56:23'),(1997,174,17,1,1,1,1,1,0,'2024-11-17 21:56:23','2024-11-17 21:56:23'),(1998,174,18,1,1,1,1,1,0,'2024-11-17 21:56:23','2024-11-17 21:56:23'),(1999,174,19,1,1,1,1,1,0,'2024-11-17 21:56:23','2024-11-17 21:56:23'),(2000,174,20,1,1,1,1,1,0,'2024-11-17 21:56:23','2024-11-17 21:56:23'),(2001,174,21,1,1,1,1,1,0,'2024-11-17 21:56:23','2024-11-17 21:56:23'),(2002,174,22,1,1,1,0,1,0,'2024-11-17 21:56:23','2024-11-17 21:56:23'),(2003,176,1,1,0,1,0,1,0,'2024-11-17 21:56:24','2024-11-17 21:56:24'),(2004,176,2,1,1,1,0,1,1,'2024-11-17 21:56:24','2024-11-17 21:56:24'),(2005,176,3,1,0,1,0,1,0,'2024-11-17 21:56:24','2024-11-17 21:56:24'),(2006,176,4,1,1,1,1,1,0,'2024-11-17 21:56:24','2024-11-17 21:56:24'),(2007,176,5,1,1,1,1,1,0,'2024-11-17 21:56:24','2024-11-17 21:56:24'),(2008,176,6,1,1,1,1,1,0,'2024-11-17 21:56:24','2024-11-17 21:56:24'),(2009,176,7,1,1,1,1,1,0,'2024-11-17 21:56:24','2024-11-17 21:56:24'),(2010,176,8,1,0,1,1,1,0,'2024-11-17 21:56:24','2024-11-17 21:56:24'),(2011,176,9,1,0,1,0,1,0,'2024-11-17 21:56:24','2024-11-17 21:56:24'),(2012,176,10,1,1,1,1,1,1,'2024-11-17 21:56:24','2024-11-17 21:56:24'),(2013,176,11,1,1,1,1,1,1,'2024-11-17 21:56:24','2024-11-17 21:56:24'),(2014,176,12,1,0,1,0,1,0,'2024-11-17 21:56:24','2024-11-17 21:56:24'),(2015,176,13,1,0,1,0,1,0,'2024-11-17 21:56:24','2024-11-17 21:56:24'),(2016,176,14,1,1,1,1,1,0,'2024-11-17 21:56:24','2024-11-17 21:56:24'),(2017,176,15,1,1,1,1,1,0,'2024-11-17 21:56:24','2024-11-17 21:56:24'),(2018,176,16,1,1,1,1,1,0,'2024-11-17 21:56:24','2024-11-17 21:56:24'),(2019,176,17,1,1,1,1,1,0,'2024-11-17 21:56:24','2024-11-17 21:56:24'),(2020,176,18,1,1,1,1,1,0,'2024-11-17 21:56:24','2024-11-17 21:56:24'),(2021,176,19,1,1,1,1,1,0,'2024-11-17 21:56:24','2024-11-17 21:56:24'),(2022,176,20,1,1,1,1,1,0,'2024-11-17 21:56:24','2024-11-17 21:56:24'),(2023,176,21,1,1,1,1,1,0,'2024-11-17 21:56:24','2024-11-17 21:56:24'),(2024,176,22,1,1,1,0,1,0,'2024-11-17 21:56:24','2024-11-17 21:56:24'),(2025,179,1,1,0,1,0,1,0,'2024-11-17 21:56:25','2024-11-17 21:56:25'),(2026,179,2,1,1,1,0,1,1,'2024-11-17 21:56:25','2024-11-17 21:56:25'),(2027,179,3,1,0,1,0,1,0,'2024-11-17 21:56:25','2024-11-17 21:56:25'),(2028,179,4,1,1,1,1,1,0,'2024-11-17 21:56:25','2024-11-17 21:56:25'),(2029,179,5,1,1,1,1,1,0,'2024-11-17 21:56:25','2024-11-17 21:56:25'),(2030,179,6,1,1,1,1,1,0,'2024-11-17 21:56:26','2024-11-17 21:56:26'),(2031,179,7,1,1,1,1,1,0,'2024-11-17 21:56:26','2024-11-17 21:56:26'),(2032,179,8,1,0,1,1,1,0,'2024-11-17 21:56:26','2024-11-17 21:56:26'),(2033,179,9,1,0,1,0,1,0,'2024-11-17 21:56:26','2024-11-17 21:56:26'),(2034,179,10,1,1,1,1,1,1,'2024-11-17 21:56:26','2024-11-17 21:56:26'),(2035,179,11,1,1,1,1,1,1,'2024-11-17 21:56:26','2024-11-17 21:56:26'),(2036,179,12,1,0,1,0,1,0,'2024-11-17 21:56:26','2024-11-17 21:56:26'),(2037,179,13,1,0,1,0,1,0,'2024-11-17 21:56:26','2024-11-17 21:56:26'),(2038,179,14,1,1,1,1,1,0,'2024-11-17 21:56:26','2024-11-17 21:56:26'),(2039,179,15,1,1,1,1,1,0,'2024-11-17 21:56:26','2024-11-17 21:56:26'),(2040,179,16,1,1,1,1,1,0,'2024-11-17 21:56:26','2024-11-17 21:56:26'),(2041,179,17,1,1,1,1,1,0,'2024-11-17 21:56:26','2024-11-17 21:56:26'),(2042,179,18,1,1,1,1,1,0,'2024-11-17 21:56:26','2024-11-17 21:56:26'),(2043,179,19,1,1,1,1,1,0,'2024-11-17 21:56:26','2024-11-17 21:56:26'),(2044,179,20,1,1,1,1,1,0,'2024-11-17 21:56:26','2024-11-17 21:56:26'),(2045,179,21,1,1,1,1,1,0,'2024-11-17 21:56:26','2024-11-17 21:56:26'),(2046,179,22,1,1,1,0,1,0,'2024-11-17 21:56:26','2024-11-17 21:56:26'),(2047,180,1,1,0,1,0,1,0,'2024-11-17 21:56:27','2024-11-17 21:56:27'),(2048,180,2,1,1,1,0,1,1,'2024-11-17 21:56:27','2024-11-17 21:56:27'),(2049,180,3,1,0,1,0,1,0,'2024-11-17 21:56:27','2024-11-17 21:56:27'),(2050,180,4,1,1,1,1,1,0,'2024-11-17 21:56:27','2024-11-17 21:56:27'),(2051,180,5,1,1,1,1,1,0,'2024-11-17 21:56:27','2024-11-17 21:56:27'),(2052,180,6,1,1,1,1,1,0,'2024-11-17 21:56:27','2024-11-17 21:56:27'),(2053,180,7,1,1,1,1,1,0,'2024-11-17 21:56:27','2024-11-17 21:56:27'),(2054,180,8,1,0,1,1,1,0,'2024-11-17 21:56:27','2024-11-17 21:56:27'),(2055,180,9,1,0,1,0,1,0,'2024-11-17 21:56:27','2024-11-17 21:56:27'),(2056,180,10,1,1,1,1,1,1,'2024-11-17 21:56:27','2024-11-17 21:56:27'),(2057,180,11,1,1,1,1,1,1,'2024-11-17 21:56:27','2024-11-17 21:56:27'),(2058,180,12,1,0,1,0,1,0,'2024-11-17 21:56:27','2024-11-17 21:56:27'),(2059,180,13,1,0,1,0,1,0,'2024-11-17 21:56:27','2024-11-17 21:56:27'),(2060,180,14,1,1,1,1,1,0,'2024-11-17 21:56:27','2024-11-17 21:56:27'),(2061,180,15,1,1,1,1,1,0,'2024-11-17 21:56:27','2024-11-17 21:56:27'),(2062,180,16,1,1,1,1,1,0,'2024-11-17 21:56:27','2024-11-17 21:56:27'),(2063,180,17,1,1,1,1,1,0,'2024-11-17 21:56:27','2024-11-17 21:56:27'),(2064,180,18,1,1,1,1,1,0,'2024-11-17 21:56:27','2024-11-17 21:56:27'),(2065,180,19,1,1,1,1,1,0,'2024-11-17 21:56:27','2024-11-17 21:56:27'),(2066,180,20,1,1,1,1,1,0,'2024-11-17 21:56:27','2024-11-17 21:56:27'),(2067,180,21,1,1,1,1,1,0,'2024-11-17 21:56:27','2024-11-17 21:56:27'),(2068,180,22,1,1,1,0,1,0,'2024-11-17 21:56:27','2024-11-17 21:56:27'),(2069,181,1,1,0,1,0,1,0,'2024-11-17 21:56:28','2024-11-17 21:56:28'),(2070,181,2,1,1,1,0,1,1,'2024-11-17 21:56:28','2024-11-17 21:56:28'),(2071,181,3,1,0,1,0,1,0,'2024-11-17 21:56:28','2024-11-17 21:56:28'),(2072,181,4,1,1,1,1,1,0,'2024-11-17 21:56:28','2024-11-17 21:56:28'),(2073,181,5,1,1,1,1,1,0,'2024-11-17 21:56:28','2024-11-17 21:56:28'),(2074,181,6,1,1,1,1,1,0,'2024-11-17 21:56:28','2024-11-17 21:56:28'),(2075,181,7,1,1,1,1,1,0,'2024-11-17 21:56:28','2024-11-17 21:56:28'),(2076,181,8,1,0,1,1,1,0,'2024-11-17 21:56:28','2024-11-17 21:56:28'),(2077,181,9,1,0,1,0,1,0,'2024-11-17 21:56:28','2024-11-17 21:56:28'),(2078,181,10,1,1,1,1,1,1,'2024-11-17 21:56:28','2024-11-17 21:56:28'),(2079,181,11,1,1,1,1,1,1,'2024-11-17 21:56:28','2024-11-17 21:56:28'),(2080,181,12,1,0,1,0,1,0,'2024-11-17 21:56:28','2024-11-17 21:56:28'),(2081,181,13,1,0,1,0,1,0,'2024-11-17 21:56:28','2024-11-17 21:56:28'),(2082,181,14,1,1,1,1,1,0,'2024-11-17 21:56:28','2024-11-17 21:56:28'),(2083,181,15,1,1,1,1,1,0,'2024-11-17 21:56:28','2024-11-17 21:56:28'),(2084,181,16,1,1,1,1,1,0,'2024-11-17 21:56:28','2024-11-17 21:56:28'),(2085,181,17,1,1,1,1,1,0,'2024-11-17 21:56:28','2024-11-17 21:56:28'),(2086,181,18,1,1,1,1,1,0,'2024-11-17 21:56:28','2024-11-17 21:56:28'),(2087,181,19,1,1,1,1,1,0,'2024-11-17 21:56:28','2024-11-17 21:56:28'),(2088,181,20,1,1,1,1,1,0,'2024-11-17 21:56:28','2024-11-17 21:56:28'),(2089,181,21,1,1,1,1,1,0,'2024-11-17 21:56:28','2024-11-17 21:56:28'),(2090,181,22,1,1,1,0,1,0,'2024-11-17 21:56:28','2024-11-17 21:56:28'),(2091,182,1,1,0,1,0,1,0,'2024-11-17 21:56:30','2024-11-17 21:56:30'),(2092,182,2,1,1,1,0,1,1,'2024-11-17 21:56:30','2024-11-17 21:56:30'),(2093,182,3,1,0,1,0,1,0,'2024-11-17 21:56:30','2024-11-17 21:56:30'),(2094,182,4,1,1,1,1,1,0,'2024-11-17 21:56:30','2024-11-17 21:56:30'),(2095,182,5,1,1,1,1,1,0,'2024-11-17 21:56:30','2024-11-17 21:56:30'),(2096,182,6,1,1,1,1,1,0,'2024-11-17 21:56:30','2024-11-17 21:56:30'),(2097,182,7,1,1,1,1,1,0,'2024-11-17 21:56:30','2024-11-17 21:56:30'),(2098,182,8,1,0,1,1,1,0,'2024-11-17 21:56:30','2024-11-17 21:56:30'),(2099,182,9,1,0,1,0,1,0,'2024-11-17 21:56:30','2024-11-17 21:56:30'),(2100,182,10,1,1,1,1,1,1,'2024-11-17 21:56:30','2024-11-17 21:56:30'),(2101,182,11,1,1,1,1,1,1,'2024-11-17 21:56:30','2024-11-17 21:56:30'),(2102,182,12,1,0,1,0,1,0,'2024-11-17 21:56:30','2024-11-17 21:56:30'),(2103,182,13,1,0,1,0,1,0,'2024-11-17 21:56:30','2024-11-17 21:56:30'),(2104,182,14,1,1,1,1,1,0,'2024-11-17 21:56:30','2024-11-17 21:56:30'),(2105,182,15,1,1,1,1,1,0,'2024-11-17 21:56:30','2024-11-17 21:56:30'),(2106,182,16,1,1,1,1,1,0,'2024-11-17 21:56:30','2024-11-17 21:56:30'),(2107,182,17,1,1,1,1,1,0,'2024-11-17 21:56:30','2024-11-17 21:56:30'),(2108,182,18,1,1,1,1,1,0,'2024-11-17 21:56:30','2024-11-17 21:56:30'),(2109,182,19,1,1,1,1,1,0,'2024-11-17 21:56:30','2024-11-17 21:56:30'),(2110,182,20,1,1,1,1,1,0,'2024-11-17 21:56:30','2024-11-17 21:56:30'),(2111,182,21,1,1,1,1,1,0,'2024-11-17 21:56:30','2024-11-17 21:56:30'),(2112,182,22,1,1,1,0,1,0,'2024-11-17 21:56:30','2024-11-17 21:56:30'),(2113,183,1,1,0,1,0,1,0,'2024-11-17 21:56:31','2024-11-17 21:56:31'),(2114,183,2,1,1,1,0,1,1,'2024-11-17 21:56:31','2024-11-17 21:56:31'),(2115,183,3,1,0,1,0,1,0,'2024-11-17 21:56:31','2024-11-17 21:56:31'),(2116,183,4,1,1,1,1,1,0,'2024-11-17 21:56:31','2024-11-17 21:56:31'),(2117,183,5,1,1,1,1,1,0,'2024-11-17 21:56:31','2024-11-17 21:56:31'),(2118,183,6,1,1,1,1,1,0,'2024-11-17 21:56:31','2024-11-17 21:56:31'),(2119,183,7,1,1,1,1,1,0,'2024-11-17 21:56:31','2024-11-17 21:56:31'),(2120,183,8,1,0,1,1,1,0,'2024-11-17 21:56:31','2024-11-17 21:56:31'),(2121,183,9,1,0,1,0,1,0,'2024-11-17 21:56:31','2024-11-17 21:56:31'),(2122,183,10,1,1,1,1,1,1,'2024-11-17 21:56:31','2024-11-17 21:56:31'),(2123,183,11,1,1,1,1,1,1,'2024-11-17 21:56:31','2024-11-17 21:56:31'),(2124,183,12,1,0,1,0,1,0,'2024-11-17 21:56:31','2024-11-17 21:56:31'),(2125,183,13,1,0,1,0,1,0,'2024-11-17 21:56:31','2024-11-17 21:56:31'),(2126,183,14,1,1,1,1,1,0,'2024-11-17 21:56:31','2024-11-17 21:56:31'),(2127,183,15,1,1,1,1,1,0,'2024-11-17 21:56:31','2024-11-17 21:56:31'),(2128,183,16,1,1,1,1,1,0,'2024-11-17 21:56:31','2024-11-17 21:56:31'),(2129,183,17,1,1,1,1,1,0,'2024-11-17 21:56:31','2024-11-17 21:56:31'),(2130,183,18,1,1,1,1,1,0,'2024-11-17 21:56:31','2024-11-17 21:56:31'),(2131,183,19,1,1,1,1,1,0,'2024-11-17 21:56:31','2024-11-17 21:56:31'),(2132,183,20,1,1,1,1,1,0,'2024-11-17 21:56:31','2024-11-17 21:56:31'),(2133,183,21,1,1,1,1,1,0,'2024-11-17 21:56:31','2024-11-17 21:56:31'),(2134,183,22,1,1,1,0,1,0,'2024-11-17 21:56:31','2024-11-17 21:56:31'),(2135,184,1,1,0,1,0,1,0,'2024-11-17 21:56:32','2024-11-17 21:56:32'),(2136,184,2,1,1,1,0,1,1,'2024-11-17 21:56:32','2024-11-17 21:56:32'),(2137,184,3,1,0,1,0,1,0,'2024-11-17 21:56:32','2024-11-17 21:56:32'),(2138,184,4,1,1,1,1,1,0,'2024-11-17 21:56:32','2024-11-17 21:56:32'),(2139,184,5,1,1,1,1,1,0,'2024-11-17 21:56:32','2024-11-17 21:56:32'),(2140,184,6,1,1,1,1,1,0,'2024-11-17 21:56:32','2024-11-17 21:56:32'),(2141,184,7,1,1,1,1,1,0,'2024-11-17 21:56:32','2024-11-17 21:56:32'),(2142,184,8,1,0,1,1,1,0,'2024-11-17 21:56:32','2024-11-17 21:56:32'),(2143,184,9,1,0,1,0,1,0,'2024-11-17 21:56:32','2024-11-17 21:56:32'),(2144,184,10,1,1,1,1,1,1,'2024-11-17 21:56:32','2024-11-17 21:56:32'),(2145,184,11,1,1,1,1,1,1,'2024-11-17 21:56:32','2024-11-17 21:56:32'),(2146,184,12,1,0,1,0,1,0,'2024-11-17 21:56:32','2024-11-17 21:56:32'),(2147,184,13,1,0,1,0,1,0,'2024-11-17 21:56:32','2024-11-17 21:56:32'),(2148,184,14,1,1,1,1,1,0,'2024-11-17 21:56:32','2024-11-17 21:56:32'),(2149,184,15,1,1,1,1,1,0,'2024-11-17 21:56:32','2024-11-17 21:56:32'),(2150,184,16,1,1,1,1,1,0,'2024-11-17 21:56:32','2024-11-17 21:56:32'),(2151,184,17,1,1,1,1,1,0,'2024-11-17 21:56:33','2024-11-17 21:56:33'),(2152,184,18,1,1,1,1,1,0,'2024-11-17 21:56:33','2024-11-17 21:56:33'),(2153,184,19,1,1,1,1,1,0,'2024-11-17 21:56:33','2024-11-17 21:56:33'),(2154,184,20,1,1,1,1,1,0,'2024-11-17 21:56:33','2024-11-17 21:56:33'),(2155,184,21,1,1,1,1,1,0,'2024-11-17 21:56:33','2024-11-17 21:56:33'),(2156,184,22,1,1,1,0,1,0,'2024-11-17 21:56:33','2024-11-17 21:56:33'),(2157,185,1,1,0,1,0,1,0,'2024-11-17 21:56:34','2024-11-17 21:56:34'),(2158,185,2,1,1,1,0,1,1,'2024-11-17 21:56:34','2024-11-17 21:56:34'),(2159,185,3,1,0,1,0,1,0,'2024-11-17 21:56:34','2024-11-17 21:56:34'),(2160,185,4,1,1,1,1,1,0,'2024-11-17 21:56:34','2024-11-17 21:56:34'),(2161,185,5,1,1,1,1,1,0,'2024-11-17 21:56:34','2024-11-17 21:56:34'),(2162,185,6,1,1,1,1,1,0,'2024-11-17 21:56:34','2024-11-17 21:56:34'),(2163,185,7,1,1,1,1,1,0,'2024-11-17 21:56:34','2024-11-17 21:56:34'),(2164,185,8,1,0,1,1,1,0,'2024-11-17 21:56:34','2024-11-17 21:56:34'),(2165,185,9,1,0,1,0,1,0,'2024-11-17 21:56:34','2024-11-17 21:56:34'),(2166,185,10,1,1,1,1,1,1,'2024-11-17 21:56:34','2024-11-17 21:56:34'),(2167,185,11,1,1,1,1,1,1,'2024-11-17 21:56:34','2024-11-17 21:56:34'),(2168,185,12,1,0,1,0,1,0,'2024-11-17 21:56:34','2024-11-17 21:56:34'),(2169,185,13,1,0,1,0,1,0,'2024-11-17 21:56:34','2024-11-17 21:56:34'),(2170,185,14,1,1,1,1,1,0,'2024-11-17 21:56:34','2024-11-17 21:56:34'),(2171,185,15,1,1,1,1,1,0,'2024-11-17 21:56:34','2024-11-17 21:56:34'),(2172,185,16,1,1,1,1,1,0,'2024-11-17 21:56:34','2024-11-17 21:56:34'),(2173,185,17,1,1,1,1,1,0,'2024-11-17 21:56:34','2024-11-17 21:56:34'),(2174,185,18,1,1,1,1,1,0,'2024-11-17 21:56:34','2024-11-17 21:56:34'),(2175,185,19,1,1,1,1,1,0,'2024-11-17 21:56:34','2024-11-17 21:56:34'),(2176,185,20,1,1,1,1,1,0,'2024-11-17 21:56:34','2024-11-17 21:56:34'),(2177,185,21,1,1,1,1,1,0,'2024-11-17 21:56:34','2024-11-17 21:56:34'),(2178,185,22,1,1,1,0,1,0,'2024-11-17 21:56:34','2024-11-17 21:56:34'),(2179,186,1,1,0,1,0,1,0,'2024-11-17 21:56:36','2024-11-17 21:56:36'),(2180,186,2,1,1,1,0,1,1,'2024-11-17 21:56:36','2024-11-17 21:56:36'),(2181,186,3,1,0,1,0,1,0,'2024-11-17 21:56:36','2024-11-17 21:56:36'),(2182,186,4,1,1,1,1,1,0,'2024-11-17 21:56:36','2024-11-17 21:56:36'),(2183,186,5,1,1,1,1,1,0,'2024-11-17 21:56:36','2024-11-17 21:56:36'),(2184,186,6,1,1,1,1,1,0,'2024-11-17 21:56:36','2024-11-17 21:56:36'),(2185,186,7,1,1,1,1,1,0,'2024-11-17 21:56:36','2024-11-17 21:56:36'),(2186,186,8,1,0,1,1,1,0,'2024-11-17 21:56:36','2024-11-17 21:56:36'),(2187,186,9,1,0,1,0,1,0,'2024-11-17 21:56:36','2024-11-17 21:56:36'),(2188,186,10,1,1,1,1,1,1,'2024-11-17 21:56:36','2024-11-17 21:56:36'),(2189,186,11,1,1,1,1,1,1,'2024-11-17 21:56:36','2024-11-17 21:56:36'),(2190,186,12,1,0,1,0,1,0,'2024-11-17 21:56:36','2024-11-17 21:56:36'),(2191,186,13,1,0,1,0,1,0,'2024-11-17 21:56:36','2024-11-17 21:56:36'),(2192,186,14,1,1,1,1,1,0,'2024-11-17 21:56:36','2024-11-17 21:56:36'),(2193,186,15,1,1,1,1,1,0,'2024-11-17 21:56:36','2024-11-17 21:56:36'),(2194,186,16,1,1,1,1,1,0,'2024-11-17 21:56:36','2024-11-17 21:56:36'),(2195,186,17,1,1,1,1,1,0,'2024-11-17 21:56:36','2024-11-17 21:56:36'),(2196,186,18,1,1,1,1,1,0,'2024-11-17 21:56:36','2024-11-17 21:56:36'),(2197,186,19,1,1,1,1,1,0,'2024-11-17 21:56:36','2024-11-17 21:56:36'),(2198,186,20,1,1,1,1,1,0,'2024-11-17 21:56:36','2024-11-17 21:56:36'),(2199,186,21,1,1,1,1,1,0,'2024-11-17 21:56:36','2024-11-17 21:56:36'),(2200,186,22,1,1,1,0,1,0,'2024-11-17 21:56:36','2024-11-17 21:56:36'),(2201,187,1,1,0,1,0,1,0,'2024-11-17 21:56:37','2024-11-17 21:56:37'),(2202,187,2,1,1,1,0,1,1,'2024-11-17 21:56:37','2024-11-17 21:56:37'),(2203,187,3,1,0,1,0,1,0,'2024-11-17 21:56:37','2024-11-17 21:56:37'),(2204,187,4,1,1,1,1,1,0,'2024-11-17 21:56:37','2024-11-17 21:56:37'),(2205,187,5,1,1,1,1,1,0,'2024-11-17 21:56:37','2024-11-17 21:56:37'),(2206,187,6,1,1,1,1,1,0,'2024-11-17 21:56:37','2024-11-17 21:56:37'),(2207,187,7,1,1,1,1,1,0,'2024-11-17 21:56:37','2024-11-17 21:56:37'),(2208,187,8,1,0,1,1,1,0,'2024-11-17 21:56:37','2024-11-17 21:56:37'),(2209,187,9,1,0,1,0,1,0,'2024-11-17 21:56:37','2024-11-17 21:56:37'),(2210,187,10,1,1,1,1,1,1,'2024-11-17 21:56:37','2024-11-17 21:56:37'),(2211,187,11,1,1,1,1,1,1,'2024-11-17 21:56:37','2024-11-17 21:56:37'),(2212,187,12,1,0,1,0,1,0,'2024-11-17 21:56:37','2024-11-17 21:56:37'),(2213,187,13,1,0,1,0,1,0,'2024-11-17 21:56:37','2024-11-17 21:56:37'),(2214,187,14,1,1,1,1,1,0,'2024-11-17 21:56:37','2024-11-17 21:56:37'),(2215,187,15,1,1,1,1,1,0,'2024-11-17 21:56:37','2024-11-17 21:56:37'),(2216,187,16,1,1,1,1,1,0,'2024-11-17 21:56:37','2024-11-17 21:56:37'),(2217,187,17,1,1,1,1,1,0,'2024-11-17 21:56:37','2024-11-17 21:56:37'),(2218,187,18,1,1,1,1,1,0,'2024-11-17 21:56:37','2024-11-17 21:56:37'),(2219,187,19,1,1,1,1,1,0,'2024-11-17 21:56:37','2024-11-17 21:56:37'),(2220,187,20,1,1,1,1,1,0,'2024-11-17 21:56:37','2024-11-17 21:56:37'),(2221,187,21,1,1,1,1,1,0,'2024-11-17 21:56:37','2024-11-17 21:56:37'),(2222,187,22,1,1,1,0,1,0,'2024-11-17 21:56:37','2024-11-17 21:56:37'),(2223,188,1,1,0,1,0,1,0,'2024-11-17 21:56:38','2024-11-17 21:56:38'),(2224,188,2,1,1,1,0,1,1,'2024-11-17 21:56:38','2024-11-17 21:56:38'),(2225,188,3,1,0,1,0,1,0,'2024-11-17 21:56:38','2024-11-17 21:56:38'),(2226,188,4,1,1,1,1,1,0,'2024-11-17 21:56:38','2024-11-17 21:56:38'),(2227,188,5,1,1,1,1,1,0,'2024-11-17 21:56:38','2024-11-17 21:56:38'),(2228,188,6,1,1,1,1,1,0,'2024-11-17 21:56:38','2024-11-17 21:56:38'),(2229,188,7,1,1,1,1,1,0,'2024-11-17 21:56:38','2024-11-17 21:56:38'),(2230,188,8,1,0,1,1,1,0,'2024-11-17 21:56:38','2024-11-17 21:56:38'),(2231,188,9,1,0,1,0,1,0,'2024-11-17 21:56:38','2024-11-17 21:56:38'),(2232,188,10,1,1,1,1,1,1,'2024-11-17 21:56:38','2024-11-17 21:56:38'),(2233,188,11,1,1,1,1,1,1,'2024-11-17 21:56:38','2024-11-17 21:56:38'),(2234,188,12,1,0,1,0,1,0,'2024-11-17 21:56:38','2024-11-17 21:56:38'),(2235,188,13,1,0,1,0,1,0,'2024-11-17 21:56:38','2024-11-17 21:56:38'),(2236,188,14,1,1,1,1,1,0,'2024-11-17 21:56:38','2024-11-17 21:56:38'),(2237,188,15,1,1,1,1,1,0,'2024-11-17 21:56:38','2024-11-17 21:56:38'),(2238,188,16,1,1,1,1,1,0,'2024-11-17 21:56:38','2024-11-17 21:56:38'),(2239,188,17,1,1,1,1,1,0,'2024-11-17 21:56:38','2024-11-17 21:56:38'),(2240,188,18,1,1,1,1,1,0,'2024-11-17 21:56:38','2024-11-17 21:56:38'),(2241,188,19,1,1,1,1,1,0,'2024-11-17 21:56:38','2024-11-17 21:56:38'),(2242,188,20,1,1,1,1,1,0,'2024-11-17 21:56:38','2024-11-17 21:56:38'),(2243,188,21,1,1,1,1,1,0,'2024-11-17 21:56:38','2024-11-17 21:56:38'),(2244,188,22,1,1,1,0,1,0,'2024-11-17 21:56:38','2024-11-17 21:56:38'),(2245,189,1,1,0,1,0,1,0,'2024-11-17 21:56:40','2024-11-17 21:56:40'),(2246,189,2,1,1,1,0,1,1,'2024-11-17 21:56:40','2024-11-17 21:56:40'),(2247,189,3,1,0,1,0,1,0,'2024-11-17 21:56:40','2024-11-17 21:56:40'),(2248,189,4,1,1,1,1,1,0,'2024-11-17 21:56:40','2024-11-17 21:56:40'),(2249,189,5,1,1,1,1,1,0,'2024-11-17 21:56:40','2024-11-17 21:56:40'),(2250,189,6,1,1,1,1,1,0,'2024-11-17 21:56:40','2024-11-17 21:56:40'),(2251,189,7,1,1,1,1,1,0,'2024-11-17 21:56:40','2024-11-17 21:56:40'),(2252,189,8,1,0,1,1,1,0,'2024-11-17 21:56:40','2024-11-17 21:56:40'),(2253,189,9,1,0,1,0,1,0,'2024-11-17 21:56:40','2024-11-17 21:56:40'),(2254,189,10,1,1,1,1,1,1,'2024-11-17 21:56:40','2024-11-17 21:56:40'),(2255,189,11,1,1,1,1,1,1,'2024-11-17 21:56:40','2024-11-17 21:56:40'),(2256,189,12,1,0,1,0,1,0,'2024-11-17 21:56:40','2024-11-17 21:56:40'),(2257,189,13,1,0,1,0,1,0,'2024-11-17 21:56:40','2024-11-17 21:56:40'),(2258,189,14,1,1,1,1,1,0,'2024-11-17 21:56:40','2024-11-17 21:56:40'),(2259,189,15,1,1,1,1,1,0,'2024-11-17 21:56:40','2024-11-17 21:56:40'),(2260,189,16,1,1,1,1,1,0,'2024-11-17 21:56:40','2024-11-17 21:56:40'),(2261,189,17,1,1,1,1,1,0,'2024-11-17 21:56:40','2024-11-17 21:56:40'),(2262,189,18,1,1,1,1,1,0,'2024-11-17 21:56:40','2024-11-17 21:56:40'),(2263,189,19,1,1,1,1,1,0,'2024-11-17 21:56:40','2024-11-17 21:56:40'),(2264,189,20,1,1,1,1,1,0,'2024-11-17 21:56:40','2024-11-17 21:56:40'),(2265,189,21,1,1,1,1,1,0,'2024-11-17 21:56:40','2024-11-17 21:56:40'),(2266,189,22,1,1,1,0,1,0,'2024-11-17 21:56:40','2024-11-17 21:56:40'),(2267,190,1,1,0,1,0,1,0,'2024-11-17 21:56:41','2024-11-17 21:56:41'),(2268,190,2,1,1,1,0,1,1,'2024-11-17 21:56:41','2024-11-17 21:56:41'),(2269,190,3,1,0,1,0,1,0,'2024-11-17 21:56:41','2024-11-17 21:56:41'),(2270,190,4,1,1,1,1,1,0,'2024-11-17 21:56:41','2024-11-17 21:56:41'),(2271,190,5,1,1,1,1,1,0,'2024-11-17 21:56:41','2024-11-17 21:56:41'),(2272,190,6,1,1,1,1,1,0,'2024-11-17 21:56:41','2024-11-17 21:56:41'),(2273,190,7,1,1,1,1,1,0,'2024-11-17 21:56:41','2024-11-17 21:56:41'),(2274,190,8,1,0,1,1,1,0,'2024-11-17 21:56:41','2024-11-17 21:56:41'),(2275,190,9,1,0,1,0,1,0,'2024-11-17 21:56:41','2024-11-17 21:56:41'),(2276,190,10,1,1,1,1,1,1,'2024-11-17 21:56:41','2024-11-17 21:56:41'),(2277,190,11,1,1,1,1,1,1,'2024-11-17 21:56:41','2024-11-17 21:56:41'),(2278,190,12,1,0,1,0,1,0,'2024-11-17 21:56:41','2024-11-17 21:56:41'),(2279,190,13,1,0,1,0,1,0,'2024-11-17 21:56:41','2024-11-17 21:56:41'),(2280,190,14,1,1,1,1,1,0,'2024-11-17 21:56:41','2024-11-17 21:56:41'),(2281,190,15,1,1,1,1,1,0,'2024-11-17 21:56:41','2024-11-17 21:56:41'),(2282,190,16,1,1,1,1,1,0,'2024-11-17 21:56:41','2024-11-17 21:56:41'),(2283,190,17,1,1,1,1,1,0,'2024-11-17 21:56:41','2024-11-17 21:56:41'),(2284,190,18,1,1,1,1,1,0,'2024-11-17 21:56:41','2024-11-17 21:56:41'),(2285,190,19,1,1,1,1,1,0,'2024-11-17 21:56:41','2024-11-17 21:56:41'),(2286,190,20,1,1,1,1,1,0,'2024-11-17 21:56:41','2024-11-17 21:56:41'),(2287,190,21,1,1,1,1,1,0,'2024-11-17 21:56:41','2024-11-17 21:56:41'),(2288,190,22,1,1,1,0,1,0,'2024-11-17 21:56:41','2024-11-17 21:56:41'),(2289,192,1,1,0,1,0,1,0,'2024-11-17 21:56:44','2024-11-17 21:56:44'),(2290,192,2,1,1,1,0,1,1,'2024-11-17 21:56:44','2024-11-17 21:56:44'),(2291,192,3,1,0,1,0,1,0,'2024-11-17 21:56:44','2024-11-17 21:56:44'),(2292,192,4,1,1,1,1,1,0,'2024-11-17 21:56:44','2024-11-17 21:56:44'),(2293,192,5,1,1,1,1,1,0,'2024-11-17 21:56:44','2024-11-17 21:56:44'),(2294,192,6,1,1,1,1,1,0,'2024-11-17 21:56:44','2024-11-17 21:56:44'),(2295,192,7,1,1,1,1,1,0,'2024-11-17 21:56:44','2024-11-17 21:56:44'),(2296,192,8,1,0,1,1,1,0,'2024-11-17 21:56:44','2024-11-17 21:56:44'),(2297,192,9,1,0,1,0,1,0,'2024-11-17 21:56:44','2024-11-17 21:56:44'),(2298,192,10,1,1,1,1,1,1,'2024-11-17 21:56:44','2024-11-17 21:56:44'),(2299,192,11,1,1,1,1,1,1,'2024-11-17 21:56:44','2024-11-17 21:56:44'),(2300,192,12,1,0,1,0,1,0,'2024-11-17 21:56:44','2024-11-17 21:56:44'),(2301,192,13,1,0,1,0,1,0,'2024-11-17 21:56:44','2024-11-17 21:56:44'),(2302,192,14,1,1,1,1,1,0,'2024-11-17 21:56:44','2024-11-17 21:56:44'),(2303,192,15,1,1,1,1,1,0,'2024-11-17 21:56:44','2024-11-17 21:56:44'),(2304,192,16,1,1,1,1,1,0,'2024-11-17 21:56:44','2024-11-17 21:56:44'),(2305,192,17,1,1,1,1,1,0,'2024-11-17 21:56:44','2024-11-17 21:56:44'),(2306,192,18,1,1,1,1,1,0,'2024-11-17 21:56:44','2024-11-17 21:56:44'),(2307,192,19,1,1,1,1,1,0,'2024-11-17 21:56:44','2024-11-17 21:56:44'),(2308,192,20,1,1,1,1,1,0,'2024-11-17 21:56:44','2024-11-17 21:56:44'),(2309,192,21,1,1,1,1,1,0,'2024-11-17 21:56:44','2024-11-17 21:56:44'),(2310,192,22,1,1,1,0,1,0,'2024-11-17 21:56:44','2024-11-17 21:56:44'),(2311,193,1,1,0,1,0,1,0,'2024-11-17 21:56:45','2024-11-17 21:56:45'),(2312,193,2,1,1,1,0,1,1,'2024-11-17 21:56:45','2024-11-17 21:56:45'),(2313,193,3,1,0,1,0,1,0,'2024-11-17 21:56:45','2024-11-17 21:56:45'),(2314,193,4,1,1,1,1,1,0,'2024-11-17 21:56:45','2024-11-17 21:56:45'),(2315,193,5,1,1,1,1,1,0,'2024-11-17 21:56:45','2024-11-17 21:56:45'),(2316,193,6,1,1,1,1,1,0,'2024-11-17 21:56:45','2024-11-17 21:56:45'),(2317,193,7,1,1,1,1,1,0,'2024-11-17 21:56:45','2024-11-17 21:56:45'),(2318,193,8,1,0,1,1,1,0,'2024-11-17 21:56:45','2024-11-17 21:56:45'),(2319,193,9,1,0,1,0,1,0,'2024-11-17 21:56:45','2024-11-17 21:56:45'),(2320,193,10,1,1,1,1,1,1,'2024-11-17 21:56:45','2024-11-17 21:56:45'),(2321,193,11,1,1,1,1,1,1,'2024-11-17 21:56:45','2024-11-17 21:56:45'),(2322,193,12,1,0,1,0,1,0,'2024-11-17 21:56:45','2024-11-17 21:56:45'),(2323,193,13,1,0,1,0,1,0,'2024-11-17 21:56:45','2024-11-17 21:56:45'),(2324,193,14,1,1,1,1,1,0,'2024-11-17 21:56:45','2024-11-17 21:56:45'),(2325,193,15,1,1,1,1,1,0,'2024-11-17 21:56:45','2024-11-17 21:56:45'),(2326,193,16,1,1,1,1,1,0,'2024-11-17 21:56:45','2024-11-17 21:56:45'),(2327,193,17,1,1,1,1,1,0,'2024-11-17 21:56:45','2024-11-17 21:56:45'),(2328,193,18,1,1,1,1,1,0,'2024-11-17 21:56:45','2024-11-17 21:56:45'),(2329,193,19,1,1,1,1,1,0,'2024-11-17 21:56:45','2024-11-17 21:56:45'),(2330,193,20,1,1,1,1,1,0,'2024-11-17 21:56:45','2024-11-17 21:56:45'),(2331,193,21,1,1,1,1,1,0,'2024-11-17 21:56:45','2024-11-17 21:56:45'),(2332,193,22,1,1,1,0,1,0,'2024-11-17 21:56:45','2024-11-17 21:56:45'),(2333,194,1,1,0,1,0,1,0,'2024-11-19 21:53:37','2024-11-19 21:53:37'),(2334,194,2,1,1,1,0,1,1,'2024-11-19 21:53:37','2024-11-19 21:53:37'),(2335,194,3,1,0,1,0,1,0,'2024-11-19 21:53:37','2024-11-19 21:53:37'),(2336,194,4,1,1,1,1,1,0,'2024-11-19 21:53:37','2024-11-19 21:53:37'),(2337,194,5,1,1,1,1,1,0,'2024-11-19 21:53:37','2024-11-19 21:53:37'),(2338,194,6,1,1,1,1,1,0,'2024-11-19 21:53:37','2024-11-19 21:53:37'),(2339,194,7,1,1,1,1,1,0,'2024-11-19 21:53:37','2024-11-19 21:53:37'),(2340,194,8,1,0,1,1,1,0,'2024-11-19 21:53:37','2024-11-19 21:53:37'),(2341,194,9,1,0,1,0,1,0,'2024-11-19 21:53:37','2024-11-19 21:53:37'),(2342,194,10,1,1,1,1,1,1,'2024-11-19 21:53:37','2024-11-19 21:53:37'),(2343,194,11,1,1,1,1,1,1,'2024-11-19 21:53:37','2024-11-19 21:53:37'),(2344,194,12,1,0,1,0,1,0,'2024-11-19 21:53:37','2024-11-19 21:53:37'),(2345,194,13,1,0,1,0,1,0,'2024-11-19 21:53:37','2024-11-19 21:53:37'),(2346,194,14,1,1,1,1,1,0,'2024-11-19 21:53:37','2024-11-19 21:53:37'),(2347,194,15,1,1,1,1,1,0,'2024-11-19 21:53:37','2024-11-19 21:53:37'),(2348,194,16,1,1,1,1,1,0,'2024-11-19 21:53:37','2024-11-19 21:53:37'),(2349,194,17,1,1,1,1,1,0,'2024-11-19 21:53:37','2024-11-19 21:53:37'),(2350,194,18,1,1,1,1,1,0,'2024-11-19 21:53:37','2024-11-19 21:53:37'),(2351,194,19,1,1,1,1,1,0,'2024-11-19 21:53:37','2024-11-19 21:53:37'),(2352,194,20,1,1,1,1,1,0,'2024-11-19 21:53:37','2024-11-19 21:53:37'),(2353,194,21,1,1,1,1,1,0,'2024-11-19 21:53:37','2024-11-19 21:53:37'),(2354,194,22,1,1,1,0,1,0,'2024-11-19 21:53:37','2024-11-19 21:53:37'),(2355,196,1,1,0,1,0,1,0,'2024-11-21 07:50:02','2024-11-21 07:50:02'),(2356,196,2,1,1,1,0,1,1,'2024-11-21 07:50:02','2024-11-21 07:50:02'),(2357,196,3,1,0,1,0,1,0,'2024-11-21 07:50:02','2024-11-21 07:50:02'),(2358,196,4,1,1,1,1,1,0,'2024-11-21 07:50:02','2024-11-21 07:50:02'),(2359,196,5,1,1,1,1,1,0,'2024-11-21 07:50:02','2024-11-21 07:50:02'),(2360,196,6,1,1,1,1,1,0,'2024-11-21 07:50:02','2024-11-21 07:50:02'),(2361,196,7,1,1,1,1,1,0,'2024-11-21 07:50:02','2024-11-21 07:50:02'),(2362,196,8,1,0,1,1,1,0,'2024-11-21 07:50:02','2024-11-21 07:50:02'),(2363,196,9,1,0,1,0,1,0,'2024-11-21 07:50:02','2024-11-21 07:50:02'),(2364,196,10,1,1,1,1,1,1,'2024-11-21 07:50:02','2024-11-21 07:50:02'),(2365,196,11,1,1,1,1,1,1,'2024-11-21 07:50:02','2024-11-21 07:50:02'),(2366,196,12,1,0,1,0,1,0,'2024-11-21 07:50:02','2024-11-21 07:50:02'),(2367,196,13,1,0,1,0,1,0,'2024-11-21 07:50:02','2024-11-21 07:50:02'),(2368,196,14,1,1,1,1,1,0,'2024-11-21 07:50:02','2024-11-21 07:50:02'),(2369,196,15,1,1,1,1,1,0,'2024-11-21 07:50:02','2024-11-21 07:50:02'),(2370,196,16,1,1,1,1,1,0,'2024-11-21 07:50:02','2024-11-21 07:50:02'),(2371,196,17,1,1,1,1,1,0,'2024-11-21 07:50:02','2024-11-21 07:50:02'),(2372,196,18,1,1,1,1,1,0,'2024-11-21 07:50:02','2024-11-21 07:50:02'),(2373,196,19,1,1,1,1,1,0,'2024-11-21 07:50:02','2024-11-21 07:50:02'),(2374,196,20,1,1,1,1,1,0,'2024-11-21 07:50:02','2024-11-21 07:50:02'),(2375,196,21,1,1,1,1,1,0,'2024-11-21 07:50:02','2024-11-21 07:50:02'),(2376,196,22,1,1,1,0,1,0,'2024-11-21 07:50:02','2024-11-21 07:50:02'),(2377,199,1,1,0,1,0,1,0,'2024-11-21 15:43:15','2024-11-21 15:43:15'),(2378,199,2,1,1,1,0,1,1,'2024-11-21 15:43:15','2024-11-21 15:43:15'),(2379,199,3,1,0,1,0,1,0,'2024-11-21 15:43:15','2024-11-21 15:43:15'),(2380,199,4,1,1,1,1,1,0,'2024-11-21 15:43:15','2024-11-21 15:43:15'),(2381,199,5,1,1,1,1,1,0,'2024-11-21 15:43:15','2024-11-21 15:43:15'),(2382,199,6,1,1,1,1,1,0,'2024-11-21 15:43:15','2024-11-21 15:43:15'),(2383,199,7,1,1,1,1,1,0,'2024-11-21 15:43:15','2024-11-21 15:43:15'),(2384,199,8,1,0,1,1,1,0,'2024-11-21 15:43:15','2024-11-21 15:43:15'),(2385,199,9,1,0,1,0,1,0,'2024-11-21 15:43:15','2024-11-21 15:43:15'),(2386,199,10,1,1,1,1,1,1,'2024-11-21 15:43:15','2024-11-21 15:43:15'),(2387,199,11,1,1,1,1,1,1,'2024-11-21 15:43:15','2024-11-21 15:43:15'),(2388,199,12,1,0,1,0,1,0,'2024-11-21 15:43:15','2024-11-21 15:43:15'),(2389,199,13,1,0,1,0,1,0,'2024-11-21 15:43:15','2024-11-21 15:43:15'),(2390,199,14,1,1,1,1,1,0,'2024-11-21 15:43:15','2024-11-21 15:43:15'),(2391,199,15,1,1,1,1,1,0,'2024-11-21 15:43:15','2024-11-21 15:43:15'),(2392,199,16,1,1,1,1,1,0,'2024-11-21 15:43:15','2024-11-21 15:43:15'),(2393,199,17,1,1,1,1,1,0,'2024-11-21 15:43:15','2024-11-21 15:43:15'),(2394,199,18,1,1,1,1,1,0,'2024-11-21 15:43:15','2024-11-21 15:43:15'),(2395,199,19,1,1,1,1,1,0,'2024-11-21 15:43:15','2024-11-21 15:43:15'),(2396,199,20,1,1,1,1,1,0,'2024-11-21 15:43:15','2024-11-21 15:43:15'),(2397,199,21,1,1,1,1,1,0,'2024-11-21 15:43:15','2024-11-21 15:43:15'),(2398,199,22,1,1,1,0,1,0,'2024-11-21 15:43:15','2024-11-21 15:43:15'),(2399,200,1,1,0,1,0,1,0,'2024-11-21 15:46:02','2024-11-21 15:46:02'),(2400,200,2,1,1,1,0,1,1,'2024-11-21 15:46:02','2024-11-21 15:46:02'),(2401,200,3,1,0,1,0,1,0,'2024-11-21 15:46:02','2024-11-21 15:46:02'),(2402,200,4,1,1,1,1,1,0,'2024-11-21 15:46:02','2024-11-21 15:46:02'),(2403,200,5,1,1,1,1,1,0,'2024-11-21 15:46:02','2024-11-21 15:46:02'),(2404,200,6,1,1,1,1,1,0,'2024-11-21 15:46:02','2024-11-21 15:46:02'),(2405,200,7,1,1,1,1,1,0,'2024-11-21 15:46:02','2024-11-21 15:46:02'),(2406,200,8,1,0,1,1,1,0,'2024-11-21 15:46:02','2024-11-21 15:46:02'),(2407,200,9,1,0,1,0,1,0,'2024-11-21 15:46:02','2024-11-21 15:46:02'),(2408,200,10,1,1,1,1,1,1,'2024-11-21 15:46:02','2024-11-21 15:46:02'),(2409,200,11,1,1,1,1,1,1,'2024-11-21 15:46:03','2024-11-21 15:46:03'),(2410,200,12,1,0,1,0,1,0,'2024-11-21 15:46:03','2024-11-21 15:46:03'),(2411,200,13,1,0,1,0,1,0,'2024-11-21 15:46:03','2024-11-21 15:46:03'),(2412,200,14,1,1,1,1,1,0,'2024-11-21 15:46:03','2024-11-21 15:46:03'),(2413,200,15,1,1,1,1,1,0,'2024-11-21 15:46:03','2024-11-21 15:46:03'),(2414,200,16,1,1,1,1,1,0,'2024-11-21 15:46:03','2024-11-21 15:46:03'),(2415,200,17,1,1,1,1,1,0,'2024-11-21 15:46:03','2024-11-21 15:46:03'),(2416,200,18,1,1,1,1,1,0,'2024-11-21 15:46:03','2024-11-21 15:46:03'),(2417,200,19,1,1,1,1,1,0,'2024-11-21 15:46:03','2024-11-21 15:46:03'),(2418,200,20,1,1,1,1,1,0,'2024-11-21 15:46:03','2024-11-21 15:46:03'),(2419,200,21,1,1,1,1,1,0,'2024-11-21 15:46:03','2024-11-21 15:46:03'),(2420,200,22,1,1,1,0,1,0,'2024-11-21 15:46:03','2024-11-21 15:46:03'),(2421,203,1,1,0,1,0,1,0,'2024-11-24 11:34:37','2024-11-24 11:34:37'),(2422,203,2,1,1,1,0,1,1,'2024-11-24 11:34:37','2024-11-24 11:34:37'),(2423,203,3,1,0,1,0,1,0,'2024-11-24 11:34:37','2024-11-24 11:34:37'),(2424,203,4,1,1,1,1,1,0,'2024-11-24 11:34:37','2024-11-24 11:34:37'),(2425,203,5,1,1,1,1,1,0,'2024-11-24 11:34:37','2024-11-24 11:34:37'),(2426,203,6,1,1,1,1,1,0,'2024-11-24 11:34:37','2024-11-24 11:34:37'),(2427,203,7,1,1,1,1,1,0,'2024-11-24 11:34:37','2024-11-24 11:34:37'),(2428,203,8,1,0,1,1,1,0,'2024-11-24 11:34:37','2024-11-24 11:34:37'),(2429,203,9,1,0,1,0,1,0,'2024-11-24 11:34:37','2024-11-24 11:34:37'),(2430,203,10,1,1,1,1,1,1,'2024-11-24 11:34:37','2024-11-24 11:34:37'),(2431,203,11,1,1,1,1,1,1,'2024-11-24 11:34:37','2024-11-24 11:34:37'),(2432,203,12,1,0,1,0,1,0,'2024-11-24 11:34:37','2024-11-24 11:34:37'),(2433,203,13,1,0,1,0,1,0,'2024-11-24 11:34:37','2024-11-24 11:34:37'),(2434,203,14,1,1,1,1,1,0,'2024-11-24 11:34:37','2024-11-24 11:34:37'),(2435,203,15,1,1,1,1,1,0,'2024-11-24 11:34:37','2024-11-24 11:34:37'),(2436,203,16,1,1,1,1,1,0,'2024-11-24 11:34:37','2024-11-24 11:34:37'),(2437,203,17,1,1,1,1,1,0,'2024-11-24 11:34:37','2024-11-24 11:34:37'),(2438,203,18,1,1,1,1,1,0,'2024-11-24 11:34:37','2024-11-24 11:34:37'),(2439,203,19,1,1,1,1,1,0,'2024-11-24 11:34:37','2024-11-24 11:34:37'),(2440,203,20,1,1,1,1,1,0,'2024-11-24 11:34:37','2024-11-24 11:34:37'),(2441,203,21,1,1,1,1,1,0,'2024-11-24 11:34:37','2024-11-24 11:34:37'),(2442,203,22,1,1,1,0,1,0,'2024-11-24 11:34:37','2024-11-24 11:34:37'),(2443,206,1,1,0,1,0,1,0,'2024-11-26 12:38:08','2024-11-26 12:38:08'),(2444,206,2,1,1,1,0,1,1,'2024-11-26 12:38:08','2024-11-26 12:38:08'),(2445,206,3,1,0,1,0,1,0,'2024-11-26 12:38:08','2024-11-26 12:38:08'),(2446,206,4,1,1,1,1,1,0,'2024-11-26 12:38:08','2024-11-26 12:38:08'),(2447,206,5,1,1,1,1,1,0,'2024-11-26 12:38:08','2024-11-26 12:38:08'),(2448,206,6,1,1,1,1,1,0,'2024-11-26 12:38:08','2024-11-26 12:38:08'),(2449,206,7,1,1,1,1,1,0,'2024-11-26 12:38:08','2024-11-26 12:38:08'),(2450,206,8,1,0,1,1,1,0,'2024-11-26 12:38:08','2024-11-26 12:38:08'),(2451,206,9,1,0,1,0,1,0,'2024-11-26 12:38:08','2024-11-26 12:38:08'),(2452,206,10,1,1,1,1,1,1,'2024-11-26 12:38:08','2024-11-26 12:38:08'),(2453,206,11,1,1,1,1,1,1,'2024-11-26 12:38:08','2024-11-26 12:38:08'),(2454,206,12,1,0,1,0,1,0,'2024-11-26 12:38:08','2024-11-26 12:38:08'),(2455,206,13,1,0,1,0,1,0,'2024-11-26 12:38:08','2024-11-26 12:38:08'),(2456,206,14,1,1,1,1,1,0,'2024-11-26 12:38:08','2024-11-26 12:38:08'),(2457,206,15,1,1,1,1,1,0,'2024-11-26 12:38:08','2024-11-26 12:38:08'),(2458,206,16,1,1,1,1,1,0,'2024-11-26 12:38:08','2024-11-26 12:38:08'),(2459,206,17,1,1,1,1,1,0,'2024-11-26 12:38:08','2024-11-26 12:38:08'),(2460,206,18,1,1,1,1,1,0,'2024-11-26 12:38:08','2024-11-26 12:38:08'),(2461,206,19,1,1,1,1,1,0,'2024-11-26 12:38:08','2024-11-26 12:38:08'),(2462,206,20,1,1,1,1,1,0,'2024-11-26 12:38:08','2024-11-26 12:38:08'),(2463,206,21,1,1,1,1,1,0,'2024-11-26 12:38:08','2024-11-26 12:38:08'),(2464,206,22,1,1,1,0,1,0,'2024-11-26 12:38:08','2024-11-26 12:38:08'),(2509,214,1,1,0,1,0,1,0,'2024-11-28 15:17:24','2024-11-28 15:17:24'),(2510,214,2,1,1,1,0,1,1,'2024-11-28 15:17:24','2024-11-28 15:17:24'),(2511,214,3,1,0,1,0,1,0,'2024-11-28 15:17:24','2024-11-28 15:17:24'),(2512,214,4,1,1,1,1,1,0,'2024-11-28 15:17:24','2024-11-28 15:17:24'),(2513,214,5,1,1,1,1,1,0,'2024-11-28 15:17:24','2024-11-28 15:17:24'),(2514,214,6,1,1,1,1,1,0,'2024-11-28 15:17:24','2024-11-28 15:17:24'),(2515,214,7,1,1,1,1,1,0,'2024-11-28 15:17:24','2024-11-28 15:17:24'),(2516,214,8,1,0,1,1,1,0,'2024-11-28 15:17:24','2024-11-28 15:17:24'),(2517,214,9,1,0,1,0,1,0,'2024-11-28 15:17:24','2024-11-28 15:17:24'),(2518,214,10,1,1,1,1,1,1,'2024-11-28 15:17:24','2024-11-28 15:17:24'),(2519,214,11,1,1,1,1,1,1,'2024-11-28 15:17:24','2024-11-28 15:17:24'),(2520,214,12,1,0,1,0,1,0,'2024-11-28 15:17:24','2024-11-28 15:17:24'),(2521,214,13,1,0,1,0,1,0,'2024-11-28 15:17:24','2024-11-28 15:17:24'),(2522,214,14,1,1,1,1,1,0,'2024-11-28 15:17:24','2024-11-28 15:17:24'),(2523,214,15,1,1,1,1,1,0,'2024-11-28 15:17:24','2024-11-28 15:17:24'),(2524,214,16,1,1,1,1,1,0,'2024-11-28 15:17:24','2024-11-28 15:17:24'),(2525,214,17,1,1,1,1,1,0,'2024-11-28 15:17:24','2024-11-28 15:17:24'),(2526,214,18,1,1,1,1,1,0,'2024-11-28 15:17:24','2024-11-28 15:17:24'),(2527,214,19,1,1,1,1,1,0,'2024-11-28 15:17:24','2024-11-28 15:17:24'),(2528,214,20,1,1,1,1,1,0,'2024-11-28 15:17:24','2024-11-28 15:17:24'),(2529,214,21,1,1,1,1,1,0,'2024-11-28 15:17:24','2024-11-28 15:17:24'),(2530,214,22,1,1,1,0,1,0,'2024-11-28 15:17:24','2024-11-28 15:17:24'),(2531,215,1,1,0,1,0,1,0,'2024-11-28 15:21:36','2024-11-28 15:21:36'),(2532,215,2,1,1,1,0,1,1,'2024-11-28 15:21:36','2024-11-28 15:21:36'),(2533,215,3,1,0,1,0,1,0,'2024-11-28 15:21:36','2024-11-28 15:21:36'),(2534,215,4,1,1,1,1,1,0,'2024-11-28 15:21:36','2024-11-28 15:21:36'),(2535,215,5,1,1,1,1,1,0,'2024-11-28 15:21:36','2024-11-28 15:21:36'),(2536,215,6,1,1,1,1,1,0,'2024-11-28 15:21:36','2024-11-28 15:21:36'),(2537,215,7,1,1,1,1,1,0,'2024-11-28 15:21:36','2024-11-28 15:21:36'),(2538,215,8,1,0,1,1,1,0,'2024-11-28 15:21:36','2024-11-28 15:21:36'),(2539,215,9,1,0,1,0,1,0,'2024-11-28 15:21:36','2024-11-28 15:21:36'),(2540,215,10,1,1,1,1,1,1,'2024-11-28 15:21:36','2024-11-28 15:21:36'),(2541,215,11,1,1,1,1,1,1,'2024-11-28 15:21:36','2024-11-28 15:21:36'),(2542,215,12,1,0,1,0,1,0,'2024-11-28 15:21:36','2024-11-28 15:21:36'),(2543,215,13,1,0,1,0,1,0,'2024-11-28 15:21:36','2024-11-28 15:21:36'),(2544,215,14,1,1,1,1,1,0,'2024-11-28 15:21:36','2024-11-28 15:21:36'),(2545,215,15,1,1,1,1,1,0,'2024-11-28 15:21:36','2024-11-28 15:21:36'),(2546,215,16,1,1,1,1,1,0,'2024-11-28 15:21:36','2024-11-28 15:21:36'),(2547,215,17,1,1,1,1,1,0,'2024-11-28 15:21:36','2024-11-28 15:21:36'),(2548,215,18,1,1,1,1,1,0,'2024-11-28 15:21:36','2024-11-28 15:21:36'),(2549,215,19,1,1,1,1,1,0,'2024-11-28 15:21:36','2024-11-28 15:21:36'),(2550,215,20,1,1,1,1,1,0,'2024-11-28 15:21:36','2024-11-28 15:21:36'),(2551,215,21,1,1,1,1,1,0,'2024-11-28 15:21:36','2024-11-28 15:21:36'),(2552,215,22,1,1,1,0,1,0,'2024-11-28 15:21:36','2024-11-28 15:21:36'),(2553,216,1,1,0,1,0,1,0,'2024-11-28 15:28:31','2024-11-28 15:28:31'),(2554,216,2,1,1,1,0,1,1,'2024-11-28 15:28:31','2024-11-28 15:28:31'),(2555,216,3,1,0,1,0,1,0,'2024-11-28 15:28:31','2024-11-28 15:28:31'),(2556,216,4,1,1,1,1,1,0,'2024-11-28 15:28:31','2024-11-28 15:28:31'),(2557,216,5,1,1,1,1,1,0,'2024-11-28 15:28:31','2024-11-28 15:28:31'),(2558,216,6,1,1,1,1,1,0,'2024-11-28 15:28:31','2024-11-28 15:28:31'),(2559,216,7,1,1,1,1,1,0,'2024-11-28 15:28:31','2024-11-28 15:28:31'),(2560,216,8,1,0,1,1,1,0,'2024-11-28 15:28:31','2024-11-28 15:28:31'),(2561,216,9,1,0,1,0,1,0,'2024-11-28 15:28:31','2024-11-28 15:28:31'),(2562,216,10,1,1,1,1,1,1,'2024-11-28 15:28:32','2024-11-28 15:28:32'),(2563,216,11,1,1,1,1,1,1,'2024-11-28 15:28:32','2024-11-28 15:28:32'),(2564,216,12,1,0,1,0,1,0,'2024-11-28 15:28:32','2024-11-28 15:28:32'),(2565,216,13,1,0,1,0,1,0,'2024-11-28 15:28:32','2024-11-28 15:28:32'),(2566,216,14,1,1,1,1,1,0,'2024-11-28 15:28:32','2024-11-28 15:28:32'),(2567,216,15,1,1,1,1,1,0,'2024-11-28 15:28:32','2024-11-28 15:28:32'),(2568,216,16,1,1,1,1,1,0,'2024-11-28 15:28:32','2024-11-28 15:28:32'),(2569,216,17,1,1,1,1,1,0,'2024-11-28 15:28:32','2024-11-28 15:28:32'),(2570,216,18,1,1,1,1,1,0,'2024-11-28 15:28:32','2024-11-28 15:28:32'),(2571,216,19,1,1,1,1,1,0,'2024-11-28 15:28:32','2024-11-28 15:28:32'),(2572,216,20,1,1,1,1,1,0,'2024-11-28 15:28:32','2024-11-28 15:28:32'),(2573,216,21,1,1,1,1,1,0,'2024-11-28 15:28:32','2024-11-28 15:28:32'),(2574,216,22,1,1,1,0,1,0,'2024-11-28 15:28:32','2024-11-28 15:28:32'),(2575,217,1,1,0,1,0,1,0,'2024-11-28 16:36:56','2024-11-28 16:36:56'),(2576,217,2,1,1,1,0,1,1,'2024-11-28 16:36:56','2024-11-28 16:36:56'),(2577,217,3,1,0,1,0,1,0,'2024-11-28 16:36:56','2024-11-28 16:36:56'),(2578,217,4,1,1,1,1,1,0,'2024-11-28 16:36:56','2024-11-28 16:36:56'),(2579,217,5,1,1,1,1,1,0,'2024-11-28 16:36:56','2024-11-28 16:36:56'),(2580,217,6,1,1,1,1,1,0,'2024-11-28 16:36:56','2024-11-28 16:36:56'),(2581,217,7,1,1,1,1,1,0,'2024-11-28 16:36:56','2024-11-28 16:36:56'),(2582,217,8,1,0,1,1,1,0,'2024-11-28 16:36:56','2024-11-28 16:36:56'),(2583,217,9,1,0,1,0,1,0,'2024-11-28 16:36:56','2024-11-28 16:36:56'),(2584,217,10,1,1,1,1,1,1,'2024-11-28 16:36:56','2024-11-28 16:36:56'),(2585,217,11,1,1,1,1,1,1,'2024-11-28 16:36:56','2024-11-28 16:36:56'),(2586,217,12,1,0,1,0,1,0,'2024-11-28 16:36:56','2024-11-28 16:36:56'),(2587,217,13,1,0,1,0,1,0,'2024-11-28 16:36:56','2024-11-28 16:36:56'),(2588,217,14,1,1,1,1,1,0,'2024-11-28 16:36:56','2024-11-28 16:36:56'),(2589,217,15,1,1,1,1,1,0,'2024-11-28 16:36:56','2024-11-28 16:36:56'),(2590,217,16,1,1,1,1,1,0,'2024-11-28 16:36:56','2024-11-28 16:36:56'),(2591,217,17,1,1,1,1,1,0,'2024-11-28 16:36:56','2024-11-28 16:36:56'),(2592,217,18,1,1,1,1,1,0,'2024-11-28 16:36:56','2024-11-28 16:36:56'),(2593,217,19,1,1,1,1,1,0,'2024-11-28 16:36:56','2024-11-28 16:36:56'),(2594,217,20,1,1,1,1,1,0,'2024-11-28 16:36:56','2024-11-28 16:36:56'),(2595,217,21,1,1,1,1,1,0,'2024-11-28 16:36:56','2024-11-28 16:36:56'),(2596,217,22,1,1,1,0,1,0,'2024-11-28 16:36:56','2024-11-28 16:36:56'),(2597,218,1,1,0,1,0,1,0,'2024-11-28 16:50:07','2024-11-28 16:50:07'),(2598,218,2,1,1,1,0,1,1,'2024-11-28 16:50:07','2024-11-28 16:50:07'),(2599,218,3,1,0,1,0,1,0,'2024-11-28 16:50:07','2024-11-28 16:50:07'),(2600,218,4,1,1,1,1,1,0,'2024-11-28 16:50:07','2024-11-28 16:50:07'),(2601,218,5,1,1,1,1,1,0,'2024-11-28 16:50:07','2024-11-28 16:50:07'),(2602,218,6,1,1,1,1,1,0,'2024-11-28 16:50:07','2024-11-28 16:50:07'),(2603,218,7,1,1,1,1,1,0,'2024-11-28 16:50:07','2024-11-28 16:50:07'),(2604,218,8,1,0,1,1,1,0,'2024-11-28 16:50:07','2024-11-28 16:50:07'),(2605,218,9,1,0,1,0,1,0,'2024-11-28 16:50:07','2024-11-28 16:50:07'),(2606,218,10,1,1,1,1,1,1,'2024-11-28 16:50:07','2024-11-28 16:50:07'),(2607,218,11,1,1,1,1,1,1,'2024-11-28 16:50:07','2024-11-28 16:50:07'),(2608,218,12,1,0,1,0,1,0,'2024-11-28 16:50:07','2024-11-28 16:50:07'),(2609,218,13,1,0,1,0,1,0,'2024-11-28 16:50:07','2024-11-28 16:50:07'),(2610,218,14,1,1,1,1,1,0,'2024-11-28 16:50:07','2024-11-28 16:50:07'),(2611,218,15,1,1,1,1,1,0,'2024-11-28 16:50:07','2024-11-28 16:50:07'),(2612,218,16,1,1,1,1,1,0,'2024-11-28 16:50:07','2024-11-28 16:50:07'),(2613,218,17,1,1,1,1,1,0,'2024-11-28 16:50:07','2024-11-28 16:50:07'),(2614,218,18,1,1,1,1,1,0,'2024-11-28 16:50:07','2024-11-28 16:50:07'),(2615,218,19,1,1,1,1,1,0,'2024-11-28 16:50:07','2024-11-28 16:50:07'),(2616,218,20,1,1,1,1,1,0,'2024-11-28 16:50:07','2024-11-28 16:50:07'),(2617,218,21,1,1,1,1,1,0,'2024-11-28 16:50:07','2024-11-28 16:50:07'),(2618,218,22,1,1,1,0,1,0,'2024-11-28 16:50:07','2024-11-28 16:50:07');

--
-- Table structure for table `notification_settings`
--

CREATE TABLE `notification_settings` (
  `id` bigint unsigned NOT NULL AUTO_INCREMENT,
  `name` varchar(191) COLLATE utf8mb4_unicode_ci NOT NULL,
  `messages_disability` tinyint(1) NOT NULL DEFAULT '0',
  `app_disability` tinyint(1) NOT NULL DEFAULT '0',
  `website_disability` tinyint(1) NOT NULL DEFAULT '0',
  `created_at` timestamp NULL DEFAULT NULL,
  `updated_at` timestamp NULL DEFAULT NULL,
  PRIMARY KEY (`id`)
) ENGINE=InnoDB AUTO_INCREMENT=23 DEFAULT CHARSET=utf8mb4 COLLATE=utf8mb4_unicode_ci;

--
-- Dumping data for table `notification_settings`
--

INSERT INTO `notification_settings` (`id`, `name`, `messages_disability`, `app_disability`, `website_disability`, `created_at`, `updated_at`) VALUES (1,'تأمين حصص غياب المعلمات',0,0,0,'2024-11-02 09:33:21','2024-11-02 09:33:21'),(2,'جداول وكيلة الشؤون التعليمية',1,0,1,'2024-11-02 09:33:21','2024-11-07 09:26:26'),(3,'تنبيهات الاجتماعات',0,0,0,'2024-11-02 09:33:21','2024-11-02 09:33:21'),(4,'التنبيه الشفهي',0,1,1,'2024-11-02 09:33:21','2024-11-07 09:26:26'),(5,'التنبيه الخطي',0,1,1,'2024-11-02 09:33:21','2024-11-07 09:26:26'),(6,'جداول المناوبة',0,1,1,'2024-11-02 09:33:21','2024-11-07 09:26:26'),(7,'تنبيهات الإشراف',0,1,1,'2024-11-02 09:33:21','2024-11-07 09:26:26'),(8,'تنبيهات الزيارات الصفية المتبادلة',0,1,0,'2024-11-02 09:33:21','2024-11-07 09:26:26'),(9,'تنبيهات الزيارات الصفية للمعلمة الزائر والمزور',0,0,0,'2024-11-02 09:33:21','2024-11-02 09:33:21'),(10,'تنبيهات إنشاء جداول الاختبارات الفترية',1,1,1,'2024-11-02 09:33:21','2024-11-07 09:26:26'),(11,'تنبيهات إنشاء جداول الاختبارات النهائية',1,1,1,'2024-11-02 09:33:21','2024-11-07 09:26:26'),(12,'تنبيهات الزيارات الصفية للمعلمة',0,0,0,'2024-11-02 09:33:21','2024-11-02 09:33:21'),(13,'تنبيهات الزيارات الصفية للمدير - الوكلاء',0,0,0,'2024-11-02 09:33:21','2024-11-02 09:33:21'),(14,'غياب الطالبات',0,1,1,'2024-11-02 09:33:21','2024-11-07 09:26:26'),(15,'تأخر الطالبات',0,1,1,'2024-11-02 09:33:21','2024-11-07 09:26:26'),(16,'إجراءات الطالبات الخاصة بأولياء الأمور',0,1,1,'2024-11-02 09:33:21','2024-11-07 09:26:26'),(17,'إشعار ولي الأمر عند إنشاء مخالفة',0,1,1,'2024-11-02 09:33:21','2024-11-07 09:26:26'),(18,'تنبيهات عند تغيير رقم الجوال',0,1,1,'2024-11-02 09:33:21','2024-11-07 09:26:26'),(19,'تنبيهات القبول والرفض للتحويلات البنكية',0,1,1,'2024-11-02 09:33:21','2024-11-07 09:26:26'),(20,'حذف تأمين حصص الانتظار عند حضور المعلمة',0,1,1,'2024-11-02 09:33:21','2024-11-07 09:26:26'),(21,'تأمين حصص غياب المعلم',0,1,1,'2024-11-07 09:26:26','2024-11-07 09:26:26'),(22,'تنبيهات الزيارات الصفية للمعلم',0,0,1,'2024-11-07 09:26:26','2024-11-07 09:26:26');

--
-- Table structure for table `notifications`
--

CREATE TABLE `notifications` (
  `id` bigint unsigned NOT NULL AUTO_INCREMENT,
  `note_enum_id` int DEFAULT NULL,
  `title` varchar(150) COLLATE utf8mb4_unicode_ci NOT NULL,
  `body` text COLLATE utf8mb4_unicode_ci,
  `type` enum('bell','priority_tape','normal_tape') COLLATE utf8mb4_unicode_ci NOT NULL DEFAULT 'bell',
  `receptor` enum('all_cities','specific_cities','specific_receptors') COLLATE utf8mb4_unicode_ci NOT NULL,
  `model_id` int DEFAULT NULL,
  `model` varchar(150) COLLATE utf8mb4_unicode_ci DEFAULT NULL,
  `data_id` bigint unsigned DEFAULT NULL,
  `scheduled` tinyint(1) NOT NULL DEFAULT '1',
  `date` varchar(150) COLLATE utf8mb4_unicode_ci DEFAULT NULL,
  `date_type` varchar(191) COLLATE utf8mb4_unicode_ci DEFAULT NULL,
  `notification_type` enum('website','app') COLLATE utf8mb4_unicode_ci DEFAULT NULL,
  `deleted_at` timestamp NULL DEFAULT NULL,
  `created_at` timestamp NULL DEFAULT NULL,
  `updated_at` timestamp NULL DEFAULT NULL,
  `time` varchar(191) COLLATE utf8mb4_unicode_ci DEFAULT NULL,
  PRIMARY KEY (`id`)
) ENGINE=InnoDB AUTO_INCREMENT=14 DEFAULT CHARSET=utf8mb4 COLLATE=utf8mb4_unicode_ci;

--
-- Dumping data for table `notifications`
--

INSERT INTO `notifications` (`id`, `note_enum_id`, `title`, `body`, `type`, `receptor`, `model_id`, `model`, `data_id`, `scheduled`, `date`, `date_type`, `notification_type`, `deleted_at`, `created_at`, `updated_at`, `time`) VALUES (1,18,'موعد الزيارة الصفية اليوم','لديك زيارة صفية مجدولة اليوم يرجى لاستعداد للحضور فى لوقت المحدد والمتابعة لضمان تحقيق الاهداف التعليمية','bell','specific_receptors',202,'ClassRoomVisitSession',13,1,'26/11/2024','coptic','website',NULL,'2024-11-26 14:37:15','2024-11-26 14:37:15',NULL),(2,3,'اشترك الان واحصل على وصول كامل لنظام لام','اشترك الان واحصل على وصول كامل لنظام لام','priority_tape','specific_receptors',NULL,NULL,NULL,0,NULL,'coptic','website',NULL,'2024-11-26 20:53:58','2024-11-26 20:53:58',NULL),(3,2,'مهام غير مكتملة','لديك مهام لم تنتهى منها فى الايام الماضية, يرجى مراجعتها واستكمالها','bell','specific_receptors',NULL,NULL,NULL,0,NULL,'coptic','website',NULL,'2024-11-26 23:06:33','2024-11-26 23:06:33',NULL),(4,18,'موعد الزيارة الصفية اليوم','لديك زيارة صفية مجدولة اليوم يرجى لاستعداد للحضور فى لوقت المحدد والمتابعة لضمان تحقيق الاهداف التعليمية','bell','specific_receptors',202,'ClassRoomVisitSession',14,1,'27/11/2024','coptic','website',NULL,'2024-11-27 10:17:55','2024-11-27 10:17:55',NULL),(5,1,'الخطة الإسبوعية','لم يتم انشاء خطة المدير بعد, يرجى إعداد خطتك الاسبوعية - الاسبوع الأول','normal_tape','specific_receptors',131,'NamazegManagerPlane',NULL,0,NULL,'coptic','website',NULL,'2024-11-27 10:22:08','2024-11-27 10:22:08',NULL),(6,5,'يرجى ادخال تخصص المعلمين','بعض الاقسام مقيدة حاليا, يرجى ادخال تخصص المعلمين.','normal_tape','specific_receptors',NULL,NULL,NULL,0,NULL,'coptic','website',NULL,'2024-11-27 10:22:08','2024-11-27 10:22:08',NULL),(7,6,'لم يتم إنشاء خطة المدير الاسبوعية','يجب اعداد خطتك الاسبوعية  - الاسبوع الأول','normal_tape','specific_receptors',131,'NamazegManagerPlane',NULL,0,NULL,'coptic','website',NULL,'2024-11-27 10:22:08','2024-11-27 10:22:08',NULL),(8,6,'لم يتم إنشاء خطة المدير الاسبوعية','يجب اعداد خطتك الاسبوعية  - الاسبوع الثاني عشر','normal_tape','specific_receptors',131,'NamazegManagerPlane',NULL,0,NULL,'coptic','website',NULL,'2024-11-27 17:45:17','2024-11-27 17:45:17',NULL),(9,24,'انشاء نموذج الالتزام المدرسى','يرجى انشاء نموذج الالتزام المدرسى لجميع الطلاب','bell','specific_receptors',144,'NamazegSchoolCommitment',NULL,0,NULL,'coptic','website',NULL,'2024-11-28 09:44:00','2024-11-28 09:44:00',NULL),(10,1,'الخطة الإسبوعية','لم يتم انشاء خطة المدير بعد, يرجى إعداد خطتك الاسبوعية - الاسبوع الحادي عشر','normal_tape','specific_receptors',131,'NamazegManagerPlane',NULL,0,NULL,'coptic','website',NULL,'2024-11-28 10:01:40','2024-11-28 10:01:40',NULL),(11,7,'قرب انتهاء الرصيد','رصيدك المتبقى قارب على الانتهاء يرجى تجديد الرصيد قريبا لضمان استمرار الخدمة دون انقطاع ','normal_tape','specific_receptors',NULL,NULL,NULL,0,NULL,'coptic','website',NULL,'2024-11-28 13:03:37','2024-11-28 13:03:37',NULL),(12,23,'اجراء سلوكى غير مكتمل','يرجى مراجعة التفاصيل واتخاذ الخطوات اللازمة لاستكمال الاجراء','bell','specific_receptors',NULL,'Violations',NULL,0,NULL,'coptic','website',NULL,'2024-11-28 16:46:30','2024-11-28 16:46:30',NULL),(13,18,'موعد الزيارة الصفية اليوم','لديك زيارة صفية مجدولة اليوم يرجى لاستعداد للحضور فى لوقت المحدد والمتابعة لضمان تحقيق الاهداف التعليمية','bell','specific_receptors',202,'ClassRoomVisitSession',15,1,'28/11/2024','coptic','website',NULL,'2024-11-28 18:18:42','2024-11-28 18:18:42',NULL);

--
-- Table structure for table `pages`
--

CREATE TABLE `pages` (
  `id` bigint unsigned NOT NULL AUTO_INCREMENT,
  `name` varchar(150) COLLATE utf8mb4_unicode_ci DEFAULT NULL,
  `text` longtext COLLATE utf8mb4_unicode_ci,
  `deleted_at` timestamp NULL DEFAULT NULL,
  `created_at` timestamp NULL DEFAULT NULL,
  `updated_at` timestamp NULL DEFAULT NULL,
  PRIMARY KEY (`id`)
) ENGINE=InnoDB AUTO_INCREMENT=4 DEFAULT CHARSET=utf8mb4 COLLATE=utf8mb4_unicode_ci;

--
-- Dumping data for table `pages`
--

INSERT INTO `pages` (`id`, `name`, `text`, `deleted_at`, `created_at`, `updated_at`) VALUES (1,'الشروط والأحكام','<ol><li><p style=\"text-align: center\"><u><strong>الشروط والأحكام</strong></u></li><li><p style=\"text-align: center\"><u><strong>* شروط وأحكام الشراء من متجر كُنْ:عزيزي العميل، لتنظيم عملية المبايعة، نأمل منك الاطلاع على الآتي قبل إتمام عملية الشراء، حيث سيعتبر إتمام الشراء أو استخدام الموقع أو التطبيقات التابعة له بمثابة الموافقة على هذه الشروط:</strong></u></li><li><p style=\"text-align: center\"></li><li><p style=\"text-align: center\"></li><li><p style=\"text-align: center\"><u><strong>أولا: عرض المنتجات إن عرض المنتجات في الموقع وتسويقها لا يفسر بأي حال من الأحوال على أنه توصية لتناسب وتوافق أي منتج مع رغبة واحتياج العميل، ولذا فإن العميل مسؤول عن التأكد من تناسب المنتج مع احتياجه وذلك بالاطلاع على المعلومات المضمنة في صفحة كل منتج، وفي الصفحات التعريفية، وفهمها، وطرح أي سؤال، قبل إتمام عملية الشراء.</strong></u></li><li><p style=\"text-align: center\"></li><li><p style=\"text-align: center\"></li><li><p style=\"text-align: center\"><u><strong>ِ: حجز المنتجات 1- إذا كان الدفع عن طريق التحويل البنكي، فلا يتم حجز أي بضاعة إلا لمدة 24 ساعة، وفي حال عدم التحويل خلال هذه الفترة فيلغى الطلب تلقائيا.</strong></u></li><li><p style=\"text-align: center\"></li><li><p style=\"text-align: center\"></li><li><p style=\"text-align: center\"><u><strong>ثالثا: الشحن والتوصيل 1- يجب على العميل إدخال اسم المستلم وعنوان التوصيل بشكل صحيح، وفي حال وجود خطأ في العنوان أو أرقام الاتصال فقد يتسبب ذلك بتأخر الشحنة أو عدم توصيلها أو فرض رسوم إضافية من قبل شركة الشحن أو مندوب التوصيل. كما قد تطلب شركة التوصيل الاطلاع على الهوية للمطابقة مع اسم المستلم قبل تسليم الطلب.2- الوقت المتوقع لوصول البضاعة هو وقت تقديري، وسنبذل قصارى جهدنا ليصلك طلبك في أسرع وقت، إلا أنه قد تتأخر الطلبية لأسباب خارجة عن سيطرة المتجر.3- قد يتأخر الطلب على العميل لأسباب متعلقة بالعميل نفسه، مثل عدم تواجده في موقع التوصيل، أو عدم رده على اتصال مندوب التوصيل، أو طلبه تغيير عنوان التوصيل، وفي مثل هذه الظروف لا يعد المتجر ولا شركة التوصيل مسؤولين عن التأخر.4- يجوز للمتجر تغيير شركة الشحن المختارة من قبل العميل دون الرجوع للعميل إذا كان الشحن مجاني، كما يجوز تغييرها إذا كان الشحن مدفوعاً على أن يعيد المتجر فرق الرسوم للعميل إذا كانت الرسوم بعد التغيير أقل.5- يجب على العميل فحص الطلب والمنتج قبل استلام الشحنة وذهاب المندوب وفي حال وصلت الشحنة وهي متضررة من الداخل فيجب على العميل إبلاغ شركة الشحن قبل استلام الطلبية، ومن ثم إبلاغ المتجر مباشرة.6- يعد العميل مسؤولاً عن التخليص الجمركي وضريبة القيمة المضافة وأي رسوم حكومية أو قيود أو قوانين أخرى يتم فرضها من الدول الأخرى على الطلبات المرسلة خارج المملكة العربية السعودية.7- لا يتم الشحن للدول التي تقاطعها المملكة العربية السعودية، وكذلك بعض الدول لا تغطيها شركة الشحن، وإذا تم اختيارها من قبل العميل وتم الطلب والدفع سيلغى الطلب ويتحمل العميل أي اضرار مثل: تأخير رجوع المبلغ لحساب العميل حسب سياسة البنك الخاص به وأي أضرار أخرى.8- لا يتم شحن الطلب ولا اعتماده في التحويل البنكي حتى يصل المبلغ للمتجر.</strong></u></li><li><p style=\"text-align: center\"></li><li><p style=\"text-align: center\"></li><li><p style=\"text-align: center\"><u><strong>رابعا: الاسترجاع والاستبدال 1 - جميع البضائع المباعة (باستثناء الأدوات الشخصية والأزياء التي تلامس الجلد والجسد، والمنتجات الرقمية) قابلة للإرجاع خلال سبعة(7) أيام من الاستلام (وخلال ثلاثة (3) أيام لمبيعات العروض والتخفيضات)، وسيتم إعادة المبلغ للعميل مخصوما منه رسوم (إلغاء/تعديل/عدم استلام/استرجاع) الطلب الموضحة أدناه إن وجدت. ويجب أن تكون البضاعة غير مستخدمة وبحالتها وتغليفها الأصلي، ويعتبر العميل مسؤولاً عن إعادة التوصيل إلى المتجر سواء عن طريق الشحن أو بتسليمها يداً بيد في الدمام. ويجب أن تصل المنتجات المعادة إلى المتجر، أو تسلم لشركة الشحن، خلال المدة المذكورة أعلاه.2- يعاد مبلغ الاسترجاع إلى العميل من خلال حوالة بنكية خلال 7 أيام عمل بعد استلام المتجر للمنتج المعاد، وذلك في حال كان الدفع عندالاستلام أو بالتحويل البنكي. أما في حال الدفع عن طريق مدى أو البطاقة الائتمانية، فيعاد المبلغ إلى نفس البطاقة خلال المدة التي بحددها مصدر البطاقة.</strong></u></li><li><p style=\"text-align: center\"></li><li><p style=\"text-align: center\"></li><li><p style=\"text-align: center\"><u><strong>خامسا: رسوم (إلغاء/تعديل/عدم استلام/استرجاع) الطلب يجب على العميل إرسال طلب التعديل أو الإلغاء عن طريق واتساب المتجر على الرقم 966531671797، ونظرا لكون خدمات الشحن والتوصيل والدفع مقدمة من شركات أخرى، فقد يتم فرض رسوم حسب الآتي:1- في حال تم تسليم الطلب لشركة الشحن قبل استلام طلب الإلغاء، أو في حال عدم استلام العميل للطلب لسبب عائد إليه، وقامت شركة الشحن بإعادة الشحنة إلى مستودعنا وفرض رسوم على الشحنة والإعادة (الإرجاع)، (فسيتم فرض رسوم قدرها 15 ريال + تكلفة الشحن)تخصم من المبلغ المعاد إلى العميل.2- في حال كان الشحن مجاني، ورغب العميل في إرجاع جزء من المشتريات، وكانت قيمة المشتريات الغير معادة تساوي أقل من 400 ريال، فسيتم احتساب رسوم الشحن المعتادة حسب الوجهة، تخصم من المبلغ المعاد إلى العميل.3- يحق للمتجر إلغاء الطلب في أي وقت وإرجاع المبلغ للعميل، في حال نفاذ الكمية أو وجود صعوبات في الشحن من تأخير او زيادة التكلفة على العميل أو المؤسسة أو لأي سبب كان ويترتب على ذلك إبلاغ العميل بسبب الإلغاء واسترداد المبلغ في حساب العميل دون أي خصم من المبلغ المحول) .</strong></u></li><li><p style=\"text-align: center\"></li><li><p style=\"text-align: center\"></li><li><p style=\"text-align: center\"><u><strong>سادسا: العروض والتخفيضات1- جميع العروض تنتهي بنهاية التاريخ المحدد لها أو بنفاد المخزون.</strong></u></li><li><p style=\"text-align: center\"></li><li><p style=\"text-align: center\"></li><li><p style=\"text-align: center\"><u><strong>سابعا:تم إعداد ‏هذه البنود والشروط باللغة العربية وعلى العميل الناطق بالإنجليزية أو أي لغة أخرى أن يقوم بترجمة هذه البنود على مسؤوليته الخاصة و دون أدنى مسؤولية من طرف متجر كُنْ وفي حال وجود أي تعارض بين النص العربي والترجمة الإنجليزية و أي ترجمة لأي لغة أخرى قام بها العميل سيتم الرجوع إلى النص العربي وهو المرجع والأساس لوثيقة الشروط والأحكام وتخضع هذه البنود والشروط لقوانين المملكة العربية السعودية ويكون لمحاكم المملكة العربية السعودية في مدينة الدمام الولاية القضائية الحصرية عليها.ثامنا:تنطبق هذه الشروط والأحكام سواء بإستخدام الموقع الإلكتروني أو التطبيقات التابعة له وأي وسيلة اخرى لمتجر كُنْ.</strong></u></li><li><p style=\"text-align: center\"></li><li><p style=\"text-align: center\"></li><li><p style=\"text-align: center\"><u><strong>تاسعا:يحق لمتجر كُنْ تعديل هذه الشروط والأحكام في أي وقت دون توجيه اخطار للعملاء، ويجب على العملاء الإطلاع على الشروط والأحكام والتحديثات والتعديلات التي تطرأ عليها قبل الشراء لأن التعديل ملزم على الجميع.</strong></u></li></ol>',NULL,'2024-08-23 06:00:25','2024-09-30 10:19:24'),(2,'سياسة الخصوصية','<strong>تاسعا:</strong><p style=\"text-align: start\">يحق لمتجر كُنْ تعديل هذه الشروط والأحكام في أي وقت دون توجيه اخطار للعملاء، ويجب على العملاء الإطلاع على الشروط والأحكام والتحديثات والتعديلات التي تطرأ عليها قبل الشراء لأن التعديل ملزم على الجميع.',NULL,'2024-08-23 06:00:39','2024-09-30 10:23:22'),(3,'إخلاء مسؤولية','<ul><li><p style=\"text-align: right\"><strong>Test</strong></li><li><p style=\"text-align: right\">test2</li><li><p style=\"text-align: right\"></li><li><p style=\"text-align: right\">Test3</li><li><p style=\"text-align: right\">Test5</li><li><p style=\"text-align: right\"><u><em>Test6</em></u></li></ul>',NULL,'2024-08-23 06:00:46','2024-10-13 09:00:57');

--
-- Table structure for table `period_students_attendance`
--

CREATE TABLE `period_students_attendance` (
  `id` bigint unsigned NOT NULL AUTO_INCREMENT,
  `school_id` bigint unsigned DEFAULT NULL,
  `semester_id` bigint unsigned DEFAULT NULL,
  `student_id` bigint unsigned DEFAULT NULL,
  `class_id` bigint unsigned DEFAULT NULL,
  `period_id` bigint unsigned DEFAULT NULL,
  `status` enum('attended','absent','absent_with_excuse') COLLATE utf8mb4_unicode_ci DEFAULT NULL,
  `absence_reason` varchar(140) COLLATE utf8mb4_unicode_ci DEFAULT NULL,
  `date` varchar(50) COLLATE utf8mb4_unicode_ci DEFAULT NULL,
  `date_type` enum('hijri','coptic') COLLATE utf8mb4_unicode_ci DEFAULT NULL,
  `created_at` timestamp NULL DEFAULT NULL,
  `updated_at` timestamp NULL DEFAULT NULL,
  `deleted_at` timestamp NULL DEFAULT NULL,
  PRIMARY KEY (`id`),
  KEY `period_students_attendance_school_id_foreign` (`school_id`),
  KEY `period_students_attendance_semester_id_foreign` (`semester_id`),
  KEY `period_students_attendance_student_id_foreign` (`student_id`),
  KEY `period_students_attendance_class_id_foreign` (`class_id`),
  CONSTRAINT `period_students_attendance_class_id_foreign` FOREIGN KEY (`class_id`) REFERENCES `school_classes` (`id`) ON DELETE CASCADE,
  CONSTRAINT `period_students_attendance_school_id_foreign` FOREIGN KEY (`school_id`) REFERENCES `schools` (`id`) ON DELETE CASCADE,
  CONSTRAINT `period_students_attendance_semester_id_foreign` FOREIGN KEY (`semester_id`) REFERENCES `semesters` (`id`) ON DELETE CASCADE,
  CONSTRAINT `period_students_attendance_student_id_foreign` FOREIGN KEY (`student_id`) REFERENCES `school_students` (`id`) ON DELETE CASCADE
) ENGINE=InnoDB AUTO_INCREMENT=3932 DEFAULT CHARSET=utf8mb4 COLLATE=utf8mb4_unicode_ci;

--
-- Dumping data for table `period_students_attendance`
--

INSERT INTO `period_students_attendance` (`id`, `school_id`, `semester_id`, `student_id`, `class_id`, `period_id`, `status`, `absence_reason`, `date`, `date_type`, `created_at`, `updated_at`, `deleted_at`) VALUES (3820,81,1,61441,2462,1,'absent',NULL,'19/11/2024','coptic','2024-11-19 21:31:14','2024-11-19 21:45:30',NULL),(3821,81,1,61442,2462,1,'absent',NULL,'19/11/2024','coptic','2024-11-19 21:31:15','2024-11-19 21:45:09',NULL),(3822,81,1,61796,2477,1,'attended',NULL,'19/11/2024','coptic','2024-11-19 21:31:17','2024-11-19 21:45:19',NULL),(3823,81,1,61797,2477,1,'attended',NULL,'19/11/2024','coptic','2024-11-19 21:31:17','2024-11-19 21:45:19',NULL),(3824,81,1,61798,2477,1,'attended',NULL,'19/11/2024','coptic','2024-11-19 21:31:17','2024-11-19 21:45:19',NULL),(3825,81,1,61799,2477,1,'absent',NULL,'19/11/2024','coptic','2024-11-19 21:31:17','2024-11-19 21:45:19',NULL),(3826,81,1,61800,2477,1,'absent',NULL,'19/11/2024','coptic','2024-11-19 21:31:17','2024-11-19 21:45:19',NULL),(3827,81,1,61801,2477,1,'absent',NULL,'19/11/2024','coptic','2024-11-19 21:31:17','2024-11-19 21:45:19',NULL),(3828,81,1,61802,2477,1,'absent',NULL,'19/11/2024','coptic','2024-11-19 21:31:17','2024-11-19 21:45:19',NULL),(3829,81,1,61803,2477,1,'absent',NULL,'19/11/2024','coptic','2024-11-19 21:31:17','2024-11-19 21:45:19',NULL),(3830,81,1,61804,2477,1,'absent',NULL,'19/11/2024','coptic','2024-11-19 21:31:17','2024-11-19 21:45:19',NULL),(3831,81,1,61805,2477,1,'absent',NULL,'19/11/2024','coptic','2024-11-19 21:31:17','2024-11-19 21:45:19',NULL),(3832,81,1,61806,2477,1,'absent',NULL,'19/11/2024','coptic','2024-11-19 21:31:17','2024-11-19 21:45:19',NULL),(3833,81,1,61807,2477,1,'absent',NULL,'19/11/2024','coptic','2024-11-19 21:31:17','2024-11-19 21:45:19',NULL),(3834,81,1,61808,2477,1,'absent',NULL,'19/11/2024','coptic','2024-11-19 21:31:17','2024-11-19 21:45:19',NULL),(3835,81,1,61809,2477,1,'absent',NULL,'19/11/2024','coptic','2024-11-19 21:31:17','2024-11-19 21:45:19',NULL),(3836,81,1,61810,2477,1,'absent',NULL,'19/11/2024','coptic','2024-11-19 21:31:17','2024-11-19 21:45:19',NULL),(3837,81,1,61811,2477,1,NULL,NULL,'19/11/2024','coptic','2024-11-19 21:31:17','2024-11-19 21:31:17',NULL),(3838,81,1,61441,2462,1,'attended',NULL,'20/11/2024','coptic','2024-11-20 16:32:00','2024-11-20 20:02:24',NULL),(3839,81,1,61442,2462,1,'attended',NULL,'20/11/2024','coptic','2024-11-20 16:32:00','2024-11-20 20:02:34',NULL),(3840,81,1,61796,2477,1,'absent',NULL,'20/11/2024','coptic','2024-11-20 20:02:26','2024-11-20 20:02:28',NULL),(3841,81,1,61797,2477,1,'absent',NULL,'20/11/2024','coptic','2024-11-20 20:02:26','2024-11-20 20:02:28',NULL),(3842,81,1,61798,2477,1,'absent',NULL,'20/11/2024','coptic','2024-11-20 20:02:26','2024-11-20 20:02:28',NULL),(3843,81,1,61799,2477,1,'absent',NULL,'20/11/2024','coptic','2024-11-20 20:02:26','2024-11-20 20:02:28',NULL),(3844,81,1,61800,2477,1,'absent',NULL,'20/11/2024','coptic','2024-11-20 20:02:26','2024-11-20 20:02:28',NULL),(3845,81,1,61801,2477,1,'absent',NULL,'20/11/2024','coptic','2024-11-20 20:02:26','2024-11-20 20:02:28',NULL),(3846,81,1,61802,2477,1,'absent',NULL,'20/11/2024','coptic','2024-11-20 20:02:26','2024-11-20 20:02:28',NULL),(3847,81,1,61803,2477,1,'absent',NULL,'20/11/2024','coptic','2024-11-20 20:02:26','2024-11-20 20:02:28',NULL),(3848,81,1,61804,2477,1,'absent',NULL,'20/11/2024','coptic','2024-11-20 20:02:26','2024-11-20 20:02:28',NULL),(3849,81,1,61805,2477,1,'absent',NULL,'20/11/2024','coptic','2024-11-20 20:02:26','2024-11-20 20:02:28',NULL),(3850,81,1,61806,2477,1,'absent',NULL,'20/11/2024','coptic','2024-11-20 20:02:26','2024-11-20 20:02:28',NULL),(3851,81,1,61807,2477,1,'absent',NULL,'20/11/2024','coptic','2024-11-20 20:02:26','2024-11-20 20:02:28',NULL),(3852,81,1,61808,2477,1,'absent',NULL,'20/11/2024','coptic','2024-11-20 20:02:26','2024-11-20 20:02:28',NULL),(3853,81,1,61809,2477,1,'absent',NULL,'20/11/2024','coptic','2024-11-20 20:02:26','2024-11-20 20:02:28',NULL),(3854,81,1,61810,2477,1,'absent',NULL,'20/11/2024','coptic','2024-11-20 20:02:26','2024-11-20 20:02:28',NULL),(3855,81,1,61811,2477,1,'absent',NULL,'20/11/2024','coptic','2024-11-20 20:02:26','2024-11-20 20:02:28',NULL),(3856,81,1,61441,2462,1,NULL,NULL,'21/11/2024','coptic','2024-11-21 19:59:28','2024-11-21 19:59:28',NULL),(3857,81,1,61442,2462,1,NULL,NULL,'21/11/2024','coptic','2024-11-21 19:59:28','2024-11-21 19:59:28',NULL),(3858,81,1,61441,2462,1,NULL,NULL,'23/11/2024','coptic','2024-11-23 12:31:41','2024-11-23 12:31:41',NULL),(3859,81,1,61442,2462,1,NULL,NULL,'23/11/2024','coptic','2024-11-23 12:31:41','2024-11-23 12:31:41',NULL),(3860,81,1,61441,2462,1,'attended',NULL,'25/11/2024','coptic','2024-11-25 13:25:34','2024-11-25 13:52:10',NULL),(3861,81,1,61442,2462,1,'attended',NULL,'25/11/2024','coptic','2024-11-25 13:25:34','2024-11-25 13:52:22',NULL),(3862,81,1,61796,2477,1,'absent',NULL,'25/11/2024','coptic','2024-11-25 13:43:45','2024-11-25 13:52:14',NULL),(3863,81,1,61797,2477,1,'absent',NULL,'25/11/2024','coptic','2024-11-25 13:43:45','2024-11-25 13:52:14',NULL),(3864,81,1,61798,2477,1,'absent',NULL,'25/11/2024','coptic','2024-11-25 13:43:45','2024-11-25 13:52:14',NULL),(3865,81,1,61799,2477,1,'absent',NULL,'25/11/2024','coptic','2024-11-25 13:43:45','2024-11-25 13:52:14',NULL),(3866,81,1,61800,2477,1,'absent',NULL,'25/11/2024','coptic','2024-11-25 13:43:45','2024-11-25 13:52:14',NULL),(3867,81,1,61801,2477,1,'absent',NULL,'25/11/2024','coptic','2024-11-25 13:43:45','2024-11-25 13:52:14',NULL),(3868,81,1,61802,2477,1,'absent',NULL,'25/11/2024','coptic','2024-11-25 13:43:45','2024-11-25 13:52:14',NULL),(3869,81,1,61803,2477,1,'absent',NULL,'25/11/2024','coptic','2024-11-25 13:43:45','2024-11-25 13:52:14',NULL),(3870,81,1,61804,2477,1,'absent',NULL,'25/11/2024','coptic','2024-11-25 13:43:45','2024-11-25 13:52:14',NULL),(3871,81,1,61805,2477,1,'absent',NULL,'25/11/2024','coptic','2024-11-25 13:43:45','2024-11-25 13:52:14',NULL),(3872,81,1,61806,2477,1,'absent',NULL,'25/11/2024','coptic','2024-11-25 13:43:45','2024-11-25 13:52:14',NULL),(3873,81,1,61807,2477,1,'absent',NULL,'25/11/2024','coptic','2024-11-25 13:43:45','2024-11-25 13:52:14',NULL),(3874,81,1,61808,2477,1,'absent',NULL,'25/11/2024','coptic','2024-11-25 13:43:45','2024-11-25 13:52:14',NULL),(3875,81,1,61809,2477,1,'absent',NULL,'25/11/2024','coptic','2024-11-25 13:43:45','2024-11-25 13:52:14',NULL),(3876,81,1,61810,2477,1,'absent',NULL,'25/11/2024','coptic','2024-11-25 13:43:45','2024-11-25 13:52:14',NULL),(3877,81,1,61811,2477,1,'absent',NULL,'25/11/2024','coptic','2024-11-25 13:43:45','2024-11-25 13:52:14',NULL),(3878,81,1,61441,2462,3,NULL,NULL,'16/10/2024','coptic','2024-11-26 07:43:50','2024-11-26 07:43:50',NULL),(3879,81,1,61442,2462,3,NULL,NULL,'16/10/2024','coptic','2024-11-26 07:43:50','2024-11-26 07:43:50',NULL),(3880,81,1,61441,2462,1,NULL,NULL,'26/11/2024','coptic','2024-11-26 12:17:35','2024-11-26 12:17:35',NULL),(3881,81,1,61442,2462,1,NULL,NULL,'26/11/2024','coptic','2024-11-26 12:17:35','2024-11-26 12:17:35',NULL),(3882,81,1,61441,2462,1,NULL,NULL,'08/10/2024','coptic','2024-11-26 12:43:22','2024-11-26 12:43:22',NULL),(3883,81,1,61442,2462,1,NULL,NULL,'08/10/2024','coptic','2024-11-26 12:43:22','2024-11-26 12:43:22',NULL),(3884,81,1,61441,2462,1,'absent',NULL,'27/11/2024','coptic','2024-11-27 10:38:25','2024-11-27 10:38:28',NULL),(3885,81,1,61442,2462,1,'absent',NULL,'27/11/2024','coptic','2024-11-27 10:38:25','2024-11-27 10:38:28',NULL),(3886,81,1,61796,2477,1,NULL,NULL,'27/11/2024','coptic','2024-11-27 10:38:35','2024-11-27 10:38:35',NULL),(3887,81,1,61797,2477,1,NULL,NULL,'27/11/2024','coptic','2024-11-27 10:38:35','2024-11-27 10:38:35',NULL),(3888,81,1,61798,2477,1,NULL,NULL,'27/11/2024','coptic','2024-11-27 10:38:35','2024-11-27 10:38:35',NULL),(3889,81,1,61799,2477,1,NULL,NULL,'27/11/2024','coptic','2024-11-27 10:38:35','2024-11-27 10:38:35',NULL),(3890,81,1,61800,2477,1,NULL,NULL,'27/11/2024','coptic','2024-11-27 10:38:35','2024-11-27 10:38:35',NULL),(3891,81,1,61801,2477,1,NULL,NULL,'27/11/2024','coptic','2024-11-27 10:38:35','2024-11-27 10:38:35',NULL),(3892,81,1,61802,2477,1,NULL,NULL,'27/11/2024','coptic','2024-11-27 10:38:35','2024-11-27 10:38:35',NULL),(3893,81,1,61803,2477,1,NULL,NULL,'27/11/2024','coptic','2024-11-27 10:38:35','2024-11-27 10:38:35',NULL),(3894,81,1,61804,2477,1,NULL,NULL,'27/11/2024','coptic','2024-11-27 10:38:35','2024-11-27 10:38:35',NULL),(3895,81,1,61805,2477,1,NULL,NULL,'27/11/2024','coptic','2024-11-27 10:38:35','2024-11-27 10:38:35',NULL),(3896,81,1,61806,2477,1,NULL,NULL,'27/11/2024','coptic','2024-11-27 10:38:35','2024-11-27 10:38:35',NULL),(3897,81,1,61807,2477,1,NULL,NULL,'27/11/2024','coptic','2024-11-27 10:38:35','2024-11-27 10:38:35',NULL),(3898,81,1,61808,2477,1,NULL,NULL,'27/11/2024','coptic','2024-11-27 10:38:35','2024-11-27 10:38:35',NULL),(3899,81,1,61809,2477,1,NULL,NULL,'27/11/2024','coptic','2024-11-27 10:38:35','2024-11-27 10:38:35',NULL),(3900,81,1,61810,2477,1,NULL,NULL,'27/11/2024','coptic','2024-11-27 10:38:35','2024-11-27 10:38:35',NULL),(3901,81,1,61811,2477,1,NULL,NULL,'27/11/2024','coptic','2024-11-27 10:38:35','2024-11-27 10:38:35',NULL),(3902,81,1,61441,2462,2,'absent',NULL,'27/11/2024','coptic','2024-11-27 12:58:26','2024-11-27 14:29:57',NULL),(3903,81,1,61442,2462,2,'absent',NULL,'27/11/2024','coptic','2024-11-27 12:58:26','2024-11-27 14:29:57',NULL),(3904,81,1,61441,2462,2,NULL,NULL,'08/10/2024','coptic','2024-11-27 14:05:57','2024-11-27 14:05:57',NULL),(3905,81,1,61442,2462,2,'absent_with_excuse','sick','08/10/2024','coptic','2024-11-27 14:05:57','2024-11-27 15:52:45',NULL),(3906,81,1,61441,2462,3,NULL,NULL,'08/10/2024','coptic','2024-11-27 14:28:44','2024-11-27 14:28:44',NULL),(3907,81,1,61442,2462,3,NULL,NULL,'08/10/2024','coptic','2024-11-27 14:28:44','2024-11-27 14:28:44',NULL),(3908,81,1,61441,2462,1,'absent',NULL,'28/11/2024','coptic','2024-11-28 11:18:23','2024-11-28 12:24:08',NULL),(3909,81,1,61442,2462,1,'absent',NULL,'28/11/2024','coptic','2024-11-28 11:18:23','2024-11-28 12:24:08',NULL),(3910,81,1,61796,2477,1,'attended',NULL,'28/11/2024','coptic','2024-11-28 11:18:51','2024-11-28 12:31:49',NULL),(3911,81,1,61797,2477,1,'absent',NULL,'28/11/2024','coptic','2024-11-28 11:18:51','2024-11-28 12:31:49',NULL),(3912,81,1,61798,2477,1,'absent',NULL,'28/11/2024','coptic','2024-11-28 11:18:51','2024-11-28 12:31:49',NULL),(3913,81,1,61799,2477,1,'absent',NULL,'28/11/2024','coptic','2024-11-28 11:18:51','2024-11-28 12:31:49',NULL),(3914,81,1,61800,2477,1,'absent',NULL,'28/11/2024','coptic','2024-11-28 11:18:51','2024-11-28 12:31:49',NULL),(3915,81,1,61801,2477,1,'absent',NULL,'28/11/2024','coptic','2024-11-28 11:18:51','2024-11-28 12:31:49',NULL),(3916,81,1,61802,2477,1,'absent',NULL,'28/11/2024','coptic','2024-11-28 11:18:51','2024-11-28 12:31:49',NULL),(3917,81,1,61803,2477,1,'absent',NULL,'28/11/2024','coptic','2024-11-28 11:18:51','2024-11-28 12:31:49',NULL),(3918,81,1,61804,2477,1,'absent',NULL,'28/11/2024','coptic','2024-11-28 11:18:51','2024-11-28 12:31:49',NULL),(3919,81,1,61805,2477,1,'absent',NULL,'28/11/2024','coptic','2024-11-28 11:18:51','2024-11-28 12:31:49',NULL),(3920,81,1,61806,2477,1,'absent',NULL,'28/11/2024','coptic','2024-11-28 11:18:51','2024-11-28 12:31:49',NULL),(3921,81,1,61807,2477,1,'absent',NULL,'28/11/2024','coptic','2024-11-28 11:18:51','2024-11-28 12:31:49',NULL),(3922,81,1,61808,2477,1,'absent',NULL,'28/11/2024','coptic','2024-11-28 11:18:51','2024-11-28 12:31:49',NULL),(3923,81,1,61809,2477,1,'absent',NULL,'28/11/2024','coptic','2024-11-28 11:18:51','2024-11-28 12:31:49',NULL),(3924,81,1,61810,2477,1,'absent',NULL,'28/11/2024','coptic','2024-11-28 11:18:51','2024-11-28 12:31:49',NULL),(3925,81,1,61811,2477,1,NULL,NULL,'28/11/2024','coptic','2024-11-28 11:18:51','2024-11-28 11:18:51',NULL),(3926,81,1,61441,2462,2,NULL,NULL,'28/11/2024','coptic','2024-11-28 14:21:44','2024-11-28 14:21:44',NULL),(3927,81,1,61442,2462,2,NULL,NULL,'28/11/2024','coptic','2024-11-28 14:21:44','2024-11-28 14:21:44',NULL),(3928,81,1,61441,2462,3,'absent',NULL,'28/11/2024','coptic','2024-11-28 14:22:23','2024-11-28 15:44:54',NULL),(3929,81,1,61442,2462,3,'absent',NULL,'28/11/2024','coptic','2024-11-28 14:22:23','2024-11-28 15:44:43',NULL),(3930,81,1,61441,2462,1,NULL,NULL,'29/11/2024','coptic','2024-11-29 17:28:18','2024-11-29 17:28:18',NULL),(3931,81,1,61442,2462,1,NULL,NULL,'29/11/2024','coptic','2024-11-29 17:28:18','2024-11-29 17:28:18',NULL);

--
-- Table structure for table `periods`
--

CREATE TABLE `periods` (
  `id` bigint unsigned NOT NULL AUTO_INCREMENT,
  `name` varchar(150) COLLATE utf8mb4_unicode_ci NOT NULL,
  `created_at` timestamp NULL DEFAULT NULL,
  `updated_at` timestamp NULL DEFAULT NULL,
  PRIMARY KEY (`id`)
) ENGINE=InnoDB AUTO_INCREMENT=10 DEFAULT CHARSET=utf8mb4 COLLATE=utf8mb4_unicode_ci;

--
-- Dumping data for table `periods`
--

INSERT INTO `periods` (`id`, `name`, `created_at`, `updated_at`) VALUES (1,'الحصة الأولى','2024-08-21 08:50:12','2024-08-21 08:50:12'),(2,'الحصة الثانية','2024-08-21 08:50:12','2024-08-21 08:50:12'),(3,'الحصة الثالثة','2024-08-21 08:50:12','2024-08-21 08:50:12'),(4,'الحصة الرابعه','2024-08-21 08:50:12','2024-08-21 08:50:12'),(5,'الحصة الخامسه','2024-08-21 08:50:12','2024-08-21 08:50:12'),(6,'الحصة السادسة','2024-08-21 08:50:12','2024-08-21 08:50:12'),(7,'الحصة السابعه','2024-08-21 08:50:12','2024-08-21 08:50:12');

--
-- Table structure for table `permissions`
--

CREATE TABLE `permissions` (
  `id` bigint unsigned NOT NULL AUTO_INCREMENT,
  `name` varchar(191) COLLATE utf8mb4_unicode_ci NOT NULL,
  `name_ar` varchar(191) COLLATE utf8mb4_unicode_ci DEFAULT NULL,
  `parent_id` int NOT NULL DEFAULT '0',
  `guard_name` varchar(191) COLLATE utf8mb4_unicode_ci NOT NULL,
  `type` enum('super_admin','school_manager') CHARACTER SET utf8mb4 COLLATE utf8mb4_unicode_ci NOT NULL DEFAULT 'super_admin',
  `created_at` timestamp NULL DEFAULT NULL,
  `updated_at` timestamp NULL DEFAULT NULL,
  PRIMARY KEY (`id`),
  UNIQUE KEY `permissions_name_guard_name_unique` (`name`,`guard_name`)
) ENGINE=InnoDB AUTO_INCREMENT=95 DEFAULT CHARSET=utf8mb4 COLLATE=utf8mb4_unicode_ci;

--
-- Dumping data for table `permissions`
--

INSERT INTO `permissions` (`id`, `name`, `name_ar`, `parent_id`, `guard_name`, `type`, `created_at`, `updated_at`) VALUES (1,'home','الرئيسية',0,'api','super_admin','2024-11-25 14:01:35','2024-11-25 14:01:35'),(2,'videos',' مقاطع الفيديو',0,'api','super_admin','2024-11-25 14:01:35','2024-11-25 14:01:35'),(3,'quick-access',' الوصول السريع',0,'api','super_admin','2024-11-25 14:01:35','2024-11-25 14:01:35'),(4,'content-management',' إدارة المحتوى',0,'api','super_admin','2024-11-25 14:01:35','2024-11-25 14:01:35'),(5,'finance',' المالية',0,'api','super_admin','2024-11-25 14:01:35','2024-11-25 14:01:35'),(6,'clients',' العملاء',0,'api','super_admin','2024-11-25 14:01:35','2024-11-25 14:01:35'),(7,'reports','التقارير',0,'api','super_admin','2024-11-25 14:01:35','2024-11-25 14:01:35'),(8,'marketing',' التسويق',0,'api','super_admin','2024-11-25 14:01:35','2024-11-25 14:01:35'),(9,'alerts',' التنبيهات',0,'api','super_admin','2024-11-25 14:01:35','2024-11-25 14:01:35'),(10,'settings',' الإعدادات',0,'api','super_admin','2024-11-25 14:01:35','2024-11-25 14:01:35'),(11,'user-activities',' الأنشطة المستخدم',0,'api','super_admin','2024-11-25 14:01:35','2024-11-25 14:01:35'),(12,'orders','الطلبات',1,'api','super_admin','2024-11-25 14:03:53','2024-11-25 14:03:53'),(13,' revenues',' الإيرادات',1,'api','super_admin','2024-11-25 14:03:53','2024-11-25 14:03:53'),(14,'profits',' الأرباح',1,'api','super_admin','2024-11-25 14:03:53','2024-11-25 14:03:53'),(15,'number-of-schools',' عدد المدارس',1,'api','super_admin','2024-11-25 14:03:53','2024-11-25 14:03:53'),(16,'purchases',' عمليات الشراء',1,'api','super_admin','2024-11-25 14:03:53','2024-11-25 14:03:53'),(17,'academic-year-calendar',' تقويم العام الدراسي',1,'api','super_admin','2024-11-25 14:03:53','2024-11-25 14:03:53'),(18,'new-orders',' الطلبات الجديدة',1,'api','super_admin','2024-11-25 14:03:53','2024-11-25 14:03:53'),(19,'calendar','التقويم',4,'api','super_admin','2024-11-25 14:12:57','2024-11-25 14:12:57'),(20,' guides-and-regulations',' الأدلة-واللوائح',4,'api','super_admin','2024-11-25 14:12:57','2024-11-25 14:12:57'),(21,'pages',' الصفحات',4,'api','super_admin','2024-11-25 14:12:57','2024-11-25 14:12:57'),(22,'slides',' الاسلايد',4,'api','super_admin','2024-11-25 14:12:57','2024-11-25 14:12:57'),(23,'classrooms',' الفصول-الدراسية',4,'api','super_admin','2024-11-25 14:12:57','2024-11-25 14:12:57'),(24,'vacations',' الأجازات',4,'api','super_admin','2024-11-25 14:12:57','2024-11-25 14:12:57'),(25,'finance-full-permission','كامل-الصلاحية',5,'api','super_admin','2024-11-25 14:17:29','2024-11-25 14:17:29'),(26,'finance-read-only',' قراءة-فقط',5,'api','super_admin','2024-11-25 14:17:29','2024-11-25 14:17:29'),(27,'clients-full-permission','كامل-الصلاحية',6,'api','super_admin','2024-11-25 14:17:29','2024-11-25 14:17:29'),(28,'clients-read-only',' قراءة-فقط',6,'api','super_admin','2024-11-25 14:17:29','2024-11-25 14:17:29'),(29,'student-database','قاعدة-البيانات-الطلاب',8,'api','super_admin','2024-11-25 14:26:34','2024-11-25 14:26:34'),(30,'discount-coupons','كوبونات-الخصم',8,'api','super_admin','2024-11-25 14:26:34','2024-11-25 14:26:34'),(31,'marketing-full-permission',' قراءة-فقط',8,'api','super_admin','2024-11-25 14:26:34','2024-11-25 14:26:34'),(32,'marketing-read-only','قراءة-فقط',8,'api','super_admin','2024-11-25 14:28:07','2024-11-25 14:28:07'),(33,'alerts-full-permission','كامل-الصلاحية',9,'api','super_admin','2024-11-25 14:17:29','2024-11-25 14:17:29'),(34,'alerts-read-only',' قراءة-فقط',9,'api','super_admin','2024-11-25 14:17:29','2024-11-25 14:17:29'),(35,'users','المستخدمين',10,'api','super_admin','2024-11-25 14:32:19','2024-11-25 14:32:19'),(36,'school','المدرسة',0,'api','school_manager','2024-11-26 07:25:07','2024-11-26 07:25:07'),(37,'committee-and-team-meetings','اجتماعات اللجان والفرق',0,'api','school_manager','2024-11-26 07:25:07','2024-11-26 07:25:07'),(38,'assignments','التكليفات',0,'api','school_manager','2024-11-26 07:25:07','2024-11-26 07:25:07'),(39,'classroom-visits','الزيارات الصفية',0,'api','school_manager','2024-11-26 07:25:07','2024-11-26 07:25:07'),(40,'exams','الاختبارات',0,'api','school_manager','2024-11-26 07:25:07','2024-11-26 07:25:07'),(41,'violations-and-attendance','السلوك والمواظبة',0,'api','school_manager','2024-11-26 07:25:07','2024-11-26 07:25:07'),(42,'sms','الرسائل النصية',0,'api','school_manager','2024-11-26 07:25:07','2024-11-26 07:25:07'),(43,'archive','الأرشيف',0,'api','school_manager','2024-11-26 07:25:07','2024-11-26 07:25:07'),(44,'school-manager-settings','الإعدادات',0,'api','school_manager','2024-11-26 07:25:07','2024-11-26 07:25:07'),(45,'forms','النماذج',0,'api','school_manager','2024-11-26 07:25:07','2024-11-26 07:25:07'),(46,'school-manager-reports','التقارير',0,'api','school_manager','2024-11-26 07:25:07','2024-11-26 07:25:07'),(47,'official-letters','الخطابات الرسمية',0,'api','school_manager','2024-11-26 07:25:07','2024-11-26 07:25:07'),(48,'tables','الجداول',0,'api','school_manager','2024-11-26 07:25:07','2024-11-26 07:25:07'),(49,'school-data','بيانات المدرسة',36,'api','school_manager','2024-11-26 07:40:50','2024-11-26 07:40:50'),(50,'school-students',' طالبات المدرسة',36,'api','school_manager','2024-11-26 07:40:50','2024-11-26 07:40:50'),(51,'school-teachers',' معلمات المدرسة',36,'api','school_manager','2024-11-26 07:40:50','2024-11-26 07:40:50'),(52,'school-administrative','إداريي المدرسة',36,'api','school_manager','2024-11-26 07:40:50','2024-11-26 07:40:50'),(53,'teachers-data','بيانات المعلمات',51,'api','school_manager','2024-11-26 07:43:42','2024-11-26 07:43:42'),(54,'teacher-attendance-and-lateness-platform','الحضور والغياب التأخر المنصة',51,'api','school_manager','2024-11-26 07:43:42','2024-11-26 07:43:42'),(55,'teacher-attendance-and-lateness-app','الحضور والغياب التأخر التطبيق',51,'api','school_manager','2024-11-26 07:43:42','2024-11-26 07:43:42'),(56,'administrators-data','بيانات الإداريات',52,'api','school_manager','2024-11-26 07:52:03','2024-11-26 07:52:03'),(57,'adminstrative-attendance-and-lateness-platform','الحضور والغياب والتأخر المنصة',52,'api','school_manager','2024-11-26 07:52:03','2024-11-26 07:52:03'),(58,'adminstrative-attendance-and-lateness-app',' الحضور والغياب والتأخر التطبيق',52,'api','school_manager','2024-11-26 07:52:03','2024-11-26 07:52:03'),(59,'administrative-committee','اللجنة الإدارية',37,'api','school_manager','2024-11-26 07:55:41','2024-11-26 07:55:41'),(60,'guidance-and-counseling-committee','لجنة التوجيه والإرشاد',37,'api','school_manager','2024-11-26 07:55:41','2024-11-26 07:55:41'),(61,'academic-achievement-committee','لجنة التحصيل الدراسي',37,'api','school_manager','2024-11-26 07:55:41','2024-11-26 07:55:41'),(62,'excellence-committee','لجنة التميز',37,'api','school_manager','2024-11-26 07:55:41','2024-11-26 07:55:41'),(63,'school-fund-team',' فريق عمل الصندوق المدرسي',37,'api','school_manager','2024-11-26 07:55:41','2024-11-26 07:55:41'),(64,'school-safety-and security-team','فريق الأمن والسلامة المدرسية',37,'api','school_manager','2024-11-26 07:55:41','2024-11-26 07:55:41'),(65,'special-education-team','فريق عمل التربية الخاصة',37,'api','school_manager','2024-11-26 07:55:41','2024-11-26 07:55:41'),(66,'letters','الخطابات',47,'api','school_manager','2024-11-26 08:00:39','2024-11-26 08:00:39'),(67,'circulars','التعاميم',47,'api','school_manager','2024-11-26 08:00:39','2024-11-26 08:00:39'),(68,'proceeds','المحاضر',47,'api','school_manager','2024-11-26 08:00:39','2024-11-26 08:00:39'),(69,'shift-schedules','جداول المناوبة',48,'api','school_manager','2024-11-26 08:45:40','2024-11-26 08:45:40'),(70,'supervision-schedules','جداول الإشراف',48,'api','school_manager','2024-11-26 08:45:40','2024-11-26 08:45:40'),(71,'classroom-visits-schedules','جداول تأمين حصص الانتظار',48,'api','school_manager','2024-11-26 08:45:40','2024-11-26 08:45:40'),(72,'waiting-periods-schedules','جداول الزيارات الصفية المتبادلة',48,'api','school_manager','2024-11-26 08:45:40','2024-11-26 08:45:40'),(73,'exams-schedules','جداول الاختبارات',48,'api','school_manager','2024-11-26 08:45:40','2024-11-26 08:45:40'),(74,'exam-supervision-committees','لجان الاشراف على الاختبارات',40,'api','school_manager','2024-11-26 08:52:05','2024-11-26 08:52:05'),(75,'student-exam-committees','لجان الاختبارات للطلاب',40,'api','school_manager','2024-11-26 08:52:05','2024-11-26 08:52:05'),(76,'exam-plan-templates','نماذج خطة الاختبارات',40,'api','school_manager','2024-11-26 08:52:05','2024-11-26 08:52:05'),(77,'behavior-violations','السلوك المخالفات',41,'api','school_manager','2024-11-26 08:53:39','2024-11-26 08:53:39'),(78,'attendance-lateness-and-absence-platform','المواظبة-التأخر والغياب المنصة',41,'api','school_manager','2024-11-26 08:53:39','2024-11-26 08:53:39'),(79,'attendance-lateness-and-absence-app','المواظبة التأخروالغياب التطبيق',41,'api','school_manager','2024-11-26 08:53:39','2024-11-26 08:53:39'),(80,'guidelines-and-regulations','الأدلة واللوائح',45,'api','school_manager','2024-11-26 09:34:31','2024-11-26 09:34:31'),(81,'school-manager','مدير المدرسة',45,'api','school_manager','2024-11-26 09:34:31','2024-11-26 09:34:31'),(82,'educational-affairs','الشؤون التعليمية',45,'api','school_manager','2024-11-26 09:34:31','2024-11-26 09:34:31'),(83,'students-affairs','شؤون الطالبات',45,'api','school_manager','2024-11-26 09:34:31','2024-11-26 09:34:31'),(84,'school-affairs','الشؤون المدرسية',45,'api','school_manager','2024-11-26 09:34:31','2024-11-26 09:34:31'),(85,'various-forms','نماذج متنوعة',45,'api','school_manager','2024-11-26 09:34:31','2024-11-26 09:34:31'),(86,'principal-reports','تقارير مديرة المدرسة',46,'api','school_manager','2024-11-26 09:46:30','2024-11-26 09:46:30'),(87,'educational-affairs-reports','تقارير الشؤون التعليمية',46,'api','school_manager','2024-11-26 09:46:30','2024-11-26 09:46:30'),(88,'students-affairs-reports','تقارير شؤون الطالبات',46,'api','school_manager','2024-11-26 09:46:30','2024-11-26 09:46:30'),(89,'school-affairs-repors','تقارير الشؤون المدرسية',46,'api','school_manager','2024-11-26 09:46:30','2024-11-26 09:46:30'),(90,'general-settings','إعدادات-عامة',44,'api','school_manager','2024-11-26 09:48:38','2024-11-26 09:48:38'),(91,'user-settings','إعدادات-المستخدمين',44,'api','school_manager','2024-11-26 09:48:38','2024-11-26 09:48:38'),(92,'notification-settings','إعدادات-التنبيهات',44,'api','school_manager','2024-11-26 09:48:38','2024-11-26 09:48:38'),(93,'subscriptions-and-bills','الاشتراكات-والفواتير',44,'api','school_manager','2024-11-26 09:48:38','2024-11-26 09:48:38'),(94,'help-center','مركز-المساعدة',44,'api','school_manager','2024-11-26 09:48:38','2024-11-26 09:48:38');

--
-- Table structure for table `procedure_names`
--

CREATE TABLE `procedure_names` (
  `id` bigint unsigned NOT NULL AUTO_INCREMENT,
  `name` varchar(191) COLLATE utf8mb4_unicode_ci NOT NULL,
  `created_at` timestamp NULL DEFAULT NULL,
  `updated_at` timestamp NULL DEFAULT NULL,
  PRIMARY KEY (`id`)
) ENGINE=InnoDB AUTO_INCREMENT=61 DEFAULT CHARSET=utf8mb4 COLLATE=utf8mb4_unicode_ci;

--
-- Dumping data for table `procedure_names`
--

INSERT INTO `procedure_names` (`id`, `name`, `created_at`, `updated_at`) VALUES (1,'الإجراء الاول','2024-08-21 08:50:11','2024-08-21 08:50:11'),(2,'الإجراء الثاني','2024-08-21 08:50:11','2024-08-21 08:50:11'),(3,'الإجراء الثالث','2024-08-21 08:50:11','2024-08-21 08:50:11'),(4,'الإجراء الرابع','2024-08-21 08:50:11','2024-08-21 08:50:11'),(5,'الإجراء الخامس','2024-08-21 08:50:11','2024-08-21 08:50:11'),(6,'الإجراء السادس','2024-08-21 08:50:11','2024-08-21 08:50:11'),(7,'الإجراء السابع','2024-08-21 08:50:11','2024-08-21 08:50:11'),(8,'الإجراء الثامن','2024-08-21 08:50:11','2024-08-21 08:50:11'),(9,'الإجراء التاسع','2024-08-21 08:50:11','2024-08-21 08:50:11'),(10,'الإجراء العاشر','2024-08-21 08:50:11','2024-08-21 08:50:11');

--
-- Table structure for table `proceed_users`
--

CREATE TABLE `proceed_users` (
  `id` bigint unsigned NOT NULL AUTO_INCREMENT,
  `employee_id` bigint unsigned NOT NULL,
  `proceed_id` bigint unsigned NOT NULL,
  `deleted_at` timestamp NULL DEFAULT NULL,
  `created_at` timestamp NULL DEFAULT NULL,
  `updated_at` timestamp NULL DEFAULT NULL,
  PRIMARY KEY (`id`),
  KEY `proceed_users_proceed_id_foreign` (`proceed_id`),
  KEY `proceed_users_employee_id_foreign` (`employee_id`),
  CONSTRAINT `delete user` FOREIGN KEY (`employee_id`) REFERENCES `school_employees` (`id`) ON DELETE CASCADE ON UPDATE RESTRICT,
  CONSTRAINT `proceed_users_employee_id_foreign` FOREIGN KEY (`employee_id`) REFERENCES `school_employees` (`id`) ON DELETE CASCADE,
  CONSTRAINT `proceed_users_proceed_id_foreign` FOREIGN KEY (`proceed_id`) REFERENCES `proceeds` (`id`) ON DELETE CASCADE
) ENGINE=InnoDB AUTO_INCREMENT=107 DEFAULT CHARSET=utf8mb4 COLLATE=utf8mb4_unicode_ci;

--
-- Dumping data for table `proceed_users`
--

INSERT INTO `proceed_users` (`id`, `employee_id`, `proceed_id`, `deleted_at`, `created_at`, `updated_at`) VALUES (9,174,11,NULL,'2024-09-04 13:19:49','2024-09-04 13:19:49'),(10,175,12,NULL,'2024-09-04 13:19:57','2024-09-04 13:19:57'),(12,178,17,NULL,'2024-09-04 13:21:28','2024-09-04 13:21:28'),(13,178,18,NULL,'2024-09-04 13:24:27','2024-09-04 13:24:27'),(14,178,31,NULL,'2024-09-05 13:59:45','2024-09-05 13:59:45'),(15,178,32,NULL,'2024-09-05 13:59:57','2024-09-05 13:59:57'),(16,178,33,NULL,'2024-09-05 14:00:09','2024-09-05 14:00:09'),(17,178,34,NULL,'2024-09-05 14:06:43','2024-09-05 14:06:43'),(20,177,44,NULL,'2024-09-06 08:01:45','2024-09-06 08:01:45'),(21,178,44,NULL,'2024-09-06 08:01:45','2024-09-06 08:01:45'),(23,174,44,NULL,'2024-09-06 08:01:45','2024-09-06 08:01:45'),(24,175,44,NULL,'2024-09-06 08:01:45','2024-09-06 08:01:45'),(26,177,47,NULL,'2024-09-06 08:14:14','2024-09-06 08:14:14'),(28,177,48,NULL,'2024-09-06 08:52:52','2024-09-06 08:52:52'),(30,177,51,NULL,'2024-09-09 04:49:58','2024-09-09 04:49:58'),(31,178,51,NULL,'2024-09-09 04:49:58','2024-09-09 04:49:58'),(33,174,51,NULL,'2024-09-09 04:49:58','2024-09-09 04:49:58'),(34,175,51,NULL,'2024-09-09 04:49:58','2024-09-09 04:49:58'),(35,174,52,NULL,'2024-09-09 04:50:12','2024-09-09 04:50:12'),(37,178,52,NULL,'2024-09-09 04:50:12','2024-09-09 04:50:12'),(39,634,53,NULL,'2024-09-12 09:12:21','2024-09-12 09:12:21'),(40,633,53,NULL,'2024-09-12 09:12:21','2024-09-12 09:12:21'),(41,634,54,NULL,'2024-09-12 09:12:44','2024-09-12 09:12:44'),(42,633,54,NULL,'2024-09-12 09:12:44','2024-09-12 09:12:44'),(43,633,2,NULL,'2024-09-12 09:15:05','2024-09-12 09:15:05'),(44,634,16,NULL,'2024-09-12 09:19:13','2024-09-12 09:19:13'),(45,633,16,NULL,'2024-09-12 09:19:13','2024-09-12 09:19:13'),(46,634,1,NULL,'2024-09-12 09:22:34','2024-09-12 09:22:34'),(47,633,1,NULL,'2024-09-12 09:22:34','2024-09-12 09:22:34'),(48,634,55,NULL,'2024-09-12 09:23:26','2024-09-12 09:23:26'),(49,634,56,NULL,'2024-09-12 09:25:16','2024-09-12 09:25:16'),(50,633,56,NULL,'2024-09-12 09:25:16','2024-09-12 09:25:16'),(53,634,57,NULL,'2024-09-12 09:31:04','2024-09-12 09:31:04'),(55,177,43,NULL,'2024-09-16 05:59:29','2024-09-16 05:59:29'),(56,178,43,NULL,'2024-09-16 05:59:29','2024-09-16 05:59:29'),(58,174,43,NULL,'2024-09-16 05:59:29','2024-09-16 05:59:29'),(59,175,43,NULL,'2024-09-16 05:59:29','2024-09-16 05:59:29'),(64,177,60,NULL,'2024-09-16 06:01:46','2024-09-16 06:01:46'),(65,178,60,NULL,'2024-09-16 06:01:46','2024-09-16 06:01:46'),(67,177,59,NULL,'2024-09-16 06:08:34','2024-09-16 06:08:34'),(68,178,59,NULL,'2024-09-16 06:08:34','2024-09-16 06:08:34'),(70,174,59,NULL,'2024-09-16 06:08:34','2024-09-16 06:08:34'),(71,175,59,NULL,'2024-09-16 06:08:34','2024-09-16 06:08:34'),(72,687,61,NULL,'2024-09-16 08:14:50','2024-09-16 08:14:50'),(73,688,61,NULL,'2024-09-16 08:14:50','2024-09-16 08:14:50'),(74,688,62,NULL,'2024-09-16 08:16:03','2024-09-16 08:16:03'),(75,687,62,NULL,'2024-09-16 08:16:03','2024-09-16 08:16:03'),(77,178,67,NULL,'2024-09-16 09:08:27','2024-09-16 09:08:27'),(79,177,68,NULL,'2024-09-16 09:39:00','2024-09-16 09:39:00'),(80,178,69,NULL,'2024-09-16 09:43:29','2024-09-16 09:43:29'),(82,177,69,NULL,'2024-09-16 09:43:29','2024-09-16 09:43:29'),(84,177,70,NULL,'2024-09-16 09:44:24','2024-09-16 09:44:24'),(85,178,70,NULL,'2024-09-16 09:44:24','2024-09-16 09:44:24'),(87,174,70,NULL,'2024-09-16 09:44:24','2024-09-16 09:44:24'),(88,175,70,NULL,'2024-09-16 09:44:24','2024-09-16 09:44:24'),(90,177,71,NULL,'2024-09-16 09:57:55','2024-09-16 09:57:55'),(91,178,71,NULL,'2024-09-16 09:57:55','2024-09-16 09:57:55'),(93,174,71,NULL,'2024-09-16 09:57:55','2024-09-16 09:57:55'),(94,175,71,NULL,'2024-09-16 09:57:55','2024-09-16 09:57:55'),(95,177,72,NULL,'2024-09-16 09:58:46','2024-09-16 09:58:46'),(96,178,72,NULL,'2024-09-16 09:58:46','2024-09-16 09:58:46'),(97,178,73,NULL,'2024-09-16 10:02:21','2024-09-16 10:02:21'),(98,177,73,NULL,'2024-09-16 10:02:21','2024-09-16 10:02:21'),(101,177,77,NULL,'2024-09-19 12:26:13','2024-09-19 12:26:13');

--
-- Table structure for table `proceeds`
--

CREATE TABLE `proceeds` (
  `id` bigint unsigned NOT NULL AUTO_INCREMENT,
  `namazeg_version_id` bigint unsigned DEFAULT NULL,
  `proceed_type` enum('destruction','loss','incident','general') COLLATE utf8mb4_unicode_ci NOT NULL,
  `date` varchar(150) COLLATE utf8mb4_unicode_ci DEFAULT NULL,
  `school_id` int DEFAULT NULL,
  `date_type` enum('coptic','hijri') COLLATE utf8mb4_unicode_ci NOT NULL,
  `title` varchar(150) COLLATE utf8mb4_unicode_ci NOT NULL,
  `text` text COLLATE utf8mb4_unicode_ci,
  `deleted_at` timestamp NULL DEFAULT NULL,
  `created_at` timestamp NULL DEFAULT NULL,
  `updated_at` timestamp NULL DEFAULT NULL,
  PRIMARY KEY (`id`),
  KEY `proceeds_namazeg_version_id_foreign` (`namazeg_version_id`),
  CONSTRAINT `proceeds_namazeg_version_id_foreign` FOREIGN KEY (`namazeg_version_id`) REFERENCES `namazeg_versions` (`id`) ON DELETE CASCADE
) ENGINE=InnoDB AUTO_INCREMENT=81 DEFAULT CHARSET=utf8mb4 COLLATE=utf8mb4_unicode_ci;

--
-- Dumping data for table `proceeds`
--

INSERT INTO `proceeds` (`id`, `namazeg_version_id`, `proceed_type`, `date`, `school_id`, `date_type`, `title`, `text`, `deleted_at`, `created_at`, `updated_at`) VALUES (1,NULL,'general','13/09/2024',1,'coptic','محضر عام 55','محضر عام 55',NULL,'2024-08-22 20:20:15','2024-09-12 09:22:34'),(2,NULL,'incident','24/08/2024',1,'coptic','محضر عام 55','محضر اتلاف 55',NULL,'2024-08-23 11:41:45','2024-09-12 09:15:05'),(3,NULL,'destruction','24/08/2024',1,'coptic','محضر عام واحد','محضر عام','2024-09-04 09:53:42','2024-08-23 11:41:52','2024-09-04 09:53:42'),(4,NULL,'loss','24/08/2024',1,'coptic','محضر عام واحد','محضر عام','2024-09-04 09:52:50','2024-08-23 11:41:57','2024-09-04 09:52:50'),(5,NULL,'general','24/08/2024',1,'coptic','محضر عام واحد','محضر عام','2024-09-04 09:51:36','2024-08-23 11:42:02','2024-09-04 09:51:36'),(7,NULL,'general','24/08/2024',2,'coptic','محضر عام واحد','محضر عام',NULL,'2024-09-04 12:55:50','2024-09-04 12:55:50'),(10,NULL,'general','24/08/2024',81,'coptic','محضر عام واحد','محضر عام','2024-09-16 08:41:35','2024-09-04 13:19:34','2024-09-16 08:41:35'),(11,NULL,'general','24/08/2024',81,'coptic','محضر عام واحد','محضر عام1','2024-09-16 08:41:45','2024-09-04 13:19:49','2024-09-16 08:41:45'),(12,NULL,'general','24/08/2024',81,'coptic','محضر عام واحد','محضر عام2','2024-09-16 08:41:53','2024-09-04 13:19:57','2024-09-16 08:41:53'),(13,NULL,'loss','24/08/2024',81,'coptic','محضر عام واحد','محضر عام2','2024-09-05 14:16:58','2024-09-04 13:20:07','2024-09-05 14:16:58'),(14,NULL,'destruction','24/08/2024',81,'coptic','محضر عام واحد','محضر اتلاف','2024-09-05 14:16:37','2024-09-04 13:20:39','2024-09-05 14:16:37'),(15,NULL,'destruction','16/09/2024',81,'coptic','محضر عام 555','محضر عام 555','2024-09-16 08:40:08','2024-09-04 13:20:46','2024-09-16 08:40:08'),(16,NULL,'incident','13/09/2024',81,'coptic','محضر واقعة 55','محضر واقعة 55','2024-09-16 08:47:31','2024-09-04 13:21:19','2024-09-16 08:47:31'),(17,NULL,'incident','24/08/2024',81,'coptic','محضر عام واحد','محضر واقعة1','2024-09-16 08:40:53','2024-09-04 13:21:28','2024-09-16 08:40:53'),(18,NULL,'incident','24/08/2024',81,'coptic','محضر عام واحد','محضر واقعة1','2024-09-16 08:40:57','2024-09-04 13:24:27','2024-09-16 08:40:57'),(19,NULL,'loss','13/09/2024',81,'coptic','محضر فقد 55','محضر فقد 55','2024-09-16 09:06:59','2024-09-04 13:29:24','2024-09-16 09:06:59'),(20,NULL,'destruction','24/08/2024',81,'coptic','بحث عن محضر فقد1','بحث عن محضر فقد1','2024-09-05 14:16:48','2024-09-05 13:24:26','2024-09-05 14:16:48'),(21,NULL,'destruction','24/08/2024',81,'coptic','بحث عن محضر اتلاف1','بحث عن محضر اتلاف1','2024-09-16 08:40:10','2024-09-05 13:24:47','2024-09-16 08:40:10'),(22,NULL,'destruction','24/08/2024',81,'coptic','بحث عن محضر اتلاف2','بحث عن محضر اتلاف2','2024-09-16 08:40:13','2024-09-05 13:24:56','2024-09-16 08:40:13'),(23,NULL,'destruction','24/08/2024',81,'coptic','بحث عن محضر اتلاف3','بحث عن محضر اتلاف3','2024-09-16 08:40:16','2024-09-05 13:25:19','2024-09-16 08:40:16'),(24,NULL,'destruction','24/08/2024',81,'coptic','بحث عن محضر اتلاف3','بحث عن محضر اتلاف3','2024-09-16 08:40:19','2024-09-05 13:25:55','2024-09-16 08:40:19'),(25,NULL,'loss','24/08/2024',81,'coptic','بحث عن محضر فقد 5','بحث عن محضر اتلاف 5','2024-09-16 09:07:02','2024-09-05 13:42:59','2024-09-16 09:07:02'),(26,NULL,'loss','24/08/2024',81,'coptic','بحث عن محضر فقد 10','بحث عن محضر اتلاف 10','2024-09-16 09:07:05','2024-09-05 13:43:09','2024-09-16 09:07:05'),(27,NULL,'loss','24/08/2024',81,'coptic','بحث عن محضر فقد 15','بحث عن محضر اتلاف 15','2024-09-16 09:07:09','2024-09-05 13:43:18','2024-09-16 09:07:09'),(28,NULL,'loss','24/08/2024',81,'coptic','بحث عن محضر فقد 20','بحث عن محضر اتلاف 20','2024-09-16 09:07:11','2024-09-05 13:43:26','2024-09-16 09:07:11'),(29,NULL,'loss','24/08/2024',81,'coptic','بحث عن محضر فقد 25','بحث عن محضر اتلاف 25','2024-09-16 09:07:14','2024-09-05 13:43:33','2024-09-16 09:07:14'),(30,NULL,'loss','24/08/2024',81,'coptic','بحث عن محضر فقد 30','بحث عن محضر اتلاف 30','2024-09-16 09:07:16','2024-09-05 13:43:40','2024-09-16 09:07:16'),(31,NULL,'incident','24/08/2024',81,'coptic','بحث عن محضر واقعة 30','بحث عن محضر واقعة 30','2024-09-05 14:17:07','2024-09-05 13:59:45','2024-09-05 14:17:07'),(32,NULL,'incident','24/08/2024',81,'coptic','بحث عن محضر واقعة 25','بحث عن محضر واقعة 25','2024-09-16 08:47:35','2024-09-05 13:59:57','2024-09-16 08:47:35'),(33,NULL,'incident','24/08/2024',81,'coptic','بحث عن محضر واقعة 20','بحث عن محضر واقعة 20','2024-09-16 08:47:38','2024-09-05 14:00:09','2024-09-16 08:47:38'),(34,NULL,'general','24/08/2024',81,'coptic','بحث عن محضر عام 20','بحث عن محضر واقعة 20','2024-09-16 08:47:17','2024-09-05 14:06:43','2024-09-16 08:47:17'),(35,NULL,'loss','24/08/2024',81,'coptic','بحث عن محضر عام 20','بحث عن محضر واقعة 20','2024-09-16 09:07:18','2024-09-06 06:26:37','2024-09-16 09:07:18'),(36,NULL,'destruction','07/09/2024',81,'coptic','محضر اتلاف','محضر اتلاف,محضر اتلاف,محضر اتلاف,محضر اتلاف,محضر اتلاف,','2024-09-16 08:40:22','2024-09-06 06:43:49','2024-09-16 08:40:22'),(37,NULL,'destruction','19/09/2024',81,'coptic','محضر اتلاف,','محضر اتلاف,محضر اتلاف,','2024-09-16 08:40:25','2024-09-06 06:44:35','2024-09-16 08:40:25'),(38,NULL,'destruction','07/09/2024',81,'coptic','testRefetch','testRefetchtestRefetchtestRefetch','2024-09-16 08:40:28','2024-09-06 06:46:49','2024-09-16 08:40:28'),(39,NULL,'destruction','06/09/2024',81,'coptic','refetchDestructionProceeds','<pre><code class=\"language-typescriptreact\">refetchDestructionProceeds</code></pre>','2024-09-16 08:40:31','2024-09-06 06:48:53','2024-09-16 08:40:31'),(40,NULL,'loss','25/09/2024',81,'coptic','انشاء محضر فقدان','<ol style=\"text-align: start\"><li style=\"color: rgba(0, 0, 0, 0.88)\"><span style=\"color: var(--main-color)\"><strong>محضر فقدان محضر فقدان محضر فقدان محضر فقدان</strong></span></li></ol>','2024-09-16 09:07:20','2024-09-06 06:55:37','2024-09-16 09:07:20'),(43,NULL,'incident','17/09/2024',81,'coptic','test2','test update test2','2024-09-16 08:47:42','2024-09-06 07:25:46','2024-09-16 08:47:42'),(44,NULL,'incident','06/09/2024',81,'coptic','test','testtesttesttesttesttesttesttesttesttesttest','2024-09-16 08:47:45','2024-09-06 08:01:45','2024-09-16 08:47:45'),(47,NULL,'incident','06/09/2024',81,'coptic','test','testtesttesttesttesttesttesttesttesttesttesttesttesttesttesttesttesttesttesttesttesttesttesttesttest','2024-09-16 08:47:48','2024-09-06 08:14:14','2024-09-16 08:47:48'),(48,NULL,'general','06/09/2024',81,'coptic','محضر عام 121','محضر عام 121محضر عام 121محضر عام 121محضر عام 121','2024-09-16 08:47:22','2024-09-06 08:52:52','2024-09-16 08:47:22'),(49,NULL,'destruction','10/09/2024',81,'coptic','testOnSubmit','testOnSubmit','2024-09-16 08:40:33','2024-09-09 04:49:32','2024-09-16 08:40:33'),(50,NULL,'loss','10/09/2024',81,'coptic','testOnSubmit','testOnSubmit','2024-09-16 09:07:22','2024-09-09 04:49:43','2024-09-16 09:07:22'),(51,NULL,'incident','10/09/2024',81,'coptic','testOnSubmit','testOnSubmit','2024-09-16 08:47:50','2024-09-09 04:49:58','2024-09-16 08:47:50'),(52,NULL,'general','10/09/2024',81,'coptic','testOnSubmit','testOnSubmit','2024-09-16 08:47:25','2024-09-09 04:50:12','2024-09-16 08:47:25'),(53,NULL,'incident','13/09/2024',102,'coptic','محضر واقعة 122','محضر واقعة 122',NULL,'2024-09-12 09:12:21','2024-09-12 09:12:21'),(54,NULL,'general','13/09/2024',102,'coptic','محضر واقعة 122','محضر واقعة 122',NULL,'2024-09-12 09:12:44','2024-09-12 09:12:44'),(55,NULL,'general','13/09/2024',102,'coptic','test refetch 1','test refetch 1',NULL,'2024-09-12 09:23:26','2024-09-12 09:23:26'),(56,NULL,'general','13/09/2024',102,'coptic','test refetch 2','<span style=\"color: rgba(0, 0, 0, 0.88); font-size: 16px\">test refetch 2</span>',NULL,'2024-09-12 09:25:16','2024-09-12 09:25:16'),(57,NULL,'general','13/09/2024',102,'coptic','test refetch 3 update 1','test refetch 3 update 1',NULL,'2024-09-12 09:28:06','2024-09-12 09:31:04'),(58,NULL,'destruction','15/09/2024',81,'coptic','test incident','test incident','2024-09-16 08:40:35','2024-09-15 13:51:03','2024-09-16 08:40:35'),(59,NULL,'incident','16/09/2024',81,'coptic','اختبار محضر واقعة ابديت','اختبار محضر واقعة , اختبار محضر واقعة , اختبار محضر واقعة ابديت','2024-09-16 09:08:07','2024-09-16 06:00:58','2024-09-16 09:08:07'),(60,NULL,'incident','16/09/2024',81,'coptic','اختبار محضر واقعة','اختبار محضر واقعة , اختبار محضر واقعة , اختبار محضر واقعة','2024-09-16 09:08:10','2024-09-16 06:01:46','2024-09-16 09:08:10'),(61,NULL,'incident','16/09/2024',80,'coptic','محضر واقعة 80','محضر واقعة 80',NULL,'2024-09-16 08:14:50','2024-09-16 08:14:50'),(62,NULL,'general','16/09/2024',80,'coptic','محضر عام 80','محضر عام 80',NULL,'2024-09-16 08:16:03','2024-09-16 08:16:03'),(63,NULL,'destruction','16/09/2024',81,'coptic','محضر اتلاف 1','محضر اتلاف 1','2024-09-16 13:30:58','2024-09-16 09:01:46','2024-09-16 13:30:58'),(64,NULL,'destruction','16/09/2024',81,'coptic','محضر اتلاف 2','محضر اتلاف 2','2024-09-16 13:31:01','2024-09-16 09:03:02','2024-09-16 13:31:01'),(65,NULL,'destruction','25/09/2024',81,'coptic','محضر اتلاف 3','محضر اتلاف 3','2024-09-16 13:31:03','2024-09-16 09:04:32','2024-09-16 13:31:03'),(66,NULL,'loss','16/09/2024',81,'coptic','محضر فقدان 1','محضر فقدان 1','2024-09-16 13:31:07','2024-09-16 09:07:57','2024-09-16 13:31:07'),(67,NULL,'incident','16/09/2024',81,'coptic','محضر واقعة 1','محضر واقعة 1','2024-09-16 13:31:14','2024-09-16 09:08:27','2024-09-16 13:31:14'),(68,NULL,'general','16/09/2024',81,'coptic','محضر عام 1','محضر عام 1محضر عام 1','2024-09-16 13:31:18','2024-09-16 09:39:00','2024-09-16 13:31:18'),(69,NULL,'general','16/09/2024',81,'coptic','محضر عام 2','محضر عام 2','2024-09-16 13:31:20','2024-09-16 09:43:29','2024-09-16 13:31:20'),(70,NULL,'general','16/09/2024',81,'coptic','test 3','test3test3test3','2024-09-16 13:31:22','2024-09-16 09:44:24','2024-09-16 13:31:22'),(71,NULL,'general','16/09/2024',81,'coptic','test4','test4test4test4','2024-09-16 13:31:25','2024-09-16 09:57:55','2024-09-16 13:31:25'),(72,NULL,'general','16/09/2024',81,'coptic','test5','test5test5test5','2024-09-16 13:31:27','2024-09-16 09:58:46','2024-09-16 13:31:27'),(73,NULL,'general','16/09/2024',81,'coptic','test10','test10test10test10test10test10test10test10','2024-09-16 13:31:29','2024-09-16 10:02:21','2024-09-16 13:31:29'),(74,7,'destruction','19/09/2024',81,'coptic','محضر اتلاف 1olo','<strong>محضر اتلاف 1محضر اتلاف 1محضر اتلاف 1</strong>',NULL,'2024-09-19 10:09:43','2024-09-23 15:44:56'),(75,8,'destruction','19/09/2024',81,'coptic','محضر اتلاف 3','محضر اتلاف 3',NULL,'2024-09-19 12:24:10','2024-09-19 12:24:32'),(76,9,'loss','26/09/2024',81,'coptic','محضر فقدان 11','محضر فقدان 11',NULL,'2024-09-19 12:25:11','2024-09-19 12:25:29'),(77,10,'incident','23/09/2024',81,'coptic','محضر واقعة','<strong>محضر واقعة و محضر واقعة</strong>',NULL,'2024-09-19 12:26:13','2024-09-19 12:26:13'),(78,11,'general','20/09/2024',81,'coptic','محضر عام 1','<u><strong>محضر عام 1 ... محضر عام 1</strong></u>',NULL,'2024-09-20 07:05:52','2024-09-20 07:05:52'),(79,13,'incident','22/09/2024',81,'coptic','محضر واقعة','<span style=\"color: rgba(0, 0, 0, 0.88); font-size: 22px\"><strong>محضر واقعة</strong></span>',NULL,'2024-09-22 04:50:06','2024-09-22 04:50:06');

--
