-- Table structure for table `products`
--

CREATE TABLE `products` (
  `id` bigint unsigned NOT NULL AUTO_INCREMENT,
  `name` varchar(191) CHARACTER SET utf8mb4 COLLATE utf8mb4_unicode_ci NOT NULL,
  `type` enum('subscription','sms') CHARACTER SET utf8mb4 COLLATE utf8mb4_unicode_ci NOT NULL,
  `price` int NOT NULL,
  `messages_count` int DEFAULT NULL,
  `description` text CHARACTER SET utf8mb4 COLLATE utf8mb4_unicode_ci,
  `created_at` timestamp NULL DEFAULT NULL,
  `updated_at` timestamp NULL DEFAULT NULL,
  `deleted_at` timestamp NULL DEFAULT NULL,
  PRIMARY KEY (`id`)
) ENGINE=InnoDB AUTO_INCREMENT=6 DEFAULT CHARSET=utf8mb4 COLLATE=utf8mb4_unicode_ci;

--
-- Dumping data for table `products`
--

INSERT INTO `products` (`id`, `name`, `type`, `price`, `messages_count`, `description`, `created_at`, `updated_at`, `deleted_at`) VALUES (1,'اشتراك سنوي','subscription',3000,NULL,'اشتراك سنوي','2024-11-14 13:33:20','2024-11-14 13:33:20',NULL),(2,'باقة برونزية','sms',100,100,'رسالة 1000','2024-11-14 13:33:20','2024-11-14 13:33:20',NULL),(3,'باقة فضية','sms',2000,2000,'رسالة 2500','2024-11-14 13:33:20','2024-11-14 13:33:20',NULL),(4,'باقة ذهبية','sms',3000,3000,'رسالة 5000','2024-11-14 13:33:20','2024-11-14 13:33:20',NULL),(5,'باقة تجريبيه','sms',0,5,'رسالة 5','2024-11-14 13:33:20','2024-11-14 13:33:20',NULL);

--
-- Table structure for table `related_violations`
--

CREATE TABLE `related_violations` (
  `id` bigint unsigned NOT NULL AUTO_INCREMENT,
  `relation_violation_titles_id` bigint unsigned NOT NULL,
  `violation_titles_id` int unsigned DEFAULT NULL,
  `violation_punishment_id` bigint unsigned NOT NULL,
  `addition_related` enum('addition','related') COLLATE utf8mb4_unicode_ci NOT NULL DEFAULT 'addition',
  `created_at` timestamp NULL DEFAULT NULL,
  `updated_at` timestamp NULL DEFAULT NULL,
  `custom_name` varchar(191) COLLATE utf8mb4_unicode_ci NOT NULL,
  PRIMARY KEY (`id`),
  KEY `related_violations_relation_violation_titles_id_foreign` (`relation_violation_titles_id`),
  KEY `related_violations_violation_punishment_id_foreign` (`violation_punishment_id`),
  CONSTRAINT `related_violations_relation_violation_titles_id_foreign` FOREIGN KEY (`relation_violation_titles_id`) REFERENCES `violation_titles` (`id`) ON DELETE CASCADE,
  CONSTRAINT `related_violations_violation_punishment_id_foreign` FOREIGN KEY (`violation_punishment_id`) REFERENCES `namazeg` (`id`) ON DELETE CASCADE
) ENGINE=InnoDB AUTO_INCREMENT=16 DEFAULT CHARSET=utf8mb4 COLLATE=utf8mb4_unicode_ci;

--
-- Dumping data for table `related_violations`
--

INSERT INTO `related_violations` (`id`, `relation_violation_titles_id`, `violation_titles_id`, `violation_punishment_id`, `addition_related`, `created_at`, `updated_at`, `custom_name`) VALUES (4,19,10,151,'related','2024-11-16 13:47:47','2024-11-16 13:47:47','اجراء رمزى من الاجراء الاول فى الثانى'),(5,19,10,149,'related','2024-11-16 13:47:47','2024-11-16 13:47:47','اجراء رمزى من الاجراء الاول فى الثانى'),(6,19,10,152,'related','2024-11-16 13:47:47','2024-11-16 13:47:47','اجراء رمزى من الاجراء الاول فى الثانى'),(7,19,10,147,'addition','2024-11-16 13:47:47','2024-11-16 13:47:47','اجراء رمزى من الاجراء الاول فى الثانى'),(10,32,31,143,'related','2024-11-17 08:40:58','2024-11-17 08:40:58','نماذج الاجراء الثالث'),(11,32,31,142,'related','2024-11-17 08:40:58','2024-11-17 08:40:58','نماذج الاجراء الثالث'),(12,31,30,133,'related','2024-11-17 09:45:11','2024-11-17 09:45:11','نماذج الإجراء الثاني'),(13,31,30,147,'related','2024-11-17 09:45:11','2024-11-17 09:45:11','نماذج الإجراء الثاني'),(14,16,15,133,'related','2024-11-19 10:18:20','2024-11-19 10:18:20','نماذج الاجراء الثاني'),(15,16,15,135,'related','2024-11-19 10:18:20','2024-11-19 10:18:20','نماذج الاجراء الثاني');

--
-- Table structure for table `report_absent_lates`
--

CREATE TABLE `report_absent_lates` (
  `id` bigint unsigned NOT NULL AUTO_INCREMENT,
  `school_id` bigint unsigned DEFAULT NULL,
  `report_category_id` bigint unsigned NOT NULL,
  `report_category` enum('late_teachers','absent_teachers','late_students','absent_students') COLLATE utf8mb4_unicode_ci DEFAULT NULL,
  `report_type` enum('daily','weekly','classy') COLLATE utf8mb4_unicode_ci DEFAULT NULL,
  `class_name_id` bigint unsigned DEFAULT NULL,
  `class_id` bigint unsigned DEFAULT NULL,
  `semester_id` bigint unsigned DEFAULT NULL,
  `week_id` bigint unsigned DEFAULT NULL,
  `namazeg_version_id` bigint unsigned DEFAULT NULL,
  `date` varchar(191) COLLATE utf8mb4_unicode_ci DEFAULT NULL,
  `date_type` enum('coptic','hijri') COLLATE utf8mb4_unicode_ci DEFAULT NULL,
  `created_at` timestamp NULL DEFAULT NULL,
  `updated_at` timestamp NULL DEFAULT NULL,
  `deleted_at` timestamp NULL DEFAULT NULL,
  PRIMARY KEY (`id`),
  KEY `report_absent_lates_school_id_foreign` (`school_id`),
  KEY `report_absent_lates_class_name_id_foreign` (`class_name_id`),
  KEY `report_absent_lates_class_id_foreign` (`class_id`),
  KEY `report_absent_lates_semester_id_foreign` (`semester_id`),
  KEY `report_absent_lates_week_id_foreign` (`week_id`),
  CONSTRAINT `report_absent_lates_class_id_foreign` FOREIGN KEY (`class_id`) REFERENCES `school_classes` (`id`) ON DELETE CASCADE,
  CONSTRAINT `report_absent_lates_class_name_id_foreign` FOREIGN KEY (`class_name_id`) REFERENCES `class_names` (`id`) ON DELETE CASCADE,
  CONSTRAINT `report_absent_lates_school_id_foreign` FOREIGN KEY (`school_id`) REFERENCES `schools` (`id`) ON DELETE CASCADE,
  CONSTRAINT `report_absent_lates_semester_id_foreign` FOREIGN KEY (`semester_id`) REFERENCES `semesters` (`id`) ON DELETE CASCADE,
  CONSTRAINT `report_absent_lates_week_id_foreign` FOREIGN KEY (`week_id`) REFERENCES `weeks` (`id`) ON DELETE CASCADE
) ENGINE=InnoDB AUTO_INCREMENT=46 DEFAULT CHARSET=utf8mb4 COLLATE=utf8mb4_unicode_ci;

--
-- Dumping data for table `report_absent_lates`
--

INSERT INTO `report_absent_lates` (`id`, `school_id`, `report_category_id`, `report_category`, `report_type`, `class_name_id`, `class_id`, `semester_id`, `week_id`, `namazeg_version_id`, `date`, `date_type`, `created_at`, `updated_at`, `deleted_at`) VALUES (1,81,7,'absent_teachers',NULL,NULL,NULL,NULL,NULL,NULL,NULL,NULL,'2024-10-31 07:44:21','2024-10-31 07:44:21',NULL),(2,81,7,'late_teachers',NULL,NULL,NULL,NULL,NULL,NULL,NULL,NULL,'2024-10-31 07:44:28','2024-10-31 07:44:28',NULL),(3,81,7,'absent_students','daily',NULL,NULL,NULL,NULL,NULL,'28/04/1446','hijri','2024-10-31 08:11:34','2024-10-31 08:11:34',NULL),(4,81,7,'absent_students','daily',7,2462,NULL,NULL,NULL,'28/04/1446','hijri','2024-10-31 08:25:57','2024-10-31 08:25:57',NULL),(5,81,7,'absent_students','daily',7,2462,NULL,NULL,NULL,'22/10/2024','coptic','2024-10-31 08:57:44','2024-10-31 08:57:44',NULL),(6,81,7,'absent_students','daily',7,2462,NULL,NULL,NULL,'22/10/2024','coptic','2024-10-31 09:09:26','2024-10-31 09:09:26',NULL),(7,81,7,'absent_students','classy',10,2465,1,NULL,NULL,NULL,NULL,'2024-10-31 09:29:05','2024-10-31 09:29:05',NULL),(8,81,7,'absent_students','weekly',7,2462,NULL,4,NULL,NULL,NULL,'2024-10-31 09:38:48','2024-10-31 09:38:48',NULL),(9,81,7,'absent_students','classy',10,2465,1,NULL,NULL,NULL,NULL,'2024-10-31 09:39:41','2024-10-31 09:39:41',NULL),(10,81,7,'absent_students','weekly',10,2465,NULL,3,NULL,NULL,NULL,'2024-10-31 09:40:24','2024-10-31 09:40:24',NULL),(11,81,7,'absent_students','weekly',7,2462,NULL,3,NULL,NULL,NULL,'2024-10-31 09:41:15','2024-10-31 09:41:15',NULL),(12,81,7,'absent_students','classy',7,2462,1,NULL,NULL,NULL,NULL,'2024-10-31 09:41:41','2024-10-31 09:41:41',NULL),(13,81,7,'absent_students','weekly',7,2462,NULL,3,NULL,NULL,NULL,'2024-10-31 09:42:02','2024-10-31 09:42:02',NULL),(14,81,7,'late_students','weekly',7,2462,1,3,NULL,NULL,NULL,'2024-10-31 09:46:35','2024-10-31 09:46:35',NULL),(15,81,7,'late_students','daily',11,2464,NULL,NULL,NULL,'28/04/1446','hijri','2024-10-31 09:59:14','2024-10-31 09:59:14',NULL),(16,81,7,'late_students','classy',11,2464,4,NULL,NULL,NULL,NULL,'2024-10-31 09:59:45','2024-10-31 09:59:45',NULL),(17,81,7,'absent_students','weekly',7,2462,1,3,NULL,NULL,NULL,'2024-10-31 10:45:35','2024-10-31 10:45:35',NULL),(18,81,7,NULL,NULL,NULL,NULL,NULL,NULL,NULL,NULL,NULL,'2024-10-31 12:22:58','2024-10-31 12:22:58',NULL),(19,81,7,'absent_students','daily',10,2467,NULL,NULL,NULL,'28/04/1446','hijri','2024-10-31 12:32:04','2024-10-31 12:32:04',NULL),(20,81,7,'absent_students','weekly',7,2462,1,6,NULL,NULL,NULL,'2024-11-05 09:20:03','2024-11-05 09:20:03',NULL),(21,81,7,'absent_students','weekly',7,2462,1,3,NULL,NULL,NULL,'2024-11-05 09:27:20','2024-11-05 09:27:20',NULL),(22,81,7,'absent_students','daily',7,2462,NULL,NULL,NULL,'06/11/2024','coptic','2024-11-06 08:04:20','2024-11-06 08:04:20',NULL),(23,81,7,'absent_teachers',NULL,NULL,NULL,NULL,NULL,NULL,NULL,NULL,'2024-11-07 19:05:01','2024-11-07 19:05:01',NULL),(24,81,7,'late_teachers',NULL,NULL,NULL,NULL,NULL,NULL,NULL,NULL,'2024-11-07 19:05:41','2024-11-07 19:05:41',NULL),(25,81,7,'absent_students','daily',7,2462,NULL,NULL,NULL,'05/05/1446','hijri','2024-11-07 19:06:14','2024-11-07 19:06:14',NULL),(26,81,7,'absent_students','classy',10,2465,4,NULL,NULL,NULL,NULL,'2024-11-07 19:06:48','2024-11-07 19:06:48',NULL),(27,81,7,'absent_students','weekly',10,2467,1,1,NULL,NULL,NULL,'2024-11-07 19:07:30','2024-11-07 19:07:30',NULL),(28,81,7,'late_students','daily',11,2464,NULL,NULL,NULL,'25/05/1446','hijri','2024-11-07 19:08:04','2024-11-07 19:08:04',NULL),(29,81,7,'late_students','classy',11,2464,4,NULL,NULL,NULL,NULL,'2024-11-07 19:08:38','2024-11-07 19:08:38',NULL),(30,81,7,'late_students','weekly',11,2468,1,NULL,NULL,NULL,NULL,'2024-11-07 19:09:01','2024-11-07 19:09:01',NULL),(31,81,7,'late_students','weekly',11,2468,1,NULL,NULL,NULL,NULL,'2024-11-07 19:09:11','2024-11-07 19:09:11',NULL),(32,81,7,'late_students','weekly',11,2468,1,NULL,NULL,NULL,NULL,'2024-11-07 19:09:50','2024-11-07 19:09:50',NULL),(33,81,7,'late_students','classy',11,2468,1,NULL,NULL,NULL,NULL,'2024-11-07 19:10:07','2024-11-07 19:10:07',NULL),(36,81,7,'late_students','daily',10,2467,NULL,NULL,NULL,'05/05/1446','hijri','2024-11-07 19:11:43','2024-11-07 19:11:43',NULL),(37,81,7,'late_students','classy',11,2468,5,NULL,NULL,NULL,NULL,'2024-11-07 19:12:51','2024-11-07 19:12:51',NULL),(39,81,7,'late_students','weekly',10,2465,1,NULL,NULL,NULL,NULL,'2024-11-07 19:13:46','2024-11-07 19:13:46',NULL),(40,81,7,'late_students','weekly',10,2467,1,6,NULL,NULL,NULL,'2024-11-07 19:17:17','2024-11-07 19:17:17',NULL),(41,81,7,'absent_students','daily',7,2462,NULL,NULL,NULL,'10/05/1446','hijri','2024-11-07 20:57:11','2024-11-07 20:57:11',NULL),(42,112,7,'late_teachers',NULL,NULL,NULL,NULL,NULL,NULL,NULL,NULL,'2024-11-10 23:49:39','2024-11-10 23:49:39',NULL),(43,112,7,'absent_students','daily',30,2884,NULL,NULL,NULL,'09/05/1446','hijri','2024-11-10 23:49:54','2024-11-10 23:49:54',NULL),(44,112,7,'absent_students','daily',30,2884,NULL,NULL,NULL,'01/05/1446','hijri','2024-11-10 23:52:27','2024-11-10 23:52:27',NULL),(45,112,7,'late_students','daily',30,2885,NULL,NULL,NULL,'09/05/1446','hijri','2024-11-10 23:55:29','2024-11-10 23:55:29',NULL);

--
-- Table structure for table `report_administrative_works`
--

CREATE TABLE `report_administrative_works` (
  `id` bigint unsigned NOT NULL AUTO_INCREMENT,
  `report_category_id` bigint unsigned DEFAULT NULL,
  `school_id` bigint unsigned NOT NULL,
  `current_work_id` bigint unsigned NOT NULL,
  `report_type` enum('daily','period','monthly') COLLATE utf8mb4_unicode_ci NOT NULL,
  `date` varchar(191) COLLATE utf8mb4_unicode_ci DEFAULT NULL,
  `date_type` enum('coptic','hijri') COLLATE utf8mb4_unicode_ci DEFAULT NULL,
  `date_from` varchar(191) COLLATE utf8mb4_unicode_ci DEFAULT NULL,
  `date_from_type` enum('coptic','hijri') COLLATE utf8mb4_unicode_ci DEFAULT NULL,
  `date_to` varchar(191) COLLATE utf8mb4_unicode_ci DEFAULT NULL,
  `date_to_type` enum('coptic','hijri') COLLATE utf8mb4_unicode_ci DEFAULT NULL,
  `month` varchar(191) COLLATE utf8mb4_unicode_ci DEFAULT NULL,
  `namazeg_version_id` bigint unsigned DEFAULT NULL,
  `created_at` timestamp NULL DEFAULT NULL,
  `updated_at` timestamp NULL DEFAULT NULL,
  `deleted_at` timestamp NULL DEFAULT NULL,
  PRIMARY KEY (`id`),
  KEY `report_administrative_works_school_id_foreign` (`school_id`),
  KEY `report_administrative_works_current_work_id_foreign` (`current_work_id`),
  CONSTRAINT `report_administrative_works_current_work_id_foreign` FOREIGN KEY (`current_work_id`) REFERENCES `current_works` (`id`) ON DELETE CASCADE,
  CONSTRAINT `report_administrative_works_school_id_foreign` FOREIGN KEY (`school_id`) REFERENCES `schools` (`id`) ON DELETE CASCADE
) ENGINE=InnoDB AUTO_INCREMENT=32 DEFAULT CHARSET=utf8mb4 COLLATE=utf8mb4_unicode_ci;

--
-- Dumping data for table `report_administrative_works`
--

INSERT INTO `report_administrative_works` (`id`, `report_category_id`, `school_id`, `current_work_id`, `report_type`, `date`, `date_type`, `date_from`, `date_from_type`, `date_to`, `date_to_type`, `month`, `namazeg_version_id`, `created_at`, `updated_at`, `deleted_at`) VALUES (1,8,81,6,'daily','11/11/2024','coptic',NULL,NULL,NULL,NULL,NULL,NULL,'2024-10-31 09:08:34','2024-10-31 09:08:34',NULL),(2,8,81,6,'daily','11/12/2024','coptic',NULL,NULL,NULL,NULL,NULL,NULL,'2024-10-31 10:19:21','2024-10-31 10:19:21',NULL),(3,8,81,7,'daily','11/12/2024','coptic',NULL,NULL,NULL,NULL,NULL,NULL,'2024-10-31 10:43:38','2024-10-31 10:43:38',NULL),(4,8,81,6,'daily','11/12/2024','coptic',NULL,NULL,NULL,NULL,NULL,NULL,'2024-10-31 10:43:46','2024-10-31 10:43:46',NULL),(5,8,81,8,'daily','11/12/2024','coptic',NULL,NULL,NULL,NULL,NULL,NULL,'2024-10-31 10:43:53','2024-10-31 10:43:53',NULL),(6,8,81,6,'daily','28/04/1446','hijri',NULL,NULL,NULL,NULL,NULL,NULL,'2024-10-31 12:31:30','2024-10-31 12:31:30',NULL),(7,8,81,6,'period',NULL,NULL,'03/11/2024','coptic','21/11/2024','coptic',NULL,NULL,'2024-10-31 12:32:29','2024-10-31 12:32:29',NULL),(8,8,81,6,'monthly',NULL,NULL,NULL,NULL,NULL,NULL,'2',NULL,'2024-10-31 12:32:43','2024-10-31 12:32:43',NULL),(9,8,81,7,'period',NULL,NULL,'28/04/1446','hijri','26/05/1446','hijri',NULL,NULL,'2024-10-31 12:42:50','2024-10-31 12:42:50',NULL),(10,8,81,8,'monthly',NULL,NULL,NULL,NULL,NULL,NULL,'8',NULL,'2024-10-31 12:44:00','2024-10-31 12:44:00',NULL),(11,8,81,6,'daily','28/04/1446','hijri',NULL,NULL,NULL,NULL,NULL,NULL,'2024-10-31 12:44:17','2024-10-31 12:44:17',NULL),(12,8,81,8,'daily','11/11/2024','coptic',NULL,NULL,NULL,NULL,NULL,NULL,'2024-10-31 12:44:37','2024-10-31 12:44:37',NULL),(13,8,81,6,'daily','20/11/2024','coptic',NULL,NULL,NULL,NULL,NULL,NULL,'2024-11-03 09:13:37','2024-11-03 09:13:37',NULL),(14,8,81,6,'daily','26/05/1446','hijri',NULL,NULL,NULL,NULL,NULL,NULL,'2024-11-07 19:00:32','2024-11-07 19:00:32',NULL),(15,8,81,6,'period',NULL,NULL,'07/11/2024','coptic','27/11/2024','coptic',NULL,NULL,'2024-11-07 19:00:53','2024-11-07 19:00:53',NULL),(16,8,81,6,'monthly',NULL,NULL,NULL,NULL,NULL,NULL,'1',NULL,'2024-11-07 19:01:14','2024-11-07 19:01:14',NULL),(17,8,81,7,'daily','01/12/2024','coptic',NULL,NULL,NULL,NULL,NULL,NULL,'2024-11-07 19:02:05','2024-11-07 19:02:05',NULL),(18,8,81,7,'period',NULL,NULL,'05/05/1446','hijri','04/06/1446','hijri',NULL,NULL,'2024-11-07 19:02:19','2024-11-07 19:02:19',NULL),(19,8,81,7,'monthly',NULL,NULL,NULL,NULL,NULL,NULL,'2',NULL,'2024-11-07 19:02:29','2024-11-07 19:02:29',NULL),(20,8,81,8,'daily','05/05/1446','hijri',NULL,NULL,NULL,NULL,NULL,NULL,'2024-11-07 19:03:02','2024-11-07 19:03:02',NULL),(21,8,81,8,'period',NULL,NULL,'05/05/1446','hijri','12/05/1446','hijri',NULL,NULL,'2024-11-07 19:03:10','2024-11-07 19:03:10',NULL),(22,8,81,8,'monthly',NULL,NULL,NULL,NULL,NULL,NULL,'3',NULL,'2024-11-07 19:03:17','2024-11-07 19:03:17',NULL),(23,8,81,6,'daily','05/05/1446','hijri',NULL,NULL,NULL,NULL,NULL,NULL,'2024-11-07 19:38:51','2024-11-07 19:38:51',NULL),(24,8,81,6,'period',NULL,NULL,'05/05/1446','hijri','25/05/1446','hijri',NULL,NULL,'2024-11-07 19:39:09','2024-11-07 19:39:09',NULL),(25,8,81,6,'monthly',NULL,NULL,NULL,NULL,NULL,NULL,'12',NULL,'2024-11-07 19:39:21','2024-11-07 19:39:21',NULL),(26,8,81,7,'daily','07/11/2024','coptic',NULL,NULL,NULL,NULL,NULL,NULL,'2024-11-07 19:39:36','2024-11-07 19:39:36',NULL),(27,8,81,7,'period',NULL,NULL,'07/11/2024','coptic','20/11/2024','coptic',NULL,NULL,'2024-11-07 19:39:47','2024-11-07 19:39:47',NULL),(28,8,81,7,'monthly',NULL,NULL,NULL,NULL,NULL,NULL,'11',NULL,'2024-11-07 19:39:59','2024-11-07 19:39:59',NULL),(29,8,81,8,'daily','11/12/2024','coptic',NULL,NULL,NULL,NULL,NULL,NULL,'2024-11-07 19:40:26','2024-11-07 19:40:26',NULL),(30,8,81,8,'period',NULL,NULL,'14/11/2024','coptic','04/02/2025','coptic',NULL,NULL,'2024-11-07 19:40:43','2024-11-07 19:40:43',NULL),(31,8,81,8,'monthly',NULL,NULL,NULL,NULL,NULL,NULL,'2',NULL,'2024-11-07 19:40:56','2024-11-07 19:40:56',NULL);

--
-- Table structure for table `report_categories`
--

CREATE TABLE `report_categories` (
  `id` bigint unsigned NOT NULL AUTO_INCREMENT,
  `name` varchar(150) COLLATE utf8mb4_unicode_ci DEFAULT NULL,
  `parent_id` int unsigned DEFAULT NULL,
  `status` tinyint DEFAULT NULL,
  `created_at` timestamp NULL DEFAULT NULL,
  `updated_at` timestamp NULL DEFAULT NULL,
  `deleted_at` timestamp NULL DEFAULT NULL,
  PRIMARY KEY (`id`)
) ENGINE=InnoDB DEFAULT CHARSET=utf8mb4 COLLATE=utf8mb4_unicode_ci;

--
-- Dumping data for table `report_categories`
--


--
-- Table structure for table `report_committees_meetings`
--

CREATE TABLE `report_committees_meetings` (
  `id` bigint unsigned NOT NULL AUTO_INCREMENT,
  `school_id` bigint unsigned DEFAULT NULL,
  `report_category_id` bigint unsigned DEFAULT NULL,
  `date` varchar(191) COLLATE utf8mb4_unicode_ci DEFAULT NULL,
  `date_type` enum('coptic','hijri') COLLATE utf8mb4_unicode_ci DEFAULT NULL,
  `namazeg_version_id` bigint unsigned DEFAULT NULL,
  `created_at` timestamp NULL DEFAULT NULL,
  `updated_at` timestamp NULL DEFAULT NULL,
  `deleted_at` timestamp NULL DEFAULT NULL,
  PRIMARY KEY (`id`),
  KEY `report_committees_meetings_school_id_foreign` (`school_id`),
  CONSTRAINT `report_committees_meetings_school_id_foreign` FOREIGN KEY (`school_id`) REFERENCES `schools` (`id`) ON DELETE CASCADE
) ENGINE=InnoDB AUTO_INCREMENT=7 DEFAULT CHARSET=utf8mb4 COLLATE=utf8mb4_unicode_ci;

--
-- Dumping data for table `report_committees_meetings`
--

INSERT INTO `report_committees_meetings` (`id`, `school_id`, `report_category_id`, `date`, `date_type`, `namazeg_version_id`, `created_at`, `updated_at`, `deleted_at`) VALUES (1,81,6,'28/04/1446','hijri',NULL,'2024-10-31 07:43:57','2024-10-31 07:43:57',NULL),(2,81,6,'05/11/2024','coptic',NULL,'2024-11-02 16:43:29','2024-11-02 16:43:29',NULL),(3,81,6,'25/05/1446','hijri',NULL,'2024-11-07 18:48:27','2024-11-07 18:48:27',NULL),(4,81,6,'05/12/2024','coptic',NULL,'2024-11-07 18:50:33','2024-11-07 18:50:33',NULL),(5,112,6,'09/05/1446','hijri',NULL,'2024-11-10 23:49:25','2024-11-10 23:49:25',NULL),(6,98,6,'16/05/1446','hijri',NULL,'2024-11-18 08:55:27','2024-11-18 08:55:27',NULL);

--
-- Table structure for table `report_educational_adminstrative_alerts`
--

CREATE TABLE `report_educational_adminstrative_alerts` (
  `id` bigint unsigned NOT NULL AUTO_INCREMENT,
  `school_id` bigint unsigned DEFAULT NULL,
  `report_category_id` bigint unsigned DEFAULT NULL,
  `semester_id` bigint unsigned DEFAULT NULL,
  `namazeg_version_id` bigint unsigned DEFAULT NULL,
  `created_at` timestamp NULL DEFAULT NULL,
  `updated_at` timestamp NULL DEFAULT NULL,
  `deleted_at` timestamp NULL DEFAULT NULL,
  PRIMARY KEY (`id`),
  KEY `report_educational_adminstrative_alerts_school_id_foreign` (`school_id`),
  KEY `report_educational_adminstrative_alerts_semester_id_foreign` (`semester_id`),
  CONSTRAINT `report_educational_adminstrative_alerts_school_id_foreign` FOREIGN KEY (`school_id`) REFERENCES `schools` (`id`) ON DELETE CASCADE,
  CONSTRAINT `report_educational_adminstrative_alerts_semester_id_foreign` FOREIGN KEY (`semester_id`) REFERENCES `semesters` (`id`) ON DELETE CASCADE
) ENGINE=InnoDB AUTO_INCREMENT=15 DEFAULT CHARSET=utf8mb4 COLLATE=utf8mb4_unicode_ci;

--
-- Dumping data for table `report_educational_adminstrative_alerts`
--

INSERT INTO `report_educational_adminstrative_alerts` (`id`, `school_id`, `report_category_id`, `semester_id`, `namazeg_version_id`, `created_at`, `updated_at`, `deleted_at`) VALUES (1,81,11,1,NULL,'2024-11-02 08:22:31','2024-11-02 08:22:31',NULL),(2,81,11,1,NULL,'2024-11-02 08:45:12','2024-11-02 08:45:12',NULL),(3,81,11,1,NULL,'2024-11-02 08:45:37','2024-11-02 08:45:37',NULL),(4,81,11,1,NULL,'2024-11-02 08:46:00','2024-11-02 08:46:00',NULL),(5,81,11,1,NULL,'2024-11-04 18:51:26','2024-11-04 18:51:26',NULL),(6,81,11,4,NULL,'2024-11-05 11:00:28','2024-11-05 11:00:28',NULL),(8,81,11,1,NULL,'2024-11-07 19:55:42','2024-11-07 19:55:42',NULL),(9,81,11,4,NULL,'2024-11-07 19:55:47','2024-11-07 19:55:47',NULL),(11,81,11,1,NULL,'2024-11-09 17:12:32','2024-11-09 17:12:32',NULL),(13,81,11,1,NULL,'2024-11-10 09:21:01','2024-11-10 09:21:01',NULL);

--
-- Table structure for table `report_educational_adminstrative_class_visits`
--

CREATE TABLE `report_educational_adminstrative_class_visits` (
  `id` bigint unsigned NOT NULL AUTO_INCREMENT,
  `school_id` bigint unsigned DEFAULT NULL,
  `report_category_id` bigint unsigned DEFAULT NULL,
  `semester_id` bigint unsigned DEFAULT NULL,
  `namazeg_version_id` bigint unsigned DEFAULT NULL,
  `created_at` timestamp NULL DEFAULT NULL,
  `updated_at` timestamp NULL DEFAULT NULL,
  `deleted_at` timestamp NULL DEFAULT NULL,
  PRIMARY KEY (`id`)
) ENGINE=InnoDB AUTO_INCREMENT=12 DEFAULT CHARSET=utf8mb4 COLLATE=utf8mb4_unicode_ci;

--
-- Dumping data for table `report_educational_adminstrative_class_visits`
--

INSERT INTO `report_educational_adminstrative_class_visits` (`id`, `school_id`, `report_category_id`, `semester_id`, `namazeg_version_id`, `created_at`, `updated_at`, `deleted_at`) VALUES (1,81,10,1,NULL,'2024-11-01 12:28:12','2024-11-01 12:28:12',NULL),(2,81,10,NULL,NULL,'2024-11-02 08:13:05','2024-11-02 08:13:05',NULL),(3,81,10,1,NULL,'2024-11-02 08:18:32','2024-11-02 08:18:32',NULL),(4,81,10,4,NULL,'2024-11-02 08:18:36','2024-11-02 08:18:36',NULL),(5,81,10,5,NULL,'2024-11-02 08:18:40','2024-11-02 08:18:40',NULL),(6,81,10,1,NULL,'2024-11-03 11:42:17','2024-11-03 11:42:17',NULL),(7,81,10,1,NULL,'2024-11-07 19:53:07','2024-11-07 19:53:07',NULL),(8,81,10,4,NULL,'2024-11-07 19:53:12','2024-11-07 19:53:12',NULL),(9,81,10,5,NULL,'2024-11-07 19:53:16','2024-11-07 19:53:16',NULL),(10,81,10,1,NULL,'2024-11-07 19:53:23','2024-11-07 19:53:23',NULL),(11,81,10,4,NULL,'2024-11-07 19:53:27','2024-11-07 19:53:27',NULL);

--
-- Table structure for table `report_educational_adminstrative_works`
--

CREATE TABLE `report_educational_adminstrative_works` (
  `id` bigint unsigned NOT NULL AUTO_INCREMENT,
  `school_id` bigint unsigned DEFAULT NULL,
  `report_category_id` bigint unsigned DEFAULT NULL,
  `report_type` enum('daily','period','monthly') COLLATE utf8mb4_unicode_ci DEFAULT NULL,
  `date` varchar(191) COLLATE utf8mb4_unicode_ci DEFAULT NULL,
  `date_type` enum('coptic','hijri') COLLATE utf8mb4_unicode_ci DEFAULT NULL,
  `date_from` varchar(191) COLLATE utf8mb4_unicode_ci DEFAULT NULL,
  `date_from_type` enum('coptic','hijri') COLLATE utf8mb4_unicode_ci DEFAULT NULL,
  `date_to` varchar(191) COLLATE utf8mb4_unicode_ci DEFAULT NULL,
  `date_to_type` enum('coptic','hijri') COLLATE utf8mb4_unicode_ci DEFAULT NULL,
  `month` varchar(191) COLLATE utf8mb4_unicode_ci DEFAULT NULL,
  `namazeg_version_id` int unsigned DEFAULT NULL,
  `created_at` timestamp NULL DEFAULT NULL,
  `updated_at` timestamp NULL DEFAULT NULL,
  `deleted_at` timestamp NULL DEFAULT NULL,
  PRIMARY KEY (`id`),
  KEY `report_educational_adminstrative_works_school_id_foreign` (`school_id`),
  CONSTRAINT `report_educational_adminstrative_works_school_id_foreign` FOREIGN KEY (`school_id`) REFERENCES `schools` (`id`) ON DELETE CASCADE
) ENGINE=InnoDB AUTO_INCREMENT=16 DEFAULT CHARSET=utf8mb4 COLLATE=utf8mb4_unicode_ci;

--
-- Dumping data for table `report_educational_adminstrative_works`
--

INSERT INTO `report_educational_adminstrative_works` (`id`, `school_id`, `report_category_id`, `report_type`, `date`, `date_type`, `date_from`, `date_from_type`, `date_to`, `date_to_type`, `month`, `namazeg_version_id`, `created_at`, `updated_at`, `deleted_at`) VALUES (1,81,9,'daily','31/10/2024','coptic',NULL,NULL,NULL,NULL,NULL,NULL,'2024-10-31 13:03:29','2024-10-31 13:03:29',NULL),(2,81,9,'period',NULL,NULL,'31/10/2024','coptic','11/11/2024','coptic',NULL,NULL,'2024-10-31 13:04:21','2024-10-31 13:04:21',NULL),(3,81,9,'monthly',NULL,NULL,NULL,NULL,NULL,NULL,'2',NULL,'2024-10-31 13:04:46','2024-10-31 13:04:46',NULL),(4,81,9,NULL,'28/10/2024','coptic',NULL,NULL,NULL,NULL,NULL,NULL,'2024-10-31 13:57:29','2024-10-31 13:57:29',NULL),(5,81,9,NULL,NULL,NULL,NULL,NULL,NULL,NULL,NULL,NULL,'2024-10-31 13:57:46','2024-10-31 13:57:46',NULL),(6,81,9,NULL,NULL,NULL,NULL,NULL,NULL,NULL,NULL,NULL,'2024-10-31 14:00:06','2024-10-31 14:00:06',NULL),(7,81,9,NULL,NULL,NULL,NULL,NULL,NULL,NULL,'8',NULL,'2024-10-31 14:00:45','2024-10-31 14:00:45',NULL),(8,81,9,NULL,NULL,NULL,'28/04/1446','hijri','05/05/1446','hijri',NULL,NULL,'2024-10-31 14:00:54','2024-10-31 14:00:54',NULL),(9,81,9,'daily','05/05/1446','hijri',NULL,NULL,NULL,NULL,NULL,NULL,'2024-10-31 14:02:36','2024-10-31 14:02:36',NULL),(10,81,9,'period',NULL,NULL,'31/10/2024','coptic','06/11/2024','coptic',NULL,NULL,'2024-10-31 14:02:50','2024-10-31 14:02:50',NULL),(11,81,9,'daily','29/04/1446','hijri',NULL,NULL,NULL,NULL,NULL,NULL,'2024-11-01 12:24:44','2024-11-01 12:24:44',NULL),(12,81,9,'daily','01/05/1446','hijri',NULL,NULL,NULL,NULL,NULL,NULL,'2024-11-03 10:55:47','2024-11-03 10:55:47',NULL),(13,81,9,'daily','28/11/2024','coptic',NULL,NULL,NULL,NULL,NULL,NULL,'2024-11-07 19:46:13','2024-11-07 19:46:13',NULL),(14,81,9,'period',NULL,NULL,'05/05/1446','hijri','15/05/1446','hijri',NULL,NULL,'2024-11-07 19:50:04','2024-11-07 19:50:04',NULL),(15,81,9,'monthly',NULL,NULL,NULL,NULL,NULL,NULL,'4',NULL,'2024-11-07 19:50:13','2024-11-07 19:50:13',NULL);

--
-- Table structure for table `report_school_adminstrative_absent_lates`
--

CREATE TABLE `report_school_adminstrative_absent_lates` (
  `id` bigint unsigned NOT NULL AUTO_INCREMENT,
  `school_id` bigint unsigned DEFAULT NULL,
  `report_category_id` bigint unsigned DEFAULT NULL,
  `date` varchar(191) COLLATE utf8mb4_unicode_ci DEFAULT NULL,
  `date_type` enum('coptic','hijri') COLLATE utf8mb4_unicode_ci DEFAULT NULL,
  `report_category` enum('late_teachers','absent_teachers') COLLATE utf8mb4_unicode_ci DEFAULT NULL,
  `namazeg_version_id` bigint unsigned DEFAULT NULL,
  `created_at` timestamp NULL DEFAULT NULL,
  `updated_at` timestamp NULL DEFAULT NULL,
  `deleted_at` timestamp NULL DEFAULT NULL,
  PRIMARY KEY (`id`),
  KEY `report_school_adminstrative_absent_lates_school_id_foreign` (`school_id`),
  CONSTRAINT `report_school_adminstrative_absent_lates_school_id_foreign` FOREIGN KEY (`school_id`) REFERENCES `schools` (`id`) ON DELETE CASCADE
) ENGINE=InnoDB AUTO_INCREMENT=12 DEFAULT CHARSET=utf8mb4 COLLATE=utf8mb4_unicode_ci;

--
-- Dumping data for table `report_school_adminstrative_absent_lates`
--

INSERT INTO `report_school_adminstrative_absent_lates` (`id`, `school_id`, `report_category_id`, `date`, `date_type`, `report_category`, `namazeg_version_id`, `created_at`, `updated_at`, `deleted_at`) VALUES (1,81,13,'02/11/2024','coptic','late_teachers',NULL,'2024-11-02 13:03:16','2024-11-02 13:03:16',NULL),(2,81,13,'02/11/2024','coptic','late_teachers',NULL,'2024-11-02 14:33:49','2024-11-02 14:33:49',NULL),(3,81,13,'02/11/2024','coptic','late_teachers',NULL,'2024-11-02 14:33:57','2024-11-02 14:33:57',NULL),(4,81,13,'02/11/2024','coptic','late_teachers',NULL,'2024-11-02 14:34:19','2024-11-02 14:34:19',NULL),(5,81,13,'02/11/2024','coptic','absent_teachers',NULL,'2024-11-02 14:35:47','2024-11-02 14:35:47',NULL),(6,81,13,'02/11/2024','coptic','late_teachers',NULL,'2024-11-02 14:35:50','2024-11-02 14:35:50',NULL),(7,81,13,'03/11/2024','coptic','absent_teachers',NULL,'2024-11-03 14:19:42','2024-11-03 14:19:42',NULL),(8,81,13,'07/11/2024','coptic','absent_teachers',NULL,'2024-11-07 20:41:51','2024-11-07 20:41:51',NULL),(9,81,13,'07/11/2024','coptic','late_teachers',NULL,'2024-11-07 20:41:59','2024-11-07 20:41:59',NULL),(10,81,13,'07/11/2024','coptic','absent_teachers',NULL,'2024-11-07 20:42:06','2024-11-07 20:42:06',NULL),(11,81,13,'07/11/2024','coptic','late_teachers',NULL,'2024-11-07 20:42:10','2024-11-07 20:42:10',NULL);

--
-- Table structure for table `report_school_adminstrative_works`
--

CREATE TABLE `report_school_adminstrative_works` (
  `id` bigint unsigned NOT NULL AUTO_INCREMENT,
  `school_id` bigint unsigned DEFAULT NULL,
  `report_category_id` bigint unsigned DEFAULT NULL,
  `report_type` enum('daily','period','monthly') COLLATE utf8mb4_unicode_ci DEFAULT NULL,
  `date` varchar(191) COLLATE utf8mb4_unicode_ci DEFAULT NULL,
  `date_type` enum('coptic','hijri') COLLATE utf8mb4_unicode_ci DEFAULT NULL,
  `date_from` varchar(191) COLLATE utf8mb4_unicode_ci DEFAULT NULL,
  `date_from_type` enum('coptic','hijri') COLLATE utf8mb4_unicode_ci DEFAULT NULL,
  `date_to` varchar(191) COLLATE utf8mb4_unicode_ci DEFAULT NULL,
  `date_to_type` enum('coptic','hijri') COLLATE utf8mb4_unicode_ci DEFAULT NULL,
  `month` varchar(191) COLLATE utf8mb4_unicode_ci DEFAULT NULL,
  `namazeg_version_id` int unsigned DEFAULT NULL,
  `created_at` timestamp NULL DEFAULT NULL,
  `updated_at` timestamp NULL DEFAULT NULL,
  `deleted_at` timestamp NULL DEFAULT NULL,
  PRIMARY KEY (`id`),
  KEY `report_school_adminstrative_works_school_id_foreign` (`school_id`),
  CONSTRAINT `report_school_adminstrative_works_school_id_foreign` FOREIGN KEY (`school_id`) REFERENCES `schools` (`id`) ON DELETE CASCADE
) ENGINE=InnoDB AUTO_INCREMENT=12 DEFAULT CHARSET=utf8mb4 COLLATE=utf8mb4_unicode_ci;

--
-- Dumping data for table `report_school_adminstrative_works`
--

INSERT INTO `report_school_adminstrative_works` (`id`, `school_id`, `report_category_id`, `report_type`, `date`, `date_type`, `date_from`, `date_from_type`, `date_to`, `date_to_type`, `month`, `namazeg_version_id`, `created_at`, `updated_at`, `deleted_at`) VALUES (1,81,12,'daily','03/10/2024','coptic',NULL,NULL,NULL,NULL,NULL,NULL,'2024-11-02 12:16:09','2024-11-02 12:16:09',NULL),(2,81,12,'daily','30/04/1446','hijri',NULL,NULL,NULL,NULL,NULL,NULL,'2024-11-02 12:52:53','2024-11-02 12:52:53',NULL),(3,81,12,'period',NULL,NULL,'30/04/1446','hijri','05/05/1446','hijri',NULL,NULL,'2024-11-02 12:54:45','2024-11-02 12:54:45',NULL),(4,81,12,'monthly',NULL,NULL,NULL,NULL,NULL,NULL,'7',NULL,'2024-11-02 12:54:52','2024-11-02 12:54:52',NULL),(5,81,12,'daily','01/05/1446','hijri',NULL,NULL,NULL,NULL,NULL,NULL,'2024-11-03 13:04:42','2024-11-03 13:04:42',NULL),(6,81,12,'daily','01/12/2024','coptic',NULL,NULL,NULL,NULL,NULL,NULL,'2024-11-07 19:59:10','2024-11-07 19:59:10',NULL),(7,81,12,'daily','12/12/2024','coptic',NULL,NULL,NULL,NULL,NULL,NULL,'2024-11-07 20:00:52','2024-11-07 20:00:52',NULL),(8,81,12,'period',NULL,NULL,'05/05/1446','hijri','25/05/1446','hijri',NULL,NULL,'2024-11-07 20:01:05','2024-11-07 20:01:05',NULL),(9,81,12,'daily','05/05/1446','hijri',NULL,NULL,NULL,NULL,NULL,NULL,'2024-11-07 20:41:07','2024-11-07 20:41:07',NULL),(10,81,12,'period',NULL,NULL,'05/05/1446','hijri','25/05/1446','hijri',NULL,NULL,'2024-11-07 20:41:13','2024-11-07 20:41:13',NULL),(11,81,12,'monthly',NULL,NULL,NULL,NULL,NULL,NULL,'7',NULL,'2024-11-07 20:41:19','2024-11-07 20:41:19',NULL);

--
-- Table structure for table `report_school_status_statistics`
--

CREATE TABLE `report_school_status_statistics` (
  `id` bigint unsigned NOT NULL AUTO_INCREMENT,
  `school_id` bigint unsigned DEFAULT NULL,
  `report_category_id` bigint unsigned DEFAULT NULL,
  `date` varchar(191) COLLATE utf8mb4_unicode_ci DEFAULT NULL,
  `date_type` enum('coptic','hijri') COLLATE utf8mb4_unicode_ci DEFAULT NULL,
  `namazeg_version_id` bigint unsigned DEFAULT NULL,
  `created_at` timestamp NULL DEFAULT NULL,
  `updated_at` timestamp NULL DEFAULT NULL,
  `deleted_at` timestamp NULL DEFAULT NULL,
  PRIMARY KEY (`id`),
  KEY `report_school_status_statistics_school_id_foreign` (`school_id`),
  CONSTRAINT `report_school_status_statistics_school_id_foreign` FOREIGN KEY (`school_id`) REFERENCES `schools` (`id`) ON DELETE CASCADE
) ENGINE=InnoDB AUTO_INCREMENT=8 DEFAULT CHARSET=utf8mb4 COLLATE=utf8mb4_unicode_ci;

--
-- Dumping data for table `report_school_status_statistics`
--

INSERT INTO `report_school_status_statistics` (`id`, `school_id`, `report_category_id`, `date`, `date_type`, `namazeg_version_id`, `created_at`, `updated_at`, `deleted_at`) VALUES (1,81,5,'28/04/1446','hijri',NULL,'2024-10-31 07:28:41','2024-10-31 07:28:41',NULL),(2,81,5,'26/04/1446','hijri',NULL,'2024-10-31 07:29:19','2024-10-31 07:29:19',NULL),(3,81,5,'07/11/2024','coptic',NULL,'2024-10-31 07:29:54','2024-10-31 07:29:54',NULL),(4,81,5,'02/05/1446','hijri',NULL,'2024-11-04 08:17:43','2024-11-04 08:17:43',NULL),(5,81,5,'05/05/1446','hijri',NULL,'2024-11-07 18:42:20','2024-11-07 18:42:20',NULL),(6,81,5,'28/11/2024','coptic',NULL,'2024-11-07 18:46:37','2024-11-07 18:46:37',NULL),(7,112,5,'09/05/1446','hijri',NULL,'2024-11-10 23:49:20','2024-11-10 23:49:20',NULL);

--
-- Table structure for table `report_student_adminstrative_absent_lates`
--

CREATE TABLE `report_student_adminstrative_absent_lates` (
  `id` bigint unsigned NOT NULL AUTO_INCREMENT,
  `school_id` bigint unsigned DEFAULT NULL,
  `report_category_id` bigint unsigned DEFAULT NULL,
  `report_category` enum('late_teachers','absent_teachers','late_students','absent_students') COLLATE utf8mb4_unicode_ci DEFAULT NULL,
  `report_type` enum('daily','weekly','classy') COLLATE utf8mb4_unicode_ci DEFAULT NULL,
  `class_name_id` bigint unsigned DEFAULT NULL,
  `class_id` bigint unsigned DEFAULT NULL,
  `semester_id` bigint unsigned DEFAULT NULL,
  `week_id` bigint unsigned DEFAULT NULL,
  `namazeg_version_id` bigint unsigned DEFAULT NULL,
  `date` varchar(191) COLLATE utf8mb4_unicode_ci DEFAULT NULL,
  `date_type` enum('coptic','hijri') COLLATE utf8mb4_unicode_ci DEFAULT NULL,
  `created_at` timestamp NULL DEFAULT NULL,
  `updated_at` timestamp NULL DEFAULT NULL,
  `deleted_at` timestamp NULL DEFAULT NULL,
  PRIMARY KEY (`id`),
  KEY `report_student_adminstrative_absent_lates_school_id_foreign` (`school_id`),
  KEY `report_student_adminstrative_absent_lates_class_name_id_foreign` (`class_name_id`),
  KEY `report_student_adminstrative_absent_lates_class_id_foreign` (`class_id`),
  KEY `report_student_adminstrative_absent_lates_semester_id_foreign` (`semester_id`),
  KEY `report_student_adminstrative_absent_lates_week_id_foreign` (`week_id`),
  CONSTRAINT `report_student_adminstrative_absent_lates_class_id_foreign` FOREIGN KEY (`class_id`) REFERENCES `school_classes` (`id`) ON DELETE CASCADE,
  CONSTRAINT `report_student_adminstrative_absent_lates_class_name_id_foreign` FOREIGN KEY (`class_name_id`) REFERENCES `class_names` (`id`) ON DELETE CASCADE,
  CONSTRAINT `report_student_adminstrative_absent_lates_school_id_foreign` FOREIGN KEY (`school_id`) REFERENCES `schools` (`id`) ON DELETE CASCADE,
  CONSTRAINT `report_student_adminstrative_absent_lates_semester_id_foreign` FOREIGN KEY (`semester_id`) REFERENCES `semesters` (`id`) ON DELETE CASCADE,
  CONSTRAINT `report_student_adminstrative_absent_lates_week_id_foreign` FOREIGN KEY (`week_id`) REFERENCES `weeks` (`id`) ON DELETE CASCADE
) ENGINE=InnoDB AUTO_INCREMENT=22 DEFAULT CHARSET=utf8mb4 COLLATE=utf8mb4_unicode_ci;

--
-- Dumping data for table `report_student_adminstrative_absent_lates`
--

INSERT INTO `report_student_adminstrative_absent_lates` (`id`, `school_id`, `report_category_id`, `report_category`, `report_type`, `class_name_id`, `class_id`, `semester_id`, `week_id`, `namazeg_version_id`, `date`, `date_type`, `created_at`, `updated_at`, `deleted_at`) VALUES (7,81,15,'late_students','weekly',7,2462,1,1,NULL,NULL,NULL,'2024-11-05 09:35:56','2024-11-05 09:35:56',NULL),(10,81,15,'late_students','daily',NULL,NULL,NULL,NULL,NULL,'04/10/2024','coptic','2024-11-05 09:37:04','2024-11-05 09:37:04',NULL),(11,81,15,'late_students','classy',7,2462,1,1,NULL,NULL,NULL,'2024-11-05 09:37:24','2024-11-05 09:37:24',NULL),(12,81,15,'absent_students','daily',10,2465,NULL,NULL,NULL,NULL,NULL,'2024-11-05 11:31:39','2024-11-05 11:31:39',NULL),(13,81,15,'late_students','weekly',7,2462,NULL,8,NULL,NULL,NULL,'2024-11-05 11:37:07','2024-11-05 11:37:07',NULL),(14,81,15,'absent_students','weekly',10,2465,NULL,5,NULL,NULL,NULL,'2024-11-07 15:35:47','2024-11-07 15:35:47',NULL),(15,81,15,'absent_students','classy',11,2468,5,NULL,NULL,NULL,NULL,'2024-11-07 15:38:49','2024-11-07 15:38:49',NULL),(16,81,15,'absent_students','daily',7,2462,NULL,NULL,NULL,NULL,NULL,'2024-11-07 20:52:40','2024-11-07 20:52:40',NULL),(17,81,15,'absent_students','daily',10,2462,NULL,NULL,NULL,NULL,NULL,'2024-11-07 20:54:39','2024-11-07 20:54:39',NULL),(18,81,15,'absent_students','classy',10,2465,4,NULL,NULL,NULL,NULL,'2024-11-07 20:58:00','2024-11-07 20:58:00',NULL),(19,81,15,'absent_students','weekly',7,2462,NULL,3,NULL,NULL,NULL,'2024-11-07 21:00:29','2024-11-07 21:00:29',NULL),(20,81,15,'late_students','weekly',7,2462,NULL,3,NULL,NULL,NULL,'2024-11-07 21:04:14','2024-11-07 21:04:14',NULL),(21,81,15,'absent_students','weekly',10,2465,NULL,3,NULL,NULL,NULL,'2024-11-07 21:10:36','2024-11-07 21:10:36',NULL);

--
-- Table structure for table `report_student_adminstrative_works`
--

CREATE TABLE `report_student_adminstrative_works` (
  `id` bigint unsigned NOT NULL AUTO_INCREMENT,
  `school_id` bigint unsigned NOT NULL,
  `report_category_id` bigint unsigned DEFAULT NULL,
  `report_type` enum('daily','period','monthly') COLLATE utf8mb4_unicode_ci DEFAULT NULL,
  `date` varchar(191) COLLATE utf8mb4_unicode_ci DEFAULT NULL,
  `date_type` enum('coptic','hijri') COLLATE utf8mb4_unicode_ci DEFAULT NULL,
  `date_from` varchar(191) COLLATE utf8mb4_unicode_ci DEFAULT NULL,
  `date_from_type` enum('coptic','hijri') COLLATE utf8mb4_unicode_ci DEFAULT NULL,
  `date_to` varchar(191) COLLATE utf8mb4_unicode_ci DEFAULT NULL,
  `date_to_type` enum('coptic','hijri') COLLATE utf8mb4_unicode_ci DEFAULT NULL,
  `month` varchar(191) COLLATE utf8mb4_unicode_ci DEFAULT NULL,
  `namazeg_version_id` int unsigned DEFAULT NULL,
  `created_at` timestamp NULL DEFAULT NULL,
  `updated_at` timestamp NULL DEFAULT NULL,
  `deleted_at` timestamp NULL DEFAULT NULL,
  PRIMARY KEY (`id`),
  KEY `report_student_adminstrative_works_school_id_foreign` (`school_id`),
  CONSTRAINT `report_student_adminstrative_works_school_id_foreign` FOREIGN KEY (`school_id`) REFERENCES `schools` (`id`) ON DELETE CASCADE
) ENGINE=InnoDB AUTO_INCREMENT=13 DEFAULT CHARSET=utf8mb4 COLLATE=utf8mb4_unicode_ci;

--
-- Dumping data for table `report_student_adminstrative_works`
--

INSERT INTO `report_student_adminstrative_works` (`id`, `school_id`, `report_category_id`, `report_type`, `date`, `date_type`, `date_from`, `date_from_type`, `date_to`, `date_to_type`, `month`, `namazeg_version_id`, `created_at`, `updated_at`, `deleted_at`) VALUES (1,81,14,NULL,NULL,NULL,NULL,NULL,NULL,NULL,NULL,NULL,'2024-11-03 15:20:26','2024-11-03 15:20:26',NULL),(2,81,14,'daily','04/10/2024','coptic',NULL,NULL,NULL,NULL,NULL,NULL,'2024-11-03 15:20:43','2024-11-03 15:20:43',NULL),(3,81,14,'daily','01/05/1446','hijri',NULL,NULL,NULL,NULL,NULL,NULL,'2024-11-03 15:59:30','2024-11-03 15:59:30',NULL),(4,81,14,'period',NULL,NULL,'26/11/2024','coptic','28/11/2024','coptic',NULL,NULL,'2024-11-03 15:59:56','2024-11-03 15:59:56',NULL),(5,81,14,'monthly',NULL,NULL,NULL,NULL,NULL,NULL,'4',NULL,'2024-11-03 16:00:09','2024-11-03 16:00:09',NULL),(6,81,14,'daily','04/10/2024','coptic',NULL,NULL,NULL,NULL,NULL,NULL,'2024-11-04 08:51:21','2024-11-04 08:51:21',NULL),(7,81,14,'monthly',NULL,NULL,NULL,NULL,NULL,NULL,'7',NULL,'2024-11-05 11:14:28','2024-11-05 11:14:28',NULL),(8,81,14,'daily','03/05/1446','hijri',NULL,NULL,NULL,NULL,NULL,NULL,'2024-11-05 11:14:58','2024-11-05 11:14:58',NULL),(9,81,14,'daily','05/05/1446','hijri',NULL,NULL,NULL,NULL,NULL,NULL,'2024-11-07 20:47:36','2024-11-07 20:47:36',NULL),(10,81,14,'period',NULL,NULL,'05/05/1446','hijri','10/06/1446','hijri',NULL,NULL,'2024-11-07 20:47:42','2024-11-07 20:47:42',NULL),(11,81,14,'monthly',NULL,NULL,NULL,NULL,NULL,NULL,'5',NULL,'2024-11-07 20:47:51','2024-11-07 20:47:51',NULL),(12,81,14,'daily','05/05/1446','hijri',NULL,NULL,NULL,NULL,NULL,NULL,'2024-11-07 20:47:58','2024-11-07 20:47:58',NULL);

--
-- Table structure for table `role_has_permissions`
--

CREATE TABLE `role_has_permissions` (
  `permission_id` bigint unsigned NOT NULL,
  `role_id` bigint unsigned NOT NULL,
  PRIMARY KEY (`permission_id`,`role_id`),
  KEY `role_has_permissions_role_id_foreign` (`role_id`),
  CONSTRAINT `role_has_permissions_permission_id_foreign` FOREIGN KEY (`permission_id`) REFERENCES `permissions` (`id`) ON DELETE CASCADE,
  CONSTRAINT `role_has_permissions_role_id_foreign` FOREIGN KEY (`role_id`) REFERENCES `roles` (`id`) ON DELETE CASCADE
) ENGINE=InnoDB DEFAULT CHARSET=utf8mb4 COLLATE=utf8mb4_unicode_ci;

--
-- Dumping data for table `role_has_permissions`
--


--
-- Table structure for table `roles`
--

CREATE TABLE `roles` (
  `id` bigint unsigned NOT NULL AUTO_INCREMENT,
  `name` varchar(191) COLLATE utf8mb4_unicode_ci NOT NULL,
  `name_ar` varchar(191) COLLATE utf8mb4_unicode_ci DEFAULT NULL,
  `guard_name` varchar(191) COLLATE utf8mb4_unicode_ci NOT NULL,
  `created_at` timestamp NULL DEFAULT NULL,
  `updated_at` timestamp NULL DEFAULT NULL,
  PRIMARY KEY (`id`),
  UNIQUE KEY `roles_name_guard_name_unique` (`name`,`guard_name`)
) ENGINE=InnoDB AUTO_INCREMENT=3 DEFAULT CHARSET=utf8mb4 COLLATE=utf8mb4_unicode_ci;

--
-- Dumping data for table `roles`
--

INSERT INTO `roles` (`id`, `name`, `name_ar`, `guard_name`, `created_at`, `updated_at`) VALUES (1,'super-admin','المدير الآعلي','web','2024-11-14 17:22:51','2024-11-14 17:22:51'),(2,'school-manager','مدير المدرسة','web','2024-11-14 17:23:21','2024-11-14 17:23:21');

--
-- Table structure for table `school_classes`
--

CREATE TABLE `school_classes` (
  `id` bigint unsigned NOT NULL AUTO_INCREMENT,
  `school_id` bigint unsigned DEFAULT NULL,
  `class_number` int DEFAULT NULL,
  `class_name_id` bigint unsigned DEFAULT NULL,
  `school_year` varchar(50) COLLATE utf8mb4_unicode_ci DEFAULT NULL,
  `n_students` int DEFAULT NULL,
  `entsab` enum('yes','no') COLLATE utf8mb4_unicode_ci NOT NULL DEFAULT 'no',
  `created_at` timestamp NULL DEFAULT NULL,
  `updated_at` timestamp NULL DEFAULT NULL,
  `deleted_at` timestamp NULL DEFAULT NULL,
  `data_imported` tinyint NOT NULL DEFAULT '0',
  PRIMARY KEY (`id`),
  KEY `school_classes_class_name_id_foreign` (`class_name_id`),
  CONSTRAINT `school_classes_class_name_id_foreign` FOREIGN KEY (`class_name_id`) REFERENCES `class_names` (`id`) ON DELETE CASCADE
) ENGINE=InnoDB AUTO_INCREMENT=4182 DEFAULT CHARSET=utf8mb4 COLLATE=utf8mb4_unicode_ci;

--
-- Dumping data for table `school_classes`
--

INSERT INTO `school_classes` (`id`, `school_id`, `class_number`, `class_name_id`, `school_year`, `n_students`, `entsab`, `created_at`, `updated_at`, `deleted_at`, `data_imported`) VALUES (51,12,1,2,'1446-1447',27,'no',NULL,NULL,NULL,0),(52,12,2,2,'1446-1447',22,'no',NULL,NULL,NULL,0),(53,12,3,2,'1446-1447',27,'no',NULL,NULL,NULL,0),(54,12,4,2,'1446-1447',19,'no',NULL,NULL,NULL,0),(55,12,5,2,'1446-1447',23,'no',NULL,NULL,NULL,0),(56,12,1,4,'1446-1447',25,'no',NULL,NULL,NULL,0),(57,12,2,4,'1446-1447',22,'no',NULL,NULL,NULL,0),(58,12,3,4,'1446-1447',29,'no',NULL,NULL,NULL,0),(59,12,4,4,'1446-1447',26,'no',NULL,NULL,NULL,0),(60,12,5,4,'1446-1447',18,'no',NULL,NULL,NULL,0),(61,12,1,7,'1446-1447',33,'no',NULL,NULL,NULL,0),(62,12,2,7,'1446-1447',34,'no',NULL,NULL,NULL,0),(63,12,3,7,'1446-1447',28,'no',NULL,NULL,NULL,0),(64,12,4,7,'1446-1447',26,'no',NULL,NULL,NULL,0),(65,12,5,7,'1446-1447',21,'no',NULL,NULL,NULL,0),(66,12,6,7,'1446-1447',16,'no',NULL,NULL,NULL,0),(170,16,1,2,'1446-1447',2,'no',NULL,NULL,NULL,0),(171,16,2,2,'1446-1447',22,'no',NULL,NULL,NULL,0),(172,16,3,2,'1446-1447',27,'no',NULL,NULL,NULL,0),(173,16,4,2,'1446-1447',19,'no',NULL,NULL,NULL,0),(175,16,5,2,'1446-1447',23,'no',NULL,NULL,NULL,0),(176,16,1,2,'1446-1447',2,'no',NULL,NULL,NULL,0),(177,16,1,4,'1446-1447',25,'no',NULL,NULL,NULL,0),(178,16,2,2,'1446-1447',22,'no',NULL,NULL,NULL,0),(179,16,3,2,'1446-1447',27,'no',NULL,NULL,NULL,0),(180,16,2,4,'1446-1447',22,'no',NULL,NULL,NULL,0),(181,16,3,4,'1446-1447',29,'no',NULL,NULL,NULL,0),(182,16,4,2,'1446-1447',19,'no',NULL,NULL,NULL,0),(183,16,5,2,'1446-1447',23,'no',NULL,NULL,NULL,0),(184,16,4,4,'1446-1447',26,'no',NULL,NULL,NULL,0),(185,16,1,4,'1446-1447',25,'no',NULL,NULL,NULL,0),(186,16,5,4,'1446-1447',18,'no',NULL,NULL,NULL,0),(187,16,2,4,'1446-1447',22,'no',NULL,NULL,NULL,0),(188,16,1,7,'1446-1447',33,'no',NULL,NULL,NULL,0),(189,16,3,4,'1446-1447',29,'no',NULL,NULL,NULL,0),(190,16,2,7,'1446-1447',34,'no',NULL,NULL,NULL,0),(191,16,4,4,'1446-1447',26,'no',NULL,NULL,NULL,0),(192,16,5,4,'1446-1447',18,'no',NULL,NULL,NULL,0),(193,16,3,7,'1446-1447',28,'no',NULL,NULL,NULL,0),(194,16,1,7,'1446-1447',33,'no',NULL,NULL,NULL,0),(195,16,4,7,'1446-1447',26,'no',NULL,NULL,NULL,0),(196,16,2,7,'1446-1447',34,'no',NULL,NULL,NULL,0),(197,16,5,7,'1446-1447',21,'no',NULL,NULL,NULL,0),(198,16,6,7,'1446-1447',16,'no',NULL,NULL,NULL,0),(199,16,3,7,'1446-1447',28,'no',NULL,NULL,NULL,0),(200,16,4,7,'1446-1447',26,'no',NULL,NULL,NULL,0),(201,16,5,7,'1446-1447',21,'no',NULL,NULL,NULL,0),(202,16,6,7,'1446-1447',16,'no',NULL,NULL,NULL,0),(272,17,1,2,'1446-1447',2,'no',NULL,NULL,NULL,0),(273,17,2,2,'1446-1447',22,'no',NULL,NULL,NULL,0),(274,17,3,2,'1446-1447',27,'no',NULL,NULL,NULL,0),(275,17,4,2,'1446-1447',19,'no',NULL,NULL,NULL,0),(276,17,5,2,'1446-1447',23,'no',NULL,NULL,NULL,0),(277,17,1,4,'1446-1447',25,'no',NULL,NULL,NULL,0),(278,17,2,4,'1446-1447',22,'no',NULL,NULL,NULL,0),(279,17,3,4,'1446-1447',29,'no',NULL,NULL,NULL,0),(280,17,4,4,'1446-1447',26,'no',NULL,NULL,NULL,0),(281,17,5,4,'1446-1447',18,'no',NULL,NULL,NULL,0),(283,17,1,7,'1446-1447',33,'no',NULL,NULL,NULL,0),(284,17,1,2,'1446-1447',2,'no',NULL,NULL,NULL,0),(285,17,2,2,'1446-1447',22,'no',NULL,NULL,NULL,0),(286,17,3,2,'1446-1447',27,'no',NULL,NULL,NULL,0),(287,17,2,7,'1446-1447',34,'no',NULL,NULL,NULL,0),(288,17,4,2,'1446-1447',19,'no',NULL,NULL,NULL,0),(289,17,3,7,'1446-1447',28,'no',NULL,NULL,NULL,0),(290,17,5,2,'1446-1447',23,'no',NULL,NULL,NULL,0),(291,17,4,7,'1446-1447',26,'no',NULL,NULL,NULL,0),(292,17,1,4,'1446-1447',25,'no',NULL,NULL,NULL,0),(293,17,2,4,'1446-1447',22,'no',NULL,NULL,NULL,0),(294,17,5,7,'1446-1447',21,'no',NULL,NULL,NULL,0),(295,17,6,7,'1446-1447',16,'no',NULL,NULL,NULL,0),(296,17,3,4,'1446-1447',29,'no',NULL,NULL,NULL,0),(297,17,4,4,'1446-1447',26,'no',NULL,NULL,NULL,0),(298,17,5,4,'1446-1447',18,'no',NULL,NULL,NULL,0),(299,17,1,7,'1446-1447',33,'no',NULL,NULL,NULL,0),(300,17,2,7,'1446-1447',34,'no',NULL,NULL,NULL,0),(301,17,3,7,'1446-1447',28,'no',NULL,NULL,NULL,0),(302,17,4,7,'1446-1447',26,'no',NULL,NULL,NULL,0),(303,17,5,7,'1446-1447',21,'no',NULL,NULL,NULL,0),(304,17,6,7,'1446-1447',16,'no',NULL,NULL,NULL,0),(449,19,1,2,'1446-1447',2,'no',NULL,NULL,NULL,0),(450,19,2,2,'1446-1447',22,'no',NULL,NULL,NULL,0),(451,19,3,2,'1446-1447',27,'no',NULL,NULL,NULL,0),(452,19,4,2,'1446-1447',19,'no',NULL,NULL,NULL,0),(453,19,5,2,'1446-1447',23,'no',NULL,NULL,NULL,0),(454,19,1,4,'1446-1447',25,'no',NULL,NULL,NULL,0),(455,19,2,4,'1446-1447',22,'no',NULL,NULL,NULL,0),(456,19,3,4,'1446-1447',29,'no',NULL,NULL,NULL,0),(457,19,4,4,'1446-1447',26,'no',NULL,NULL,NULL,0),(458,19,5,4,'1446-1447',18,'no',NULL,NULL,NULL,0),(459,19,1,7,'1446-1447',33,'no',NULL,NULL,NULL,0),(460,19,2,7,'1446-1447',34,'no',NULL,NULL,NULL,0),(461,19,3,7,'1446-1447',28,'no',NULL,NULL,NULL,0),(462,19,4,7,'1446-1447',26,'no',NULL,NULL,NULL,0),(463,19,5,7,'1446-1447',21,'no',NULL,NULL,NULL,0),(464,19,6,7,'1446-1447',16,'no',NULL,NULL,NULL,0),(483,20,1,2,'1446-1447',2,'no',NULL,NULL,NULL,0),(484,20,2,2,'1446-1447',22,'no',NULL,NULL,NULL,0),(485,20,3,2,'1446-1447',27,'no',NULL,NULL,NULL,0),(486,20,4,2,'1446-1447',19,'no',NULL,NULL,NULL,0),(487,20,5,2,'1446-1447',23,'no',NULL,NULL,NULL,0),(488,20,1,4,'1446-1447',25,'no',NULL,NULL,NULL,0),(489,20,2,4,'1446-1447',22,'no',NULL,NULL,NULL,0),(490,20,3,4,'1446-1447',29,'no',NULL,NULL,NULL,0),(491,20,4,4,'1446-1447',26,'no',NULL,NULL,NULL,0),(492,20,5,4,'1446-1447',18,'no',NULL,NULL,NULL,0),(493,20,1,7,'1446-1447',33,'no',NULL,NULL,NULL,0),(494,20,2,7,'1446-1447',34,'no',NULL,NULL,NULL,0),(495,20,3,7,'1446-1447',28,'no',NULL,NULL,NULL,0),(496,20,4,7,'1446-1447',26,'no',NULL,NULL,NULL,0),(497,20,5,7,'1446-1447',21,'no',NULL,NULL,NULL,0),(498,20,6,7,'1446-1447',16,'no',NULL,NULL,NULL,0),(499,2,1,18,'1446-1447',27,'no',NULL,NULL,NULL,0),(500,2,2,18,'1446-1447',22,'no',NULL,NULL,NULL,0),(501,2,3,18,'1446-1447',27,'no',NULL,NULL,NULL,0),(502,2,4,18,'1446-1447',19,'no',NULL,NULL,NULL,0),(503,2,5,18,'1446-1447',23,'no',NULL,NULL,NULL,0),(504,2,1,19,'1446-1447',25,'no',NULL,NULL,NULL,0),(505,2,2,19,'1446-1447',22,'no',NULL,NULL,NULL,0),(506,2,3,19,'1446-1447',29,'no',NULL,NULL,NULL,0),(507,2,4,19,'1446-1447',26,'no',NULL,NULL,NULL,0),(508,2,5,19,'1446-1447',18,'no',NULL,NULL,NULL,0),(509,2,1,20,'1446-1447',33,'no',NULL,NULL,NULL,0),(510,2,2,20,'1446-1447',34,'no',NULL,NULL,NULL,0),(511,2,3,20,'1446-1447',28,'no',NULL,NULL,NULL,0),(512,2,4,20,'1446-1447',26,'no',NULL,NULL,NULL,0),(513,2,5,20,'1446-1447',21,'no',NULL,NULL,NULL,0),(514,2,6,20,'1446-1447',16,'no',NULL,NULL,NULL,0),(548,41,1,21,'1446-1447',2,'no',NULL,NULL,NULL,0),(549,41,2,21,'1446-1447',22,'no',NULL,NULL,NULL,0),(550,41,3,21,'1446-1447',27,'no',NULL,NULL,NULL,0),(551,41,4,21,'1446-1447',19,'no',NULL,NULL,NULL,0),(552,41,5,21,'1446-1447',23,'no',NULL,NULL,NULL,0),(554,41,1,22,'1446-1447',25,'no',NULL,NULL,NULL,0),(555,41,1,21,'1446-1447',2,'no',NULL,NULL,NULL,0),(556,41,2,21,'1446-1447',22,'no',NULL,NULL,NULL,0),(557,41,2,22,'1446-1447',22,'no',NULL,NULL,NULL,0),(558,41,3,22,'1446-1447',29,'no',NULL,NULL,NULL,0),(559,41,3,21,'1446-1447',27,'no',NULL,NULL,NULL,0),(560,41,4,21,'1446-1447',19,'no',NULL,NULL,NULL,0),(561,41,4,22,'1446-1447',26,'no',NULL,NULL,NULL,0),(562,41,5,21,'1446-1447',23,'no',NULL,NULL,NULL,0),(563,41,5,22,'1446-1447',18,'no',NULL,NULL,NULL,0),(564,41,1,22,'1446-1447',25,'no',NULL,NULL,NULL,0),(565,41,1,23,'1446-1447',33,'no',NULL,NULL,NULL,0),(566,41,2,22,'1446-1447',22,'no',NULL,NULL,NULL,0),(567,41,3,22,'1446-1447',29,'no',NULL,NULL,NULL,0),(568,41,2,23,'1446-1447',34,'no',NULL,NULL,NULL,0),(569,41,4,22,'1446-1447',26,'no',NULL,NULL,NULL,0),(570,41,3,23,'1446-1447',28,'no',NULL,NULL,NULL,0),(571,41,5,22,'1446-1447',18,'no',NULL,NULL,NULL,0),(572,41,4,23,'1446-1447',26,'no',NULL,NULL,NULL,0),(573,41,1,23,'1446-1447',33,'no',NULL,NULL,NULL,0),(574,41,5,23,'1446-1447',21,'no',NULL,NULL,NULL,0),(575,41,2,23,'1446-1447',34,'no',NULL,NULL,NULL,0),(576,41,6,23,'1446-1447',16,'no',NULL,NULL,NULL,0),(577,41,3,23,'1446-1447',28,'no',NULL,NULL,NULL,0),(578,41,4,23,'1446-1447',26,'no',NULL,NULL,NULL,0),(579,41,5,23,'1446-1447',21,'no',NULL,NULL,NULL,0),(580,41,6,23,'1446-1447',16,'no',NULL,NULL,NULL,0),(599,43,1,21,'1446-1447',2,'no',NULL,NULL,NULL,0),(600,43,2,21,'1446-1447',22,'no',NULL,NULL,NULL,0),(601,43,3,21,'1446-1447',27,'no',NULL,NULL,NULL,0),(602,43,4,21,'1446-1447',19,'no',NULL,NULL,NULL,0),(603,43,5,21,'1446-1447',23,'no',NULL,NULL,NULL,0),(605,43,1,22,'1446-1447',25,'no',NULL,NULL,NULL,0),(606,43,1,21,'1446-1447',2,'no',NULL,NULL,NULL,0),(607,43,2,21,'1446-1447',22,'no',NULL,NULL,NULL,0),(608,43,2,22,'1446-1447',22,'no',NULL,NULL,NULL,0),(609,43,3,21,'1446-1447',27,'no',NULL,NULL,NULL,0),(610,43,3,22,'1446-1447',29,'no',NULL,NULL,NULL,0),(611,43,4,21,'1446-1447',19,'no',NULL,NULL,NULL,0),(612,43,4,22,'1446-1447',26,'no',NULL,NULL,NULL,0),(613,43,5,21,'1446-1447',23,'no',NULL,NULL,NULL,0),(614,43,5,22,'1446-1447',18,'no',NULL,NULL,NULL,0),(615,43,1,22,'1446-1447',25,'no',NULL,NULL,NULL,0),(616,43,1,23,'1446-1447',33,'no',NULL,NULL,NULL,0),(617,43,2,22,'1446-1447',22,'no',NULL,NULL,NULL,0),(618,43,3,22,'1446-1447',29,'no',NULL,NULL,NULL,0),(619,43,2,23,'1446-1447',34,'no',NULL,NULL,NULL,0),(620,43,4,22,'1446-1447',26,'no',NULL,NULL,NULL,0),(621,43,3,23,'1446-1447',28,'no',NULL,NULL,NULL,0),(622,43,5,22,'1446-1447',18,'no',NULL,NULL,NULL,0),(623,43,1,23,'1446-1447',33,'no',NULL,NULL,NULL,0),(624,43,4,23,'1446-1447',26,'no',NULL,NULL,NULL,0),(625,43,5,23,'1446-1447',21,'no',NULL,NULL,NULL,0),(626,43,2,23,'1446-1447',34,'no',NULL,NULL,NULL,0),(627,43,6,23,'1446-1447',16,'no',NULL,NULL,NULL,0),(628,43,3,23,'1446-1447',28,'no',NULL,NULL,NULL,0),(629,43,4,23,'1446-1447',26,'no',NULL,NULL,NULL,0),(630,43,5,23,'1446-1447',21,'no',NULL,NULL,NULL,0),(631,43,6,23,'1446-1447',16,'no',NULL,NULL,NULL,0),(667,44,1,21,'1446-1447',2,'yes',NULL,NULL,NULL,0),(668,44,2,21,'1446-1447',22,'no',NULL,NULL,NULL,0),(669,44,3,21,'1446-1447',27,'no',NULL,NULL,NULL,0),(670,44,4,21,'1446-1447',19,'no',NULL,NULL,NULL,0),(671,44,5,21,'1446-1447',23,'no',NULL,NULL,NULL,0),(672,44,1,22,'1446-1447',25,'yes',NULL,NULL,NULL,0),(673,44,2,22,'1446-1447',22,'no',NULL,NULL,NULL,0),(674,44,3,22,'1446-1447',29,'no',NULL,NULL,NULL,0),(675,44,4,22,'1446-1447',26,'no',NULL,NULL,NULL,0),(676,44,5,22,'1446-1447',18,'no',NULL,NULL,NULL,0),(677,44,1,23,'1446-1447',33,'yes',NULL,NULL,NULL,0),(678,44,2,23,'1446-1447',34,'no',NULL,NULL,NULL,0),(679,44,3,23,'1446-1447',28,'no',NULL,NULL,NULL,0),(680,44,4,23,'1446-1447',26,'no',NULL,NULL,NULL,0),(681,44,5,23,'1446-1447',21,'no',NULL,NULL,NULL,0),(682,44,6,23,'1446-1447',16,'no',NULL,NULL,NULL,0),(769,45,1,2,'1446-1447',2,'no',NULL,NULL,NULL,0),(770,45,2,2,'1446-1447',22,'no',NULL,NULL,NULL,0),(771,45,3,2,'1446-1447',27,'no',NULL,NULL,NULL,0),(772,45,4,2,'1446-1447',19,'no',NULL,NULL,NULL,0),(773,45,5,2,'1446-1447',23,'no',NULL,NULL,NULL,0),(774,45,1,4,'1446-1447',25,'no',NULL,NULL,NULL,0),(775,45,2,4,'1446-1447',22,'no',NULL,NULL,NULL,0),(776,45,3,4,'1446-1447',29,'no',NULL,NULL,NULL,0),(777,45,4,4,'1446-1447',26,'no',NULL,NULL,NULL,0),(778,45,5,4,'1446-1447',18,'no',NULL,NULL,NULL,0),(779,45,1,7,'1446-1447',33,'no',NULL,NULL,NULL,0),(781,45,2,7,'1446-1447',34,'no',NULL,NULL,NULL,0),(782,45,1,2,'1446-1447',2,'no',NULL,NULL,NULL,0),(783,45,2,2,'1446-1447',22,'no',NULL,NULL,NULL,0),(784,45,3,7,'1446-1447',28,'no',NULL,NULL,NULL,0),(785,45,3,2,'1446-1447',27,'no',NULL,NULL,NULL,0),(786,45,4,7,'1446-1447',26,'no',NULL,NULL,NULL,0),(787,45,4,2,'1446-1447',19,'no',NULL,NULL,NULL,0),(788,45,5,2,'1446-1447',23,'no',NULL,NULL,NULL,0),(789,45,5,7,'1446-1447',21,'no',NULL,NULL,NULL,0),(790,45,1,4,'1446-1447',25,'no',NULL,NULL,NULL,0),(791,45,6,7,'1446-1447',16,'no',NULL,NULL,NULL,0),(792,45,2,4,'1446-1447',22,'no',NULL,NULL,NULL,0),(793,45,3,4,'1446-1447',29,'no',NULL,NULL,NULL,0),(794,45,4,4,'1446-1447',26,'no',NULL,NULL,NULL,0),(795,45,5,4,'1446-1447',18,'no',NULL,NULL,NULL,0),(796,45,1,7,'1446-1447',33,'no',NULL,NULL,NULL,0),(797,45,2,7,'1446-1447',34,'no',NULL,NULL,NULL,0),(798,45,3,7,'1446-1447',28,'no',NULL,NULL,NULL,0),(799,45,4,7,'1446-1447',26,'no',NULL,NULL,NULL,0),(800,45,5,7,'1446-1447',21,'no',NULL,NULL,NULL,0),(801,45,6,7,'1446-1447',16,'no',NULL,NULL,NULL,0),(837,46,1,2,'1446-1447',2,'no',NULL,NULL,NULL,0),(838,46,2,2,'1446-1447',22,'no',NULL,NULL,NULL,0),(839,46,3,2,'1446-1447',27,'no',NULL,NULL,NULL,0),(840,46,4,2,'1446-1447',19,'no',NULL,NULL,NULL,0),(841,46,5,2,'1446-1447',23,'no',NULL,NULL,NULL,0),(842,46,1,4,'1446-1447',25,'no',NULL,NULL,NULL,0),(843,46,2,4,'1446-1447',22,'no',NULL,NULL,NULL,0),(844,46,3,4,'1446-1447',29,'no',NULL,NULL,NULL,0),(845,46,4,4,'1446-1447',26,'no',NULL,NULL,NULL,0),(846,46,5,4,'1446-1447',18,'no',NULL,NULL,NULL,0),(847,46,1,7,'1446-1447',33,'no',NULL,NULL,NULL,0),(848,46,2,7,'1446-1447',34,'no',NULL,NULL,NULL,0),(849,46,3,7,'1446-1447',28,'no',NULL,NULL,NULL,0),(850,46,4,7,'1446-1447',26,'no',NULL,NULL,NULL,0),(851,46,5,7,'1446-1447',21,'no',NULL,NULL,NULL,0),(852,46,6,7,'1446-1447',16,'no',NULL,NULL,NULL,0),(1109,47,1,21,'1446-1447',54,'no',NULL,NULL,NULL,0),(1110,47,2,21,'1446-1447',44,'no',NULL,NULL,NULL,0),(1111,47,3,21,'1446-1447',54,'no',NULL,NULL,NULL,0),(1112,47,4,21,'1446-1447',38,'no',NULL,NULL,NULL,0),(1113,47,5,21,'1446-1447',46,'no',NULL,NULL,NULL,0),(1114,47,1,22,'1446-1447',50,'no',NULL,NULL,NULL,0),(1115,47,2,22,'1446-1447',44,'no',NULL,NULL,NULL,0),(1116,47,3,22,'1446-1447',58,'no',NULL,NULL,NULL,0),(1117,47,4,22,'1446-1447',52,'no',NULL,NULL,NULL,0),(1118,47,5,22,'1446-1447',36,'no',NULL,NULL,NULL,0),(1119,47,1,23,'1446-1447',66,'no',NULL,NULL,NULL,0),(1120,47,2,23,'1446-1447',68,'no',NULL,NULL,NULL,0),(1121,47,3,23,'1446-1447',56,'no',NULL,NULL,NULL,0),(1122,47,4,23,'1446-1447',52,'no',NULL,NULL,NULL,0),(1123,47,5,23,'1446-1447',42,'no',NULL,NULL,NULL,0),(1124,47,6,23,'1446-1447',32,'no',NULL,NULL,NULL,0),(1178,48,1,2,'1446-1447',2,'no',NULL,NULL,NULL,0),(1179,48,2,2,'1446-1447',22,'no',NULL,NULL,NULL,0),(1180,48,1,2,'1446-1447',2,'no',NULL,NULL,NULL,0),(1181,48,2,2,'1446-1447',22,'no',NULL,NULL,NULL,0),(1182,48,3,2,'1446-1447',27,'no',NULL,NULL,NULL,0),(1183,48,3,2,'1446-1447',27,'no',NULL,NULL,NULL,0),(1184,48,4,2,'1446-1447',19,'no',NULL,NULL,NULL,0),(1185,48,5,2,'1446-1447',23,'no',NULL,NULL,NULL,0),(1186,48,4,2,'1446-1447',19,'no',NULL,NULL,NULL,0),(1187,48,5,2,'1446-1447',23,'no',NULL,NULL,NULL,0),(1188,48,1,4,'1446-1447',25,'no',NULL,NULL,NULL,0),(1189,48,1,4,'1446-1447',25,'no',NULL,NULL,NULL,0),(1190,48,2,4,'1446-1447',22,'no',NULL,NULL,NULL,0),(1191,48,2,4,'1446-1447',22,'no',NULL,NULL,NULL,0),(1192,48,3,4,'1446-1447',29,'no',NULL,NULL,NULL,0),(1193,48,3,4,'1446-1447',29,'no',NULL,NULL,NULL,0),(1194,48,4,4,'1446-1447',26,'no',NULL,NULL,NULL,0),(1195,48,4,4,'1446-1447',26,'no',NULL,NULL,NULL,0),(1196,48,5,4,'1446-1447',18,'no',NULL,NULL,NULL,0),(1197,48,5,4,'1446-1447',18,'no',NULL,NULL,NULL,0),(1198,48,1,7,'1446-1447',33,'no',NULL,NULL,NULL,0),(1199,48,1,7,'1446-1447',33,'no',NULL,NULL,NULL,0),(1200,48,2,7,'1446-1447',34,'no',NULL,NULL,NULL,0),(1201,48,2,7,'1446-1447',34,'no',NULL,NULL,NULL,0),(1202,48,3,7,'1446-1447',28,'no',NULL,NULL,NULL,0),(1203,48,3,7,'1446-1447',28,'no',NULL,NULL,NULL,0),(1204,48,4,7,'1446-1447',26,'no',NULL,NULL,NULL,0),(1205,48,4,7,'1446-1447',26,'no',NULL,NULL,NULL,0),(1206,48,5,7,'1446-1447',21,'no',NULL,NULL,NULL,0),(1207,48,5,7,'1446-1447',21,'no',NULL,NULL,NULL,0),(1208,48,6,7,'1446-1447',16,'no',NULL,NULL,NULL,0),(1209,48,6,7,'1446-1447',16,'no',NULL,NULL,NULL,0),(1262,49,1,21,'1446-1447',2,'yes',NULL,NULL,NULL,0),(1263,49,2,21,'1446-1447',22,'no',NULL,NULL,NULL,0),(1265,49,3,21,'1446-1447',27,'no',NULL,NULL,NULL,0),(1266,49,1,21,'1446-1447',2,'no',NULL,NULL,NULL,0),(1267,49,2,21,'1446-1447',22,'no',NULL,NULL,NULL,0),(1268,49,4,21,'1446-1447',19,'no',NULL,NULL,NULL,0),(1269,49,3,21,'1446-1447',27,'no',NULL,NULL,NULL,0),(1270,49,5,21,'1446-1447',23,'no',NULL,NULL,NULL,0),(1271,49,1,22,'1446-1447',25,'no',NULL,NULL,NULL,0),(1272,49,4,21,'1446-1447',19,'no',NULL,NULL,NULL,0),(1273,49,5,21,'1446-1447',23,'no',NULL,NULL,NULL,0),(1274,49,2,22,'1446-1447',22,'no',NULL,NULL,NULL,0),(1275,49,1,22,'1446-1447',25,'no',NULL,NULL,NULL,0),(1276,49,3,22,'1446-1447',29,'no',NULL,NULL,NULL,0),(1277,49,2,22,'1446-1447',22,'no',NULL,NULL,NULL,0),(1278,49,4,22,'1446-1447',26,'no',NULL,NULL,NULL,0),(1279,49,3,22,'1446-1447',29,'no',NULL,NULL,NULL,0),(1280,49,5,22,'1446-1447',18,'no',NULL,NULL,NULL,0),(1281,49,4,22,'1446-1447',26,'no',NULL,NULL,NULL,0),(1282,49,1,23,'1446-1447',33,'no',NULL,NULL,NULL,0),(1283,49,5,22,'1446-1447',18,'no',NULL,NULL,NULL,0),(1284,49,2,23,'1446-1447',34,'no',NULL,NULL,NULL,0),(1285,49,1,23,'1446-1447',33,'no',NULL,NULL,NULL,0),(1286,49,3,23,'1446-1447',28,'no',NULL,NULL,NULL,0),(1287,49,2,23,'1446-1447',34,'no',NULL,NULL,NULL,0),(1288,49,4,23,'1446-1447',26,'no',NULL,NULL,NULL,0),(1289,49,3,23,'1446-1447',28,'no',NULL,NULL,NULL,0),(1290,49,5,23,'1446-1447',21,'no',NULL,NULL,NULL,0),(1291,49,6,23,'1446-1447',16,'no',NULL,NULL,NULL,0),(1292,49,4,23,'1446-1447',26,'no',NULL,NULL,NULL,0),(1293,49,5,23,'1446-1447',21,'no',NULL,NULL,NULL,0),(1294,49,6,23,'1446-1447',16,'no',NULL,NULL,NULL,0),(1697,55,NULL,26,'1446-1447',26,'no',NULL,NULL,NULL,0),(1698,55,1,2,'1446-1447',2,'yes',NULL,NULL,NULL,0),(1699,55,2,2,'1446-1447',22,'no',NULL,NULL,NULL,0),(1700,55,3,2,'1446-1447',27,'no',NULL,NULL,NULL,0),(1701,55,4,2,'1446-1447',19,'no',NULL,NULL,NULL,0),(1702,55,5,2,'1446-1447',23,'no',NULL,NULL,NULL,0),(1703,55,1,4,'1446-1447',25,'yes',NULL,NULL,NULL,0),(1704,55,2,4,'1446-1447',22,'no',NULL,NULL,NULL,0),(1705,55,3,4,'1446-1447',29,'no',NULL,NULL,NULL,0),(1706,55,4,4,'1446-1447',26,'no',NULL,NULL,NULL,0),(1707,55,5,4,'1446-1447',18,'no',NULL,NULL,NULL,0),(1708,55,1,7,'1446-1447',33,'no',NULL,NULL,NULL,0),(1709,55,2,7,'1446-1447',34,'no',NULL,NULL,NULL,0),(1710,55,3,7,'1446-1447',28,'no',NULL,NULL,NULL,0),(1711,55,4,7,'1446-1447',26,'no',NULL,NULL,NULL,0),(1712,55,5,7,'1446-1447',21,'no',NULL,NULL,NULL,0),(1713,55,6,7,'1446-1447',16,'no',NULL,NULL,NULL,0),(1826,59,NULL,27,'1446-1447',26,'no',NULL,NULL,NULL,0),(1827,59,1,21,'1446-1447',2,'no',NULL,NULL,NULL,0),(1828,59,2,21,'1446-1447',22,'no',NULL,NULL,NULL,0),(1829,59,3,21,'1446-1447',27,'no',NULL,NULL,NULL,0),(1830,59,4,21,'1446-1447',19,'no',NULL,NULL,NULL,0),(1831,59,5,21,'1446-1447',23,'no',NULL,NULL,NULL,0),(1832,59,1,22,'1446-1447',25,'no',NULL,NULL,NULL,0),(1833,59,2,22,'1446-1447',22,'no',NULL,NULL,NULL,0),(1834,59,3,22,'1446-1447',29,'no',NULL,NULL,NULL,0),(1835,59,4,22,'1446-1447',26,'no',NULL,NULL,NULL,0),(1836,59,5,22,'1446-1447',18,'no',NULL,NULL,NULL,0),(1837,59,1,23,'1446-1447',33,'no',NULL,NULL,NULL,0),(1838,59,2,23,'1446-1447',34,'no',NULL,NULL,NULL,0),(1839,59,3,23,'1446-1447',28,'no',NULL,NULL,NULL,0),(1840,59,4,23,'1446-1447',26,'no',NULL,NULL,NULL,0),(1841,59,5,23,'1446-1447',21,'no',NULL,NULL,NULL,0),(1842,59,6,23,'1446-1447',16,'no',NULL,NULL,NULL,0),(2019,39,1,21,'1446-1447',27,'yes',NULL,NULL,NULL,0),(2020,39,2,21,'1446-1447',22,'no',NULL,NULL,NULL,0),(2021,39,3,21,'1446-1447',27,'no',NULL,NULL,NULL,0),(2022,39,4,21,'1446-1447',19,'no',NULL,NULL,NULL,0),(2023,39,5,21,'1446-1447',23,'no',NULL,NULL,NULL,0),(2024,39,1,22,'1446-1447',25,'yes',NULL,NULL,NULL,0),(2025,39,2,22,'1446-1447',22,'no',NULL,NULL,NULL,0),(2026,39,3,22,'1446-1447',29,'no',NULL,NULL,NULL,0),(2027,39,4,22,'1446-1447',26,'no',NULL,NULL,NULL,0),(2028,39,5,22,'1446-1447',18,'no',NULL,NULL,NULL,0),(2029,39,1,23,'1446-1447',33,'yes',NULL,NULL,NULL,0),(2030,39,2,23,'1446-1447',34,'no',NULL,NULL,NULL,0),(2031,39,3,23,'1446-1447',28,'no',NULL,NULL,NULL,0),(2032,39,4,23,'1446-1447',26,'no',NULL,NULL,NULL,0),(2033,39,5,23,'1446-1447',21,'no',NULL,NULL,NULL,0),(2034,39,6,23,'1446-1447',16,'no',NULL,NULL,NULL,0),(2085,64,1,21,'1446-1447',27,'yes',NULL,NULL,NULL,0),(2086,64,2,21,'1446-1447',22,'no',NULL,NULL,NULL,0),(2087,64,3,21,'1446-1447',27,'no',NULL,NULL,NULL,0),(2088,64,4,21,'1446-1447',19,'no',NULL,NULL,NULL,0),(2089,64,5,21,'1446-1447',23,'no',NULL,NULL,NULL,0),(2090,64,1,22,'1446-1447',25,'yes',NULL,NULL,NULL,0),(2091,64,2,22,'1446-1447',22,'no',NULL,NULL,NULL,0),(2092,64,3,22,'1446-1447',29,'no',NULL,NULL,NULL,0),(2093,64,4,22,'1446-1447',26,'no',NULL,NULL,NULL,0),(2094,64,5,22,'1446-1447',18,'no',NULL,NULL,NULL,0),(2095,64,1,23,'1446-1447',33,'yes',NULL,NULL,NULL,0),(2096,64,2,23,'1446-1447',34,'no',NULL,NULL,NULL,0),(2097,64,3,23,'1446-1447',28,'no',NULL,NULL,NULL,0),(2098,64,4,23,'1446-1447',26,'no',NULL,NULL,NULL,0),(2099,64,5,23,'1446-1447',21,'no',NULL,NULL,NULL,0),(2100,64,6,23,'1446-1447',16,'no',NULL,NULL,NULL,0),(2102,70,1,2,'1446-1447',2,'no',NULL,NULL,NULL,0),(2103,70,2,2,'1446-1447',22,'no',NULL,NULL,NULL,0),(2104,70,3,2,'1446-1447',27,'no',NULL,NULL,NULL,0),(2105,70,4,2,'1446-1447',19,'no',NULL,NULL,NULL,0),(2106,70,5,2,'1446-1447',23,'no',NULL,NULL,NULL,0),(2107,70,1,4,'1446-1447',25,'no',NULL,NULL,NULL,0),(2108,70,2,4,'1446-1447',22,'no',NULL,NULL,NULL,0),(2109,70,3,4,'1446-1447',29,'no',NULL,NULL,NULL,0),(2110,70,4,4,'1446-1447',26,'no',NULL,NULL,NULL,0),(2111,70,5,4,'1446-1447',18,'no',NULL,NULL,NULL,0),(2112,70,1,7,'1446-1447',33,'no',NULL,NULL,NULL,0),(2113,70,2,7,'1446-1447',34,'no',NULL,NULL,NULL,0),(2114,70,3,7,'1446-1447',28,'no',NULL,NULL,NULL,0),(2115,70,4,7,'1446-1447',26,'no',NULL,NULL,NULL,0),(2116,70,5,7,'1446-1447',21,'no',NULL,NULL,NULL,0),(2117,70,6,7,'1446-1447',16,'no',NULL,NULL,NULL,0),(2119,77,1,21,'1446-1447',2,'no',NULL,NULL,NULL,0),(2120,77,2,21,'1446-1447',22,'no',NULL,NULL,NULL,0),(2121,77,3,21,'1446-1447',27,'no',NULL,NULL,NULL,0),(2122,77,4,21,'1446-1447',19,'no',NULL,NULL,NULL,0),(2123,77,5,21,'1446-1447',23,'no',NULL,NULL,NULL,0),(2124,77,1,22,'1446-1447',25,'no',NULL,NULL,NULL,0),(2125,77,2,22,'1446-1447',22,'no',NULL,NULL,NULL,0),(2126,77,3,22,'1446-1447',29,'no',NULL,NULL,NULL,0),(2127,77,4,22,'1446-1447',26,'no',NULL,NULL,NULL,0),(2128,77,5,22,'1446-1447',18,'no',NULL,NULL,NULL,0),(2129,77,1,23,'1446-1447',33,'no',NULL,NULL,NULL,0),(2130,77,2,23,'1446-1447',34,'no',NULL,NULL,NULL,0),(2131,77,3,23,'1446-1447',28,'no',NULL,NULL,NULL,0),(2132,77,4,23,'1446-1447',26,'no',NULL,NULL,NULL,0),(2133,77,5,23,'1446-1447',21,'no',NULL,NULL,NULL,0),(2134,77,6,23,'1446-1447',16,'no',NULL,NULL,NULL,0),(2191,75,1,30,'1446-1447',8,'no',NULL,NULL,NULL,0),(2192,75,2,30,'1446-1447',32,'no',NULL,NULL,NULL,0),(2193,75,3,30,'1446-1447',33,'no',NULL,NULL,NULL,0),(2194,75,4,30,'1446-1447',35,'no',NULL,NULL,NULL,0),(2195,75,5,9,'1446-1447',34,'no',NULL,NULL,NULL,0),(2196,75,6,30,'1446-1447',37,'no',NULL,NULL,NULL,0),(2197,75,7,30,'1446-1447',33,'no',NULL,NULL,NULL,0),(2198,75,8,30,'1446-1447',35,'no',NULL,NULL,NULL,0),(2199,75,9,30,'1446-1447',1,'no',NULL,NULL,NULL,0),(2200,75,1,31,'1446-1447',35,'no',NULL,NULL,NULL,0),(2201,75,2,31,'1446-1447',36,'no',NULL,NULL,NULL,0),(2202,75,3,31,'1446-1447',31,'no',NULL,NULL,NULL,0),(2203,75,4,31,'1446-1447',31,'no',NULL,NULL,NULL,0),(2204,75,5,31,'1446-1447',33,'no',NULL,NULL,NULL,0),(2205,75,6,31,'1446-1447',34,'no',NULL,NULL,NULL,0),(2206,75,7,31,'1446-1447',35,'no',NULL,NULL,NULL,0),(2207,75,8,31,'1446-1447',3,'no',NULL,NULL,NULL,0),(2208,75,1,32,'1446-1447',20,'no',NULL,NULL,NULL,0),(2358,78,1,30,'1446-1447',8,'no',NULL,NULL,NULL,0),(2359,78,2,30,'1446-1447',32,'no',NULL,NULL,NULL,0),(2360,78,3,30,'1446-1447',33,'no',NULL,NULL,NULL,0),(2361,78,4,30,'1446-1447',35,'no',NULL,NULL,NULL,0),(2362,78,5,9,'1446-1447',34,'no',NULL,NULL,NULL,0),(2363,78,6,30,'1446-1447',37,'no',NULL,NULL,NULL,0),(2364,78,7,30,'1446-1447',33,'no',NULL,NULL,NULL,0),(2365,78,8,30,'1446-1447',35,'no',NULL,NULL,NULL,0),(2366,78,9,30,'1446-1447',1,'no',NULL,NULL,NULL,0),(2367,78,1,31,'1446-1447',35,'no',NULL,NULL,NULL,0),(2368,78,2,31,'1446-1447',36,'no',NULL,NULL,NULL,0),(2369,78,3,31,'1446-1447',31,'no',NULL,NULL,NULL,0),(2370,78,4,31,'1446-1447',31,'no',NULL,NULL,NULL,0),(2371,78,5,31,'1446-1447',33,'no',NULL,NULL,NULL,0),(2372,78,6,31,'1446-1447',34,'no',NULL,NULL,NULL,0),(2373,78,7,31,'1446-1447',35,'no',NULL,NULL,NULL,0),(2374,78,8,31,'1446-1447',3,'no',NULL,NULL,NULL,0),(2375,78,1,32,'1446-1447',20,'no',NULL,NULL,NULL,0),(2445,79,1,21,'1446-1447',2,'no',NULL,NULL,NULL,0),(2446,79,2,21,'1446-1447',22,'no',NULL,NULL,NULL,0),(2447,79,3,21,'1446-1447',27,'no',NULL,NULL,NULL,0),(2448,79,4,21,'1446-1447',19,'no',NULL,NULL,NULL,0),(2449,79,5,21,'1446-1447',23,'no',NULL,NULL,NULL,0),(2450,79,1,22,'1446-1447',25,'no',NULL,NULL,NULL,0),(2451,79,2,22,'1446-1447',22,'no',NULL,NULL,NULL,0),(2452,79,3,22,'1446-1447',29,'no',NULL,NULL,NULL,0),(2453,79,4,22,'1446-1447',26,'no',NULL,NULL,NULL,0),(2454,79,5,22,'1446-1447',18,'no',NULL,NULL,NULL,0),(2455,79,1,23,'1446-1447',33,'no',NULL,NULL,NULL,0),(2456,79,2,23,'1446-1447',34,'no',NULL,NULL,NULL,0),(2457,79,3,23,'1446-1447',28,'no',NULL,NULL,NULL,0),(2458,79,4,23,'1446-1447',26,'no',NULL,NULL,NULL,0),(2459,79,5,23,'1446-1447',21,'no',NULL,NULL,NULL,0),(2460,79,6,23,'1446-1447',16,'no',NULL,NULL,NULL,0),(2462,81,1,7,'1446-1447',2,'no',NULL,NULL,NULL,0),(2463,81,2,8,'1446-1447',22,'no',NULL,NULL,NULL,0),(2464,81,3,11,'1446-1447',27,'no',NULL,NULL,NULL,0),(2465,81,4,10,'1446-1447',19,'no',NULL,NULL,NULL,0),(2466,81,5,9,'1446-1447',23,'no',NULL,NULL,NULL,0),(2467,81,1,10,'1446-1447',25,'no',NULL,NULL,NULL,0),(2468,81,2,11,'1446-1447',22,'no',NULL,NULL,NULL,0),(2469,81,3,12,'1446-1447',29,'no',NULL,NULL,NULL,0),(2470,81,4,17,'1446-1447',26,'no',NULL,NULL,NULL,0),(2471,0,5,9,'1446-1447',18,'no',NULL,NULL,NULL,0),(2472,81,1,12,'1446-1447',33,'no',NULL,NULL,NULL,0),(2473,81,2,16,'1446-1447',34,'no',NULL,NULL,NULL,0),(2474,81,3,15,'1446-1447',28,'no',NULL,NULL,NULL,0),(2475,81,4,15,'1446-1447',26,'no',NULL,NULL,NULL,0),(2476,81,5,14,'1446-1447',21,'no',NULL,NULL,NULL,0),(2477,81,6,14,'1446-1447',16,'no',NULL,NULL,NULL,0),(2479,84,1,9,'1446-1447',8,'no',NULL,NULL,NULL,0),(2480,84,2,9,'1446-1447',32,'no',NULL,NULL,NULL,0),(2481,84,3,9,'1446-1447',33,'no',NULL,NULL,NULL,0),(2482,84,4,9,'1446-1447',35,'no',NULL,NULL,NULL,0),(2483,84,5,9,'1446-1447',34,'no',NULL,NULL,NULL,0),(2484,84,6,9,'1446-1447',37,'no',NULL,NULL,NULL,0),(2485,84,7,9,'1446-1447',33,'no',NULL,NULL,NULL,0),(2486,84,8,9,'1446-1447',35,'no',NULL,NULL,NULL,0),(2487,84,9,9,'1446-1447',1,'no',NULL,NULL,NULL,0),(2488,84,1,11,'1446-1447',35,'no',NULL,NULL,NULL,0),(2489,84,2,11,'1446-1447',36,'no',NULL,NULL,NULL,0),(2490,84,3,11,'1446-1447',31,'no',NULL,NULL,NULL,0),(2491,84,4,11,'1446-1447',31,'no',NULL,NULL,NULL,0),(2492,84,5,11,'1446-1447',33,'no',NULL,NULL,NULL,0),(2493,84,6,11,'1446-1447',34,'no',NULL,NULL,NULL,0),(2494,84,7,11,'1446-1447',35,'no',NULL,NULL,NULL,0),(2495,84,8,11,'1446-1447',3,'no',NULL,NULL,NULL,0),(2496,84,1,14,'1446-1447',20,'no',NULL,NULL,NULL,0),(2497,86,1,21,'1446-1447',28,'no',NULL,NULL,NULL,0),(2498,86,2,21,'1446-1447',22,'no',NULL,NULL,NULL,0),(2499,86,3,21,'1446-1447',27,'no',NULL,NULL,NULL,0),(2500,86,4,21,'1446-1447',19,'no',NULL,NULL,NULL,0),(2501,86,5,21,'1446-1447',23,'no',NULL,NULL,NULL,0),(2502,86,1,22,'1446-1447',25,'no',NULL,NULL,NULL,0),(2503,86,2,22,'1446-1447',22,'no',NULL,NULL,NULL,0),(2504,86,3,22,'1446-1447',29,'no',NULL,NULL,NULL,0),(2505,86,4,22,'1446-1447',26,'no',NULL,NULL,NULL,0),(2506,86,5,22,'1446-1447',18,'no',NULL,NULL,NULL,0),(2507,86,1,23,'1446-1447',33,'no',NULL,NULL,NULL,0),(2508,86,2,23,'1446-1447',34,'no',NULL,NULL,NULL,0),(2509,86,3,23,'1446-1447',28,'no',NULL,NULL,NULL,0),(2510,86,4,23,'1446-1447',26,'no',NULL,NULL,NULL,0),(2511,86,5,23,'1446-1447',21,'no',NULL,NULL,NULL,0),(2512,86,6,23,'1446-1447',16,'no',NULL,NULL,NULL,0),(2513,90,1,2,'1446-1447',28,'no',NULL,NULL,NULL,0),(2514,90,2,2,'1446-1447',22,'no',NULL,NULL,NULL,0),(2515,90,3,2,'1446-1447',27,'no',NULL,NULL,NULL,0),(2516,90,4,2,'1446-1447',19,'no',NULL,NULL,NULL,0),(2517,90,5,2,'1446-1447',23,'no',NULL,NULL,NULL,0),(2518,90,1,4,'1446-1447',25,'no',NULL,NULL,NULL,0),(2519,90,2,4,'1446-1447',22,'no',NULL,NULL,NULL,0),(2520,90,3,4,'1446-1447',29,'no',NULL,NULL,NULL,0),(2521,90,4,4,'1446-1447',26,'no',NULL,NULL,NULL,0),(2522,90,5,4,'1446-1447',18,'no',NULL,NULL,NULL,0),(2523,90,1,7,'1446-1447',33,'no',NULL,NULL,NULL,0),(2524,90,2,7,'1446-1447',34,'no',NULL,NULL,NULL,0),(2525,90,3,7,'1446-1447',28,'no',NULL,NULL,NULL,0),(2526,90,4,7,'1446-1447',26,'no',NULL,NULL,NULL,0),(2527,90,5,7,'1446-1447',21,'no',NULL,NULL,NULL,0),(2528,90,6,7,'1446-1447',16,'no',NULL,NULL,NULL,0),(2529,91,1,21,'1446-1447',28,'no',NULL,NULL,NULL,0),(2530,91,2,21,'1446-1447',22,'no',NULL,NULL,NULL,0),(2531,91,3,21,'1446-1447',27,'no',NULL,NULL,NULL,0),(2532,91,4,21,'1446-1447',19,'no',NULL,NULL,NULL,0),(2533,91,5,21,'1446-1447',23,'no',NULL,NULL,NULL,0),(2534,91,1,22,'1446-1447',25,'no',NULL,NULL,NULL,0),(2535,91,2,22,'1446-1447',22,'no',NULL,NULL,NULL,0),(2536,91,3,22,'1446-1447',29,'no',NULL,NULL,NULL,0),(2537,91,4,22,'1446-1447',26,'no',NULL,NULL,NULL,0),(2538,91,5,22,'1446-1447',18,'no',NULL,NULL,NULL,0),(2539,91,1,23,'1446-1447',33,'no',NULL,NULL,NULL,0),(2540,91,2,23,'1446-1447',34,'no',NULL,NULL,NULL,0),(2541,91,3,23,'1446-1447',28,'no',NULL,NULL,NULL,0),(2542,91,4,23,'1446-1447',26,'no',NULL,NULL,NULL,0),(2543,91,5,23,'1446-1447',21,'no',NULL,NULL,NULL,0),(2544,91,6,23,'1446-1447',16,'no',NULL,NULL,NULL,0),(2546,93,1,21,'1446-1447',2,'no',NULL,NULL,NULL,0),(2547,93,2,21,'1446-1447',22,'no',NULL,NULL,NULL,0),(2548,93,3,21,'1446-1447',27,'no',NULL,NULL,NULL,0),(2549,93,4,21,'1446-1447',19,'no',NULL,NULL,NULL,0),(2550,93,5,21,'1446-1447',23,'no',NULL,NULL,NULL,0),(2551,93,1,22,'1446-1447',25,'no',NULL,NULL,NULL,0),(2552,93,2,22,'1446-1447',22,'no',NULL,NULL,NULL,0),(2553,93,3,22,'1446-1447',29,'no',NULL,NULL,NULL,0),(2554,93,4,22,'1446-1447',26,'no',NULL,NULL,NULL,0),(2555,93,5,22,'1446-1447',18,'no',NULL,NULL,NULL,0),(2556,93,1,23,'1446-1447',33,'no',NULL,NULL,NULL,0),(2557,93,2,23,'1446-1447',34,'no',NULL,NULL,NULL,0),(2558,93,3,23,'1446-1447',28,'no',NULL,NULL,NULL,0),(2559,93,4,23,'1446-1447',26,'no',NULL,NULL,NULL,0),(2560,93,5,23,'1446-1447',21,'no',NULL,NULL,NULL,0),(2561,93,6,23,'1446-1447',16,'no',NULL,NULL,NULL,0),(2563,97,1,21,'1446-1447',2,'no',NULL,NULL,NULL,0),(2564,97,2,21,'1446-1447',22,'no',NULL,NULL,NULL,0),(2565,97,3,21,'1446-1447',27,'no',NULL,NULL,NULL,0),(2566,97,4,21,'1446-1447',19,'no',NULL,NULL,NULL,0),(2567,97,5,21,'1446-1447',23,'no',NULL,NULL,NULL,0),(2568,97,1,22,'1446-1447',25,'no',NULL,NULL,NULL,0),(2569,97,2,22,'1446-1447',22,'no',NULL,NULL,NULL,0),(2570,97,3,22,'1446-1447',29,'no',NULL,NULL,NULL,0),(2571,97,4,22,'1446-1447',26,'no',NULL,NULL,NULL,0),(2572,97,5,22,'1446-1447',18,'no',NULL,NULL,NULL,0),(2573,97,1,23,'1446-1447',33,'no',NULL,NULL,NULL,0),(2574,97,2,23,'1446-1447',34,'no',NULL,NULL,NULL,0),(2575,97,3,23,'1446-1447',28,'no',NULL,NULL,NULL,0),(2576,97,4,23,'1446-1447',26,'no',NULL,NULL,NULL,0),(2577,97,5,23,'1446-1447',21,'no',NULL,NULL,NULL,0),(2578,97,6,23,'1446-1447',16,'no',NULL,NULL,NULL,0),(2597,101,1,21,'1446-1447',2,'no',NULL,NULL,NULL,0),(2598,101,2,21,'1446-1447',22,'no',NULL,NULL,NULL,0),(2599,101,3,21,'1446-1447',27,'no',NULL,NULL,NULL,0),(2600,101,4,21,'1446-1447',19,'no',NULL,NULL,NULL,0),(2601,101,5,21,'1446-1447',23,'no',NULL,NULL,NULL,0),(2602,101,1,22,'1446-1447',25,'no',NULL,NULL,NULL,0),(2603,101,2,22,'1446-1447',22,'no',NULL,NULL,NULL,0),(2604,101,3,22,'1446-1447',29,'no',NULL,NULL,NULL,0),(2605,101,4,22,'1446-1447',26,'no',NULL,NULL,NULL,0),(2606,101,5,22,'1446-1447',18,'no',NULL,NULL,NULL,0),(2607,101,1,23,'1446-1447',33,'no',NULL,NULL,NULL,0),(2608,101,2,23,'1446-1447',34,'no',NULL,NULL,NULL,0),(2609,101,3,23,'1446-1447',28,'no',NULL,NULL,NULL,0),(2610,101,4,23,'1446-1447',26,'no',NULL,NULL,NULL,0),(2611,101,5,23,'1446-1447',21,'no',NULL,NULL,NULL,0),(2612,101,6,23,'1446-1447',16,'no',NULL,NULL,NULL,0),(2614,102,1,21,'1446-1447',2,'no',NULL,NULL,NULL,0),(2615,102,2,21,'1446-1447',22,'no',NULL,NULL,NULL,0),(2616,102,3,21,'1446-1447',27,'no',NULL,NULL,NULL,0),(2617,102,4,21,'1446-1447',19,'no',NULL,NULL,NULL,0),(2618,102,5,21,'1446-1447',23,'no',NULL,NULL,NULL,0),(2619,102,1,22,'1446-1447',25,'no',NULL,NULL,NULL,0),(2620,102,2,22,'1446-1447',22,'no',NULL,NULL,NULL,0),(2621,102,3,22,'1446-1447',29,'no',NULL,NULL,NULL,0),(2622,102,4,22,'1446-1447',26,'no',NULL,NULL,NULL,0),(2623,102,5,22,'1446-1447',18,'no',NULL,NULL,NULL,0),(2624,102,1,23,'1446-1447',33,'no',NULL,NULL,NULL,0),(2625,102,2,23,'1446-1447',34,'no',NULL,NULL,NULL,0),(2626,102,3,23,'1446-1447',28,'no',NULL,NULL,NULL,0),(2627,102,4,23,'1446-1447',26,'no',NULL,NULL,NULL,0),(2628,102,5,23,'1446-1447',21,'no',NULL,NULL,NULL,0),(2629,102,6,23,'1446-1447',16,'no',NULL,NULL,NULL,0),(2630,103,1,21,'1446-1447',2,'no',NULL,NULL,NULL,0),(2789,105,1,2,'1446-1447',28,'yes',NULL,NULL,NULL,0),(2790,105,2,2,'1446-1447',22,'no',NULL,NULL,NULL,0),(2791,105,3,2,'1446-1447',27,'no',NULL,NULL,NULL,0),(2792,105,4,2,'1446-1447',19,'no',NULL,NULL,NULL,0),(2793,105,5,2,'1446-1447',23,'no',NULL,NULL,NULL,0),(2794,105,1,4,'1446-1447',25,'no',NULL,NULL,NULL,0),(2795,105,2,4,'1446-1447',22,'no',NULL,NULL,NULL,0),(2796,105,3,4,'1446-1447',29,'no',NULL,NULL,NULL,0),(2797,105,4,4,'1446-1447',26,'no',NULL,NULL,NULL,0),(2798,105,5,4,'1446-1447',18,'no',NULL,NULL,NULL,0),(2799,105,1,7,'1446-1447',33,'no',NULL,NULL,NULL,0),(2800,105,2,7,'1446-1447',34,'no',NULL,NULL,NULL,0),(2801,105,3,7,'1446-1447',28,'no',NULL,NULL,NULL,0),(2802,105,4,7,'1446-1447',26,'no',NULL,NULL,NULL,0),(2803,105,5,7,'1446-1447',21,'no',NULL,NULL,NULL,0),(2804,105,6,7,'1446-1447',16,'no',NULL,NULL,NULL,0),(2806,107,1,21,'1446-1447',2,'no',NULL,NULL,NULL,0),(2807,107,2,21,'1446-1447',22,'no',NULL,NULL,NULL,0),(2808,107,3,21,'1446-1447',27,'no',NULL,NULL,NULL,0),(2809,107,4,21,'1446-1447',19,'no',NULL,NULL,NULL,0),(2810,107,5,21,'1446-1447',23,'no',NULL,NULL,NULL,0),(2811,107,1,22,'1446-1447',25,'no',NULL,NULL,NULL,0),(2812,107,2,22,'1446-1447',22,'no',NULL,NULL,NULL,0),(2813,107,3,22,'1446-1447',29,'no',NULL,NULL,NULL,0),(2814,107,4,22,'1446-1447',26,'no',NULL,NULL,NULL,0),(2815,107,5,22,'1446-1447',18,'no',NULL,NULL,NULL,0),(2816,107,1,23,'1446-1447',33,'no',NULL,NULL,NULL,0),(2817,107,2,23,'1446-1447',34,'no',NULL,NULL,NULL,0),(2818,107,3,23,'1446-1447',28,'no',NULL,NULL,NULL,0),(2819,107,4,23,'1446-1447',26,'no',NULL,NULL,NULL,0),(2820,107,5,23,'1446-1447',21,'no',NULL,NULL,NULL,0),(2821,107,6,23,'1446-1447',16,'no',NULL,NULL,NULL,0),(2822,106,1,9,'1446-1447',34,'no',NULL,NULL,NULL,0),(2823,106,2,9,'1446-1447',32,'no',NULL,NULL,NULL,0),(2824,106,3,9,'1446-1447',33,'no',NULL,NULL,NULL,0),(2825,106,4,9,'1446-1447',35,'no',NULL,NULL,NULL,0),(2826,106,5,9,'1446-1447',34,'no',NULL,NULL,NULL,0),(2827,106,6,9,'1446-1447',37,'no',NULL,NULL,NULL,0),(2828,106,7,9,'1446-1447',33,'no',NULL,NULL,NULL,0),(2829,106,8,9,'1446-1447',35,'no',NULL,NULL,NULL,0),(2830,106,9,9,'1446-1447',1,'no',NULL,NULL,NULL,0),(2831,106,1,11,'1446-1447',35,'yes',NULL,NULL,NULL,0),(2832,106,2,11,'1446-1447',36,'no',NULL,NULL,NULL,0),(2833,106,3,11,'1446-1447',31,'no',NULL,NULL,NULL,0),(2834,106,4,11,'1446-1447',31,'no',NULL,NULL,NULL,0),(2835,106,5,11,'1446-1447',33,'no',NULL,NULL,NULL,0),(2836,106,6,11,'1446-1447',34,'no',NULL,NULL,NULL,0),(2837,106,7,11,'1446-1447',35,'no',NULL,NULL,NULL,0),(2838,106,8,11,'1446-1447',3,'no',NULL,NULL,NULL,0),(2839,106,1,36,'1446-1447',20,'no',NULL,NULL,NULL,0),(2840,80,1,21,'1446-1447',28,'no',NULL,NULL,NULL,0),(2841,80,2,21,'1446-1447',22,'no',NULL,NULL,NULL,0),(2842,80,3,21,'1446-1447',27,'no',NULL,NULL,NULL,0),(2843,80,4,21,'1446-1447',19,'no',NULL,NULL,NULL,0),(2844,80,5,21,'1446-1447',23,'no',NULL,NULL,NULL,0),(2845,80,1,22,'1446-1447',25,'no',NULL,NULL,NULL,0),(2846,80,2,22,'1446-1447',22,'no',NULL,NULL,NULL,0),(2847,80,3,22,'1446-1447',29,'no',NULL,NULL,NULL,0),(2848,80,4,22,'1446-1447',26,'no',NULL,NULL,NULL,0),(2849,80,5,22,'1446-1447',18,'no',NULL,NULL,NULL,0),(2850,80,1,23,'1446-1447',33,'no',NULL,NULL,NULL,0),(2851,80,2,23,'1446-1447',34,'no',NULL,NULL,NULL,0),(2852,80,3,23,'1446-1447',28,'no',NULL,NULL,NULL,0),(2853,80,4,23,'1446-1447',26,'no',NULL,NULL,NULL,0),(2854,80,5,23,'1446-1447',21,'no',NULL,NULL,NULL,0),(2855,80,6,23,'1446-1447',16,'no',NULL,NULL,NULL,0),(2884,112,1,30,'1446-1447',28,'no',NULL,NULL,NULL,0),(2885,112,2,30,'1446-1447',22,'no',NULL,NULL,NULL,0),(2886,112,3,30,'1446-1447',27,'no',NULL,NULL,NULL,0),(2887,112,4,30,'1446-1447',19,'no',NULL,NULL,NULL,0),(2888,112,5,30,'1446-1447',23,'no',NULL,NULL,NULL,0),(2889,112,1,31,'1446-1447',25,'no',NULL,NULL,NULL,0),(2890,112,2,31,'1446-1447',22,'no',NULL,NULL,NULL,0),(2891,112,3,31,'1446-1447',29,'no',NULL,NULL,NULL,0),(2892,112,4,31,'1446-1447',26,'no',NULL,NULL,NULL,0),(2893,112,5,31,'1446-1447',18,'no',NULL,NULL,NULL,0),(2894,112,1,32,'1446-1447',33,'no',NULL,NULL,NULL,0),(2895,112,2,32,'1446-1447',34,'no',NULL,NULL,NULL,0),(2896,112,3,32,'1446-1447',28,'no',NULL,NULL,NULL,0),(2897,112,4,32,'1446-1447',26,'no',NULL,NULL,NULL,0),(2898,112,5,32,'1446-1447',21,'no',NULL,NULL,NULL,0),(2899,112,6,32,'1446-1447',16,'no',NULL,NULL,NULL,0),(2918,113,1,30,'1446-1447',34,'no',NULL,NULL,NULL,0),(2919,113,2,30,'1446-1447',32,'no',NULL,NULL,NULL,0),(2920,113,3,30,'1446-1447',33,'no',NULL,NULL,NULL,0),(2921,113,4,30,'1446-1447',35,'no',NULL,NULL,NULL,0),(2922,113,5,9,'1446-1447',34,'no',NULL,NULL,NULL,0),(2923,113,6,30,'1446-1447',37,'no',NULL,NULL,NULL,0),(2924,113,7,30,'1446-1447',33,'no',NULL,NULL,NULL,0),(2925,113,8,30,'1446-1447',35,'no',NULL,NULL,NULL,0),(2926,113,9,30,'1446-1447',1,'no',NULL,NULL,NULL,0),(2927,113,1,31,'1446-1447',35,'no',NULL,NULL,NULL,0),(2928,113,2,31,'1446-1447',36,'no',NULL,NULL,NULL,0),(2929,113,3,31,'1446-1447',31,'no',NULL,NULL,NULL,0),(2930,113,4,31,'1446-1447',31,'no',NULL,NULL,NULL,0),(2931,113,5,31,'1446-1447',33,'no',NULL,NULL,NULL,0),(2932,113,6,31,'1446-1447',34,'no',NULL,NULL,NULL,0),(2933,113,7,31,'1446-1447',35,'no',NULL,NULL,NULL,0),(2934,113,8,31,'1446-1447',3,'no',NULL,NULL,NULL,0),(2935,113,1,32,'1446-1447',20,'no',NULL,NULL,NULL,0),(2936,98,1,2,'1446-1447',34,'no',NULL,NULL,NULL,0),(2937,98,2,2,'1446-1447',32,'no',NULL,NULL,NULL,0),(2938,98,3,2,'1446-1447',33,'yes',NULL,NULL,NULL,0),(2939,98,4,8,'1446-1447',35,'no',NULL,NULL,NULL,0),(2940,98,5,16,'1446-1447',34,'no',NULL,NULL,NULL,0),(2941,98,6,17,'1446-1447',37,'no',NULL,NULL,NULL,0),(2942,98,7,30,'1446-1447',33,'no',NULL,NULL,NULL,0),(2943,98,8,30,'1446-1447',35,'no',NULL,NULL,NULL,0),(2944,98,9,30,'1446-1447',1,'no',NULL,NULL,NULL,0),(2945,98,1,31,'1446-1447',35,'no',NULL,NULL,NULL,0),(2946,98,2,31,'1446-1447',36,'no',NULL,NULL,NULL,0),(2947,98,3,31,'1446-1447',31,'no',NULL,NULL,NULL,0),(2948,98,4,31,'1446-1447',31,'no',NULL,NULL,NULL,0),(2949,98,5,31,'1446-1447',33,'no',NULL,NULL,NULL,0),(2950,98,6,31,'1446-1447',34,'no',NULL,NULL,NULL,0),(2951,98,7,31,'1446-1447',35,'no',NULL,NULL,NULL,0),(2952,98,8,31,'1446-1447',3,'no',NULL,NULL,NULL,0),(2953,98,1,32,'1446-1447',20,'no',NULL,NULL,NULL,0),(3059,176,4,41,'1446-1447',20,'no',NULL,NULL,NULL,0),(3060,179,1,42,'1446-1447',36,'yes',NULL,NULL,NULL,0),(3061,179,2,42,'1446-1447',32,'no',NULL,NULL,NULL,0),(3062,179,3,42,'1446-1447',30,'no',NULL,NULL,NULL,0),(3063,179,4,42,'1446-1447',31,'no',NULL,NULL,NULL,0),(3064,179,5,42,'1446-1447',33,'no',NULL,NULL,NULL,0),(3065,179,6,42,'1446-1447',32,'no',NULL,NULL,NULL,0),(3066,179,7,42,'1446-1447',31,'no',NULL,NULL,NULL,0),(3067,179,8,42,'1446-1447',32,'no',NULL,NULL,NULL,0),(3068,179,1,43,'1446-1447',33,'no',NULL,NULL,NULL,0),(3069,179,2,43,'1446-1447',34,'no',NULL,NULL,NULL,0),(3070,179,3,43,'1446-1447',32,'no',NULL,NULL,NULL,0),(3071,179,4,43,'1446-1447',33,'no',NULL,NULL,NULL,0),(3072,179,5,43,'1446-1447',35,'no',NULL,NULL,NULL,0),(3073,179,6,43,'1446-1447',33,'no',NULL,NULL,NULL,0),(3074,179,7,43,'1446-1447',34,'no',NULL,NULL,NULL,0),(3075,179,8,43,'1446-1447',37,'no',NULL,NULL,NULL,0),(3076,179,9,43,'1446-1447',2,'no',NULL,NULL,NULL,0),(3077,179,1,44,'1446-1447',30,'no',NULL,NULL,NULL,0),(3078,179,2,44,'1446-1447',31,'no',NULL,NULL,NULL,0),(3079,179,3,44,'1446-1447',27,'no',NULL,NULL,NULL,0),(3080,179,4,44,'1446-1447',33,'no',NULL,NULL,NULL,0),(3081,179,5,44,'1446-1447',33,'no',NULL,NULL,NULL,0),(3082,179,6,44,'1446-1447',29,'no',NULL,NULL,NULL,0),(3083,179,7,44,'1446-1447',28,'no',NULL,NULL,NULL,0),(3084,179,9,44,'1446-1447',4,'no',NULL,NULL,NULL,0),(3085,179,8,45,'1446-1447',18,'no',NULL,NULL,NULL,0),(3134,180,1,55,'1446-1447',28,'no',NULL,NULL,NULL,0),(3135,180,2,55,'1446-1447',22,'no',NULL,NULL,NULL,0),(3136,180,3,55,'1446-1447',27,'no',NULL,NULL,NULL,0),(3137,180,4,55,'1446-1447',19,'no',NULL,NULL,NULL,0),(3138,180,5,55,'1446-1447',23,'no',NULL,NULL,NULL,0),(3139,180,1,56,'1446-1447',25,'no',NULL,NULL,NULL,0),(3140,180,2,56,'1446-1447',22,'no',NULL,NULL,NULL,0),(3141,180,3,56,'1446-1447',29,'no',NULL,NULL,NULL,0),(3142,180,4,56,'1446-1447',26,'no',NULL,NULL,NULL,0),(3143,180,5,56,'1446-1447',18,'no',NULL,NULL,NULL,0),(3144,180,1,57,'1446-1447',33,'no',NULL,NULL,NULL,0),(3145,180,2,57,'1446-1447',34,'no',NULL,NULL,NULL,0),(3146,180,3,57,'1446-1447',28,'no',NULL,NULL,NULL,0),(3147,180,4,57,'1446-1447',26,'no',NULL,NULL,NULL,0),(3148,180,5,57,'1446-1447',21,'no',NULL,NULL,NULL,0),(3149,180,6,57,'1446-1447',16,'no',NULL,NULL,NULL,0),(3150,181,1,58,'1446-1447',28,'no',NULL,NULL,NULL,0),(3151,181,2,58,'1446-1447',22,'no',NULL,NULL,NULL,0),(3152,181,3,58,'1446-1447',27,'no',NULL,NULL,NULL,0),(3153,181,4,58,'1446-1447',19,'no',NULL,NULL,NULL,0),(3154,181,5,58,'1446-1447',23,'no',NULL,NULL,NULL,0),(3155,181,1,59,'1446-1447',25,'no',NULL,NULL,NULL,0),(3156,181,2,59,'1446-1447',22,'no',NULL,NULL,NULL,0),(3157,181,3,59,'1446-1447',29,'no',NULL,NULL,NULL,0),(3158,181,4,59,'1446-1447',26,'no',NULL,NULL,NULL,0),(3159,181,5,59,'1446-1447',18,'no',NULL,NULL,NULL,0),(3160,181,1,60,'1446-1447',33,'no',NULL,NULL,NULL,0),(3161,181,2,60,'1446-1447',34,'no',NULL,NULL,NULL,0),(3162,181,3,60,'1446-1447',28,'no',NULL,NULL,NULL,0),(3163,181,4,60,'1446-1447',26,'no',NULL,NULL,NULL,0),(3164,181,5,60,'1446-1447',21,'no',NULL,NULL,NULL,0),(3165,181,6,60,'1446-1447',16,'no',NULL,NULL,NULL,0),(3218,185,1,69,'1446-1447',36,'yes',NULL,NULL,NULL,0),(3219,185,2,69,'1446-1447',32,'no',NULL,NULL,NULL,0),(3220,185,3,69,'1446-1447',30,'no',NULL,NULL,NULL,0),(3221,185,4,69,'1446-1447',31,'no',NULL,NULL,NULL,0),(3222,185,5,69,'1446-1447',33,'no',NULL,NULL,NULL,0),(3223,185,6,69,'1446-1447',32,'no',NULL,NULL,NULL,0),(3224,185,7,69,'1446-1447',31,'no',NULL,NULL,NULL,0),(3225,185,8,69,'1446-1447',32,'no',NULL,NULL,NULL,0),(3226,185,1,70,'1446-1447',33,'yes',NULL,NULL,NULL,0),(3227,185,2,70,'1446-1447',34,'no',NULL,NULL,NULL,0),(3228,185,3,70,'1446-1447',32,'no',NULL,NULL,NULL,0),(3229,185,4,70,'1446-1447',33,'no',NULL,NULL,NULL,0),(3230,185,5,70,'1446-1447',35,'no',NULL,NULL,NULL,0),(3231,185,6,70,'1446-1447',33,'no',NULL,NULL,NULL,0),(3232,185,7,70,'1446-1447',34,'no',NULL,NULL,NULL,0),(3233,185,8,70,'1446-1447',37,'no',NULL,NULL,NULL,0),(3234,185,9,70,'1446-1447',2,'no',NULL,NULL,NULL,0),(3235,185,1,71,'1446-1447',30,'yes',NULL,NULL,NULL,0),(3236,185,2,71,'1446-1447',31,'no',NULL,NULL,NULL,0),(3237,185,3,71,'1446-1447',27,'no',NULL,NULL,NULL,0),(3238,185,4,71,'1446-1447',33,'no',NULL,NULL,NULL,0),(3239,185,5,71,'1446-1447',33,'no',NULL,NULL,NULL,0),(3240,185,6,71,'1446-1447',29,'no',NULL,NULL,NULL,0),(3241,185,7,71,'1446-1447',28,'no',NULL,NULL,NULL,0),(3242,185,9,71,'1446-1447',4,'no',NULL,NULL,NULL,0),(3243,185,8,72,'1446-1447',18,'no',NULL,NULL,NULL,0),(3582,187,1,125,'1446-1447',36,'no',NULL,NULL,NULL,0),(3583,187,2,125,'1446-1447',32,'no',NULL,NULL,NULL,0),(3584,187,3,125,'1446-1447',30,'no',NULL,NULL,NULL,0),(3585,187,4,125,'1446-1447',31,'no',NULL,NULL,NULL,0),(3586,187,5,125,'1446-1447',33,'no',NULL,NULL,NULL,0),(3587,187,6,125,'1446-1447',32,'no',NULL,NULL,NULL,0),(3588,187,7,125,'1446-1447',31,'no',NULL,NULL,NULL,0),(3589,187,8,125,'1446-1447',32,'no',NULL,NULL,NULL,0),(3590,187,1,126,'1446-1447',33,'no',NULL,NULL,NULL,0),(3591,187,2,126,'1446-1447',34,'no',NULL,NULL,NULL,0),(3592,187,3,126,'1446-1447',32,'no',NULL,NULL,NULL,0),(3593,187,4,126,'1446-1447',33,'no',NULL,NULL,NULL,0),(3594,187,5,126,'1446-1447',35,'no',NULL,NULL,NULL,0),(3595,187,6,126,'1446-1447',33,'no',NULL,NULL,NULL,0),(3596,187,7,126,'1446-1447',34,'no',NULL,NULL,NULL,0),(3597,187,8,126,'1446-1447',37,'no',NULL,NULL,NULL,0),(3598,187,9,126,'1446-1447',2,'no',NULL,NULL,NULL,0),(3599,187,1,127,'1446-1447',30,'no',NULL,NULL,NULL,0),(3600,187,2,127,'1446-1447',31,'no',NULL,NULL,NULL,0),(3601,187,3,127,'1446-1447',27,'no',NULL,NULL,NULL,0),(3602,187,4,127,'1446-1447',33,'no',NULL,NULL,NULL,0),(3603,187,5,127,'1446-1447',33,'no',NULL,NULL,NULL,0),(3604,187,6,127,'1446-1447',29,'no',NULL,NULL,NULL,0),(3605,187,7,127,'1446-1447',28,'no',NULL,NULL,NULL,0),(3606,187,9,127,'1446-1447',4,'no',NULL,NULL,NULL,0),(3607,187,8,128,'1446-1447',18,'no',NULL,NULL,NULL,0),(3634,186,1,133,'1446-1447',36,'no',NULL,NULL,NULL,0),(3635,186,2,133,'1446-1447',32,'no',NULL,NULL,NULL,0),(3636,186,3,133,'1446-1447',30,'no',NULL,NULL,NULL,0),(3637,186,4,133,'1446-1447',31,'no',NULL,NULL,NULL,0),(3638,186,5,133,'1446-1447',33,'no',NULL,NULL,NULL,0),(3639,186,6,133,'1446-1447',32,'no',NULL,NULL,NULL,0),(3640,186,7,133,'1446-1447',31,'no',NULL,NULL,NULL,0),(3641,186,8,133,'1446-1447',32,'yes',NULL,NULL,NULL,0),(3642,186,1,134,'1446-1447',33,'no',NULL,NULL,NULL,0),(3643,186,2,134,'1446-1447',34,'no',NULL,NULL,NULL,0),(3644,186,3,134,'1446-1447',32,'no',NULL,NULL,NULL,0),(3645,186,4,134,'1446-1447',33,'no',NULL,NULL,NULL,0),(3646,186,5,134,'1446-1447',35,'no',NULL,NULL,NULL,0),(3647,186,6,134,'1446-1447',33,'no',NULL,NULL,NULL,0),(3648,186,7,134,'1446-1447',34,'no',NULL,NULL,NULL,0),(3649,186,8,134,'1446-1447',37,'no',NULL,NULL,NULL,0),(3650,186,9,134,'1446-1447',2,'yes',NULL,NULL,NULL,0),(3651,186,1,135,'1446-1447',30,'no',NULL,NULL,NULL,0),(3652,186,2,135,'1446-1447',31,'no',NULL,NULL,NULL,0),(3653,186,3,135,'1446-1447',27,'no',NULL,NULL,NULL,0),(3654,186,4,135,'1446-1447',33,'no',NULL,NULL,NULL,0),(3655,186,5,135,'1446-1447',33,'no',NULL,NULL,NULL,0),(3656,186,6,135,'1446-1447',29,'no',NULL,NULL,NULL,0),(3657,186,7,135,'1446-1447',28,'no',NULL,NULL,NULL,0),(3658,186,9,135,'1446-1447',4,'yes',NULL,NULL,NULL,0),(3659,186,8,136,'1446-1447',18,'no',NULL,NULL,NULL,0),(3660,191,1,137,'1446-1447',36,'no',NULL,NULL,NULL,1),(3661,191,2,137,'1446-1447',32,'no',NULL,NULL,NULL,1),(3662,191,3,137,'1446-1447',30,'no',NULL,NULL,NULL,1),(3663,191,4,137,'1446-1447',31,'no',NULL,NULL,NULL,1),(3664,191,5,137,'1446-1447',33,'no',NULL,NULL,NULL,1),(3665,191,6,137,'1446-1447',32,'no',NULL,NULL,NULL,1),(3666,191,7,137,'1446-1447',31,'no',NULL,NULL,NULL,1),(3667,191,8,137,'1446-1447',32,'yes',NULL,NULL,NULL,1),(3668,191,1,138,'1446-1447',33,'no',NULL,NULL,NULL,1),(3669,191,2,138,'1446-1447',34,'no',NULL,NULL,NULL,1),(3670,191,3,138,'1446-1447',32,'no',NULL,NULL,NULL,1),(3671,191,4,138,'1446-1447',33,'no',NULL,NULL,NULL,1),(3672,191,5,138,'1446-1447',35,'no',NULL,NULL,NULL,1),(3673,191,6,138,'1446-1447',33,'no',NULL,NULL,NULL,1),(3674,191,7,138,'1446-1447',34,'no',NULL,NULL,NULL,1),(3675,191,8,138,'1446-1447',37,'no',NULL,NULL,NULL,1),(3676,191,9,138,'1446-1447',2,'no',NULL,NULL,NULL,1),(3677,191,1,139,'1446-1447',30,'no',NULL,NULL,NULL,1),(3678,191,2,139,'1446-1447',31,'no',NULL,NULL,NULL,1),(3679,191,3,139,'1446-1447',27,'no',NULL,NULL,NULL,1),(3680,191,4,139,'1446-1447',33,'no',NULL,NULL,NULL,1),(3681,191,5,139,'1446-1447',33,'no',NULL,NULL,NULL,1),(3682,191,6,139,'1446-1447',29,'no',NULL,NULL,NULL,1),(3683,191,7,139,'1446-1447',28,'no',NULL,NULL,NULL,1),(3684,191,9,139,'1446-1447',4,'no',NULL,NULL,NULL,1),(3685,191,8,140,'1446-1447',18,'no',NULL,NULL,NULL,1),(3686,192,1,141,'1446-1447',36,'no',NULL,NULL,NULL,1),(3687,192,2,141,'1446-1447',32,'no',NULL,NULL,NULL,1),(3688,192,3,141,'1446-1447',30,'no',NULL,NULL,NULL,1),(3689,192,4,141,'1446-1447',31,'no',NULL,NULL,NULL,1),(3690,192,5,141,'1446-1447',33,'no',NULL,NULL,NULL,1),(3691,192,6,141,'1446-1447',32,'no',NULL,NULL,NULL,1),(3692,192,7,141,'1446-1447',31,'no',NULL,NULL,NULL,1),(3693,192,8,141,'1446-1447',32,'no',NULL,NULL,NULL,1),(3694,192,1,142,'1446-1447',33,'no',NULL,NULL,NULL,1),(3695,192,2,142,'1446-1447',34,'no',NULL,NULL,NULL,1),(3696,192,3,142,'1446-1447',32,'no',NULL,NULL,NULL,1),(3697,192,4,142,'1446-1447',33,'no',NULL,NULL,NULL,1),(3698,192,5,142,'1446-1447',35,'no',NULL,NULL,NULL,1),(3699,192,6,142,'1446-1447',33,'no',NULL,NULL,NULL,1),(3700,192,7,142,'1446-1447',34,'no',NULL,NULL,NULL,1),(3701,192,8,142,'1446-1447',37,'no',NULL,NULL,NULL,1),(3702,192,9,142,'1446-1447',2,'no',NULL,NULL,NULL,1),(3703,192,1,143,'1446-1447',30,'no',NULL,NULL,NULL,1),(3704,192,2,143,'1446-1447',31,'no',NULL,NULL,NULL,1),(3705,192,3,143,'1446-1447',27,'no',NULL,NULL,NULL,1),(3706,192,4,143,'1446-1447',33,'no',NULL,NULL,NULL,1),(3707,192,5,143,'1446-1447',33,'no',NULL,NULL,NULL,1),(3708,192,6,143,'1446-1447',29,'no',NULL,NULL,NULL,1),(3709,192,7,143,'1446-1447',28,'no',NULL,NULL,NULL,1),(3710,192,9,143,'1446-1447',4,'no',NULL,NULL,NULL,1),(3711,192,8,144,'1446-1447',18,'no',NULL,NULL,NULL,1),(3712,121,1,145,'1446-1447',36,'no',NULL,NULL,NULL,1),(3713,121,2,145,'1446-1447',32,'no',NULL,NULL,NULL,1),(3714,121,3,145,'1446-1447',30,'no',NULL,NULL,NULL,1),(3715,121,4,145,'1446-1447',31,'no',NULL,NULL,NULL,1),(3716,121,5,145,'1446-1447',33,'no',NULL,NULL,NULL,1),(3717,121,6,145,'1446-1447',32,'no',NULL,NULL,NULL,1),(3718,121,7,145,'1446-1447',31,'no',NULL,NULL,NULL,1),(3719,121,8,145,'1446-1447',32,'yes',NULL,NULL,NULL,1),(3720,121,1,146,'1446-1447',33,'no',NULL,NULL,NULL,1),(3721,121,2,146,'1446-1447',34,'no',NULL,NULL,NULL,1),(3722,121,3,146,'1446-1447',32,'no',NULL,NULL,NULL,1),(3723,121,4,146,'1446-1447',33,'no',NULL,NULL,NULL,1),(3724,121,5,146,'1446-1447',35,'no',NULL,NULL,NULL,1),(3725,121,6,146,'1446-1447',33,'no',NULL,NULL,NULL,1),(3726,121,7,146,'1446-1447',34,'no',NULL,NULL,NULL,1),(3727,121,8,146,'1446-1447',37,'no',NULL,NULL,NULL,1),(3728,121,9,146,'1446-1447',2,'yes',NULL,NULL,NULL,1),(3729,121,1,147,'1446-1447',30,'no',NULL,NULL,NULL,1),(3730,121,2,147,'1446-1447',31,'no',NULL,NULL,NULL,1),(3731,121,3,147,'1446-1447',27,'no',NULL,NULL,NULL,1),(3732,121,4,147,'1446-1447',33,'no',NULL,NULL,NULL,1),(3733,121,5,147,'1446-1447',33,'no',NULL,NULL,NULL,1),(3734,121,6,147,'1446-1447',29,'no',NULL,NULL,NULL,1),(3735,121,7,147,'1446-1447',28,'no',NULL,NULL,NULL,1),(3736,121,9,147,'1446-1447',4,'no',NULL,NULL,NULL,1),(3737,121,8,148,'1446-1447',18,'no',NULL,NULL,NULL,1),(3738,194,1,149,'1446-1447',36,'no',NULL,NULL,NULL,1),(3739,194,2,149,'1446-1447',32,'no',NULL,NULL,NULL,1),(3740,194,3,149,'1446-1447',30,'no',NULL,NULL,NULL,1),(3741,194,4,149,'1446-1447',31,'no',NULL,NULL,NULL,1),(3742,194,5,149,'1446-1447',33,'no',NULL,NULL,NULL,1),(3743,194,6,149,'1446-1447',32,'no',NULL,NULL,NULL,1),(3744,194,7,149,'1446-1447',31,'no',NULL,NULL,NULL,1),(3745,194,8,149,'1446-1447',32,'no',NULL,NULL,NULL,1),(3746,194,1,150,'1446-1447',33,'no',NULL,NULL,NULL,1),(3747,194,2,150,'1446-1447',34,'no',NULL,NULL,NULL,1),(3748,194,3,150,'1446-1447',32,'no',NULL,NULL,NULL,1),(3749,194,4,150,'1446-1447',33,'no',NULL,NULL,NULL,1),(3750,194,5,150,'1446-1447',35,'no',NULL,NULL,NULL,1),(3751,194,6,150,'1446-1447',33,'no',NULL,NULL,NULL,1),(3752,194,7,150,'1446-1447',34,'no',NULL,NULL,NULL,1),(3753,194,8,150,'1446-1447',37,'no',NULL,NULL,NULL,1),(3754,194,9,150,'1446-1447',2,'no',NULL,NULL,NULL,1),(3755,194,1,151,'1446-1447',30,'no',NULL,NULL,NULL,1),(3756,194,2,151,'1446-1447',31,'no',NULL,NULL,NULL,1),(3757,194,3,151,'1446-1447',27,'no',NULL,NULL,NULL,1),(3758,194,4,151,'1446-1447',33,'no',NULL,NULL,NULL,1),(3759,194,5,151,'1446-1447',33,'no',NULL,NULL,NULL,1),(3760,194,6,151,'1446-1447',29,'no',NULL,NULL,NULL,1),(3761,194,7,151,'1446-1447',28,'no',NULL,NULL,NULL,1),(3762,194,9,151,'1446-1447',4,'no',NULL,NULL,NULL,1),(3763,194,8,152,'1446-1447',18,'no',NULL,NULL,NULL,1),(3764,196,1,153,'1446-1447',36,'no',NULL,NULL,NULL,1),(3765,196,2,153,'1446-1447',32,'no',NULL,NULL,NULL,1),(3766,196,3,153,'1446-1447',30,'no',NULL,NULL,NULL,1),(3767,196,4,153,'1446-1447',31,'no',NULL,NULL,NULL,1),(3768,196,5,153,'1446-1447',33,'no',NULL,NULL,NULL,1),(3769,196,6,153,'1446-1447',32,'no',NULL,NULL,NULL,1),(3770,196,7,153,'1446-1447',31,'no',NULL,NULL,NULL,1),(3771,196,8,153,'1446-1447',32,'yes',NULL,NULL,NULL,1),(3772,196,1,154,'1446-1447',33,'no',NULL,NULL,NULL,1),(3773,196,2,154,'1446-1447',34,'no',NULL,NULL,NULL,1),(3774,196,3,154,'1446-1447',32,'no',NULL,NULL,NULL,1),(3775,196,4,154,'1446-1447',33,'no',NULL,NULL,NULL,1),(3776,196,5,154,'1446-1447',35,'no',NULL,NULL,NULL,1),(3777,196,6,154,'1446-1447',33,'no',NULL,NULL,NULL,1),(3778,196,7,154,'1446-1447',34,'no',NULL,NULL,NULL,1),(3779,196,8,154,'1446-1447',37,'no',NULL,NULL,NULL,1),(3780,196,9,154,'1446-1447',2,'no',NULL,NULL,NULL,1),(3781,196,1,155,'1446-1447',30,'no',NULL,NULL,NULL,1),(3782,196,2,155,'1446-1447',31,'no',NULL,NULL,NULL,1),(3783,196,3,155,'1446-1447',27,'no',NULL,NULL,NULL,1),(3784,196,4,155,'1446-1447',33,'no',NULL,NULL,NULL,1),(3785,196,5,155,'1446-1447',33,'no',NULL,NULL,NULL,1),(3786,196,6,155,'1446-1447',29,'no',NULL,NULL,NULL,1),(3787,196,7,155,'1446-1447',28,'no',NULL,NULL,NULL,1),(3788,196,9,155,'1446-1447',4,'no',NULL,NULL,NULL,1),(3789,196,8,156,'1446-1447',18,'no',NULL,NULL,NULL,1),(3790,199,1,157,'1446-1447',36,'no',NULL,NULL,NULL,1),(3791,199,2,157,'1446-1447',32,'no',NULL,NULL,NULL,1),(3792,199,3,157,'1446-1447',30,'no',NULL,NULL,NULL,1),(3793,199,4,157,'1446-1447',31,'no',NULL,NULL,NULL,1),(3794,199,5,157,'1446-1447',33,'no',NULL,NULL,NULL,1),(3795,199,6,157,'1446-1447',32,'no',NULL,NULL,NULL,1),(3796,199,7,157,'1446-1447',31,'no',NULL,NULL,NULL,1),(3797,199,8,157,'1446-1447',32,'no',NULL,NULL,NULL,1),(3798,199,1,158,'1446-1447',33,'no',NULL,NULL,NULL,1),(3799,199,2,158,'1446-1447',34,'no',NULL,NULL,NULL,1),(3800,199,3,158,'1446-1447',32,'no',NULL,NULL,NULL,1),(3801,199,4,158,'1446-1447',33,'no',NULL,NULL,NULL,1),(3802,199,5,158,'1446-1447',35,'no',NULL,NULL,NULL,1),(3803,199,6,158,'1446-1447',33,'no',NULL,NULL,NULL,1),(3804,199,7,158,'1446-1447',34,'no',NULL,NULL,NULL,1),(3805,199,8,158,'1446-1447',37,'no',NULL,NULL,NULL,1),(3806,199,9,158,'1446-1447',2,'no',NULL,NULL,NULL,1),(3807,199,1,159,'1446-1447',30,'no',NULL,NULL,NULL,1),(3808,199,2,159,'1446-1447',31,'no',NULL,NULL,NULL,1),(3809,199,3,159,'1446-1447',27,'no',NULL,NULL,NULL,1),(3810,199,4,159,'1446-1447',33,'no',NULL,NULL,NULL,1),(3811,199,5,159,'1446-1447',33,'no',NULL,NULL,NULL,1),(3812,199,6,159,'1446-1447',29,'no',NULL,NULL,NULL,1),(3813,199,7,159,'1446-1447',28,'no',NULL,NULL,NULL,1),(3814,199,9,159,'1446-1447',4,'no',NULL,NULL,NULL,1),(3815,199,8,160,'1446-1447',18,'no',NULL,NULL,NULL,1),(3816,200,1,161,'1446-1447',36,'no',NULL,NULL,NULL,1),(3817,200,2,161,'1446-1447',32,'no',NULL,NULL,NULL,1),(3818,200,3,161,'1446-1447',30,'no',NULL,NULL,NULL,1),(3819,200,4,161,'1446-1447',31,'no',NULL,NULL,NULL,1),(3820,200,5,161,'1446-1447',33,'no',NULL,NULL,NULL,1),(3821,200,6,161,'1446-1447',32,'no',NULL,NULL,NULL,1),(3822,200,7,161,'1446-1447',31,'no',NULL,NULL,NULL,1),(3823,200,8,161,'1446-1447',32,'no',NULL,NULL,NULL,1),(3824,200,1,162,'1446-1447',33,'no',NULL,NULL,NULL,1),(3825,200,2,162,'1446-1447',34,'no',NULL,NULL,NULL,1),(3826,200,3,162,'1446-1447',32,'no',NULL,NULL,NULL,1),(3827,200,4,162,'1446-1447',33,'no',NULL,NULL,NULL,1),(3828,200,5,162,'1446-1447',35,'no',NULL,NULL,NULL,1),(3829,200,6,162,'1446-1447',33,'no',NULL,NULL,NULL,1),(3830,200,7,162,'1446-1447',34,'no',NULL,NULL,NULL,1),(3831,200,8,162,'1446-1447',37,'no',NULL,NULL,NULL,1),(3832,200,9,162,'1446-1447',2,'no',NULL,NULL,NULL,1),(3833,200,1,163,'1446-1447',30,'no',NULL,NULL,NULL,1),(3834,200,2,163,'1446-1447',31,'no',NULL,NULL,NULL,1),(3835,200,3,163,'1446-1447',27,'no',NULL,NULL,NULL,1),(3836,200,4,163,'1446-1447',33,'no',NULL,NULL,NULL,1),(3837,200,5,163,'1446-1447',33,'no',NULL,NULL,NULL,1),(3838,200,6,163,'1446-1447',29,'no',NULL,NULL,NULL,1),(3839,200,7,163,'1446-1447',28,'no',NULL,NULL,NULL,1),(3840,200,9,163,'1446-1447',4,'no',NULL,NULL,NULL,1),(3841,200,8,164,'1446-1447',18,'no',NULL,NULL,NULL,1),(3842,203,1,165,'1446-1447',36,'no',NULL,NULL,NULL,1),(3843,203,2,165,'1446-1447',32,'no',NULL,NULL,NULL,1),(3844,203,3,165,'1446-1447',30,'no',NULL,NULL,NULL,1),(3845,203,4,165,'1446-1447',31,'no',NULL,NULL,NULL,1),(3846,203,5,165,'1446-1447',33,'no',NULL,NULL,NULL,1),(3847,203,6,165,'1446-1447',32,'no',NULL,NULL,NULL,1),(3848,203,7,165,'1446-1447',31,'no',NULL,NULL,NULL,1),(3849,203,8,165,'1446-1447',32,'no',NULL,NULL,NULL,1),(3850,203,1,166,'1446-1447',33,'no',NULL,NULL,NULL,1),(3851,203,2,166,'1446-1447',34,'no',NULL,NULL,NULL,1),(3852,203,3,166,'1446-1447',32,'no',NULL,NULL,NULL,1),(3853,203,4,166,'1446-1447',33,'no',NULL,NULL,NULL,1),(3854,203,5,166,'1446-1447',35,'no',NULL,NULL,NULL,1),(3855,203,6,166,'1446-1447',33,'no',NULL,NULL,NULL,1),(3856,203,7,166,'1446-1447',34,'no',NULL,NULL,NULL,1),(3857,203,8,166,'1446-1447',37,'no',NULL,NULL,NULL,1),(3858,203,9,166,'1446-1447',2,'no',NULL,NULL,NULL,1),(3859,203,1,167,'1446-1447',30,'no',NULL,NULL,NULL,1),(3860,203,2,167,'1446-1447',31,'no',NULL,NULL,NULL,1),(3861,203,3,167,'1446-1447',27,'no',NULL,NULL,NULL,1),(3862,203,4,167,'1446-1447',33,'no',NULL,NULL,NULL,1),(3863,203,5,167,'1446-1447',33,'no',NULL,NULL,NULL,1),(3864,203,6,167,'1446-1447',29,'no',NULL,NULL,NULL,1),(3865,203,7,167,'1446-1447',28,'no',NULL,NULL,NULL,1),(3866,203,9,167,'1446-1447',4,'no',NULL,NULL,NULL,1),(3867,203,8,168,'1446-1447',18,'no',NULL,NULL,NULL,1),(3868,205,1,169,'1446-1447',36,'no',NULL,NULL,NULL,1),(3869,205,2,169,'1446-1447',32,'no',NULL,NULL,NULL,1),(3870,205,3,169,'1446-1447',30,'no',NULL,NULL,NULL,1),(3871,205,4,169,'1446-1447',31,'no',NULL,NULL,NULL,1),(3872,205,5,169,'1446-1447',33,'no',NULL,NULL,NULL,1),(3873,205,6,169,'1446-1447',32,'no',NULL,NULL,NULL,1),(3874,205,7,169,'1446-1447',31,'no',NULL,NULL,NULL,1),(3875,205,8,169,'1446-1447',32,'no',NULL,NULL,NULL,1),(3876,205,1,170,'1446-1447',33,'no',NULL,NULL,NULL,1),(3877,205,2,170,'1446-1447',34,'no',NULL,NULL,NULL,1),(3878,205,3,170,'1446-1447',32,'no',NULL,NULL,NULL,1),(3879,205,4,170,'1446-1447',33,'no',NULL,NULL,NULL,1),(3880,205,5,170,'1446-1447',35,'no',NULL,NULL,NULL,1),(3881,205,6,170,'1446-1447',33,'no',NULL,NULL,NULL,1),(3882,205,7,170,'1446-1447',34,'no',NULL,NULL,NULL,1),(3883,205,8,170,'1446-1447',37,'no',NULL,NULL,NULL,1),(3884,205,9,170,'1446-1447',2,'no',NULL,NULL,NULL,1),(3885,205,1,171,'1446-1447',30,'no',NULL,NULL,NULL,1),(3886,205,2,171,'1446-1447',31,'no',NULL,NULL,NULL,1),(3887,205,3,171,'1446-1447',27,'no',NULL,NULL,NULL,1),(3888,205,4,171,'1446-1447',33,'no',NULL,NULL,NULL,1),(3889,205,5,171,'1446-1447',33,'no',NULL,NULL,NULL,1),(3890,205,6,171,'1446-1447',29,'no',NULL,NULL,NULL,1),(3891,205,7,171,'1446-1447',28,'no',NULL,NULL,NULL,1),(3892,205,9,171,'1446-1447',4,'no',NULL,NULL,NULL,1),(3893,205,8,172,'1446-1447',18,'no',NULL,NULL,NULL,1),(3894,206,1,173,'1446-1447',36,'no',NULL,NULL,NULL,1),(3895,206,2,173,'1446-1447',32,'no',NULL,NULL,NULL,1),(3896,206,3,173,'1446-1447',30,'no',NULL,NULL,NULL,1),(3897,206,4,173,'1446-1447',31,'no',NULL,NULL,NULL,1),(3898,206,5,173,'1446-1447',33,'no',NULL,NULL,NULL,1),(3899,206,6,173,'1446-1447',32,'no',NULL,NULL,NULL,1),(3900,206,7,173,'1446-1447',31,'no',NULL,NULL,NULL,1),(3901,206,8,173,'1446-1447',32,'no',NULL,NULL,NULL,1),(3902,206,1,174,'1446-1447',33,'no',NULL,NULL,NULL,1),(3903,206,2,174,'1446-1447',34,'no',NULL,NULL,NULL,1),(3904,206,3,174,'1446-1447',32,'no',NULL,NULL,NULL,1),(3905,206,4,174,'1446-1447',33,'no',NULL,NULL,NULL,1),(3906,206,5,174,'1446-1447',35,'no',NULL,NULL,NULL,1),(3907,206,6,174,'1446-1447',33,'no',NULL,NULL,NULL,1),(3908,206,7,174,'1446-1447',34,'no',NULL,NULL,NULL,1),(3909,206,8,174,'1446-1447',37,'no',NULL,NULL,NULL,1),(3910,206,9,174,'1446-1447',2,'yes',NULL,NULL,NULL,1),(3911,206,1,175,'1446-1447',30,'no',NULL,NULL,NULL,1),(3912,206,2,175,'1446-1447',31,'no',NULL,NULL,NULL,1),(3913,206,3,175,'1446-1447',27,'no',NULL,NULL,NULL,1),(3914,206,4,175,'1446-1447',33,'no',NULL,NULL,NULL,1),(3915,206,5,175,'1446-1447',33,'no',NULL,NULL,NULL,1),(3916,206,6,175,'1446-1447',29,'no',NULL,NULL,NULL,1),(3917,206,7,175,'1446-1447',28,'no',NULL,NULL,NULL,1),(3918,206,9,175,'1446-1447',4,'no',NULL,NULL,NULL,1),(3919,206,8,176,'1446-1447',18,'no',NULL,NULL,NULL,1),(3974,212,1,187,'1446-1447',36,'no',NULL,NULL,NULL,1),(3975,212,2,187,'1446-1447',32,'no',NULL,NULL,NULL,1),(3976,212,3,187,'1446-1447',30,'no',NULL,NULL,NULL,1),(3977,212,4,187,'1446-1447',31,'no',NULL,NULL,NULL,1),(3978,212,5,187,'1446-1447',33,'no',NULL,NULL,NULL,1),(3979,212,6,187,'1446-1447',32,'no',NULL,NULL,NULL,1),(3980,212,7,187,'1446-1447',31,'no',NULL,NULL,NULL,1),(3981,212,8,187,'1446-1447',32,'yes',NULL,NULL,NULL,1),(3982,212,1,188,'1446-1447',33,'no',NULL,NULL,NULL,1),(3983,212,2,188,'1446-1447',34,'no',NULL,NULL,NULL,1),(3984,212,3,188,'1446-1447',32,'no',NULL,NULL,NULL,1),(3985,212,4,188,'1446-1447',33,'no',NULL,NULL,NULL,1),(3986,212,5,188,'1446-1447',35,'no',NULL,NULL,NULL,1),(3987,212,6,188,'1446-1447',33,'no',NULL,NULL,NULL,1),(3988,212,7,188,'1446-1447',34,'no',NULL,NULL,NULL,1),(3989,212,8,188,'1446-1447',37,'no',NULL,NULL,NULL,1),(3990,212,9,188,'1446-1447',2,'yes',NULL,NULL,NULL,1),(3991,212,1,189,'1446-1447',30,'no',NULL,NULL,NULL,1),(3992,212,2,189,'1446-1447',31,'no',NULL,NULL,NULL,1),(3993,212,3,189,'1446-1447',27,'no',NULL,NULL,NULL,1),(3994,212,4,189,'1446-1447',33,'no',NULL,NULL,NULL,1),(3995,212,5,189,'1446-1447',33,'no',NULL,NULL,NULL,1),(3996,212,6,189,'1446-1447',29,'no',NULL,NULL,NULL,1),(3997,212,7,189,'1446-1447',28,'no',NULL,NULL,NULL,1),(3998,212,9,189,'1446-1447',4,'no',NULL,NULL,NULL,1),(3999,212,8,190,'1446-1447',18,'no',NULL,NULL,NULL,1),(4052,215,1,199,'1446-1447',36,'no',NULL,NULL,NULL,1),(4053,215,2,199,'1446-1447',32,'no',NULL,NULL,NULL,1),(4054,215,3,199,'1446-1447',30,'no',NULL,NULL,NULL,1),(4055,215,4,199,'1446-1447',31,'no',NULL,NULL,NULL,1),(4056,215,5,199,'1446-1447',33,'no',NULL,NULL,NULL,1),(4057,215,6,199,'1446-1447',32,'no',NULL,NULL,NULL,1),(4058,215,7,199,'1446-1447',31,'no',NULL,NULL,NULL,1),(4059,215,8,199,'1446-1447',32,'no',NULL,NULL,NULL,1),(4060,215,1,200,'1446-1447',33,'no',NULL,NULL,NULL,1),(4061,215,2,200,'1446-1447',34,'no',NULL,NULL,NULL,1),(4062,215,3,200,'1446-1447',32,'no',NULL,NULL,NULL,1),(4063,215,4,200,'1446-1447',33,'no',NULL,NULL,NULL,1),(4064,215,5,200,'1446-1447',35,'no',NULL,NULL,NULL,1),(4065,215,6,200,'1446-1447',33,'no',NULL,NULL,NULL,1),(4066,215,7,200,'1446-1447',34,'no',NULL,NULL,NULL,1),(4067,215,8,200,'1446-1447',37,'no',NULL,NULL,NULL,1),(4068,215,9,200,'1446-1447',2,'no',NULL,NULL,NULL,1),(4069,215,1,201,'1446-1447',30,'no',NULL,NULL,NULL,1),(4070,215,2,201,'1446-1447',31,'no',NULL,NULL,NULL,1),(4071,215,3,201,'1446-1447',27,'no',NULL,NULL,NULL,1),(4072,215,4,201,'1446-1447',33,'no',NULL,NULL,NULL,1),(4073,215,5,201,'1446-1447',33,'no',NULL,NULL,NULL,1),(4074,215,6,201,'1446-1447',29,'no',NULL,NULL,NULL,1),(4075,215,7,201,'1446-1447',28,'no',NULL,NULL,NULL,1),(4076,215,9,201,'1446-1447',4,'no',NULL,NULL,NULL,1),(4077,215,8,202,'1446-1447',18,'no',NULL,NULL,NULL,1),(4078,214,1,203,'1446-1447',36,'no',NULL,NULL,NULL,1),(4079,214,2,203,'1446-1447',32,'no',NULL,NULL,NULL,1),(4080,214,3,203,'1446-1447',30,'no',NULL,NULL,NULL,1),(4081,214,4,203,'1446-1447',31,'no',NULL,NULL,NULL,1),(4082,214,5,203,'1446-1447',33,'no',NULL,NULL,NULL,1),(4083,214,6,203,'1446-1447',32,'no',NULL,NULL,NULL,1),(4084,214,7,203,'1446-1447',31,'no',NULL,NULL,NULL,1),(4085,214,8,203,'1446-1447',32,'no',NULL,NULL,NULL,1),(4086,214,1,204,'1446-1447',33,'no',NULL,NULL,NULL,1),(4087,214,2,204,'1446-1447',34,'no',NULL,NULL,NULL,1),(4088,214,3,204,'1446-1447',32,'no',NULL,NULL,NULL,1),(4089,214,4,204,'1446-1447',33,'no',NULL,NULL,NULL,1),(4090,214,5,204,'1446-1447',35,'no',NULL,NULL,NULL,1),(4091,214,6,204,'1446-1447',33,'no',NULL,NULL,NULL,1),(4092,214,7,204,'1446-1447',34,'no',NULL,NULL,NULL,1),(4093,214,8,204,'1446-1447',37,'no',NULL,NULL,NULL,1),(4094,214,9,204,'1446-1447',2,'no',NULL,NULL,NULL,1),(4095,214,1,205,'1446-1447',30,'no',NULL,NULL,NULL,1),(4096,214,2,205,'1446-1447',31,'no',NULL,NULL,NULL,1),(4097,214,3,205,'1446-1447',27,'no',NULL,NULL,NULL,1),(4098,214,4,205,'1446-1447',33,'no',NULL,NULL,NULL,1),(4099,214,5,205,'1446-1447',33,'no',NULL,NULL,NULL,1),(4100,214,6,205,'1446-1447',29,'no',NULL,NULL,NULL,1),(4101,214,7,205,'1446-1447',28,'no',NULL,NULL,NULL,1),(4102,214,9,205,'1446-1447',4,'no',NULL,NULL,NULL,1),(4103,214,8,206,'1446-1447',18,'no',NULL,NULL,NULL,1),(4104,216,1,207,'1446-1447',36,'no',NULL,NULL,NULL,1),(4105,216,2,207,'1446-1447',32,'no',NULL,NULL,NULL,1),(4106,216,3,207,'1446-1447',30,'no',NULL,NULL,NULL,1),(4107,216,4,207,'1446-1447',31,'no',NULL,NULL,NULL,1),(4108,216,5,207,'1446-1447',33,'no',NULL,NULL,NULL,1),(4109,216,6,207,'1446-1447',32,'no',NULL,NULL,NULL,1),(4110,216,7,207,'1446-1447',31,'no',NULL,NULL,NULL,1),(4111,216,8,207,'1446-1447',32,'no',NULL,NULL,NULL,1),(4112,216,1,208,'1446-1447',33,'no',NULL,NULL,NULL,1),(4113,216,2,208,'1446-1447',34,'no',NULL,NULL,NULL,1),(4114,216,3,208,'1446-1447',32,'no',NULL,NULL,NULL,1),(4115,216,4,208,'1446-1447',33,'no',NULL,NULL,NULL,1),(4116,216,5,208,'1446-1447',35,'no',NULL,NULL,NULL,1),(4117,216,6,208,'1446-1447',33,'no',NULL,NULL,NULL,1),(4118,216,7,208,'1446-1447',34,'no',NULL,NULL,NULL,1),(4119,216,8,208,'1446-1447',37,'no',NULL,NULL,NULL,1),(4120,216,9,208,'1446-1447',2,'no',NULL,NULL,NULL,1),(4121,216,1,209,'1446-1447',30,'no',NULL,NULL,NULL,1),(4122,216,2,209,'1446-1447',31,'no',NULL,NULL,NULL,1),(4123,216,3,209,'1446-1447',27,'no',NULL,NULL,NULL,1),(4124,216,4,209,'1446-1447',33,'no',NULL,NULL,NULL,1),(4125,216,5,209,'1446-1447',33,'no',NULL,NULL,NULL,1),(4126,216,6,209,'1446-1447',29,'no',NULL,NULL,NULL,1),(4127,216,7,209,'1446-1447',28,'no',NULL,NULL,NULL,1),(4128,216,9,209,'1446-1447',4,'no',NULL,NULL,NULL,1),(4129,216,8,210,'1446-1447',18,'no',NULL,NULL,NULL,1),(4130,217,1,211,'1446-1447',36,'no',NULL,NULL,NULL,1),(4131,217,2,211,'1446-1447',32,'no',NULL,NULL,NULL,1),(4132,217,3,211,'1446-1447',30,'no',NULL,NULL,NULL,1),(4133,217,4,211,'1446-1447',31,'no',NULL,NULL,NULL,1),(4134,217,5,211,'1446-1447',33,'no',NULL,NULL,NULL,1),(4135,217,6,211,'1446-1447',32,'no',NULL,NULL,NULL,1),(4136,217,7,211,'1446-1447',31,'no',NULL,NULL,NULL,1),(4137,217,8,211,'1446-1447',32,'yes',NULL,NULL,NULL,1),(4138,217,1,212,'1446-1447',33,'no',NULL,NULL,NULL,1),(4139,217,2,212,'1446-1447',34,'no',NULL,NULL,NULL,1),(4140,217,3,212,'1446-1447',32,'no',NULL,NULL,NULL,1),(4141,217,4,212,'1446-1447',33,'no',NULL,NULL,NULL,1),(4142,217,5,212,'1446-1447',35,'no',NULL,NULL,NULL,1),(4143,217,6,212,'1446-1447',33,'no',NULL,NULL,NULL,1),(4144,217,7,212,'1446-1447',34,'no',NULL,NULL,NULL,1),(4145,217,8,212,'1446-1447',37,'no',NULL,NULL,NULL,1),(4146,217,9,212,'1446-1447',2,'yes',NULL,NULL,NULL,1),(4147,217,1,213,'1446-1447',30,'no',NULL,NULL,NULL,1),(4148,217,2,213,'1446-1447',31,'no',NULL,NULL,NULL,1),(4149,217,3,213,'1446-1447',27,'no',NULL,NULL,NULL,1),(4150,217,4,213,'1446-1447',33,'no',NULL,NULL,NULL,1),(4151,217,5,213,'1446-1447',33,'no',NULL,NULL,NULL,1),(4152,217,6,213,'1446-1447',29,'no',NULL,NULL,NULL,1),(4153,217,7,213,'1446-1447',28,'no',NULL,NULL,NULL,1),(4154,217,9,213,'1446-1447',4,'yes',NULL,NULL,NULL,1),(4155,217,8,214,'1446-1447',18,'no',NULL,NULL,NULL,1),(4156,218,1,215,'1446-1447',36,'no',NULL,NULL,NULL,1),(4157,218,2,215,'1446-1447',32,'no',NULL,NULL,NULL,1),(4158,218,3,215,'1446-1447',30,'no',NULL,NULL,NULL,1),(4159,218,4,215,'1446-1447',31,'no',NULL,NULL,NULL,1),(4160,218,5,215,'1446-1447',33,'no',NULL,NULL,NULL,1),(4161,218,6,215,'1446-1447',32,'no',NULL,NULL,NULL,1),(4162,218,7,215,'1446-1447',31,'no',NULL,NULL,NULL,1),(4163,218,8,215,'1446-1447',32,'yes',NULL,NULL,NULL,1),(4164,218,1,216,'1446-1447',33,'no',NULL,NULL,NULL,1),(4165,218,2,216,'1446-1447',34,'no',NULL,NULL,NULL,1),(4166,218,3,216,'1446-1447',32,'no',NULL,NULL,NULL,1),(4167,218,4,216,'1446-1447',33,'no',NULL,NULL,NULL,1),(4168,218,5,216,'1446-1447',35,'no',NULL,NULL,NULL,1),(4169,218,6,216,'1446-1447',33,'no',NULL,NULL,NULL,1),(4170,218,7,216,'1446-1447',34,'no',NULL,NULL,NULL,1),(4171,218,8,216,'1446-1447',37,'no',NULL,NULL,NULL,1),(4172,218,9,216,'1446-1447',2,'yes',NULL,NULL,NULL,1),(4173,218,1,217,'1446-1447',30,'no',NULL,NULL,NULL,1),(4174,218,2,217,'1446-1447',31,'no',NULL,NULL,NULL,1),(4175,218,3,217,'1446-1447',27,'no',NULL,NULL,NULL,1),(4176,218,4,217,'1446-1447',33,'no',NULL,NULL,NULL,1),(4177,218,5,217,'1446-1447',33,'no',NULL,NULL,NULL,1),(4178,218,6,217,'1446-1447',29,'no',NULL,NULL,NULL,1),(4179,218,7,217,'1446-1447',28,'no',NULL,NULL,NULL,1),(4180,218,9,217,'1446-1447',4,'yes',NULL,NULL,NULL,1),(4181,218,8,218,'1446-1447',18,'no',NULL,NULL,NULL,1);

--
-- Table structure for table `school_employee_attendance`
--

CREATE TABLE `school_employee_attendance` (
  `id` bigint unsigned NOT NULL AUTO_INCREMENT,
  `school_id` bigint unsigned DEFAULT NULL,
  `school_employee_id` bigint unsigned DEFAULT NULL,
  `status` enum('attended','absent','late') CHARACTER SET utf8mb4 COLLATE utf8mb4_unicode_ci DEFAULT NULL,
  `absence_reason` enum('without_excuse','sick','emergency','accompanying','newborn','other') COLLATE utf8mb4_unicode_ci DEFAULT NULL,
  `other_absence_reason` text COLLATE utf8mb4_unicode_ci,
  `late_reason` text COLLATE utf8mb4_unicode_ci,
  `late_from_time` varchar(50) COLLATE utf8mb4_unicode_ci DEFAULT NULL,
  `late_to_time` varchar(50) COLLATE utf8mb4_unicode_ci DEFAULT NULL,
  `date` varchar(50) COLLATE utf8mb4_unicode_ci DEFAULT NULL,
  `date_type` enum('hijri','coptic') COLLATE utf8mb4_unicode_ci DEFAULT NULL,
  `created_at` timestamp NULL DEFAULT NULL,
  `updated_at` timestamp NULL DEFAULT NULL,
  `deleted_at` timestamp NULL DEFAULT NULL,
  `type` enum('teacher','adminstrative') COLLATE utf8mb4_unicode_ci NOT NULL,
  PRIMARY KEY (`id`),
  KEY `school_employee_attendance_school_id_foreign` (`school_id`),
  KEY `school_employee_attendance_school_employee_id_foreign` (`school_employee_id`),
  CONSTRAINT `school_employee_attendance_school_employee_id_foreign` FOREIGN KEY (`school_employee_id`) REFERENCES `school_employees` (`id`) ON DELETE CASCADE,
  CONSTRAINT `school_employee_attendance_school_id_foreign` FOREIGN KEY (`school_id`) REFERENCES `schools` (`id`) ON DELETE CASCADE
) ENGINE=InnoDB AUTO_INCREMENT=68 DEFAULT CHARSET=utf8mb4 COLLATE=utf8mb4_unicode_ci;

--
-- Dumping data for table `school_employee_attendance`
--

INSERT INTO `school_employee_attendance` (`id`, `school_id`, `school_employee_id`, `status`, `absence_reason`, `other_absence_reason`, `late_reason`, `late_from_time`, `late_to_time`, `date`, `date_type`, `created_at`, `updated_at`, `deleted_at`, `type`) VALUES (2,81,177,'absent','sick',NULL,NULL,NULL,NULL,'19/11/2024','coptic','2024-11-19 15:27:28','2024-11-19 18:16:03',NULL,'adminstrative'),(3,81,178,'late',NULL,NULL,NULL,'08:00AM','08:40AM','19/11/2024','coptic','2024-11-19 15:27:28','2024-11-19 18:16:43',NULL,'adminstrative'),(4,81,752,NULL,NULL,NULL,NULL,NULL,NULL,'19/11/2024','coptic','2024-11-19 15:27:29','2024-11-19 15:27:29',NULL,'adminstrative'),(5,81,968,NULL,NULL,NULL,NULL,NULL,NULL,'19/11/2024','coptic','2024-11-19 15:27:29','2024-11-19 15:27:29',NULL,'adminstrative'),(6,81,969,NULL,NULL,NULL,NULL,NULL,NULL,'19/11/2024','coptic','2024-11-19 15:27:29','2024-11-19 15:27:29',NULL,'adminstrative'),(7,39,963,'late',NULL,NULL,NULL,'08:00AM','08:40AM','22/11/2024','coptic','2024-11-22 08:38:23','2024-11-22 09:29:11',NULL,'teacher'),(9,81,177,NULL,NULL,NULL,NULL,NULL,NULL,'22/11/2024','coptic','2024-11-22 09:54:22','2024-11-22 09:54:22',NULL,'adminstrative'),(10,81,178,NULL,NULL,NULL,NULL,NULL,NULL,'22/11/2024','coptic','2024-11-22 09:54:22','2024-11-22 09:54:22',NULL,'adminstrative'),(11,81,752,NULL,NULL,NULL,NULL,NULL,NULL,'22/11/2024','coptic','2024-11-22 09:54:22','2024-11-22 09:54:22',NULL,'adminstrative'),(12,81,968,NULL,NULL,NULL,NULL,NULL,NULL,'22/11/2024','coptic','2024-11-22 09:54:22','2024-11-22 09:54:22',NULL,'adminstrative'),(13,81,969,NULL,NULL,NULL,NULL,NULL,NULL,'22/11/2024','coptic','2024-11-22 09:54:22','2024-11-22 09:54:22',NULL,'adminstrative'),(15,81,177,NULL,NULL,NULL,NULL,NULL,NULL,'23/11/2024','coptic','2024-11-23 11:09:26','2024-11-23 11:09:26',NULL,'adminstrative'),(16,81,178,NULL,NULL,NULL,NULL,NULL,NULL,'23/11/2024','coptic','2024-11-23 11:09:26','2024-11-23 11:09:26',NULL,'adminstrative'),(17,81,752,NULL,NULL,NULL,NULL,NULL,NULL,'23/11/2024','coptic','2024-11-23 11:09:26','2024-11-23 11:09:26',NULL,'adminstrative'),(18,81,968,NULL,NULL,NULL,NULL,NULL,NULL,'23/11/2024','coptic','2024-11-23 11:09:26','2024-11-23 11:09:26',NULL,'adminstrative'),(19,81,969,NULL,NULL,NULL,NULL,NULL,NULL,'23/11/2024','coptic','2024-11-23 11:09:26','2024-11-23 11:09:26',NULL,'adminstrative'),(20,39,963,'late',NULL,NULL,NULL,'08:00AM','08:40AM','24/11/2024','coptic','2024-11-24 07:32:23','2024-11-24 07:33:38',NULL,'adminstrative'),(21,39,626,'absent',NULL,NULL,NULL,NULL,NULL,'24/11/2024','coptic','2024-11-24 07:34:17','2024-11-24 07:35:11',NULL,'teacher'),(22,39,640,NULL,NULL,NULL,NULL,NULL,NULL,'24/11/2024','coptic','2024-11-24 07:34:17','2024-11-24 07:34:17',NULL,'teacher'),(23,39,641,NULL,NULL,NULL,NULL,NULL,NULL,'24/11/2024','coptic','2024-11-24 07:34:17','2024-11-24 07:34:17',NULL,'teacher'),(25,81,174,NULL,NULL,NULL,NULL,NULL,NULL,'24/11/2024','coptic','2024-11-24 07:45:46','2024-11-24 07:45:46',NULL,'teacher'),(26,81,175,NULL,NULL,NULL,NULL,NULL,NULL,'24/11/2024','coptic','2024-11-24 07:45:46','2024-11-24 07:45:46',NULL,'teacher'),(27,81,733,NULL,NULL,NULL,NULL,NULL,NULL,'24/11/2024','coptic','2024-11-24 07:45:46','2024-11-24 07:45:46',NULL,'teacher'),(28,121,854,NULL,NULL,NULL,NULL,NULL,NULL,'24/11/2024','coptic','2024-11-24 11:59:46','2024-11-24 11:59:46',NULL,'teacher'),(29,121,960,NULL,NULL,NULL,NULL,NULL,NULL,'24/11/2024','coptic','2024-11-24 11:59:46','2024-11-24 11:59:46',NULL,'teacher'),(30,121,753,NULL,NULL,NULL,NULL,NULL,NULL,'24/11/2024','coptic','2024-11-24 12:01:00','2024-11-24 12:01:00',NULL,'adminstrative'),(31,121,961,NULL,NULL,NULL,NULL,NULL,NULL,'24/11/2024','coptic','2024-11-24 12:01:01','2024-11-24 12:01:01',NULL,'adminstrative'),(32,98,959,NULL,NULL,NULL,NULL,NULL,NULL,'24/11/2024','coptic','2024-11-24 12:05:24','2024-11-24 12:05:24',NULL,'teacher'),(33,98,976,NULL,NULL,NULL,NULL,NULL,NULL,'24/11/2024','coptic','2024-11-24 12:05:24','2024-11-24 12:05:24',NULL,'teacher'),(34,98,974,NULL,NULL,NULL,NULL,NULL,NULL,'24/11/2024','coptic','2024-11-24 12:07:05','2024-11-24 12:07:05',NULL,'adminstrative'),(36,81,174,NULL,NULL,NULL,NULL,NULL,NULL,'26/11/2024','coptic','2024-11-26 09:04:28','2024-11-26 09:04:28',NULL,'teacher'),(37,81,175,NULL,NULL,NULL,NULL,NULL,NULL,'26/11/2024','coptic','2024-11-26 09:04:28','2024-11-26 09:04:28',NULL,'teacher'),(38,81,733,NULL,NULL,NULL,NULL,NULL,NULL,'26/11/2024','coptic','2024-11-26 09:04:28','2024-11-26 09:04:28',NULL,'teacher'),(39,98,974,'late','other',NULL,'test','01:03 ص','00:01 ص','26/11/2024','coptic','2024-11-26 09:16:36','2024-11-26 09:31:25',NULL,'adminstrative'),(41,81,174,NULL,NULL,NULL,NULL,NULL,NULL,'27/11/2024','coptic','2024-11-27 11:24:26','2024-11-27 11:24:26',NULL,'teacher'),(42,81,175,NULL,NULL,NULL,NULL,NULL,NULL,'27/11/2024','coptic','2024-11-27 11:24:26','2024-11-27 11:24:26',NULL,'teacher'),(43,81,733,NULL,NULL,NULL,NULL,NULL,NULL,'27/11/2024','coptic','2024-11-27 11:24:26','2024-11-27 11:24:26',NULL,'teacher'),(45,81,177,NULL,NULL,NULL,NULL,NULL,NULL,'27/11/2024','coptic','2024-11-27 11:24:29','2024-11-27 11:24:29',NULL,'adminstrative'),(46,81,178,NULL,NULL,NULL,NULL,NULL,NULL,'27/11/2024','coptic','2024-11-27 11:24:29','2024-11-27 11:24:29',NULL,'adminstrative'),(47,81,752,NULL,NULL,NULL,NULL,NULL,NULL,'27/11/2024','coptic','2024-11-27 11:24:29','2024-11-27 11:24:29',NULL,'adminstrative'),(48,81,968,NULL,NULL,NULL,NULL,NULL,NULL,'27/11/2024','coptic','2024-11-27 11:24:29','2024-11-27 11:24:29',NULL,'adminstrative'),(49,81,969,NULL,NULL,NULL,NULL,NULL,NULL,'27/11/2024','coptic','2024-11-27 11:24:29','2024-11-27 11:24:29',NULL,'adminstrative'),(50,81,174,NULL,NULL,NULL,NULL,NULL,NULL,'29/11/2024','coptic','2024-11-29 13:10:59','2024-11-29 13:10:59',NULL,'teacher'),(51,81,175,NULL,NULL,NULL,NULL,NULL,NULL,'29/11/2024','coptic','2024-11-29 13:10:59','2024-11-29 13:10:59',NULL,'teacher'),(52,81,733,NULL,NULL,NULL,NULL,NULL,NULL,'29/11/2024','coptic','2024-11-29 13:10:59','2024-11-29 13:10:59',NULL,'teacher'),(53,81,177,NULL,NULL,NULL,NULL,NULL,NULL,'29/11/2024','coptic','2024-11-29 14:36:31','2024-11-29 14:36:31',NULL,'adminstrative'),(54,81,178,NULL,NULL,NULL,NULL,NULL,NULL,'29/11/2024','coptic','2024-11-29 14:36:31','2024-11-29 14:36:31',NULL,'adminstrative'),(55,81,752,'attended',NULL,NULL,NULL,NULL,NULL,'29/11/2024','coptic','2024-11-29 14:36:31','2024-11-29 23:06:40',NULL,'adminstrative'),(56,81,968,'absent',NULL,NULL,NULL,NULL,NULL,'29/11/2024','coptic','2024-11-29 14:36:31','2024-11-29 22:53:49',NULL,'adminstrative'),(57,81,969,NULL,NULL,NULL,NULL,NULL,NULL,'29/11/2024','coptic','2024-11-29 14:36:31','2024-11-29 14:36:31',NULL,'adminstrative'),(58,81,1586,NULL,NULL,NULL,NULL,NULL,NULL,'29/11/2024','coptic','2024-11-29 14:36:31','2024-11-29 14:36:31',NULL,'adminstrative'),(59,81,174,NULL,NULL,NULL,NULL,NULL,NULL,'30/11/2024','coptic','2024-11-29 23:02:07','2024-11-29 23:02:07',NULL,'teacher'),(60,81,175,NULL,NULL,NULL,NULL,NULL,NULL,'30/11/2024','coptic','2024-11-29 23:02:07','2024-11-29 23:02:07',NULL,'teacher'),(61,81,733,NULL,NULL,NULL,NULL,NULL,NULL,'30/11/2024','coptic','2024-11-29 23:02:07','2024-11-29 23:02:07',NULL,'teacher'),(62,81,177,NULL,NULL,NULL,NULL,NULL,NULL,'30/11/2024','coptic','2024-11-29 23:04:04','2024-11-29 23:04:04',NULL,'adminstrative'),(63,81,178,NULL,NULL,NULL,NULL,NULL,NULL,'30/11/2024','coptic','2024-11-29 23:04:04','2024-11-29 23:04:04',NULL,'adminstrative'),(64,81,752,NULL,NULL,NULL,NULL,NULL,NULL,'30/11/2024','coptic','2024-11-29 23:04:04','2024-11-29 23:04:04',NULL,'adminstrative'),(65,81,968,NULL,NULL,NULL,NULL,NULL,NULL,'30/11/2024','coptic','2024-11-29 23:04:04','2024-11-29 23:04:04',NULL,'adminstrative'),(66,81,969,NULL,NULL,NULL,NULL,NULL,NULL,'30/11/2024','coptic','2024-11-29 23:04:04','2024-11-29 23:04:04',NULL,'adminstrative'),(67,81,1586,NULL,NULL,NULL,NULL,NULL,NULL,'30/11/2024','coptic','2024-11-29 23:04:04','2024-11-29 23:04:04',NULL,'adminstrative');

--
-- Table structure for table `school_facilities`
--

CREATE TABLE `school_facilities` (
  `id` bigint unsigned NOT NULL AUTO_INCREMENT,
  `school_id` bigint unsigned NOT NULL,
  `building_type` enum('rental','governmental') CHARACTER SET utf8mb4 COLLATE utf8mb4_unicode_ci DEFAULT NULL,
  `building_status` enum('dilapidated','well_equipped','good') CHARACTER SET utf8mb4 COLLATE utf8mb4_unicode_ci DEFAULT NULL,
  `n_class` int NOT NULL DEFAULT '0',
  `n_bathrooms` int NOT NULL DEFAULT '0',
  `n_floors` int NOT NULL DEFAULT '0',
  `n_team_rooms` int NOT NULL DEFAULT '0',
  `n_management_rooms` int NOT NULL DEFAULT '0',
  `n_computer_laps` int NOT NULL DEFAULT '0',
  `n_science_laps` int NOT NULL DEFAULT '0',
  `n_ware_houses` int NOT NULL DEFAULT '0',
  `n_learning_resources` int NOT NULL DEFAULT '0',
  `n_activity_rooms` int NOT NULL DEFAULT '0',
  `n_meeting_rooms` int NOT NULL DEFAULT '0',
  `n_sport_houses` int NOT NULL DEFAULT '0',
  `n_theaters` int NOT NULL DEFAULT '0',
  `n_playgrouonds` int NOT NULL DEFAULT '0',
  `n_indoors_court` int DEFAULT NULL,
  `n_outdoors_court` int DEFAULT NULL,
  `deleted_at` timestamp NULL DEFAULT NULL,
  `created_at` timestamp NULL DEFAULT NULL,
  `updated_at` timestamp NULL DEFAULT NULL,
  PRIMARY KEY (`id`),
  KEY `school_facilities_school_id_foreign` (`school_id`),
  CONSTRAINT `school_facilities_school_id_foreign` FOREIGN KEY (`school_id`) REFERENCES `schools` (`id`) ON DELETE CASCADE
) ENGINE=InnoDB AUTO_INCREMENT=159 DEFAULT CHARSET=utf8mb4 COLLATE=utf8mb4_unicode_ci;

--
-- Dumping data for table `school_facilities`
--

INSERT INTO `school_facilities` (`id`, `school_id`, `building_type`, `building_status`, `n_class`, `n_bathrooms`, `n_floors`, `n_team_rooms`, `n_management_rooms`, `n_computer_laps`, `n_science_laps`, `n_ware_houses`, `n_learning_resources`, `n_activity_rooms`, `n_meeting_rooms`, `n_sport_houses`, `n_theaters`, `n_playgrouonds`, `n_indoors_court`, `n_outdoors_court`, `deleted_at`, `created_at`, `updated_at`) VALUES (1,11,'governmental','well_equipped',0,0,0,0,0,0,0,0,0,0,0,0,0,0,NULL,NULL,NULL,'2024-08-21 09:44:18','2024-08-21 09:44:18'),(2,12,'rental','dilapidated',0,0,0,0,0,0,0,0,0,0,0,0,0,0,NULL,NULL,NULL,'2024-08-21 09:47:11','2024-08-21 09:48:58'),(4,14,'rental','dilapidated',0,0,0,0,0,0,0,0,0,0,0,0,0,0,NULL,NULL,NULL,'2024-08-21 10:44:04','2024-08-21 10:44:26'),(5,15,'rental','well_equipped',0,0,0,0,0,0,0,0,0,0,0,0,0,0,NULL,NULL,NULL,'2024-08-21 10:48:26','2024-08-21 10:49:19'),(6,16,'rental','well_equipped',0,0,0,0,0,0,0,0,0,0,0,0,0,0,NULL,NULL,NULL,'2024-08-21 11:18:52','2024-08-21 11:19:28'),(7,17,'rental','dilapidated',0,0,0,0,0,0,0,0,0,0,0,0,0,0,NULL,NULL,NULL,'2024-08-21 11:58:22','2024-08-21 11:58:43'),(8,18,'rental','dilapidated',0,0,0,0,0,0,0,0,0,0,0,0,0,0,NULL,NULL,NULL,'2024-08-21 12:35:00','2024-08-21 12:35:58'),(9,19,'rental','well_equipped',0,0,0,0,0,0,0,0,0,0,0,0,0,0,NULL,NULL,NULL,'2024-08-21 12:36:40','2024-08-21 12:37:00'),(10,20,'rental','well_equipped',0,0,0,0,0,0,0,0,0,0,0,0,0,0,NULL,NULL,NULL,'2024-08-21 13:33:53','2024-08-21 13:34:13'),(11,21,'governmental','well_equipped',0,0,0,0,0,0,0,0,0,0,0,0,0,0,NULL,NULL,NULL,'2024-08-21 13:33:53','2024-08-21 13:33:53'),(12,22,'rental','dilapidated',0,0,0,0,0,0,0,0,0,0,0,0,0,0,NULL,NULL,NULL,'2024-08-21 13:52:25','2024-08-21 13:52:52'),(13,23,'governmental','well_equipped',0,0,0,0,0,0,0,0,0,0,0,0,0,0,NULL,NULL,NULL,'2024-08-21 13:52:25','2024-08-21 13:52:25'),(14,24,'rental','dilapidated',0,0,0,0,0,0,0,0,0,0,0,0,0,0,NULL,NULL,NULL,'2024-08-21 14:18:19','2024-08-21 14:19:16'),(15,25,'governmental','well_equipped',0,0,0,0,0,0,0,0,0,0,0,0,0,0,NULL,NULL,NULL,'2024-08-21 14:18:19','2024-08-21 14:18:19'),(16,26,'rental','dilapidated',0,0,0,0,0,0,0,0,0,0,0,0,0,0,NULL,NULL,NULL,'2024-08-21 14:30:59','2024-08-21 14:31:19'),(17,27,'rental','dilapidated',0,0,0,0,0,0,0,0,0,0,0,0,0,0,NULL,NULL,NULL,'2024-08-21 14:44:59','2024-08-21 14:45:23'),(18,28,'rental','dilapidated',0,0,0,0,0,0,0,0,0,0,0,0,0,0,NULL,NULL,NULL,'2024-08-21 15:32:20','2024-08-21 15:32:43'),(19,29,'governmental','well_equipped',0,0,0,0,0,0,0,0,0,0,0,0,0,0,NULL,NULL,NULL,'2024-08-22 06:08:08','2024-08-22 06:08:08'),(21,31,'rental','well_equipped',0,0,0,0,0,0,0,0,0,0,0,0,0,0,NULL,NULL,NULL,'2024-08-22 07:14:58','2024-08-22 07:15:53'),(22,32,'rental','well_equipped',0,0,0,0,0,0,0,0,0,0,0,0,0,0,NULL,NULL,NULL,'2024-08-22 08:04:24','2024-08-22 08:05:14'),(23,33,'governmental','well_equipped',0,0,0,0,0,0,0,0,0,0,0,0,0,0,NULL,NULL,NULL,'2024-08-22 08:04:24','2024-08-22 08:04:24'),(24,34,'rental','well_equipped',0,0,0,0,0,0,0,0,0,0,0,0,0,0,NULL,NULL,NULL,'2024-08-22 08:25:44','2024-08-22 08:26:09'),(25,35,'governmental','well_equipped',0,0,0,0,0,0,0,0,0,0,0,0,0,0,NULL,NULL,NULL,'2024-08-22 08:25:44','2024-08-22 08:25:44'),(26,36,'rental','well_equipped',0,0,0,0,0,0,0,0,0,0,0,0,0,0,NULL,NULL,NULL,'2024-08-22 11:32:26','2024-08-22 11:32:56'),(27,37,'governmental','dilapidated',0,0,0,0,0,0,0,0,0,0,0,0,0,0,NULL,NULL,NULL,'2024-08-22 12:36:40','2024-08-22 12:37:25'),(28,38,'governmental','well_equipped',0,0,0,0,0,0,0,0,0,0,0,0,0,0,NULL,NULL,NULL,'2024-08-22 12:36:40','2024-08-22 12:36:40'),(29,39,'governmental','good',6,6,3,3,3,2,4,4,4,4,5,4,4,3,5,4,NULL,'2024-08-22 12:42:52','2024-09-15 16:28:49'),(30,40,'rental','well_equipped',0,0,0,0,0,0,0,0,0,0,0,0,0,0,NULL,NULL,NULL,'2024-08-23 16:54:29','2024-08-23 16:55:59'),(31,41,'rental','dilapidated',0,0,0,0,0,0,0,0,0,0,0,0,0,0,NULL,NULL,NULL,'2024-08-23 17:10:53','2024-08-23 17:11:30'),(32,42,'governmental','well_equipped',0,0,0,0,0,0,0,0,0,0,0,0,0,0,NULL,NULL,NULL,'2024-08-23 17:10:53','2024-08-23 17:10:53'),(33,43,'rental','well_equipped',0,0,0,0,0,0,0,0,0,0,0,0,0,0,NULL,NULL,NULL,'2024-08-23 17:49:43','2024-08-23 17:50:12'),(34,44,'rental','dilapidated',0,0,0,0,0,0,0,0,0,0,0,0,0,0,NULL,NULL,NULL,'2024-08-23 18:09:40','2024-08-23 18:10:10'),(35,45,'rental','dilapidated',0,0,0,0,0,0,0,0,0,0,0,0,0,0,NULL,NULL,NULL,'2024-08-24 05:33:28','2024-08-24 05:35:31'),(36,46,'rental','dilapidated',0,0,0,0,0,0,0,0,0,0,0,0,0,0,NULL,NULL,NULL,'2024-08-24 06:04:14','2024-08-24 06:04:49'),(37,47,'rental','dilapidated',0,0,0,0,0,0,0,0,0,0,0,0,0,0,NULL,NULL,NULL,'2024-08-24 08:25:50','2024-08-24 08:26:16'),(53,63,'rental','dilapidated',0,0,0,0,0,0,0,0,0,0,0,0,0,0,NULL,NULL,NULL,'2024-08-24 13:56:23','2024-08-24 13:56:51'),(60,70,'rental','well_equipped',5,8,5,30,5,5,5,7,3,60,3,6,6,6,NULL,6,NULL,'2024-08-25 07:16:09','2024-08-25 07:18:03'),(69,79,'governmental','dilapidated',5,5,5,5,5,5,5,5,5,5,5,5,5,5,NULL,5,NULL,'2024-08-26 10:18:09','2024-08-26 10:25:05'),(70,80,'governmental','good',5,5,1,2,5,4,1,2,3,4,2,1,2,1,1,2,NULL,'2024-08-27 06:34:38','2024-09-12 12:09:59'),(71,81,'governmental','well_equipped',16,5,3,3,10,10,10,10,10,10,10,10,10,1,4,1,NULL,'2024-08-27 06:34:42','2024-10-13 18:04:33'),(72,82,NULL,NULL,0,0,0,0,0,0,0,0,0,0,0,0,0,0,NULL,NULL,NULL,'2024-08-27 07:15:49','2024-08-27 07:15:49'),(73,83,NULL,NULL,0,0,0,0,0,0,0,0,0,0,0,0,0,0,NULL,NULL,NULL,'2024-08-27 07:19:26','2024-08-27 07:19:26'),(74,84,'governmental','dilapidated',0,0,0,0,0,0,0,0,0,0,0,0,0,0,NULL,0,NULL,'2024-08-27 08:10:47','2024-08-27 08:13:28'),(75,85,NULL,NULL,0,0,0,0,0,0,0,0,0,0,0,0,0,0,NULL,NULL,NULL,'2024-08-28 10:17:26','2024-08-28 10:17:26'),(76,86,'governmental','well_equipped',20,8,5,10,6,5,4,1,20,12,2,4,3,2,4,3,NULL,'2024-08-28 13:10:14','2024-08-28 13:11:43'),(77,87,'governmental','dilapidated',5,5,1,5,1,5,1,5,1,1,1,1,1,1,1,1,NULL,'2024-08-29 09:48:07','2024-08-29 10:46:24'),(78,88,NULL,NULL,0,0,0,0,0,0,0,0,0,0,0,0,0,0,NULL,NULL,NULL,'2024-08-29 09:48:07','2024-08-29 09:48:07'),(79,89,NULL,NULL,0,0,0,0,0,0,0,0,0,0,0,0,0,0,NULL,NULL,NULL,'2024-08-30 06:46:59','2024-08-30 06:46:59'),(80,90,'governmental','well_equipped',5,5,5,5,1,1,1,21,1,1,1,1,1,1,1,1,NULL,'2024-09-01 07:13:03','2024-09-01 07:29:48'),(81,91,'governmental','well_equipped',5,5,5,5,5,5,5,5,5,5,5,5,5,5,5,5,NULL,'2024-09-01 07:13:03','2024-09-01 09:38:55'),(82,92,NULL,NULL,0,0,0,0,0,0,0,0,0,0,0,0,0,0,NULL,NULL,NULL,'2024-09-01 12:13:06','2024-09-01 12:13:06'),(83,93,'governmental','well_equipped',1,1,1,1,1,1,1,1,1,1,1,1,1,1,1,1,NULL,'2024-09-01 18:13:01','2024-09-01 18:14:53'),(84,94,NULL,NULL,0,0,0,0,0,0,0,0,0,0,0,0,0,0,NULL,NULL,NULL,'2024-09-01 18:13:01','2024-09-01 18:13:01'),(85,95,'governmental','dilapidated',1,1,1,1,1,1,1,1,1,1,1,1,1,1,1,1,NULL,'2024-09-01 18:22:35','2024-09-01 18:23:34'),(86,96,NULL,NULL,0,0,0,0,0,0,0,0,0,0,0,0,0,0,NULL,NULL,NULL,'2024-09-01 18:22:35','2024-09-01 18:22:35'),(87,97,'governmental','dilapidated',5,5,5,5,5,5,5,5,5,5,5,5,5,5,5,5,NULL,'2024-09-02 06:04:09','2024-09-02 06:07:13'),(88,98,'governmental','well_equipped',10,5,5,5,5,1,5,5,5,5,1,1,5,5,6,6,NULL,'2024-09-04 08:38:07','2024-11-28 09:30:48'),(89,99,NULL,NULL,0,0,0,0,0,0,0,0,0,0,0,0,0,0,NULL,NULL,NULL,'2024-09-04 11:19:41','2024-09-04 11:19:41'),(90,100,NULL,NULL,0,0,0,0,0,0,0,0,0,0,0,0,0,0,NULL,NULL,NULL,'2024-09-04 11:19:41','2024-09-04 11:19:41'),(91,101,'governmental','well_equipped',5,5,5,5,5,5,5,5,5,5,5,5,5,5,5,5,NULL,'2024-09-04 12:15:13','2024-09-04 12:51:37'),(92,102,'governmental','well_equipped',1,1,1,1,1,1,1,1,1,1,1,1,1,1,1,1,NULL,'2024-09-04 12:15:13','2024-09-04 12:54:45'),(93,103,'governmental','well_equipped',2,2,2,2,2,2,2,2,2,2,2,2,2,2,2,2,NULL,'2024-09-05 12:57:58','2024-09-05 13:02:20'),(94,104,NULL,NULL,0,0,0,0,0,0,0,0,0,0,0,0,0,0,NULL,NULL,NULL,'2024-09-08 08:01:58','2024-09-08 08:01:58'),(95,105,'governmental','well_equipped',20,11,4,3,7,2,1,2,1,3,2,2,1,3,2,2,NULL,'2024-09-11 10:06:50','2024-10-20 10:02:02'),(96,106,'governmental','good',11,2,3,4,1,1,1,1,1,1,1,1,1,1,1,1,NULL,'2024-09-11 10:06:50','2024-09-12 09:21:43'),(97,107,'governmental','good',5,5,5,5,5,5,5,5,5,5,5,5,5,5,5,5,NULL,'2024-09-11 10:36:36','2024-09-11 13:08:03'),(98,108,NULL,NULL,0,0,0,0,0,0,0,0,0,0,0,0,0,0,NULL,NULL,NULL,'2024-09-11 10:36:36','2024-09-11 10:36:36'),(99,109,NULL,NULL,0,0,0,0,0,0,0,0,0,0,0,0,0,0,NULL,NULL,NULL,'2024-09-11 10:37:25','2024-09-11 10:37:25'),(100,110,NULL,NULL,0,0,0,0,0,0,0,0,0,0,0,0,0,0,NULL,NULL,NULL,'2024-09-22 11:09:49','2024-09-22 11:09:49'),(101,111,NULL,NULL,0,0,0,0,0,0,0,0,0,0,0,0,0,0,NULL,NULL,NULL,'2024-09-22 11:09:49','2024-09-22 11:09:49'),(102,112,'rental','well_equipped',20,8,5,10,6,5,4,1,20,12,2,4,3,2,4,3,NULL,'2024-09-27 17:49:15','2024-10-21 19:10:38'),(103,113,'governmental','well_equipped',5,5,5,5,5,5,5,5,5,5,5,5,5,5,5,5,NULL,'2024-09-29 12:40:20','2024-09-29 12:41:38'),(104,114,'governmental','dilapidated',5,5,5,5,5,5,5,5,5,5,5,5,5,5,5,5,NULL,'2024-10-02 09:25:16','2024-10-02 09:28:07'),(105,115,NULL,NULL,0,0,0,0,0,0,0,0,0,0,0,0,0,0,NULL,NULL,NULL,'2024-10-08 07:24:22','2024-10-08 07:24:22'),(106,116,NULL,NULL,0,0,0,0,0,0,0,0,0,0,0,0,0,0,NULL,NULL,NULL,'2024-10-08 07:49:02','2024-10-08 07:49:02'),(107,117,NULL,NULL,0,0,0,0,0,0,0,0,0,0,0,0,0,0,NULL,NULL,NULL,'2024-10-09 07:08:38','2024-10-09 07:08:38'),(108,118,NULL,NULL,0,0,0,0,0,0,0,0,0,0,0,0,0,0,NULL,NULL,NULL,'2024-10-09 07:29:43','2024-10-09 07:29:43'),(109,119,'governmental','good',5,5,5,5,5,5,5,5,5,5,5,5,5,5,5,5,NULL,'2024-10-09 09:02:14','2024-10-09 09:07:07'),(110,120,NULL,NULL,0,0,0,0,0,0,0,0,0,0,0,0,0,0,NULL,NULL,NULL,'2024-10-09 11:42:05','2024-10-09 11:42:05'),(111,121,'governmental','good',5,5,5,5,5,5,5,5,5,5,5,5,5,5,5,5,NULL,'2024-10-15 11:08:04','2024-10-15 11:10:47'),(112,39,'governmental','good',6,6,3,3,3,2,4,4,4,4,5,4,4,3,5,4,NULL,'2024-10-27 16:22:11','2024-10-28 06:58:41'),(113,173,NULL,NULL,0,0,0,0,0,0,0,0,0,0,0,0,0,0,NULL,NULL,NULL,'2024-10-27 16:22:11','2024-10-27 16:22:11'),(114,174,NULL,NULL,0,0,0,0,0,0,0,0,0,0,0,0,0,0,NULL,NULL,NULL,'2024-10-27 16:42:24','2024-10-27 16:42:24'),(116,176,'governmental','well_equipped',20,8,5,10,6,5,4,1,20,12,2,4,3,2,4,3,NULL,'2024-11-02 10:50:07','2024-11-02 10:50:07'),(119,179,'governmental','good',1,5,5,5,5,5,5,5,5,5,5,5,5,5,5,5,NULL,'2024-11-04 10:33:02','2024-11-04 12:46:31'),(120,180,'governmental','well_equipped',20,8,5,10,6,5,4,1,20,12,2,4,3,2,4,3,NULL,'2024-11-12 07:11:32','2024-11-12 07:12:39'),(121,181,'governmental','good',20,8,5,10,6,5,4,1,20,12,2,4,3,2,4,3,NULL,'2024-11-13 14:15:42','2024-11-13 14:18:04'),(122,182,'governmental','good',1,1,1,1,1,0,1,1,1,1,1,1,1,1,1,1,NULL,'2024-11-13 16:44:35','2024-11-13 16:46:08'),(123,182,'governmental','good',1,1,1,1,1,11,1,1,1,1,1,1,1,1,1,1,NULL,'2024-11-13 16:44:35','2024-11-13 16:45:55'),(124,184,'rental','dilapidated',1,1,1,1,1,1,1,1,1,1,1,1,1,1,1,1,NULL,'2024-11-13 17:00:07','2024-11-13 17:11:59'),(125,185,'governmental','well_equipped',1,1,1,1,1,1,1,1,1,1,1,1,1,1,1,1,NULL,'2024-11-13 17:26:48','2024-11-13 17:34:07'),(126,186,'governmental','good',5,5,5,5,5,5,5,5,5,5,5,5,5,5,5,5,NULL,'2024-11-14 08:23:21','2024-11-14 08:40:57'),(127,187,'governmental','good',20,8,5,10,6,5,4,1,20,12,2,4,3,2,4,3,NULL,'2024-11-14 10:24:45','2024-11-14 10:26:00'),(128,188,NULL,NULL,0,0,0,0,0,0,0,0,0,0,0,0,0,0,NULL,NULL,NULL,'2024-11-15 12:18:40','2024-11-15 12:18:40'),(129,189,'governmental','good',20,8,5,10,6,5,4,1,20,12,2,4,3,2,4,3,NULL,'2024-11-15 12:42:04','2024-11-15 13:16:12'),(130,190,'governmental','good',20,8,5,10,6,5,4,1,20,12,2,4,3,2,4,3,NULL,'2024-11-15 12:42:04','2024-11-15 13:30:21'),(131,191,'governmental','good',1,1,1,1,1,1,1,1,1,1,1,1,1,1,1,1,NULL,'2024-11-17 09:13:26','2024-11-17 09:13:54'),(132,192,'governmental','good',20,8,5,10,6,5,4,1,20,12,2,4,3,2,4,3,NULL,'2024-11-17 20:37:55','2024-11-17 20:38:29'),(133,193,'governmental','good',20,8,5,10,6,5,4,1,20,12,2,4,3,2,4,3,NULL,'2024-11-17 20:37:55','2024-11-17 20:38:29'),(134,194,'governmental','good',20,8,5,10,6,5,4,1,20,12,2,4,3,2,4,3,NULL,'2024-11-19 21:11:17','2024-11-19 21:11:49'),(135,195,'governmental','good',20,8,5,10,6,5,4,1,20,12,2,4,3,2,4,3,NULL,'2024-11-19 21:11:17','2024-11-19 21:11:49'),(136,196,'governmental','good',5,5,5,5,5,5,5,5,5,5,5,5,5,5,5,5,NULL,'2024-11-21 07:23:16','2024-11-21 07:24:58'),(137,197,'governmental','good',5,5,5,5,5,5,5,5,5,5,5,5,5,5,5,5,NULL,'2024-11-21 07:23:16','2024-11-21 07:24:58'),(138,198,'governmental','good',5,5,5,5,5,5,5,5,5,5,5,5,5,5,5,5,NULL,'2024-11-21 08:57:51','2024-11-21 08:59:14'),(139,199,'governmental','good',1,1,1,1,1,1,1,1,1,1,1,1,1,1,1,1,NULL,'2024-11-21 12:15:34','2024-11-21 12:35:00'),(140,200,'governmental','good',1,1,1,1,1,1,1,1,1,1,1,1,1,1,1,1,NULL,'2024-11-21 12:15:34','2024-11-21 12:35:00'),(141,201,NULL,NULL,0,0,0,0,0,0,0,0,0,0,0,0,0,0,NULL,NULL,NULL,'2024-11-24 10:32:52','2024-11-24 10:32:52'),(142,202,NULL,NULL,0,0,0,0,0,0,0,0,0,0,0,0,0,0,NULL,NULL,NULL,'2024-11-24 10:32:52','2024-11-24 10:32:52'),(143,203,'governmental','well_equipped',5,5,5,5,5,5,5,5,5,5,5,5,5,55,5,5,NULL,'2024-11-24 11:25:59','2024-11-24 11:28:13'),(144,204,NULL,NULL,0,0,0,0,0,0,0,0,0,0,0,0,0,0,NULL,NULL,NULL,'2024-11-24 18:19:59','2024-11-24 18:19:59'),(145,205,'governmental','good',1,1,1,1,1,1,1,1,1,1,1,1,1,1,1,1,NULL,'2024-11-25 14:19:41','2024-11-25 14:20:16'),(146,206,'governmental','well_equipped',1,1,1,1,1,1,1,1,1,1,1,1,1,1,1,1,NULL,'2024-11-26 12:21:26','2024-11-26 12:22:42'),(147,207,'rental','dilapidated',5,5,5,5,5,5,5,5,5,5,5,5,5,5,5,5,NULL,'2024-11-26 12:21:26','2024-11-26 12:52:37'),(148,208,'governmental','well_equipped',1,1,1,1,1,1,1,1,1,1,1,1,1,1,1,1,NULL,'2024-11-27 15:00:50','2024-11-27 15:01:59'),(149,209,'governmental','well_equipped',1,1,1,1,1,1,1,1,1,1,1,1,1,1,1,1,NULL,'2024-11-27 15:00:50','2024-11-27 15:01:59'),(152,212,'governmental','well_equipped',1,1,1,1,1,1,1,1,1,1,1,1,1,1,1,1,NULL,'2024-11-28 11:57:01','2024-11-28 12:01:30'),(153,213,'governmental','well_equipped',1,1,1,1,1,1,1,1,1,1,1,1,1,1,1,1,NULL,'2024-11-28 11:57:01','2024-11-28 12:01:30'),(154,214,'governmental','good',1,1,1,1,1,1,1,1,1,1,1,1,1,1,1,1,NULL,'2024-11-28 14:06:48','2024-11-28 14:07:14'),(155,215,'governmental','well_equipped',2,1,1,1,2,1,1,1,1,1,2,1,1,1,1,1,NULL,'2024-11-28 14:33:00','2024-11-28 14:35:41'),(156,216,'governmental','well_equipped',2,1,1,1,2,1,1,1,1,1,2,1,1,1,1,1,NULL,'2024-11-28 14:33:00','2024-11-28 14:35:41'),(157,217,'governmental','good',1,2,4,4,4,4,4,4,4,4,4,4,4,4,4,4,NULL,'2024-11-28 15:48:16','2024-11-28 15:54:59'),(158,218,'governmental','good',1,2,4,4,4,4,4,4,4,4,4,4,4,4,4,4,NULL,'2024-11-28 15:48:17','2024-11-28 15:54:59');

--
-- Table structure for table `school_grades`
--

CREATE TABLE `school_grades` (
  `id` bigint unsigned NOT NULL AUTO_INCREMENT,
  `name` varchar(191) COLLATE utf8mb4_unicode_ci NOT NULL,
  `status` tinyint(1) NOT NULL DEFAULT '1',
  `created_at` timestamp NULL DEFAULT NULL,
  `updated_at` timestamp NULL DEFAULT NULL,
  `deleted_at` timestamp NULL DEFAULT NULL,
  PRIMARY KEY (`id`)
) ENGINE=InnoDB AUTO_INCREMENT=24 DEFAULT CHARSET=utf8mb4 COLLATE=utf8mb4_unicode_ci;

--
-- Dumping data for table `school_grades`
--

INSERT INTO `school_grades` (`id`, `name`, `status`, `created_at`, `updated_at`, `deleted_at`) VALUES (1,'المرحلة الإبتدائية',1,'2024-08-21 08:50:11','2024-08-21 08:50:11',NULL),(2,'المرحلة المتوسطة',1,'2024-08-21 08:50:11','2024-09-12 09:16:54',NULL),(3,'المرحلة الثانوية',1,'2024-08-21 08:50:11','2024-08-21 08:50:11',NULL),(4,'test update',1,'2024-08-23 12:56:02','2024-08-23 12:56:15','2024-08-23 12:56:15'),(5,'test',1,'2024-08-24 16:16:23','2024-08-24 16:19:11','2024-08-24 16:19:11'),(6,'wwwwwww',1,'2024-08-25 12:41:26','2024-08-25 12:41:33','2024-08-25 12:41:33'),(7,'213sdsadsa21321',1,'2024-08-25 14:22:09','2024-08-25 14:22:14','2024-08-25 14:22:14'),(8,'ءييب',1,'2024-09-04 17:36:42','2024-09-09 07:58:55','2024-09-09 07:58:55');

--
-- Table structure for table `school_references`
--

CREATE TABLE `school_references` (
  `id` bigint unsigned NOT NULL AUTO_INCREMENT,
  `school_id` bigint unsigned NOT NULL,
  `tel_phone` varchar(50) COLLATE utf8mb4_unicode_ci DEFAULT NULL,
  `phone` varchar(50) COLLATE utf8mb4_unicode_ci DEFAULT NULL,
  `whatsapp` varchar(50) COLLATE utf8mb4_unicode_ci DEFAULT NULL,
  `facebook` varchar(150) COLLATE utf8mb4_unicode_ci DEFAULT NULL,
  `x_link` varchar(150) COLLATE utf8mb4_unicode_ci DEFAULT NULL,
  `snap_chat` varchar(150) COLLATE utf8mb4_unicode_ci DEFAULT NULL,
  `tiktok` varchar(150) COLLATE utf8mb4_unicode_ci DEFAULT NULL,
  `telegram` varchar(150) COLLATE utf8mb4_unicode_ci DEFAULT NULL,
  `website` varchar(150) COLLATE utf8mb4_unicode_ci DEFAULT NULL,
  `deleted_at` timestamp NULL DEFAULT NULL,
  `created_at` timestamp NULL DEFAULT NULL,
  `updated_at` timestamp NULL DEFAULT NULL,
  PRIMARY KEY (`id`),
  KEY `school_references_school_id_foreign` (`school_id`),
  CONSTRAINT `school_references_school_id_foreign` FOREIGN KEY (`school_id`) REFERENCES `schools` (`id`) ON DELETE CASCADE
) ENGINE=InnoDB AUTO_INCREMENT=159 DEFAULT CHARSET=utf8mb4 COLLATE=utf8mb4_unicode_ci;

--
-- Dumping data for table `school_references`
--

INSERT INTO `school_references` (`id`, `school_id`, `tel_phone`, `phone`, `whatsapp`, `facebook`, `x_link`, `snap_chat`, `tiktok`, `telegram`, `website`, `deleted_at`, `created_at`, `updated_at`) VALUES (1,11,NULL,NULL,NULL,NULL,NULL,NULL,NULL,NULL,NULL,NULL,'2024-08-21 09:44:18','2024-08-21 09:44:18'),(2,12,NULL,NULL,NULL,NULL,NULL,NULL,NULL,NULL,NULL,NULL,'2024-08-21 09:47:11','2024-08-21 09:47:11'),(3,13,NULL,NULL,NULL,NULL,NULL,NULL,NULL,NULL,NULL,NULL,'2024-08-21 10:42:30','2024-08-21 10:42:30'),(4,14,NULL,NULL,NULL,NULL,NULL,NULL,NULL,NULL,NULL,NULL,'2024-08-21 10:44:04','2024-08-21 10:44:04'),(5,15,NULL,NULL,NULL,NULL,NULL,NULL,NULL,NULL,NULL,NULL,'2024-08-21 10:48:26','2024-08-21 10:48:26'),(6,16,NULL,NULL,NULL,NULL,NULL,NULL,NULL,NULL,NULL,NULL,'2024-08-21 11:18:52','2024-08-21 11:18:52'),(7,17,NULL,NULL,NULL,NULL,NULL,NULL,NULL,NULL,NULL,NULL,'2024-08-21 11:58:22','2024-08-21 11:58:22'),(8,18,NULL,NULL,NULL,NULL,NULL,NULL,NULL,NULL,NULL,NULL,'2024-08-21 12:35:00','2024-08-21 12:35:00'),(9,19,NULL,NULL,NULL,NULL,NULL,NULL,NULL,NULL,NULL,NULL,'2024-08-21 12:36:40','2024-08-21 12:36:40'),(10,20,NULL,NULL,NULL,NULL,NULL,NULL,NULL,NULL,NULL,NULL,'2024-08-21 13:33:53','2024-08-21 13:33:53'),(11,21,NULL,NULL,NULL,NULL,NULL,NULL,NULL,NULL,NULL,NULL,'2024-08-21 13:33:53','2024-08-21 13:33:53'),(12,22,NULL,NULL,NULL,NULL,NULL,NULL,NULL,NULL,NULL,NULL,'2024-08-21 13:52:25','2024-08-21 13:52:25'),(13,23,NULL,NULL,NULL,NULL,NULL,NULL,NULL,NULL,NULL,NULL,'2024-08-21 13:52:25','2024-08-21 13:52:25'),(14,24,NULL,NULL,NULL,NULL,NULL,NULL,NULL,NULL,NULL,NULL,'2024-08-21 14:18:19','2024-08-21 14:18:19'),(15,25,NULL,NULL,NULL,NULL,NULL,NULL,NULL,NULL,NULL,NULL,'2024-08-21 14:18:19','2024-08-21 14:18:19'),(16,26,NULL,NULL,NULL,NULL,NULL,NULL,NULL,NULL,NULL,NULL,'2024-08-21 14:30:59','2024-08-21 14:30:59'),(17,27,NULL,NULL,NULL,NULL,NULL,NULL,NULL,NULL,NULL,NULL,'2024-08-21 14:44:59','2024-08-21 14:44:59'),(18,28,NULL,NULL,NULL,NULL,NULL,NULL,NULL,NULL,NULL,NULL,'2024-08-21 15:32:20','2024-08-21 15:32:20'),(19,29,NULL,NULL,NULL,NULL,NULL,NULL,NULL,NULL,NULL,NULL,'2024-08-22 06:08:08','2024-08-22 06:08:08'),(21,31,NULL,NULL,NULL,NULL,NULL,NULL,NULL,NULL,NULL,NULL,'2024-08-22 07:14:58','2024-08-22 07:14:58'),(22,32,NULL,NULL,NULL,NULL,NULL,NULL,NULL,NULL,NULL,NULL,'2024-08-22 08:04:24','2024-08-22 08:04:24'),(23,33,NULL,NULL,NULL,NULL,NULL,NULL,NULL,NULL,NULL,NULL,'2024-08-22 08:04:24','2024-08-22 08:04:24'),(24,34,NULL,NULL,NULL,NULL,NULL,NULL,NULL,NULL,NULL,NULL,'2024-08-22 08:25:44','2024-08-22 08:25:44'),(25,35,NULL,NULL,NULL,NULL,NULL,NULL,NULL,NULL,NULL,NULL,'2024-08-22 08:25:44','2024-08-22 08:25:44'),(26,36,NULL,NULL,NULL,NULL,NULL,NULL,NULL,NULL,NULL,NULL,'2024-08-22 11:32:26','2024-08-22 11:32:26'),(27,37,NULL,NULL,NULL,NULL,NULL,NULL,NULL,NULL,NULL,NULL,'2024-08-22 12:36:40','2024-08-22 12:36:40'),(28,38,NULL,NULL,NULL,NULL,NULL,NULL,NULL,NULL,NULL,NULL,'2024-08-22 12:36:40','2024-08-22 12:36:40'),(29,39,'0505052050','523213212','523232323',NULL,'@dkdsdks',NULL,NULL,NULL,'www.school.com',NULL,'2024-08-22 12:42:52','2024-09-15 16:36:27'),(30,40,NULL,NULL,NULL,NULL,NULL,NULL,NULL,NULL,NULL,NULL,'2024-08-23 16:54:29','2024-08-23 16:54:29'),(31,41,NULL,NULL,NULL,NULL,NULL,NULL,NULL,NULL,NULL,NULL,'2024-08-23 17:10:53','2024-08-23 17:10:53'),(32,42,NULL,NULL,NULL,NULL,NULL,NULL,NULL,NULL,NULL,NULL,'2024-08-23 17:10:53','2024-08-23 17:10:53'),(33,43,NULL,NULL,NULL,NULL,NULL,NULL,NULL,NULL,NULL,NULL,'2024-08-23 17:49:43','2024-08-23 17:49:43'),(34,44,NULL,NULL,NULL,NULL,NULL,NULL,NULL,NULL,NULL,NULL,'2024-08-23 18:09:40','2024-08-23 18:09:40'),(35,45,NULL,NULL,NULL,NULL,NULL,NULL,NULL,NULL,NULL,NULL,'2024-08-24 05:33:28','2024-08-24 05:33:28'),(36,46,NULL,NULL,NULL,NULL,NULL,NULL,NULL,NULL,NULL,NULL,'2024-08-24 06:04:14','2024-08-24 06:04:14'),(37,47,'0510500051','0510500051','0510500051',NULL,'0510500051',NULL,NULL,NULL,NULL,NULL,'2024-08-24 08:25:50','2024-08-24 08:31:50'),(53,63,NULL,NULL,NULL,NULL,NULL,NULL,NULL,NULL,NULL,NULL,'2024-08-24 13:56:23','2024-08-24 13:56:23'),(60,70,'01777777777','0513333333','513333333',NULL,'madrsa',NULL,NULL,NULL,'01777777777',NULL,'2024-08-25 07:16:09','2024-08-25 07:25:17'),(69,79,'0510090909','0510090909','0510090909',NULL,'@username',NULL,NULL,NULL,'www.myschool.com',NULL,'2024-08-26 10:18:09','2024-08-26 11:10:51'),(70,80,'0510500900','0510500900','0510500900',NULL,'@username',NULL,NULL,NULL,'www.myschool.com',NULL,'2024-08-27 06:34:38','2024-09-12 12:40:18'),(71,81,'0510909003','0510909000','0510909000',NULL,'@asda',NULL,NULL,NULL,'test.com',NULL,'2024-08-27 06:34:42','2024-10-13 18:07:00'),(72,82,NULL,NULL,NULL,NULL,NULL,NULL,NULL,NULL,NULL,NULL,'2024-08-27 07:15:49','2024-08-27 07:15:49'),(73,83,NULL,NULL,NULL,NULL,NULL,NULL,NULL,NULL,NULL,NULL,'2024-08-27 07:19:26','2024-08-27 07:19:26'),(74,84,NULL,NULL,NULL,NULL,NULL,NULL,NULL,NULL,NULL,NULL,'2024-08-27 08:10:47','2024-08-27 08:10:47'),(75,85,NULL,NULL,NULL,NULL,NULL,NULL,NULL,NULL,NULL,NULL,'2024-08-28 10:17:26','2024-08-28 10:17:26'),(76,86,'966512344628','966512344628','966512344628','link','link','link','link','link','link',NULL,'2024-08-28 13:10:14','2024-08-28 13:14:08'),(77,87,NULL,NULL,NULL,NULL,NULL,NULL,NULL,NULL,NULL,NULL,'2024-08-29 09:48:07','2024-08-29 09:48:07'),(78,88,NULL,NULL,NULL,NULL,NULL,NULL,NULL,NULL,NULL,NULL,'2024-08-29 09:48:07','2024-08-29 09:48:07'),(79,89,NULL,NULL,NULL,NULL,NULL,NULL,NULL,NULL,NULL,NULL,'2024-08-30 06:46:59','2024-08-30 06:46:59'),(80,90,'0510500090','0510500090','0510500090',NULL,'@username',NULL,NULL,NULL,'www.mdrsaw7da.com',NULL,'2024-09-01 07:13:03','2024-09-01 09:35:09'),(81,91,'0519000090','0519000090','0519000090',NULL,'@username',NULL,NULL,NULL,'www.mdrsatanya.com',NULL,'2024-09-01 07:13:03','2024-09-01 09:48:48'),(82,92,NULL,NULL,NULL,NULL,NULL,NULL,NULL,NULL,NULL,NULL,'2024-09-01 12:13:06','2024-09-01 12:13:06'),(83,93,NULL,NULL,NULL,NULL,NULL,NULL,NULL,NULL,NULL,NULL,'2024-09-01 18:13:01','2024-09-01 18:13:01'),(84,94,NULL,NULL,NULL,NULL,NULL,NULL,NULL,NULL,NULL,NULL,'2024-09-01 18:13:01','2024-09-01 18:13:01'),(85,95,NULL,NULL,NULL,NULL,NULL,NULL,NULL,NULL,NULL,NULL,'2024-09-01 18:22:35','2024-09-01 18:22:35'),(86,96,NULL,NULL,NULL,NULL,NULL,NULL,NULL,NULL,NULL,NULL,'2024-09-01 18:22:35','2024-09-01 18:22:35'),(87,97,NULL,NULL,NULL,NULL,NULL,NULL,NULL,NULL,NULL,NULL,'2024-09-02 06:04:09','2024-09-02 06:04:09'),(88,98,'0509009003','0509009003','0509009003','facebook','update','snapchat','tiktok','telegram','www.google.com',NULL,'2024-09-04 08:38:07','2024-11-28 10:08:56'),(89,99,NULL,NULL,NULL,NULL,NULL,NULL,NULL,NULL,NULL,NULL,'2024-09-04 11:19:41','2024-09-04 11:19:41'),(90,100,NULL,NULL,NULL,NULL,NULL,NULL,NULL,NULL,NULL,NULL,'2024-09-04 11:19:41','2024-09-04 11:19:41'),(91,101,'0510909095','0510909095','0510909095',NULL,'@username',NULL,NULL,NULL,'www.myschiil.com',NULL,'2024-09-04 12:15:13','2024-09-04 12:53:55'),(92,102,'0510909005','0510909005','0510909005',NULL,'@username',NULL,NULL,NULL,'www.test.com',NULL,'2024-09-04 12:15:13','2024-09-04 12:57:42'),(93,103,NULL,NULL,NULL,NULL,NULL,NULL,NULL,NULL,NULL,NULL,'2024-09-05 12:57:58','2024-09-05 12:57:58'),(94,104,NULL,NULL,NULL,NULL,NULL,NULL,NULL,NULL,NULL,NULL,'2024-09-08 08:01:58','2024-09-08 08:01:58'),(95,105,'0555555555','0555555555','0555555555',NULL,'@w',NULL,NULL,'@teatcher','laam.sa',NULL,'2024-09-11 10:06:50','2024-10-20 10:23:07'),(96,106,'0555555555','0555555555','0555555555',NULL,'@1',NULL,NULL,NULL,'ww.ww',NULL,'2024-09-11 10:06:50','2024-09-12 09:40:58'),(97,107,NULL,NULL,NULL,NULL,NULL,NULL,NULL,NULL,NULL,NULL,'2024-09-11 10:36:36','2024-09-11 10:36:36'),(98,108,NULL,NULL,NULL,NULL,NULL,NULL,NULL,NULL,NULL,NULL,'2024-09-11 10:36:36','2024-09-11 10:36:36'),(99,109,NULL,NULL,NULL,NULL,NULL,NULL,NULL,NULL,NULL,NULL,'2024-09-11 10:37:25','2024-09-11 10:37:25'),(100,110,NULL,NULL,NULL,NULL,NULL,NULL,NULL,NULL,NULL,NULL,'2024-09-22 11:09:49','2024-09-22 11:09:49'),(101,111,NULL,NULL,NULL,NULL,NULL,NULL,NULL,NULL,NULL,NULL,'2024-09-22 11:09:49','2024-09-22 11:09:49'),(102,112,'966512344628','966512344628','966512344628','link','link','link','link','link','link',NULL,'2024-09-27 17:49:15','2024-09-27 18:13:49'),(103,113,NULL,NULL,NULL,NULL,NULL,NULL,NULL,NULL,NULL,NULL,'2024-09-29 12:40:20','2024-09-29 12:40:20'),(104,114,NULL,NULL,NULL,NULL,NULL,NULL,NULL,NULL,NULL,NULL,'2024-10-02 09:25:16','2024-10-02 09:25:16'),(105,115,NULL,NULL,NULL,NULL,NULL,NULL,NULL,NULL,NULL,NULL,'2024-10-08 07:24:22','2024-10-08 07:24:22'),(106,116,NULL,NULL,NULL,NULL,NULL,NULL,NULL,NULL,NULL,NULL,'2024-10-08 07:49:02','2024-10-08 07:49:02'),(107,117,NULL,NULL,NULL,NULL,NULL,NULL,NULL,NULL,NULL,NULL,'2024-10-09 07:08:38','2024-10-09 07:08:38'),(108,118,NULL,NULL,NULL,NULL,NULL,NULL,NULL,NULL,NULL,NULL,'2024-10-09 07:29:43','2024-10-09 07:29:43'),(109,119,'0597977977','0597977977','0597977977','fadsfdsaf','@sdfsf',NULL,NULL,NULL,'www.fdfdas.com',NULL,'2024-10-09 09:02:14','2024-10-09 09:52:27'),(110,120,NULL,NULL,NULL,NULL,NULL,NULL,NULL,NULL,NULL,NULL,'2024-10-09 11:42:05','2024-10-09 11:42:05'),(111,121,'0578787878','0532323234','0587877893',NULL,'@dsfasf',NULL,NULL,NULL,'www.sfgsf.com',NULL,'2024-10-15 11:08:04','2024-10-27 07:50:32'),(112,172,NULL,NULL,NULL,NULL,NULL,NULL,NULL,NULL,NULL,NULL,'2024-10-27 16:22:11','2024-10-27 16:22:11'),(113,173,NULL,NULL,NULL,NULL,NULL,NULL,NULL,NULL,NULL,NULL,'2024-10-27 16:22:11','2024-10-27 16:22:11'),(114,174,NULL,NULL,NULL,NULL,NULL,NULL,NULL,NULL,NULL,NULL,'2024-10-27 16:42:24','2024-10-27 16:42:24'),(116,176,'811245023','702995618','010110100101','link','link','link','link','link','link',NULL,'2024-11-02 10:50:07','2024-11-02 10:50:07'),(119,179,NULL,NULL,NULL,NULL,NULL,NULL,NULL,NULL,NULL,NULL,'2024-11-04 10:33:02','2024-11-04 10:33:02'),(120,180,NULL,NULL,NULL,NULL,NULL,NULL,NULL,NULL,NULL,NULL,'2024-11-12 07:11:32','2024-11-12 07:11:32'),(121,181,NULL,NULL,NULL,NULL,NULL,NULL,NULL,NULL,NULL,NULL,'2024-11-13 14:15:42','2024-11-13 14:15:42'),(122,182,NULL,NULL,NULL,NULL,NULL,NULL,NULL,NULL,NULL,NULL,'2024-11-13 16:44:35','2024-11-13 16:44:35'),(123,183,NULL,NULL,NULL,NULL,NULL,NULL,NULL,NULL,NULL,NULL,'2024-11-13 16:44:35','2024-11-13 16:44:35'),(124,184,NULL,NULL,NULL,NULL,NULL,NULL,NULL,NULL,NULL,NULL,'2024-11-13 17:00:07','2024-11-13 17:00:07'),(125,185,'543434444','543434444','543434444',NULL,'@user',NULL,NULL,NULL,'www.example.com',NULL,'2024-11-13 17:26:48','2024-11-13 17:46:07'),(126,186,NULL,NULL,NULL,NULL,NULL,NULL,NULL,NULL,NULL,NULL,'2024-11-14 08:23:21','2024-11-14 08:23:21'),(127,187,NULL,NULL,NULL,NULL,NULL,NULL,NULL,NULL,NULL,NULL,'2024-11-14 10:24:45','2024-11-14 10:24:45'),(128,188,NULL,NULL,NULL,NULL,NULL,NULL,NULL,NULL,NULL,NULL,'2024-11-15 12:18:40','2024-11-15 12:18:40'),(129,189,NULL,NULL,NULL,NULL,NULL,NULL,NULL,NULL,NULL,NULL,'2024-11-15 12:42:04','2024-11-15 12:42:04'),(130,190,NULL,NULL,NULL,NULL,NULL,NULL,NULL,NULL,NULL,NULL,'2024-11-15 12:42:04','2024-11-15 12:42:04'),(131,191,'0515151534','0515151534','0515151534',NULL,'@user',NULL,NULL,NULL,'www.myschool',NULL,'2024-11-17 09:13:26','2024-11-17 10:33:26'),(132,192,NULL,NULL,NULL,NULL,NULL,NULL,NULL,NULL,NULL,NULL,'2024-11-17 20:37:55','2024-11-17 20:37:55'),(133,193,NULL,NULL,NULL,NULL,NULL,NULL,NULL,NULL,NULL,NULL,'2024-11-17 20:37:55','2024-11-17 20:37:55'),(134,194,'966512344628','966512344628','966512344628','link','link','link','link','link','link',NULL,'2024-11-19 21:11:17','2024-11-19 21:53:10'),(135,195,NULL,NULL,NULL,NULL,NULL,NULL,NULL,NULL,NULL,NULL,'2024-11-19 21:11:17','2024-11-19 21:11:17'),(136,196,'0124588787','0599933366','0599933366',NULL,'@DSF',NULL,NULL,NULL,'www.fgg',NULL,'2024-11-21 07:23:16','2024-11-24 12:19:15'),(137,197,NULL,NULL,NULL,NULL,NULL,NULL,NULL,NULL,NULL,NULL,'2024-11-21 07:23:16','2024-11-21 07:23:16'),(138,198,NULL,NULL,NULL,NULL,NULL,NULL,NULL,NULL,NULL,NULL,'2024-11-21 08:57:51','2024-11-21 08:57:51'),(139,199,'0510909090','0510909090','0510909090',NULL,'@username',NULL,NULL,NULL,'www.myschool.com',NULL,'2024-11-21 12:15:34','2024-11-21 15:42:18'),(140,200,'0510909090','0510909090','0510909090',NULL,'@username',NULL,NULL,NULL,'www.test.com',NULL,'2024-11-21 12:15:34','2024-11-21 15:44:53'),(141,201,NULL,NULL,NULL,NULL,NULL,NULL,NULL,NULL,NULL,NULL,'2024-11-24 10:32:52','2024-11-24 10:32:52'),(142,202,NULL,NULL,NULL,NULL,NULL,NULL,NULL,NULL,NULL,NULL,'2024-11-24 10:32:52','2024-11-24 10:32:52'),(143,203,'513090980','513090980','513090980',NULL,'@laam',NULL,NULL,NULL,'www.laam.com',NULL,'2024-11-24 11:25:59','2024-11-24 11:34:24'),(144,204,NULL,NULL,NULL,NULL,NULL,NULL,NULL,NULL,NULL,NULL,'2024-11-24 18:19:59','2024-11-24 18:19:59'),(145,205,NULL,NULL,NULL,NULL,NULL,NULL,NULL,NULL,NULL,NULL,'2024-11-25 14:19:41','2024-11-25 14:19:41'),(146,206,'012584878','0587871234','0587871234',NULL,'@sds',NULL,NULL,NULL,'www.adf',NULL,'2024-11-26 12:21:26','2024-11-26 12:35:50'),(147,207,NULL,NULL,NULL,NULL,NULL,NULL,NULL,NULL,NULL,NULL,'2024-11-26 12:21:26','2024-11-26 12:21:26'),(148,208,NULL,NULL,NULL,NULL,NULL,NULL,NULL,NULL,NULL,NULL,'2024-11-27 15:00:50','2024-11-27 15:00:50'),(149,209,NULL,NULL,NULL,NULL,NULL,NULL,NULL,NULL,NULL,NULL,'2024-11-27 15:00:50','2024-11-27 15:00:50'),(152,212,NULL,NULL,NULL,NULL,NULL,NULL,NULL,NULL,NULL,NULL,'2024-11-28 11:57:01','2024-11-28 11:57:01'),(153,213,NULL,NULL,NULL,NULL,NULL,NULL,NULL,NULL,NULL,NULL,'2024-11-28 11:57:01','2024-11-28 11:57:01'),(154,214,'054545455','0545454555','0545455455',NULL,'@username',NULL,NULL,NULL,'www.myschool.com',NULL,'2024-11-28 14:06:48','2024-11-28 15:14:05'),(155,215,'1201834148','533221177',NULL,'Totam quam vel est a','@ramzy','Nulla quia aliquip q','Quia nesciunt sint','Sit optio nostrum e','ramzy.com',NULL,'2024-11-28 14:33:00','2024-11-28 15:20:49'),(156,216,'1201834148','533221177',NULL,NULL,'@ramzy',NULL,NULL,NULL,'ramzy.com',NULL,'2024-11-28 14:33:00','2024-11-28 15:27:33'),(157,217,'0542424443','0542424443','0542424443',NULL,'@rrr',NULL,NULL,NULL,'www.rr.com',NULL,'2024-11-28 15:48:16','2024-11-28 16:35:14'),(158,218,'0556776543','0556776543','0556776543',NULL,'@tt',NULL,NULL,NULL,'www.tt.com',NULL,'2024-11-28 15:48:17','2024-11-28 16:46:58');

--
-- Table structure for table `school_subject_teachers`
--

CREATE TABLE `school_subject_teachers` (
  `id` bigint unsigned NOT NULL AUTO_INCREMENT,
  `school_id` bigint unsigned DEFAULT NULL,
  `subject_id` bigint unsigned DEFAULT NULL,
  `school_employee_id` bigint unsigned DEFAULT NULL,
  `created_at` timestamp NULL DEFAULT NULL,
  `updated_at` timestamp NULL DEFAULT NULL,
  PRIMARY KEY (`id`),
  KEY `school_subject_teachers_school_employee_id_foreign` (`school_employee_id`),
  KEY `school_subject_teachers_subject_id_foreign` (`subject_id`),
  KEY `school_subject_teachers_school_id_foreign` (`school_id`),
  CONSTRAINT `school_subject_teachers_school_employee_id_foreign` FOREIGN KEY (`school_employee_id`) REFERENCES `school_employees` (`id`) ON DELETE CASCADE,
  CONSTRAINT `school_subject_teachers_school_id_foreign` FOREIGN KEY (`school_id`) REFERENCES `schools` (`id`) ON DELETE CASCADE,
  CONSTRAINT `school_subject_teachers_subject_id_foreign` FOREIGN KEY (`subject_id`) REFERENCES `subjects` (`id`) ON DELETE CASCADE
) ENGINE=InnoDB DEFAULT CHARSET=utf8mb4 COLLATE=utf8mb4_unicode_ci;

--
-- Dumping data for table `school_subject_teachers`
--


--
-- Table structure for table `schools`
--

CREATE TABLE `schools` (
  `id` bigint unsigned NOT NULL AUTO_INCREMENT,
  `user_id` bigint unsigned DEFAULT NULL,
  `shift` enum('morning','evening','night') COLLATE utf8mb4_unicode_ci DEFAULT NULL,
  `gender` enum('male','female') COLLATE utf8mb4_unicode_ci DEFAULT NULL,
  `childhood` enum('yes','no') COLLATE utf8mb4_unicode_ci DEFAULT NULL,
  `school_grade_id` bigint unsigned DEFAULT NULL,
  `name` varchar(100) COLLATE utf8mb4_unicode_ci DEFAULT NULL,
  `ministry_number` varchar(100) COLLATE utf8mb4_unicode_ci DEFAULT NULL,
  `education_type` enum('governmental','family') COLLATE utf8mb4_unicode_ci DEFAULT NULL,
  `education_department_id` bigint unsigned DEFAULT NULL,
  `educational_office_id` bigint unsigned DEFAULT NULL,
  `founding_date` varchar(25) COLLATE utf8mb4_unicode_ci DEFAULT NULL,
  `founding_date_type` enum('coptic','hijri') COLLATE utf8mb4_unicode_ci DEFAULT NULL,
  `address` varchar(150) COLLATE utf8mb4_unicode_ci DEFAULT NULL,
  `area_id` bigint unsigned DEFAULT NULL,
  `city_id` bigint unsigned DEFAULT NULL,
  `current_school_year` varchar(50) COLLATE utf8mb4_unicode_ci DEFAULT NULL,
  `reg_step1` enum('completed','incompleted') COLLATE utf8mb4_unicode_ci NOT NULL DEFAULT 'incompleted',
  `reg_step2` enum('completed','incompleted') COLLATE utf8mb4_unicode_ci NOT NULL DEFAULT 'incompleted',
  `reg_step3` enum('completed','incompleted') COLLATE utf8mb4_unicode_ci NOT NULL DEFAULT 'incompleted',
  `reg_step4` enum('completed','incompleted') COLLATE utf8mb4_unicode_ci NOT NULL DEFAULT 'incompleted',
  `reg_step5` enum('completed','incompleted') COLLATE utf8mb4_unicode_ci NOT NULL DEFAULT 'incompleted',
  `reg_step6` enum('completed','incompleted') COLLATE utf8mb4_unicode_ci NOT NULL DEFAULT 'incompleted',
  `reg_step7` enum('completed','incompleted') COLLATE utf8mb4_unicode_ci NOT NULL DEFAULT 'incompleted',
  `registration_complete` enum('yes','no') COLLATE utf8mb4_unicode_ci DEFAULT 'no',
  `deleted_at` timestamp NULL DEFAULT NULL,
  `created_at` timestamp NULL DEFAULT NULL,
  `updated_at` timestamp NULL DEFAULT NULL,
  PRIMARY KEY (`id`),
  KEY `schools_user_id_foreign` (`user_id`),
  KEY `schools_school_grade_id_foreign` (`school_grade_id`),
  KEY `schools_education_department_id_foreign` (`education_department_id`),
  KEY `schools_educational_office_id_foreign` (`educational_office_id`),
  KEY `schools_area_id_foreign` (`area_id`),
  KEY `schools_city_id_foreign` (`city_id`),
  CONSTRAINT `schools_area_id_foreign` FOREIGN KEY (`area_id`) REFERENCES `areas` (`id`) ON DELETE SET NULL ON UPDATE RESTRICT,
  CONSTRAINT `schools_city_id_foreign` FOREIGN KEY (`city_id`) REFERENCES `cities` (`id`) ON DELETE SET NULL ON UPDATE RESTRICT,
  CONSTRAINT `schools_education_department_id_foreign` FOREIGN KEY (`education_department_id`) REFERENCES `educational_departments` (`id`) ON DELETE CASCADE,
  CONSTRAINT `schools_educational_office_id_foreign` FOREIGN KEY (`educational_office_id`) REFERENCES `educational_offices` (`id`) ON DELETE CASCADE,
  CONSTRAINT `schools_school_grade_id_foreign` FOREIGN KEY (`school_grade_id`) REFERENCES `school_grades` (`id`) ON DELETE CASCADE,
  CONSTRAINT `schools_user_id_foreign` FOREIGN KEY (`user_id`) REFERENCES `users` (`id`) ON DELETE CASCADE
) ENGINE=InnoDB AUTO_INCREMENT=219 DEFAULT CHARSET=utf8mb4 COLLATE=utf8mb4_unicode_ci;

--
-- Dumping data for table `schools`
--

INSERT INTO `schools` (`id`, `user_id`, `shift`, `gender`, `childhood`, `school_grade_id`, `name`, `ministry_number`, `education_type`, `education_department_id`, `educational_office_id`, `founding_date`, `founding_date_type`, `address`, `area_id`, `city_id`, `current_school_year`, `reg_step1`, `reg_step2`, `reg_step3`, `reg_step4`, `reg_step5`, `reg_step6`, `reg_step7`, `registration_complete`, `deleted_at`, `created_at`, `updated_at`) VALUES (1,11,'evening','female',NULL,2,'Roxanne Mohr',NULL,'family',NULL,NULL,NULL,NULL,NULL,NULL,NULL,NULL,'incompleted','incompleted','incompleted','incompleted','incompleted','incompleted','incompleted','no',NULL,'2024-08-21 08:50:11','2024-08-21 08:50:11'),(6,10,'night','male',NULL,2,'Lonnie Friesen',NULL,'family',NULL,NULL,NULL,NULL,NULL,NULL,NULL,NULL,'incompleted','incompleted','incompleted','incompleted','incompleted','incompleted','incompleted','no',NULL,'2024-08-21 08:50:11','2024-08-21 08:50:11'),(7,4,'night','female',NULL,3,'Dr. Hayley Erdman IV',NULL,'governmental',NULL,NULL,NULL,NULL,NULL,NULL,NULL,NULL,'incompleted','incompleted','incompleted','incompleted','incompleted','incompleted','incompleted','no',NULL,'2024-08-21 08:50:11','2024-08-21 08:50:11'),(8,6,'evening','female',NULL,2,'Prof. Miller Fisher',NULL,'governmental',NULL,NULL,NULL,NULL,NULL,NULL,NULL,NULL,'incompleted','incompleted','incompleted','incompleted','incompleted','incompleted','incompleted','no',NULL,'2024-08-21 08:50:11','2024-08-21 08:50:11'),(9,7,'night','male',NULL,2,'Mr. Jermain Collins PhD',NULL,'family',NULL,NULL,NULL,NULL,NULL,NULL,NULL,NULL,'incompleted','incompleted','incompleted','incompleted','incompleted','incompleted','incompleted','no',NULL,'2024-08-21 08:50:11','2024-08-21 08:50:11'),(10,5,'night','female',NULL,3,'Mr. Florencio Rowe',NULL,'governmental',NULL,NULL,NULL,NULL,NULL,NULL,NULL,NULL,'incompleted','incompleted','incompleted','incompleted','incompleted','incompleted','incompleted','no',NULL,'2024-08-21 08:50:11','2024-08-21 08:50:11'),(11,12,NULL,NULL,NULL,NULL,NULL,NULL,NULL,NULL,NULL,NULL,NULL,NULL,NULL,NULL,'1446-1447','completed','incompleted','incompleted','incompleted','incompleted','incompleted','incompleted','no',NULL,'2024-08-21 09:44:18','2024-08-21 09:44:18'),(12,12,'morning','male','no',2,'teste','050495','governmental',NULL,NULL,'15/02/1446','hijri','trertert',NULL,NULL,'1446-1447','completed','completed','completed','completed','incompleted','incompleted','incompleted','no',NULL,'2024-08-21 09:47:11','2024-08-21 09:49:24'),(13,12,'morning','male','no',2,'test','054935049554','governmental',NULL,NULL,'15/02/1446','hijri','tretretre',NULL,NULL,'1446-1447','completed','completed','completed','incompleted','incompleted','incompleted','incompleted','no',NULL,'2024-08-21 10:42:30','2024-08-21 10:42:58'),(14,12,'morning','male','no',2,'etwste','te543534543','governmental',NULL,NULL,'15/02/1446','hijri','ertgeryrety',NULL,NULL,'1446-1447','completed','completed','completed','incompleted','incompleted','incompleted','incompleted','no',NULL,'2024-08-21 10:44:04','2024-08-21 10:44:26'),(15,12,'morning','female','yes',1,'teste','tetet','governmental',NULL,NULL,'15/02/1446','hijri','teste',NULL,NULL,'1446-1447','completed','completed','completed','incompleted','incompleted','incompleted','incompleted','no',NULL,'2024-08-21 10:48:26','2024-08-21 10:49:19'),(16,12,'morning','male','no',2,'test','564564654654','governmental',NULL,NULL,'15/02/1446','hijri','treterte',NULL,NULL,'1446-1447','completed','completed','completed','completed','completed','incompleted','incompleted','no',NULL,'2024-08-21 11:18:52','2024-08-21 11:47:45'),(17,12,'morning','male','no',2,'tes','test','governmental',NULL,NULL,'15/02/1446','hijri','teryrtyrt',NULL,NULL,'1446-1447','completed','completed','completed','completed','incompleted','incompleted','incompleted','no',NULL,'2024-08-21 11:58:22','2024-08-21 11:58:55'),(18,12,'morning','male','no',2,'tert','t435435454','governmental',NULL,NULL,'15/02/1446','hijri','tr3543543',NULL,NULL,'1446-1447','completed','completed','completed','incompleted','incompleted','incompleted','incompleted','no',NULL,'2024-08-21 12:35:00','2024-08-21 12:35:58'),(19,12,'morning','male','no',2,'yrtytrytr','yrtyrtytr','governmental',NULL,NULL,'15/02/1446','hijri','rtyyrtyrty',NULL,NULL,'1446-1447','completed','completed','completed','completed','completed','incompleted','incompleted','no',NULL,'2024-08-21 12:36:40','2024-08-21 12:43:25'),(20,12,'morning','male','no',2,'tewtre','tretre','governmental',NULL,NULL,'15/02/1446','hijri','wertetert',NULL,NULL,'1446-1447','completed','completed','completed','completed','incompleted','incompleted','incompleted','no',NULL,'2024-08-21 13:33:53','2024-08-21 13:35:59'),(21,12,NULL,NULL,NULL,NULL,NULL,NULL,NULL,NULL,NULL,NULL,NULL,NULL,NULL,NULL,'1446-1447','completed','incompleted','incompleted','incompleted','incompleted','incompleted','incompleted','no',NULL,'2024-08-21 13:33:53','2024-08-21 13:33:53'),(22,12,'morning','male','no',2,'tertete','ter54356546','governmental',NULL,NULL,'15/02/1446','hijri','tertrete',NULL,NULL,'1446-1447','completed','completed','completed','incompleted','incompleted','incompleted','incompleted','no',NULL,'2024-08-21 13:52:25','2024-08-21 13:52:52'),(23,12,NULL,NULL,NULL,NULL,NULL,NULL,NULL,NULL,NULL,NULL,NULL,NULL,NULL,NULL,'1446-1447','completed','incompleted','incompleted','incompleted','incompleted','incompleted','incompleted','no',NULL,'2024-08-21 13:52:25','2024-08-21 13:52:25'),(24,12,'morning','male','no',1,'test','54464564564','governmental',NULL,NULL,'15/02/1446','hijri','ertgretretertret',NULL,NULL,'1446-1447','completed','completed','completed','incompleted','incompleted','incompleted','incompleted','no',NULL,'2024-08-21 14:18:19','2024-08-21 14:19:16'),(25,12,NULL,NULL,NULL,NULL,NULL,NULL,NULL,NULL,NULL,NULL,NULL,NULL,NULL,NULL,'1446-1447','completed','incompleted','incompleted','incompleted','incompleted','incompleted','incompleted','no',NULL,'2024-08-21 14:18:19','2024-08-21 14:18:19'),(26,12,'morning','male','no',1,'tet','etrete','governmental',NULL,NULL,'15/02/1446','hijri','werewrew',NULL,NULL,'1446-1447','completed','completed','completed','incompleted','incompleted','incompleted','incompleted','no',NULL,'2024-08-21 14:30:59','2024-08-21 14:31:19'),(27,12,'morning','male','no',2,'gfrett','rtytrytrytryrty','governmental',NULL,NULL,'15/02/1446','hijri','yrtytrytryrt',NULL,NULL,'1446-1447','completed','completed','completed','incompleted','incompleted','incompleted','incompleted','no',NULL,'2024-08-21 14:44:59','2024-08-21 14:45:23'),(28,12,'morning','male','no',2,'trete','retret','governmental',NULL,NULL,'15/02/1446','hijri','ertretre',NULL,NULL,'1446-1447','completed','completed','completed','incompleted','incompleted','incompleted','incompleted','no',NULL,'2024-08-21 15:32:20','2024-08-21 15:32:43'),(29,14,NULL,NULL,NULL,NULL,NULL,NULL,NULL,NULL,NULL,NULL,NULL,NULL,NULL,NULL,'1446-1447','completed','incompleted','incompleted','incompleted','incompleted','incompleted','incompleted','no',NULL,'2024-08-22 06:08:08','2024-08-22 06:08:08'),(31,16,'morning','female','yes',1,'sdfgsdgsdfg','5448797231354','governmental',NULL,NULL,'16/02/1446','hijri','dfgsdfgsgsdgsdgs',NULL,NULL,'1446-1447','completed','completed','completed','incompleted','incompleted','incompleted','incompleted','no',NULL,'2024-08-22 07:14:58','2024-08-22 07:15:53'),(32,17,'morning','male','no',1,'xdzxvz','zxvzxv','governmental',NULL,NULL,'16/02/1446','hijri','sgfdfsgsdfgsd',NULL,NULL,'1446-1447','completed','completed','completed','incompleted','incompleted','incompleted','incompleted','no',NULL,'2024-08-22 08:04:24','2024-08-22 08:05:14'),(33,17,NULL,NULL,NULL,NULL,NULL,NULL,NULL,NULL,NULL,NULL,NULL,NULL,NULL,NULL,'1446-1447','completed','incompleted','incompleted','incompleted','incompleted','incompleted','incompleted','no',NULL,'2024-08-22 08:04:24','2024-08-22 08:04:24'),(34,18,'morning','male','no',2,'dsfafaf','afasdfasfa','governmental',NULL,NULL,'16/02/1446','hijri','asdfasfasfadsf',NULL,NULL,'1446-1447','completed','completed','completed','incompleted','incompleted','incompleted','incompleted','no',NULL,'2024-08-22 08:25:44','2024-08-22 08:26:09'),(35,18,NULL,NULL,NULL,NULL,NULL,NULL,NULL,NULL,NULL,NULL,NULL,NULL,NULL,NULL,'1446-1447','completed','incompleted','incompleted','incompleted','incompleted','incompleted','incompleted','no',NULL,'2024-08-22 08:25:44','2024-08-22 08:25:44'),(36,23,'morning','male','no',2,'asdfasfasfasfaf','asdfasfasfa','governmental',NULL,NULL,'16/02/1446','hijri','asdfasfasf',NULL,NULL,'1446-1447','completed','completed','completed','incompleted','incompleted','incompleted','incompleted','no',NULL,'2024-08-22 11:32:26','2024-08-22 11:32:56'),(37,27,'morning','male','no',2,'Sherw','454486578979','governmental',NULL,NULL,'16/02/1446','hijri','adsfasfasfasfasf',NULL,NULL,'1446-1447','completed','completed','completed','incompleted','incompleted','incompleted','incompleted','no',NULL,'2024-08-22 12:36:40','2024-08-22 12:37:25'),(38,27,NULL,NULL,NULL,NULL,NULL,NULL,NULL,NULL,NULL,NULL,NULL,NULL,NULL,NULL,'1446-1447','completed','incompleted','incompleted','incompleted','incompleted','incompleted','incompleted','no',NULL,'2024-08-22 12:36:40','2024-08-22 12:36:40'),(39,29,'morning','male','no',1,'aadfasfadsf','564875','governmental',1,8,'24/02/1446','hijri','asfasfasf',1,8,'1446-1447','completed','completed','completed','completed','completed','completed','completed','yes',NULL,'2024-08-22 12:42:52','2024-10-28 06:58:36'),(40,30,'morning','male','no',1,'testetet','051054090','governmental',NULL,NULL,'17/02/1446','hijri','trytrytrytr',NULL,NULL,'1446-1447','completed','completed','completed','incompleted','incompleted','incompleted','incompleted','no',NULL,'2024-08-23 16:54:29','2024-08-23 16:55:59'),(41,31,'morning','male','no',1,'testtwoSchools','5465465465464','governmental',NULL,NULL,'17/02/1446','hijri','tgrttrytry',NULL,NULL,'1446-1447','completed','completed','completed','completed','completed','incompleted','incompleted','no',NULL,'2024-08-23 17:10:53','2024-08-23 17:14:02'),(42,31,NULL,NULL,NULL,NULL,NULL,NULL,NULL,NULL,NULL,NULL,NULL,NULL,NULL,NULL,'1446-1447','completed','incompleted','incompleted','incompleted','incompleted','incompleted','incompleted','no',NULL,'2024-08-23 17:10:53','2024-08-23 17:10:53'),(43,38,'morning','male','no',1,'terter','564654654646','governmental',NULL,NULL,'17/02/1446','hijri','ttretreterter',NULL,NULL,'1446-1447','completed','completed','completed','completed','incompleted','incompleted','incompleted','no',NULL,'2024-08-23 17:49:43','2024-08-23 17:50:25'),(44,39,'morning','male','no',1,'testtretre','0502840238402','governmental',NULL,NULL,'17/02/1446','hijri','rtrtyryrt',NULL,NULL,'1446-1447','completed','completed','completed','completed','incompleted','incompleted','incompleted','no',NULL,'2024-08-23 18:09:40','2024-08-23 18:10:26'),(45,40,'morning','male','no',2,'retert','eterter','governmental',NULL,NULL,'18/02/1446','hijri','ryrtytr',NULL,NULL,'1446-1447','completed','completed','completed','completed','incompleted','incompleted','incompleted','no',NULL,'2024-08-24 05:33:28','2024-08-24 05:35:47'),(46,41,'morning','male','no',2,'rewrer','re343543543','governmental',NULL,NULL,'18/02/1446','hijri','erterteterter',NULL,NULL,'1446-1447','completed','completed','completed','completed','incompleted','incompleted','incompleted','no',NULL,'2024-08-24 06:04:14','2024-08-24 06:04:59'),(47,42,'morning','female','yes',1,'testName','576546','governmental',NULL,NULL,'20/08/2024','coptic','gfytrytryrty',NULL,NULL,'1446-1447','completed','completed','completed','completed','completed','incompleted','completed','no',NULL,'2024-08-24 08:25:50','2024-08-26 18:39:31'),(63,52,'morning','male','no',2,'test','5454654654','governmental',NULL,NULL,'18/02/1446','hijri','tgfrtry',NULL,NULL,'1446-1447','completed','completed','completed','incompleted','incompleted','incompleted','incompleted','no',NULL,'2024-08-24 13:56:23','2024-08-24 13:56:51'),(70,187,'morning','male','no',2,'عزيز','23435','governmental',NULL,NULL,'06/02/1446','hijri','اخر الشارع',NULL,NULL,'1446-1447','completed','completed','completed','completed','completed','incompleted','completed','yes',NULL,'2024-08-25 07:16:09','2024-08-25 07:25:17'),(79,208,'morning','male','no',1,'test','654456','governmental',NULL,NULL,'20/02/1446','hijri','test',NULL,NULL,'1446-1447','completed','completed','completed','completed','completed','incompleted','completed','yes',NULL,'2024-08-26 10:18:09','2024-08-26 11:10:51'),(80,229,'morning','female','no',1,'مدرسه الاء حمدي','987545','governmental',3,31,'12/09/2024','coptic','Mdrst alaa',6,81,'1446-1447','completed','completed','completed','completed','completed','completed','completed','yes',NULL,'2024-08-27 06:34:38','2024-10-10 12:35:45'),(81,229,'morning','male','no',2,'73 المتوسطة','135791','family',3,32,'07/03/1446','hijri','مكة المكرمة',2,37,'1446-1447','completed','completed','completed','completed','incompleted','incompleted','completed','yes',NULL,'2024-08-27 06:34:42','2024-11-21 19:08:48'),(82,239,'morning','male','no',2,'fasdf','545757','family',NULL,NULL,'21/02/1446','hijri','adfasdfasdfsf',NULL,NULL,'1446-1447','completed','completed','incompleted','incompleted','incompleted','incompleted','incompleted','no',NULL,'2024-08-27 07:15:49','2024-08-27 07:16:31'),(83,239,NULL,NULL,NULL,NULL,NULL,NULL,NULL,NULL,NULL,NULL,NULL,NULL,NULL,NULL,'1446-1447','completed','incompleted','incompleted','incompleted','incompleted','incompleted','incompleted','no',NULL,'2024-08-27 07:19:26','2024-08-27 07:19:26'),(84,240,'morning','male','no',2,'dfsgsdfg','454564','governmental',NULL,NULL,'21/02/1446','hijri','sdfgsdfgsdgsdg',NULL,NULL,'1446-1447','completed','completed','completed','completed','incompleted','incompleted','incompleted','no',NULL,'2024-08-27 08:10:47','2024-08-27 08:13:53'),(85,242,'morning','male','no',1,'qwerqw','516851','governmental',NULL,NULL,'24/02/1446','hijri','21341',NULL,NULL,'1446-1447','completed','completed','incompleted','incompleted','incompleted','incompleted','incompleted','no',NULL,'2024-08-28 10:17:26','2024-08-28 10:42:43'),(86,243,'morning','female','no',1,'مدرسة رواد الحضارة','42430243469540','governmental',NULL,NULL,'20/09/1430','hijri','عنوان أفتراضي لا يمثل شئ من الواقع',NULL,NULL,'1446','completed','completed','completed','completed','completed','incompleted','completed','yes',NULL,'2024-08-28 13:10:14','2024-08-28 13:14:08'),(87,247,'morning','male','no',2,'test','434344','governmental',NULL,NULL,'10/03/1446','hijri','terterter',NULL,NULL,'1446-1447','completed','completed','completed','incompleted','incompleted','incompleted','incompleted','no',NULL,'2024-08-29 09:48:07','2024-08-29 10:41:16'),(88,247,NULL,NULL,NULL,NULL,NULL,NULL,NULL,NULL,NULL,NULL,NULL,NULL,NULL,NULL,'1446-1447','completed','incompleted','incompleted','incompleted','incompleted','incompleted','incompleted','no',NULL,'2024-08-29 09:48:07','2024-08-29 09:48:07'),(89,250,NULL,NULL,NULL,NULL,NULL,NULL,NULL,NULL,NULL,NULL,NULL,NULL,NULL,NULL,'1446-1447','completed','incompleted','incompleted','incompleted','incompleted','incompleted','incompleted','no',NULL,'2024-08-30 06:46:59','2024-08-30 06:46:59'),(90,252,'morning','male','no',2,'Test','655485','governmental',NULL,NULL,'19/03/1446','hijri','test21545',NULL,NULL,'1446-1447','completed','completed','completed','completed','completed','incompleted','completed','yes',NULL,'2024-09-01 07:13:03','2024-09-01 09:35:09'),(91,252,'morning','male','no',1,'test','245545','governmental',NULL,NULL,'28/02/1446','hijri','Test',NULL,NULL,'1446-1447','completed','completed','completed','completed','completed','incompleted','completed','yes',NULL,'2024-09-01 07:13:03','2024-09-01 09:48:48'),(92,261,'morning','male','no',1,'testttt','654646','governmental',NULL,NULL,'01/03/1446','hijri','rgtretyrytry',NULL,NULL,'1446-1447','completed','completed','incompleted','incompleted','incompleted','incompleted','incompleted','no',NULL,'2024-09-01 12:13:06','2024-09-01 12:13:53'),(93,265,'morning','male','no',1,'awdqwe','036198','governmental',NULL,NULL,'28/02/1446','hijri','awedf wd',NULL,NULL,'1446-1447','completed','completed','completed','completed','incompleted','incompleted','incompleted','no',NULL,'2024-09-01 18:13:01','2024-09-01 18:15:18'),(94,265,NULL,NULL,NULL,NULL,NULL,NULL,NULL,NULL,NULL,NULL,NULL,NULL,NULL,NULL,'1446-1447','completed','incompleted','incompleted','incompleted','incompleted','incompleted','incompleted','no',NULL,'2024-09-01 18:13:01','2024-09-01 18:13:01'),(95,267,'evening','male','no',1,'asda','123456','governmental',NULL,NULL,'28/02/1446','hijri','asdasdasd',NULL,NULL,'1446-1447','completed','completed','completed','incompleted','incompleted','incompleted','incompleted','no',NULL,'2024-09-01 18:22:35','2024-09-01 18:23:34'),(96,267,NULL,NULL,NULL,NULL,NULL,NULL,NULL,NULL,NULL,NULL,NULL,NULL,NULL,NULL,'1446-1447','completed','incompleted','incompleted','incompleted','incompleted','incompleted','incompleted','no',NULL,'2024-09-01 18:22:35','2024-09-01 18:22:35'),(97,268,'morning','male','no',1,'TestMdrsa','543453','governmental',NULL,NULL,'02/03/1446','hijri','Test3nwan',NULL,NULL,'1446-1447','completed','completed','completed','completed','incompleted','incompleted','incompleted','no',NULL,'2024-09-02 06:04:09','2024-09-02 06:16:49'),(98,269,'morning','male','no',2,'school name update','545543','family',4,38,'08/04/1446','hijri','test update',5,67,'1446-1447','completed','completed','completed','completed','completed','completed','completed','yes',NULL,'2024-09-04 08:38:07','2024-11-28 09:30:25'),(99,272,NULL,NULL,NULL,NULL,NULL,NULL,NULL,NULL,NULL,NULL,NULL,NULL,NULL,NULL,'1446-1447','completed','incompleted','incompleted','incompleted','incompleted','incompleted','incompleted','no',NULL,'2024-09-04 11:19:41','2024-09-04 11:19:41'),(100,272,NULL,NULL,NULL,NULL,NULL,NULL,NULL,NULL,NULL,NULL,NULL,NULL,NULL,NULL,'1446-1447','completed','incompleted','incompleted','incompleted','incompleted','incompleted','incompleted','no',NULL,'2024-09-04 11:19:41','2024-09-04 11:19:41'),(101,273,'morning','male','no',1,'tete','434535','governmental',NULL,NULL,'02/03/1446','hijri','rtretert',NULL,NULL,'1446-1447','completed','completed','completed','completed','completed','incompleted','completed','yes',NULL,'2024-09-04 12:15:13','2024-09-04 12:53:55'),(102,273,'morning','male','no',1,'hgjgj','343455','governmental',NULL,NULL,'06/03/1446','hijri','grytry',NULL,NULL,'1446-1447','completed','completed','completed','completed','completed','incompleted','completed','yes',NULL,'2024-09-04 12:15:13','2024-09-04 12:57:42'),(103,285,'morning','male','no',1,'he5he5','548487','governmental',NULL,NULL,'05/03/1446','hijri','fadsff',NULL,NULL,'1446-1447','completed','completed','completed','completed','completed','incompleted','incompleted','no',NULL,'2024-09-05 12:57:58','2024-09-05 13:02:40'),(104,291,NULL,NULL,NULL,NULL,NULL,NULL,NULL,NULL,NULL,NULL,NULL,NULL,NULL,NULL,'1446-1447','completed','incompleted','incompleted','incompleted','incompleted','incompleted','incompleted','no',NULL,'2024-09-08 08:01:58','2024-09-08 08:01:58'),(105,184,'morning','male','no',3,'مدرسة كاظم الثانوية','000000','governmental',2,21,'24/04/1430','hijri','جنب البيت',2,24,'1446-1447','completed','completed','completed','completed','completed','completed','completed','yes',NULL,'2024-09-11 10:06:50','2024-10-20 09:59:51'),(106,184,'morning','male','no',2,'حسان بن ثابت','000001','governmental',2,20,'14/03/1446','hijri','جنب بيت كاظم',2,24,'1446-1447','completed','completed','completed','completed','completed','completed','completed','yes',NULL,'2024-09-11 10:06:50','2024-09-12 09:40:58'),(107,294,'evening','male','no',1,'yrtyr','545646','family',6,47,'27/03/1446','hijri','htyuytu',8,106,'1446-1447','completed','completed','completed','completed','completed','incompleted','incompleted','no',NULL,'2024-09-11 10:36:36','2024-09-11 13:46:32'),(108,294,NULL,NULL,NULL,NULL,NULL,NULL,NULL,NULL,NULL,NULL,NULL,NULL,NULL,NULL,'1446-1447','completed','incompleted','incompleted','incompleted','incompleted','incompleted','incompleted','no',NULL,'2024-09-11 10:36:36','2024-09-11 10:36:36'),(109,295,'morning','female','no',1,'مدرسة رواد الحضارةبنات','42430243469440','governmental',1,1,'20/09/1430','hijri','عنوان أفتراضي لا يمثل شئ من الواقع',1,1,'1446','completed','completed','incompleted','incompleted','incompleted','incompleted','incompleted','no',NULL,'2024-09-11 10:37:25','2024-09-11 10:42:26'),(110,325,NULL,NULL,NULL,NULL,NULL,NULL,NULL,NULL,NULL,NULL,NULL,NULL,NULL,NULL,'1446-1447','completed','incompleted','incompleted','incompleted','incompleted','incompleted','incompleted','no',NULL,'2024-09-22 11:09:49','2024-09-22 11:09:49'),(111,325,NULL,NULL,NULL,NULL,NULL,NULL,NULL,NULL,NULL,NULL,NULL,NULL,NULL,NULL,'1446-1447','completed','incompleted','incompleted','incompleted','incompleted','incompleted','incompleted','no',NULL,'2024-09-22 11:09:49','2024-09-22 11:09:49'),(112,331,'morning','female','no',3,'مدرسة Abobasha','123456','governmental',1,1,'25/09/1430','hijri','عنوان أفتراضي لا يمثل شئ من الواقع',1,1,'1446','completed','completed','completed','completed','completed','completed','completed','yes',NULL,'2024-09-27 17:49:15','2024-10-21 19:10:18'),(113,333,'morning','male','no',1,'teste','543565','governmental',6,47,'26/03/1446','hijri','rtetrt',6,82,'1446-1447','completed','completed','completed','completed','incompleted','incompleted','incompleted','no',NULL,'2024-09-29 12:40:20','2024-09-29 12:42:06'),(114,334,'morning','male','no',1,'tretre','545456','governmental',7,56,'29/03/1446','hijri','gtretret',7,97,'1446-1447','completed','completed','completed','incompleted','incompleted','incompleted','incompleted','no',NULL,'2024-10-02 09:25:16','2024-10-02 09:27:57'),(115,339,'morning','male','no',3,'SchoolTest','648610','governmental',18,75,'05/04/1446','hijri','dsafsdfasfasfas',2,29,'1446-1447','completed','completed','incompleted','incompleted','incompleted','incompleted','incompleted','no',NULL,'2024-10-08 07:24:22','2024-10-08 07:26:54'),(116,340,'morning','male','no',3,'dsfasf','878878','governmental',3,27,'06/04/1446','hijri','adfasdfa',3,41,'1446-1447','completed','completed','incompleted','incompleted','incompleted','incompleted','incompleted','no',NULL,'2024-10-08 07:49:02','2024-10-08 08:03:20'),(117,269,'morning','female','no',1,'مدرسة رواد الحضارة الحديثه','53590842','governmental',1,1,'20/09/1430','hijri','عنوان أفتراضي لا يمثل شئ من الواقع',1,1,'1446','completed','completed','completed','completed','completed','completed','completed','yes',NULL,'2024-10-09 07:08:38','2024-10-09 07:51:49'),(118,342,'morning','female','no',1,'مدرسة رواد الحضارة الحديثه','535908425','governmental',1,1,'20/09/1430','hijri','عنوان أفتراضي لا يمثل شئ من الواقع',1,1,'1446','completed','completed','incompleted','incompleted','incompleted','incompleted','incompleted','no',NULL,'2024-10-09 07:29:43','2024-10-09 07:29:51'),(119,347,'morning','male','no',1,'سعفان المر بزيادة','787845','governmental',3,27,'13/04/1446','hijri','sdafasasfdsfa',2,27,'1446-1447','completed','completed','completed','completed','completed','completed','completed','yes',NULL,'2024-10-09 09:02:14','2024-10-09 09:56:08'),(120,353,NULL,NULL,NULL,NULL,NULL,NULL,NULL,NULL,NULL,NULL,NULL,NULL,NULL,NULL,'1446-1447','completed','incompleted','incompleted','incompleted','incompleted','incompleted','incompleted','no',NULL,'2024-10-09 11:42:05','2024-10-09 11:42:05'),(121,355,'night','female','no',3,'مدرسة خالد السعداني','454879','governmental',1,2,'16/04/1446','hijri','صقبلقفقضفضقف',3,46,'1446-1447','completed','completed','completed','completed','completed','incompleted','completed','yes',NULL,'2024-10-15 11:08:04','2024-10-27 10:05:54'),(172,29,NULL,NULL,NULL,NULL,NULL,NULL,NULL,NULL,NULL,NULL,NULL,NULL,NULL,NULL,'1446-1447','completed','incompleted','incompleted','incompleted','incompleted','incompleted','incompleted','no',NULL,'2024-10-27 16:22:11','2024-10-27 16:22:11'),(173,29,NULL,NULL,NULL,NULL,NULL,NULL,NULL,NULL,NULL,NULL,NULL,NULL,NULL,NULL,'1446-1447','completed','incompleted','incompleted','incompleted','incompleted','incompleted','incompleted','no',NULL,'2024-10-27 16:22:11','2024-10-27 16:22:11'),(174,29,'morning','female','yes',1,'مدرسة','123468','family',3,31,'27/10/2024','coptic','ورا',4,54,'1446-1447','completed','completed','incompleted','incompleted','incompleted','incompleted','incompleted','no',NULL,'2024-10-27 16:42:24','2024-10-27 16:43:23'),(176,420,'morning','female','no',4,'مدرسة مدير المنصه','535902420','governmental',1,1,'20/09/1430','hijri','عنوان أفتراضي لا يمثل شئ من الواقع',1,1,'1446-1447','completed','completed','completed','completed','completed','completed','completed','yes',NULL,'2024-11-02 10:50:07','2024-11-02 10:50:07'),(179,422,'morning','male','no',3,'مدرسة شيفو','554945','governmental',2,17,'02/05/1446','hijri','عنوان جميل',2,29,'1446-1447','completed','completed','completed','completed','incompleted','incompleted','incompleted','no',NULL,'2024-11-04 10:33:02','2024-11-04 13:34:35'),(180,426,'morning','female','no',1,'مدرسة رواد الحضارة الحديثه','535977425','governmental',1,1,'20/09/1430','hijri','عنوان أفتراضي لا يمثل شئ من الواقع',1,1,'1446','completed','completed','completed','completed','completed','completed','incompleted','yes',NULL,'2024-11-12 07:11:32','2024-11-12 07:31:20'),(181,471,'morning','female','no',1,'مدرسة رواد الحضارة الحديثه','5359700425','governmental',1,1,'20/09/1430','hijri','عنوان أفتراضي لا يمثل شئ من الواقع',1,1,'1446','completed','completed','completed','completed','incompleted','incompleted','incompleted','no',NULL,'2024-11-13 14:15:42','2024-11-13 14:38:20'),(182,472,'morning','male','no',1,'dasdasdasd','156489','governmental',39,NULL,'11/05/1446','hijri','asdasdasdasd',1,21,'1446-1447','completed','completed','completed','incompleted','incompleted','incompleted','incompleted','no',NULL,'2024-11-13 16:44:35','2024-11-13 16:45:55'),(183,472,NULL,NULL,NULL,NULL,NULL,NULL,NULL,NULL,NULL,NULL,NULL,NULL,NULL,NULL,'1446-1447','completed','incompleted','incompleted','incompleted','incompleted','incompleted','incompleted','no',NULL,'2024-11-13 16:44:35','2024-11-13 16:44:35'),(184,473,'night','female','no',3,'شسيشسي','625498','family',20,NULL,'11/05/1446','hijri','يشسيسشيش',5,65,'1446-1447','completed','completed','completed','completed','incompleted','incompleted','incompleted','no',NULL,'2024-11-13 17:00:07','2024-11-13 17:12:28'),(185,474,'morning','male','no',3,'الشاذليه الثانويه','888888','governmental',1,4,'11/05/1446','hijri','لا يوجد عنوان حالياً',1,1,'1446-1447','completed','completed','completed','completed','completed','completed','completed','yes',NULL,'2024-11-13 17:26:48','2024-11-13 17:44:22'),(186,529,'morning','male','no',3,'s.Test','444892','governmental',4,38,'12/05/1446','hijri','afadsfasdfas',2,25,'1446-1447','completed','completed','completed','completed','completed','completed','incompleted','yes',NULL,'2024-11-14 08:23:21','2024-11-14 08:57:03'),(187,532,'morning','female','no',3,'مدرسه ال شريف ب بني سويف','837854','governmental',1,1,'20/09/1430','hijri','عنوان أفتراضي لا يمثل شئ من الواقع',1,1,'1446','completed','completed','completed','completed','incompleted','incompleted','incompleted','no',NULL,'2024-11-14 10:24:45','2024-11-14 10:28:31'),(188,539,NULL,NULL,NULL,NULL,NULL,NULL,NULL,NULL,NULL,NULL,NULL,NULL,NULL,NULL,'1446-1447','completed','incompleted','incompleted','incompleted','incompleted','incompleted','incompleted','no',NULL,'2024-11-15 12:18:40','2024-11-15 12:18:40'),(189,542,'morning','male','no',1,'Test','656654','governmental',4,39,'13/05/1446','hijri','Test',6,81,'1446-1447','completed','completed','completed','incompleted','incompleted','incompleted','incompleted','no',NULL,'2024-11-15 12:42:04','2024-11-15 12:42:37'),(190,542,NULL,NULL,NULL,NULL,NULL,NULL,NULL,NULL,NULL,NULL,NULL,NULL,NULL,NULL,'1446-1447','completed','incompleted','completed','incompleted','incompleted','incompleted','incompleted','no',NULL,'2024-11-15 12:42:04','2024-11-15 13:30:30'),(191,544,'morning','male','no',3,'teszt','544545','governmental',7,56,'15/05/1446','hijri','t5454',7,99,'1446-1447','completed','completed','completed','completed','completed','incompleted','completed','yes',NULL,'2024-11-17 09:13:26','2024-11-17 10:44:07'),(192,599,'morning','female','no',3,'مدرسه ال شريف ب بني سويف','8378954','governmental',1,1,'20/09/1430','hijri','عنوان أفتراضي لا يمثل شئ من الواقع',1,1,'1446','completed','completed','completed','completed','completed','incompleted','incompleted','no',NULL,'2024-11-17 20:37:55','2024-11-17 20:39:02'),(193,599,NULL,NULL,NULL,NULL,NULL,NULL,NULL,NULL,NULL,NULL,NULL,NULL,NULL,NULL,'1446-1447','completed','incompleted','incompleted','incompleted','incompleted','incompleted','incompleted','no',NULL,'2024-11-17 20:37:55','2024-11-17 20:37:55'),(194,639,'morning','female','no',3,'مدرسه ال شريف ب بني سويف','8373354','governmental',1,1,'20/09/1430','hijri','عنوان أفتراضي لا يمثل شئ من الواقع',1,1,'1446','completed','completed','completed','completed','completed','incompleted','completed','yes',NULL,'2024-11-19 21:11:17','2024-11-19 21:53:37'),(195,639,NULL,NULL,NULL,NULL,NULL,NULL,NULL,NULL,NULL,NULL,NULL,NULL,NULL,NULL,'1446-1447','completed','incompleted','incompleted','incompleted','incompleted','incompleted','incompleted','no',NULL,'2024-11-19 21:11:17','2024-11-19 21:11:17'),(196,679,'morning','male','no',3,'School1','111111','governmental',3,33,'19/05/1446','hijri','stjghfd',3,45,'1446-1447','completed','completed','completed','completed','completed','completed','completed','yes',NULL,'2024-11-21 07:23:16','2024-11-21 07:50:02'),(197,679,NULL,NULL,NULL,NULL,NULL,NULL,NULL,NULL,NULL,NULL,NULL,NULL,NULL,NULL,'1446-1447','completed','incompleted','incompleted','incompleted','incompleted','incompleted','incompleted','no',NULL,'2024-11-21 07:23:16','2024-11-21 07:23:16'),(198,734,'morning','male','no',2,'sadgasd','546545','family',3,27,'19/05/1446','hijri','dsfgadsgasg',3,42,'1446-1447','completed','completed','completed','incompleted','incompleted','incompleted','incompleted','no',NULL,'2024-11-21 08:57:51','2024-11-21 08:59:14'),(199,735,'morning','male','no',3,'TestUpdateSchoolName','554465','governmental',5,45,'19/05/1446','hijri','Test',6,82,'1446-1447','completed','completed','completed','completed','completed','completed','completed','yes',NULL,'2024-11-21 12:15:34','2024-11-21 15:43:15'),(200,735,'morning','male','no',3,'reretretre','545454','governmental',1,2,'19/05/1446','hijri','test',7,99,'1446-1447','completed','completed','completed','completed','completed','incompleted','completed','yes',NULL,'2024-11-21 12:15:34','2024-11-21 15:46:03'),(201,844,NULL,NULL,NULL,NULL,NULL,NULL,NULL,NULL,NULL,NULL,NULL,NULL,NULL,NULL,'1446-1447','completed','incompleted','incompleted','incompleted','incompleted','incompleted','incompleted','no',NULL,'2024-11-24 10:32:52','2024-11-24 10:32:52'),(202,844,NULL,NULL,NULL,NULL,NULL,NULL,NULL,NULL,NULL,NULL,NULL,NULL,NULL,NULL,'1446-1447','completed','incompleted','incompleted','incompleted','incompleted','incompleted','incompleted','no',NULL,'2024-11-24 10:32:52','2024-11-24 10:32:52'),(203,845,'morning','male','no',3,'Chetos','123123','governmental',2,22,'22/05/1446','hijri','اخر الشارع يمين في شمال و اليمين مش شغال',2,24,'1446-1447','completed','completed','completed','completed','completed','completed','completed','yes',NULL,'2024-11-24 11:25:59','2024-11-24 11:35:57'),(204,900,NULL,NULL,NULL,NULL,NULL,NULL,NULL,NULL,NULL,NULL,NULL,NULL,NULL,NULL,'1446-1447','completed','incompleted','incompleted','incompleted','incompleted','incompleted','incompleted','no',NULL,'2024-11-24 18:19:59','2024-11-24 18:19:59'),(205,902,'morning','male','no',3,'test','345445','governmental',8,64,'23/05/1446','hijri','frtrt',8,107,'1446-1447','completed','completed','completed','completed','completed','incompleted','incompleted','no',NULL,'2024-11-25 14:19:41','2024-11-25 14:24:23'),(206,957,'morning','male','no',3,'cxadsfas','544541','family',4,37,'03/05/1446','hijri','dsfadsfads',5,68,'1446-1447','completed','completed','completed','completed','completed','completed','completed','yes',NULL,'2024-11-26 12:21:26','2024-11-26 12:38:08'),(207,957,'morning','female','no',2,'ggg','656588','family',4,38,'03/05/1446','hijri','sfgsdgs',7,98,'1446-1447','completed','completed','completed','incompleted','incompleted','incompleted','incompleted','no',NULL,'2024-11-26 12:21:26','2024-11-26 12:53:52'),(208,967,'morning','male','no',3,'laao','251111','family',1,5,'20/05/1346','hijri','fadsfafa',7,97,'1446-1447','completed','completed','completed','incompleted','incompleted','incompleted','incompleted','no',NULL,'2024-11-27 15:00:50','2024-11-27 15:01:59'),(209,967,NULL,NULL,NULL,NULL,NULL,NULL,NULL,NULL,NULL,NULL,NULL,NULL,NULL,NULL,'1446-1447','completed','incompleted','incompleted','incompleted','incompleted','incompleted','incompleted','no',NULL,'2024-11-27 15:00:50','2024-11-27 15:00:50'),(212,1069,'morning','male','no',3,'LaamTest','677997','governmental',18,76,'20/05/1418','hijri','sdfggsasdf',2,25,'1446-1447','completed','completed','completed','completed','completed','incompleted','incompleted','no',NULL,'2024-11-28 11:57:01','2024-11-28 12:04:10'),(213,1069,NULL,NULL,NULL,NULL,NULL,NULL,NULL,NULL,NULL,NULL,NULL,NULL,NULL,NULL,'1446-1447','completed','incompleted','incompleted','incompleted','incompleted','incompleted','incompleted','no',NULL,'2024-11-28 11:57:01','2024-11-28 11:57:01'),(214,1071,'morning','male','no',3,'فثسف','545455','governmental',8,26,'26/05/1446','hijri','فثسف',6,83,'1446-1447','completed','completed','completed','completed','completed','completed','completed','yes',NULL,'2024-11-28 14:06:48','2024-11-28 15:17:24'),(215,1072,'morning','male','no',3,'مدرسة رمزى الخاصة','611998','governmental',3,29,'03/11/2024','coptic','عزبة النخل',1,1,'1446-1447','completed','completed','completed','completed','completed','incompleted','completed','yes',NULL,'2024-11-28 14:33:00','2024-11-28 15:23:26'),(216,1072,'morning','male','no',3,'مدرستى رمزى التانيه','661198','governmental',4,37,'02/05/1446','hijri','عين شمس',4,50,'1446-1447','completed','completed','completed','completed','completed','incompleted','completed','yes',NULL,'2024-11-28 14:33:00','2024-11-28 15:30:29'),(217,1235,'morning','male','no',3,'مدرسه اختبار','080495','governmental',2,17,'26/05/1446','hijri','hhhhh',1,4,'1446-1447','completed','completed','completed','completed','completed','completed','completed','yes',NULL,'2024-11-28 15:48:16','2024-11-28 16:38:50'),(218,1235,'morning','male','no',3,'مدرسه ٢ اختبار','443434','governmental',2,20,'26/05/1446','hijri','ergrrf',2,27,'1446-1447','completed','completed','completed','completed','completed','completed','completed','yes',NULL,'2024-11-28 15:48:16','2024-11-28 16:50:49');

--
-- Table structure for table `semester_vacations`
--

CREATE TABLE `semester_vacations` (
  `id` bigint unsigned NOT NULL AUTO_INCREMENT,
  `semester_id` bigint unsigned DEFAULT NULL,
  `day` varchar(191) COLLATE utf8mb4_unicode_ci DEFAULT NULL,
  `date` varchar(191) COLLATE utf8mb4_unicode_ci DEFAULT NULL,
  `date_type` enum('coptic','hijri') COLLATE utf8mb4_unicode_ci DEFAULT NULL,
  `week_number` varchar(191) COLLATE utf8mb4_unicode_ci DEFAULT NULL,
  `status` enum('0','1') COLLATE utf8mb4_unicode_ci NOT NULL DEFAULT '1',
  `created_at` timestamp NULL DEFAULT NULL,
  `updated_at` timestamp NULL DEFAULT NULL,
  `deleted_at` timestamp NULL DEFAULT NULL,
  PRIMARY KEY (`id`),
  KEY `semester_vacations_semester_id_foreign` (`semester_id`),
  CONSTRAINT `semester_vacations_semester_id_foreign` FOREIGN KEY (`semester_id`) REFERENCES `semesters` (`id`) ON DELETE CASCADE
) ENGINE=InnoDB AUTO_INCREMENT=4 DEFAULT CHARSET=utf8mb4 COLLATE=utf8mb4_unicode_ci;

--
-- Dumping data for table `semester_vacations`
--

INSERT INTO `semester_vacations` (`id`, `semester_id`, `day`, `date`, `date_type`, `week_number`, `status`, `created_at`, `updated_at`, `deleted_at`) VALUES (1,1,'الأحد','29/09/2024','coptic','الأول','0','2024-09-29 13:00:33','2024-09-29 13:00:33',NULL),(2,1,'الاثنين','30/09/2024','coptic','الأول','0','2024-09-30 14:53:16','2024-09-30 14:53:16',NULL),(3,1,'الأربعاء','02/10/2024','coptic','الأول','0','2024-09-30 14:53:29','2024-09-30 14:53:29',NULL);

--
-- Table structure for table `semester_week_days`
--

CREATE TABLE `semester_week_days` (
  `id` bigint unsigned NOT NULL AUTO_INCREMENT,
  `semester_id` bigint unsigned DEFAULT NULL,
  `week_id` bigint unsigned DEFAULT NULL,
  `day_id` bigint unsigned DEFAULT NULL,
  `date` varchar(50) CHARACTER SET utf8mb4 COLLATE utf8mb4_general_ci DEFAULT NULL,
  `date_type` enum('hijri','coptic') CHARACTER SET utf8mb4 COLLATE utf8mb4_general_ci DEFAULT NULL,
  `created_at` timestamp NULL DEFAULT NULL,
  `updated_at` timestamp NULL DEFAULT NULL,
  `deleted_at` timestamp NULL DEFAULT NULL,
  PRIMARY KEY (`id`),
  KEY `semester_week_days_day_id_foreign` (`day_id`),
  KEY `semester_week_days_week_id_foreign` (`week_id`),
  KEY `semester_week_days_semester_id_foreign` (`semester_id`),
  CONSTRAINT `semester_week_days_day_id_foreign` FOREIGN KEY (`day_id`) REFERENCES `days` (`id`) ON DELETE CASCADE,
  CONSTRAINT `semester_week_days_semester_id_foreign` FOREIGN KEY (`semester_id`) REFERENCES `semesters` (`id`) ON DELETE CASCADE,
  CONSTRAINT `semester_week_days_week_id_foreign` FOREIGN KEY (`week_id`) REFERENCES `weeks` (`id`) ON DELETE CASCADE
) ENGINE=InnoDB AUTO_INCREMENT=732 DEFAULT CHARSET=utf8mb4 COLLATE=utf8mb4_unicode_ci;

--
-- Dumping data for table `semester_week_days`
--

INSERT INTO `semester_week_days` (`id`, `semester_id`, `week_id`, `day_id`, `date`, `date_type`, `created_at`, `updated_at`, `deleted_at`) VALUES (1,4,NULL,2,'01/01/2024','coptic','2024-11-27 17:23:16','2024-11-27 17:23:16',NULL),(2,4,NULL,3,'02/01/2024','coptic','2024-11-27 17:23:16','2024-11-27 17:23:16',NULL),(3,4,NULL,4,'03/01/2024','coptic','2024-11-27 17:23:16','2024-11-27 17:23:16',NULL),(4,4,NULL,5,'04/01/2024','coptic','2024-11-27 17:23:16','2024-11-27 17:23:16',NULL),(5,4,NULL,6,'05/01/2024','coptic','2024-11-27 17:23:16','2024-11-27 17:23:16',NULL),(6,4,NULL,7,'06/01/2024','coptic','2024-11-27 17:23:16','2024-11-27 17:23:16',NULL),(7,4,NULL,1,'07/01/2024','coptic','2024-11-27 17:23:16','2024-11-27 17:23:16',NULL),(8,4,NULL,2,'08/01/2024','coptic','2024-11-27 17:23:16','2024-11-27 17:23:16',NULL),(9,4,NULL,3,'09/01/2024','coptic','2024-11-27 17:23:16','2024-11-27 17:23:16',NULL),(10,4,NULL,4,'10/01/2024','coptic','2024-11-27 17:23:16','2024-11-27 17:23:16',NULL),(11,4,NULL,5,'11/01/2024','coptic','2024-11-27 17:23:16','2024-11-27 17:23:16',NULL),(12,4,NULL,6,'12/01/2024','coptic','2024-11-27 17:23:16','2024-11-27 17:23:16',NULL),(13,4,NULL,7,'13/01/2024','coptic','2024-11-27 17:23:16','2024-11-27 17:23:16',NULL),(14,4,NULL,1,'14/01/2024','coptic','2024-11-27 17:23:16','2024-11-27 17:23:16',NULL),(15,4,NULL,2,'15/01/2024','coptic','2024-11-27 17:23:16','2024-11-27 17:23:16',NULL),(16,4,NULL,3,'16/01/2024','coptic','2024-11-27 17:23:16','2024-11-27 17:23:16',NULL),(17,4,NULL,4,'17/01/2024','coptic','2024-11-27 17:23:16','2024-11-27 17:23:16',NULL),(18,4,NULL,5,'18/01/2024','coptic','2024-11-27 17:23:16','2024-11-27 17:23:16',NULL),(19,4,NULL,6,'19/01/2024','coptic','2024-11-27 17:23:16','2024-11-27 17:23:16',NULL),(20,4,NULL,7,'20/01/2024','coptic','2024-11-27 17:23:16','2024-11-27 17:23:16',NULL),(21,4,NULL,1,'21/01/2024','coptic','2024-11-27 17:23:16','2024-11-27 17:23:16',NULL),(22,4,NULL,2,'22/01/2024','coptic','2024-11-27 17:23:16','2024-11-27 17:23:16',NULL),(23,4,NULL,3,'23/01/2024','coptic','2024-11-27 17:23:16','2024-11-27 17:23:16',NULL),(24,4,NULL,4,'24/01/2024','coptic','2024-11-27 17:23:16','2024-11-27 17:23:16',NULL),(25,4,NULL,5,'25/01/2024','coptic','2024-11-27 17:23:16','2024-11-27 17:23:16',NULL),(26,4,NULL,6,'26/01/2024','coptic','2024-11-27 17:23:16','2024-11-27 17:23:16',NULL),(27,4,NULL,7,'27/01/2024','coptic','2024-11-27 17:23:16','2024-11-27 17:23:16',NULL),(28,4,NULL,1,'28/01/2024','coptic','2024-11-27 17:23:16','2024-11-27 17:23:16',NULL),(29,4,NULL,2,'29/01/2024','coptic','2024-11-27 17:23:16','2024-11-27 17:23:16',NULL),(30,4,NULL,3,'30/01/2024','coptic','2024-11-27 17:23:16','2024-11-27 17:23:16',NULL),(31,4,NULL,4,'31/01/2024','coptic','2024-11-27 17:23:16','2024-11-27 17:23:16',NULL),(32,4,NULL,5,'01/02/2024','coptic','2024-11-27 17:23:16','2024-11-27 17:23:16',NULL),(33,4,NULL,6,'02/02/2024','coptic','2024-11-27 17:23:16','2024-11-27 17:23:16',NULL),(34,4,NULL,7,'03/02/2024','coptic','2024-11-27 17:23:16','2024-11-27 17:23:16',NULL),(35,4,NULL,1,'04/02/2024','coptic','2024-11-27 17:23:16','2024-11-27 17:23:16',NULL),(36,4,NULL,2,'05/02/2024','coptic','2024-11-27 17:23:16','2024-11-27 17:23:16',NULL),(37,4,NULL,3,'06/02/2024','coptic','2024-11-27 17:23:16','2024-11-27 17:23:16',NULL),(38,4,NULL,4,'07/02/2024','coptic','2024-11-27 17:23:16','2024-11-27 17:23:16',NULL),(39,4,NULL,5,'08/02/2024','coptic','2024-11-27 17:23:16','2024-11-27 17:23:16',NULL),(40,4,NULL,6,'09/02/2024','coptic','2024-11-27 17:23:16','2024-11-27 17:23:16',NULL),(41,4,NULL,7,'10/02/2024','coptic','2024-11-27 17:23:16','2024-11-27 17:23:16',NULL),(42,4,NULL,1,'11/02/2024','coptic','2024-11-27 17:23:16','2024-11-27 17:23:16',NULL),(43,4,NULL,2,'12/02/2024','coptic','2024-11-27 17:23:16','2024-11-27 17:23:16',NULL),(44,4,NULL,3,'13/02/2024','coptic','2024-11-27 17:23:16','2024-11-27 17:23:16',NULL),(45,4,NULL,4,'14/02/2024','coptic','2024-11-27 17:23:16','2024-11-27 17:23:16',NULL),(46,4,NULL,5,'15/02/2024','coptic','2024-11-27 17:23:16','2024-11-27 17:23:16',NULL),(47,4,NULL,6,'16/02/2024','coptic','2024-11-27 17:23:16','2024-11-27 17:23:16',NULL),(48,4,NULL,7,'17/02/2024','coptic','2024-11-27 17:23:16','2024-11-27 17:23:16',NULL),(49,4,NULL,1,'18/02/2024','coptic','2024-11-27 17:23:16','2024-11-27 17:23:16',NULL),(50,4,NULL,2,'19/02/2024','coptic','2024-11-27 17:23:16','2024-11-27 17:23:16',NULL),(51,4,NULL,3,'20/02/2024','coptic','2024-11-27 17:23:16','2024-11-27 17:23:16',NULL),(52,4,NULL,4,'21/02/2024','coptic','2024-11-27 17:23:16','2024-11-27 17:23:16',NULL),(53,4,NULL,5,'22/02/2024','coptic','2024-11-27 17:23:16','2024-11-27 17:23:16',NULL),(54,4,NULL,6,'23/02/2024','coptic','2024-11-27 17:23:16','2024-11-27 17:23:16',NULL),(55,4,NULL,7,'24/02/2024','coptic','2024-11-27 17:23:16','2024-11-27 17:23:16',NULL),(56,4,NULL,1,'25/02/2024','coptic','2024-11-27 17:23:16','2024-11-27 17:23:16',NULL),(57,4,NULL,2,'26/02/2024','coptic','2024-11-27 17:23:16','2024-11-27 17:23:16',NULL),(58,4,NULL,3,'27/02/2024','coptic','2024-11-27 17:23:16','2024-11-27 17:23:16',NULL),(59,4,NULL,4,'28/02/2024','coptic','2024-11-27 17:23:16','2024-11-27 17:23:16',NULL),(60,4,NULL,5,'29/02/2024','coptic','2024-11-27 17:23:16','2024-11-27 17:23:16',NULL),(61,4,NULL,6,'01/03/2024','coptic','2024-11-27 17:23:16','2024-11-27 17:23:16',NULL),(62,4,NULL,7,'02/03/2024','coptic','2024-11-27 17:23:16','2024-11-27 17:23:16',NULL),(63,4,NULL,1,'03/03/2024','coptic','2024-11-27 17:23:16','2024-11-27 17:23:16',NULL),(64,4,NULL,2,'04/03/2024','coptic','2024-11-27 17:23:16','2024-11-27 17:23:16',NULL),(65,4,NULL,3,'05/03/2024','coptic','2024-11-27 17:23:16','2024-11-27 17:23:16',NULL),(66,4,NULL,4,'06/03/2024','coptic','2024-11-27 17:23:16','2024-11-27 17:23:16',NULL),(67,4,NULL,5,'07/03/2024','coptic','2024-11-27 17:23:16','2024-11-27 17:23:16',NULL),(68,4,NULL,6,'08/03/2024','coptic','2024-11-27 17:23:16','2024-11-27 17:23:16',NULL),(69,4,NULL,7,'09/03/2024','coptic','2024-11-27 17:23:16','2024-11-27 17:23:16',NULL),(70,4,NULL,1,'10/03/2024','coptic','2024-11-27 17:23:16','2024-11-27 17:23:16',NULL),(71,4,NULL,2,'11/03/2024','coptic','2024-11-27 17:23:16','2024-11-27 17:23:16',NULL),(72,4,NULL,3,'12/03/2024','coptic','2024-11-27 17:23:16','2024-11-27 17:23:16',NULL),(73,4,NULL,4,'13/03/2024','coptic','2024-11-27 17:23:16','2024-11-27 17:23:16',NULL),(74,4,NULL,5,'14/03/2024','coptic','2024-11-27 17:23:16','2024-11-27 17:23:16',NULL),(75,4,NULL,6,'15/03/2024','coptic','2024-11-27 17:23:16','2024-11-27 17:23:16',NULL),(76,4,NULL,7,'16/03/2024','coptic','2024-11-27 17:23:16','2024-11-27 17:23:16',NULL),(77,4,NULL,1,'17/03/2024','coptic','2024-11-27 17:23:16','2024-11-27 17:23:16',NULL),(78,4,NULL,2,'18/03/2024','coptic','2024-11-27 17:23:16','2024-11-27 17:23:16',NULL),(79,4,NULL,3,'19/03/2024','coptic','2024-11-27 17:23:16','2024-11-27 17:23:16',NULL),(80,4,NULL,4,'20/03/2024','coptic','2024-11-27 17:23:16','2024-11-27 17:23:16',NULL),(81,4,NULL,5,'21/03/2024','coptic','2024-11-27 17:23:16','2024-11-27 17:23:16',NULL),(82,4,NULL,6,'22/03/2024','coptic','2024-11-27 17:23:16','2024-11-27 17:23:16',NULL),(83,4,NULL,7,'23/03/2024','coptic','2024-11-27 17:23:16','2024-11-27 17:23:16',NULL),(84,4,NULL,1,'24/03/2024','coptic','2024-11-27 17:23:16','2024-11-27 17:23:16',NULL),(85,4,NULL,2,'25/03/2024','coptic','2024-11-27 17:23:16','2024-11-27 17:23:16',NULL),(86,4,NULL,3,'26/03/2024','coptic','2024-11-27 17:23:16','2024-11-27 17:23:16',NULL),(87,4,NULL,4,'27/03/2024','coptic','2024-11-27 17:23:16','2024-11-27 17:23:16',NULL),(88,4,NULL,5,'28/03/2024','coptic','2024-11-27 17:23:16','2024-11-27 17:23:16',NULL),(89,4,NULL,6,'29/03/2024','coptic','2024-11-27 17:23:16','2024-11-27 17:23:16',NULL),(90,4,NULL,7,'30/03/2024','coptic','2024-11-27 17:23:16','2024-11-27 17:23:16',NULL),(91,4,NULL,1,'31/03/2024','coptic','2024-11-27 17:23:16','2024-11-27 17:23:16',NULL),(92,4,NULL,2,'01/04/2024','coptic','2024-11-27 17:23:16','2024-11-27 17:23:16',NULL),(93,4,NULL,3,'02/04/2024','coptic','2024-11-27 17:23:16','2024-11-27 17:23:16',NULL),(94,4,NULL,4,'03/04/2024','coptic','2024-11-27 17:23:16','2024-11-27 17:23:16',NULL),(95,4,NULL,5,'04/04/2024','coptic','2024-11-27 17:23:16','2024-11-27 17:23:16',NULL),(96,4,NULL,6,'05/04/2024','coptic','2024-11-27 17:23:16','2024-11-27 17:23:16',NULL),(97,4,NULL,7,'06/04/2024','coptic','2024-11-27 17:23:16','2024-11-27 17:23:16',NULL),(98,4,NULL,1,'07/04/2024','coptic','2024-11-27 17:23:16','2024-11-27 17:23:16',NULL),(99,4,NULL,2,'08/04/2024','coptic','2024-11-27 17:23:16','2024-11-27 17:23:16',NULL),(100,4,NULL,3,'09/04/2024','coptic','2024-11-27 17:23:16','2024-11-27 17:23:16',NULL),(101,4,NULL,4,'10/04/2024','coptic','2024-11-27 17:23:16','2024-11-27 17:23:16',NULL),(102,4,NULL,5,'11/04/2024','coptic','2024-11-27 17:23:16','2024-11-27 17:23:16',NULL),(103,4,NULL,6,'12/04/2024','coptic','2024-11-27 17:23:16','2024-11-27 17:23:16',NULL),(104,4,NULL,7,'13/04/2024','coptic','2024-11-27 17:23:16','2024-11-27 17:23:16',NULL),(105,4,NULL,1,'14/04/2024','coptic','2024-11-27 17:23:16','2024-11-27 17:23:16',NULL),(106,4,NULL,2,'15/04/2024','coptic','2024-11-27 17:23:16','2024-11-27 17:23:16',NULL),(107,4,NULL,3,'16/04/2024','coptic','2024-11-27 17:23:16','2024-11-27 17:23:16',NULL),(108,4,NULL,4,'17/04/2024','coptic','2024-11-27 17:23:16','2024-11-27 17:23:16',NULL),(109,4,NULL,5,'18/04/2024','coptic','2024-11-27 17:23:16','2024-11-27 17:23:16',NULL),(110,4,NULL,6,'19/04/2024','coptic','2024-11-27 17:23:16','2024-11-27 17:23:16',NULL),(111,4,NULL,7,'20/04/2024','coptic','2024-11-27 17:23:16','2024-11-27 17:23:16',NULL),(112,4,NULL,1,'21/04/2024','coptic','2024-11-27 17:23:16','2024-11-27 17:23:16',NULL),(113,4,NULL,2,'22/04/2024','coptic','2024-11-27 17:23:16','2024-11-27 17:23:16',NULL),(114,4,NULL,3,'23/04/2024','coptic','2024-11-27 17:23:16','2024-11-27 17:23:16',NULL),(115,4,NULL,4,'24/04/2024','coptic','2024-11-27 17:23:16','2024-11-27 17:23:16',NULL),(116,4,NULL,5,'25/04/2024','coptic','2024-11-27 17:23:16','2024-11-27 17:23:16',NULL),(117,4,NULL,6,'26/04/2024','coptic','2024-11-27 17:23:16','2024-11-27 17:23:16',NULL),(118,4,NULL,7,'27/04/2024','coptic','2024-11-27 17:23:16','2024-11-27 17:23:16',NULL),(119,4,NULL,1,'28/04/2024','coptic','2024-11-27 17:23:16','2024-11-27 17:23:16',NULL),(120,4,NULL,2,'29/04/2024','coptic','2024-11-27 17:23:16','2024-11-27 17:23:16',NULL),(121,4,NULL,3,'30/04/2024','coptic','2024-11-27 17:23:16','2024-11-27 17:23:16',NULL),(122,4,NULL,4,'01/05/2024','coptic','2024-11-27 17:23:16','2024-11-27 17:23:16',NULL),(123,4,NULL,5,'02/05/2024','coptic','2024-11-27 17:23:16','2024-11-27 17:23:16',NULL),(124,4,NULL,6,'03/05/2024','coptic','2024-11-27 17:23:16','2024-11-27 17:23:16',NULL),(125,4,NULL,7,'04/05/2024','coptic','2024-11-27 17:23:16','2024-11-27 17:23:16',NULL),(126,4,NULL,1,'05/05/2024','coptic','2024-11-27 17:23:16','2024-11-27 17:23:16',NULL),(127,4,NULL,2,'06/05/2024','coptic','2024-11-27 17:23:16','2024-11-27 17:23:16',NULL),(128,4,NULL,3,'07/05/2024','coptic','2024-11-27 17:23:16','2024-11-27 17:23:16',NULL),(129,4,NULL,4,'08/05/2024','coptic','2024-11-27 17:23:17','2024-11-27 17:23:17',NULL),(130,4,NULL,5,'09/05/2024','coptic','2024-11-27 17:23:17','2024-11-27 17:23:17',NULL),(131,4,NULL,6,'10/05/2024','coptic','2024-11-27 17:23:17','2024-11-27 17:23:17',NULL),(132,4,NULL,7,'11/05/2024','coptic','2024-11-27 17:23:17','2024-11-27 17:23:17',NULL),(133,4,NULL,1,'12/05/2024','coptic','2024-11-27 17:23:17','2024-11-27 17:23:17',NULL),(134,4,NULL,2,'13/05/2024','coptic','2024-11-27 17:23:17','2024-11-27 17:23:17',NULL),(135,4,NULL,3,'14/05/2024','coptic','2024-11-27 17:23:17','2024-11-27 17:23:17',NULL),(136,4,NULL,4,'15/05/2024','coptic','2024-11-27 17:23:17','2024-11-27 17:23:17',NULL),(137,4,NULL,5,'16/05/2024','coptic','2024-11-27 17:23:17','2024-11-27 17:23:17',NULL),(138,4,NULL,6,'17/05/2024','coptic','2024-11-27 17:23:17','2024-11-27 17:23:17',NULL),(139,4,NULL,7,'18/05/2024','coptic','2024-11-27 17:23:17','2024-11-27 17:23:17',NULL),(140,4,NULL,1,'19/05/2024','coptic','2024-11-27 17:23:17','2024-11-27 17:23:17',NULL),(141,4,NULL,2,'20/05/2024','coptic','2024-11-27 17:23:17','2024-11-27 17:23:17',NULL),(142,4,NULL,3,'21/05/2024','coptic','2024-11-27 17:23:17','2024-11-27 17:23:17',NULL),(143,4,NULL,4,'22/05/2024','coptic','2024-11-27 17:23:17','2024-11-27 17:23:17',NULL),(144,4,NULL,5,'23/05/2024','coptic','2024-11-27 17:23:17','2024-11-27 17:23:17',NULL),(145,4,NULL,6,'24/05/2024','coptic','2024-11-27 17:23:17','2024-11-27 17:23:17',NULL),(146,4,NULL,7,'25/05/2024','coptic','2024-11-27 17:23:17','2024-11-27 17:23:17',NULL),(147,4,NULL,1,'26/05/2024','coptic','2024-11-27 17:23:17','2024-11-27 17:23:17',NULL),(148,4,NULL,2,'27/05/2024','coptic','2024-11-27 17:23:17','2024-11-27 17:23:17',NULL),(149,4,NULL,3,'28/05/2024','coptic','2024-11-27 17:23:17','2024-11-27 17:23:17',NULL),(150,4,NULL,4,'29/05/2024','coptic','2024-11-27 17:23:17','2024-11-27 17:23:17',NULL),(151,4,NULL,5,'30/05/2024','coptic','2024-11-27 17:23:17','2024-11-27 17:23:17',NULL),(152,4,NULL,6,'31/05/2024','coptic','2024-11-27 17:23:17','2024-11-27 17:23:17',NULL),(153,4,NULL,7,'01/06/2024','coptic','2024-11-27 17:23:17','2024-11-27 17:23:17',NULL),(154,4,NULL,1,'02/06/2024','coptic','2024-11-27 17:23:17','2024-11-27 17:23:17',NULL),(155,4,NULL,2,'03/06/2024','coptic','2024-11-27 17:23:17','2024-11-27 17:23:17',NULL),(156,4,NULL,3,'04/06/2024','coptic','2024-11-27 17:23:17','2024-11-27 17:23:17',NULL),(157,4,NULL,4,'05/06/2024','coptic','2024-11-27 17:23:17','2024-11-27 17:23:17',NULL),(158,4,NULL,5,'06/06/2024','coptic','2024-11-27 17:23:17','2024-11-27 17:23:17',NULL),(159,4,NULL,6,'07/06/2024','coptic','2024-11-27 17:23:17','2024-11-27 17:23:17',NULL),(160,4,NULL,7,'08/06/2024','coptic','2024-11-27 17:23:17','2024-11-27 17:23:17',NULL),(161,4,NULL,1,'09/06/2024','coptic','2024-11-27 17:23:17','2024-11-27 17:23:17',NULL),(162,4,NULL,2,'10/06/2024','coptic','2024-11-27 17:23:17','2024-11-27 17:23:17',NULL),(163,4,NULL,3,'11/06/2024','coptic','2024-11-27 17:23:17','2024-11-27 17:23:17',NULL),(164,4,NULL,4,'12/06/2024','coptic','2024-11-27 17:23:17','2024-11-27 17:23:17',NULL),(165,4,NULL,5,'13/06/2024','coptic','2024-11-27 17:23:17','2024-11-27 17:23:17',NULL),(166,4,NULL,6,'14/06/2024','coptic','2024-11-27 17:23:17','2024-11-27 17:23:17',NULL),(167,4,NULL,7,'15/06/2024','coptic','2024-11-27 17:23:17','2024-11-27 17:23:17',NULL),(168,4,NULL,1,'16/06/2024','coptic','2024-11-27 17:23:17','2024-11-27 17:23:17',NULL),(169,4,NULL,2,'17/06/2024','coptic','2024-11-27 17:23:17','2024-11-27 17:23:17',NULL),(170,4,NULL,3,'18/06/2024','coptic','2024-11-27 17:23:17','2024-11-27 17:23:17',NULL),(171,4,NULL,4,'19/06/2024','coptic','2024-11-27 17:23:17','2024-11-27 17:23:17',NULL),(172,4,NULL,5,'20/06/2024','coptic','2024-11-27 17:23:17','2024-11-27 17:23:17',NULL),(173,4,NULL,6,'21/06/2024','coptic','2024-11-27 17:23:17','2024-11-27 17:23:17',NULL),(174,4,NULL,7,'22/06/2024','coptic','2024-11-27 17:23:17','2024-11-27 17:23:17',NULL),(175,4,NULL,1,'23/06/2024','coptic','2024-11-27 17:23:17','2024-11-27 17:23:17',NULL),(176,4,NULL,2,'24/06/2024','coptic','2024-11-27 17:23:17','2024-11-27 17:23:17',NULL),(177,4,NULL,3,'25/06/2024','coptic','2024-11-27 17:23:17','2024-11-27 17:23:17',NULL),(178,4,NULL,4,'26/06/2024','coptic','2024-11-27 17:23:17','2024-11-27 17:23:17',NULL),(179,4,NULL,5,'27/06/2024','coptic','2024-11-27 17:23:17','2024-11-27 17:23:17',NULL),(180,4,NULL,6,'28/06/2024','coptic','2024-11-27 17:23:17','2024-11-27 17:23:17',NULL),(181,4,NULL,7,'29/06/2024','coptic','2024-11-27 17:23:17','2024-11-27 17:23:17',NULL),(182,4,NULL,1,'30/06/2024','coptic','2024-11-27 17:23:17','2024-11-27 17:23:17',NULL),(183,4,NULL,2,'01/07/2024','coptic','2024-11-27 17:23:17','2024-11-27 17:23:17',NULL),(184,4,NULL,3,'02/07/2024','coptic','2024-11-27 17:23:17','2024-11-27 17:23:17',NULL),(185,4,NULL,4,'03/07/2024','coptic','2024-11-27 17:23:17','2024-11-27 17:23:17',NULL),(186,4,NULL,5,'04/07/2024','coptic','2024-11-27 17:23:17','2024-11-27 17:23:17',NULL),(187,4,NULL,6,'05/07/2024','coptic','2024-11-27 17:23:17','2024-11-27 17:23:17',NULL),(188,4,NULL,7,'06/07/2024','coptic','2024-11-27 17:23:17','2024-11-27 17:23:17',NULL),(189,4,NULL,1,'07/07/2024','coptic','2024-11-27 17:23:17','2024-11-27 17:23:17',NULL),(190,4,NULL,2,'08/07/2024','coptic','2024-11-27 17:23:17','2024-11-27 17:23:17',NULL),(191,4,NULL,3,'09/07/2024','coptic','2024-11-27 17:23:17','2024-11-27 17:23:17',NULL),(192,4,NULL,4,'10/07/2024','coptic','2024-11-27 17:23:17','2024-11-27 17:23:17',NULL),(193,4,NULL,5,'11/07/2024','coptic','2024-11-27 17:23:17','2024-11-27 17:23:17',NULL),(194,4,NULL,6,'12/07/2024','coptic','2024-11-27 17:23:17','2024-11-27 17:23:17',NULL),(195,4,NULL,7,'13/07/2024','coptic','2024-11-27 17:23:17','2024-11-27 17:23:17',NULL),(196,4,NULL,1,'14/07/2024','coptic','2024-11-27 17:23:17','2024-11-27 17:23:17',NULL),(197,4,NULL,2,'15/07/2024','coptic','2024-11-27 17:23:17','2024-11-27 17:23:17',NULL),(198,4,NULL,3,'16/07/2024','coptic','2024-11-27 17:23:17','2024-11-27 17:23:17',NULL),(199,4,NULL,4,'17/07/2024','coptic','2024-11-27 17:23:17','2024-11-27 17:23:17',NULL),(200,4,NULL,5,'18/07/2024','coptic','2024-11-27 17:23:17','2024-11-27 17:23:17',NULL),(201,4,NULL,6,'19/07/2024','coptic','2024-11-27 17:23:17','2024-11-27 17:23:17',NULL),(202,4,NULL,7,'20/07/2024','coptic','2024-11-27 17:23:17','2024-11-27 17:23:17',NULL),(203,4,NULL,1,'21/07/2024','coptic','2024-11-27 17:23:17','2024-11-27 17:23:17',NULL),(204,4,NULL,2,'22/07/2024','coptic','2024-11-27 17:23:17','2024-11-27 17:23:17',NULL),(205,4,NULL,3,'23/07/2024','coptic','2024-11-27 17:23:17','2024-11-27 17:23:17',NULL),(206,4,NULL,4,'24/07/2024','coptic','2024-11-27 17:23:17','2024-11-27 17:23:17',NULL),(207,4,NULL,5,'25/07/2024','coptic','2024-11-27 17:23:17','2024-11-27 17:23:17',NULL),(208,4,NULL,6,'26/07/2024','coptic','2024-11-27 17:23:17','2024-11-27 17:23:17',NULL),(209,4,NULL,7,'27/07/2024','coptic','2024-11-27 17:23:17','2024-11-27 17:23:17',NULL),(210,4,NULL,1,'28/07/2024','coptic','2024-11-27 17:23:17','2024-11-27 17:23:17',NULL),(211,4,NULL,2,'29/07/2024','coptic','2024-11-27 17:23:17','2024-11-27 17:23:17',NULL),(212,4,NULL,3,'30/07/2024','coptic','2024-11-27 17:23:17','2024-11-27 17:23:17',NULL),(213,4,NULL,4,'31/07/2024','coptic','2024-11-27 17:23:17','2024-11-27 17:23:17',NULL),(214,4,NULL,5,'01/08/2024','coptic','2024-11-27 17:23:17','2024-11-27 17:23:17',NULL),(215,4,NULL,6,'02/08/2024','coptic','2024-11-27 17:23:17','2024-11-27 17:23:17',NULL),(216,4,NULL,7,'03/08/2024','coptic','2024-11-27 17:23:17','2024-11-27 17:23:17',NULL),(217,4,NULL,1,'04/08/2024','coptic','2024-11-27 17:23:17','2024-11-27 17:23:17',NULL),(218,4,NULL,2,'05/08/2024','coptic','2024-11-27 17:23:17','2024-11-27 17:23:17',NULL),(219,4,NULL,3,'06/08/2024','coptic','2024-11-27 17:23:17','2024-11-27 17:23:17',NULL),(220,4,NULL,4,'07/08/2024','coptic','2024-11-27 17:23:17','2024-11-27 17:23:17',NULL),(221,4,NULL,5,'08/08/2024','coptic','2024-11-27 17:23:17','2024-11-27 17:23:17',NULL),(222,4,NULL,6,'09/08/2024','coptic','2024-11-27 17:23:17','2024-11-27 17:23:17',NULL),(223,4,NULL,7,'10/08/2024','coptic','2024-11-27 17:23:17','2024-11-27 17:23:17',NULL),(224,4,NULL,1,'11/08/2024','coptic','2024-11-27 17:23:17','2024-11-27 17:23:17',NULL),(225,4,NULL,2,'12/08/2024','coptic','2024-11-27 17:23:17','2024-11-27 17:23:17',NULL),(226,4,NULL,3,'13/08/2024','coptic','2024-11-27 17:23:17','2024-11-27 17:23:17',NULL),(227,4,NULL,4,'14/08/2024','coptic','2024-11-27 17:23:17','2024-11-27 17:23:17',NULL),(228,4,NULL,5,'15/08/2024','coptic','2024-11-27 17:23:17','2024-11-27 17:23:17',NULL),(229,4,NULL,6,'16/08/2024','coptic','2024-11-27 17:23:17','2024-11-27 17:23:17',NULL),(230,4,NULL,7,'17/08/2024','coptic','2024-11-27 17:23:17','2024-11-27 17:23:17',NULL),(231,4,NULL,1,'18/08/2024','coptic','2024-11-27 17:23:17','2024-11-27 17:23:17',NULL),(232,4,NULL,2,'19/08/2024','coptic','2024-11-27 17:23:17','2024-11-27 17:23:17',NULL),(233,4,NULL,3,'20/08/2024','coptic','2024-11-27 17:23:17','2024-11-27 17:23:17',NULL),(234,4,NULL,4,'21/08/2024','coptic','2024-11-27 17:23:17','2024-11-27 17:23:17',NULL),(235,4,NULL,5,'22/08/2024','coptic','2024-11-27 17:23:17','2024-11-27 17:23:17',NULL),(236,4,NULL,6,'23/08/2024','coptic','2024-11-27 17:23:17','2024-11-27 17:23:17',NULL),(237,4,NULL,7,'24/08/2024','coptic','2024-11-27 17:23:17','2024-11-27 17:23:17',NULL),(238,4,NULL,1,'25/08/2024','coptic','2024-11-27 17:23:17','2024-11-27 17:23:17',NULL),(239,4,NULL,2,'26/08/2024','coptic','2024-11-27 17:23:17','2024-11-27 17:23:17',NULL),(240,4,NULL,3,'27/08/2024','coptic','2024-11-27 17:23:17','2024-11-27 17:23:17',NULL),(241,4,NULL,4,'28/08/2024','coptic','2024-11-27 17:23:17','2024-11-27 17:23:17',NULL),(242,4,NULL,5,'29/08/2024','coptic','2024-11-27 17:23:17','2024-11-27 17:23:17',NULL),(243,4,NULL,6,'30/08/2024','coptic','2024-11-27 17:23:17','2024-11-27 17:23:17',NULL),(244,4,NULL,7,'31/08/2024','coptic','2024-11-27 17:23:17','2024-11-27 17:23:17',NULL),(245,4,NULL,1,'01/09/2024','coptic','2024-11-27 17:23:17','2024-11-27 17:23:17',NULL),(246,4,NULL,2,'02/09/2024','coptic','2024-11-27 17:23:17','2024-11-27 17:23:17',NULL),(247,4,NULL,3,'03/09/2024','coptic','2024-11-27 17:23:17','2024-11-27 17:23:17',NULL),(248,4,NULL,4,'04/09/2024','coptic','2024-11-27 17:23:17','2024-11-27 17:23:17',NULL),(249,4,NULL,5,'05/09/2024','coptic','2024-11-27 17:23:17','2024-11-27 17:23:17',NULL),(250,4,NULL,6,'06/09/2024','coptic','2024-11-27 17:23:17','2024-11-27 17:23:17',NULL),(251,4,NULL,7,'07/09/2024','coptic','2024-11-27 17:23:17','2024-11-27 17:23:17',NULL),(252,4,NULL,1,'08/09/2024','coptic','2024-11-27 17:23:17','2024-11-27 17:23:17',NULL),(253,4,NULL,2,'09/09/2024','coptic','2024-11-27 17:23:17','2024-11-27 17:23:17',NULL),(254,4,NULL,3,'10/09/2024','coptic','2024-11-27 17:23:17','2024-11-27 17:23:17',NULL),(255,4,NULL,4,'11/09/2024','coptic','2024-11-27 17:23:17','2024-11-27 17:23:17',NULL),(256,4,NULL,5,'12/09/2024','coptic','2024-11-27 17:23:17','2024-11-27 17:23:17',NULL),(257,4,NULL,6,'13/09/2024','coptic','2024-11-27 17:23:17','2024-11-27 17:23:17',NULL),(258,4,NULL,7,'14/09/2024','coptic','2024-11-27 17:23:17','2024-11-27 17:23:17',NULL),(259,1,1,1,'15/09/2024','coptic','2024-11-27 17:23:18','2024-11-27 17:23:18',NULL),(260,1,1,2,'16/09/2024','coptic','2024-11-27 17:23:18','2024-11-27 17:23:18',NULL),(261,1,1,3,'17/09/2024','coptic','2024-11-27 17:23:18','2024-11-27 17:23:18',NULL),(262,1,1,4,'18/09/2024','coptic','2024-11-27 17:23:18','2024-11-27 17:23:18',NULL),(263,1,1,5,'19/09/2024','coptic','2024-11-27 17:23:18','2024-11-27 17:23:18',NULL),(264,1,1,6,'20/09/2024','coptic','2024-11-27 17:23:18','2024-11-27 17:23:18',NULL),(265,1,1,7,'21/09/2024','coptic','2024-11-27 17:23:18','2024-11-27 17:23:18',NULL),(266,1,2,1,'22/09/2024','coptic','2024-11-27 17:23:18','2024-11-27 17:23:18',NULL),(267,1,2,2,'23/09/2024','coptic','2024-11-27 17:23:18','2024-11-27 17:23:18',NULL),(268,1,2,3,'24/09/2024','coptic','2024-11-27 17:23:18','2024-11-27 17:23:18',NULL),(269,1,2,4,'25/09/2024','coptic','2024-11-27 17:23:18','2024-11-27 17:23:18',NULL),(270,1,2,5,'26/09/2024','coptic','2024-11-27 17:23:18','2024-11-27 17:23:18',NULL),(271,1,2,6,'27/09/2024','coptic','2024-11-27 17:23:18','2024-11-27 17:23:18',NULL),(272,1,2,7,'28/09/2024','coptic','2024-11-27 17:23:18','2024-11-27 17:23:18',NULL),(273,1,3,1,'29/09/2024','coptic','2024-11-27 17:23:18','2024-11-27 17:23:18',NULL),(274,1,3,2,'30/09/2024','coptic','2024-11-27 17:23:18','2024-11-27 17:23:18',NULL),(275,1,3,3,'01/10/2024','coptic','2024-11-27 17:23:18','2024-11-27 17:23:18',NULL),(276,1,3,4,'02/10/2024','coptic','2024-11-27 17:23:18','2024-11-27 17:23:18',NULL),(277,1,3,5,'03/10/2024','coptic','2024-11-27 17:23:18','2024-11-27 17:23:18',NULL),(278,1,3,6,'04/10/2024','coptic','2024-11-27 17:23:18','2024-11-27 17:23:18',NULL),(279,1,3,7,'05/10/2024','coptic','2024-11-27 17:23:18','2024-11-27 17:23:18',NULL),(280,1,4,1,'06/10/2024','coptic','2024-11-27 17:23:18','2024-11-27 17:23:18',NULL),(281,1,4,2,'07/10/2024','coptic','2024-11-27 17:23:18','2024-11-27 17:23:18',NULL),(282,1,4,3,'08/10/2024','coptic','2024-11-27 17:23:18','2024-11-27 17:23:18',NULL),(283,1,4,4,'09/10/2024','coptic','2024-11-27 17:23:18','2024-11-27 17:23:18',NULL),(284,1,4,5,'10/10/2024','coptic','2024-11-27 17:23:18','2024-11-27 17:23:18',NULL),(285,1,4,6,'11/10/2024','coptic','2024-11-27 17:23:18','2024-11-27 17:23:18',NULL),(286,1,4,7,'12/10/2024','coptic','2024-11-27 17:23:18','2024-11-27 17:23:18',NULL),(287,1,5,1,'13/10/2024','coptic','2024-11-27 17:23:18','2024-11-27 17:23:18',NULL),(288,1,5,2,'14/10/2024','coptic','2024-11-27 17:23:18','2024-11-27 17:23:18',NULL),(289,1,5,3,'15/10/2024','coptic','2024-11-27 17:23:18','2024-11-27 17:23:18',NULL),(290,1,5,4,'16/10/2024','coptic','2024-11-27 17:23:18','2024-11-27 17:23:18',NULL),(291,1,5,5,'17/10/2024','coptic','2024-11-27 17:23:18','2024-11-27 17:23:18',NULL),(292,1,5,6,'18/10/2024','coptic','2024-11-27 17:23:18','2024-11-27 17:23:18',NULL),(293,1,5,7,'19/10/2024','coptic','2024-11-27 17:23:18','2024-11-27 17:23:18',NULL),(294,1,6,1,'20/10/2024','coptic','2024-11-27 17:23:18','2024-11-27 17:23:18',NULL),(295,1,6,2,'21/10/2024','coptic','2024-11-27 17:23:18','2024-11-27 17:23:18',NULL),(296,1,6,3,'22/10/2024','coptic','2024-11-27 17:23:18','2024-11-27 17:23:18',NULL),(297,1,6,4,'23/10/2024','coptic','2024-11-27 17:23:18','2024-11-27 17:23:18',NULL),(298,1,6,5,'24/10/2024','coptic','2024-11-27 17:23:18','2024-11-27 17:23:18',NULL),(299,1,6,6,'25/10/2024','coptic','2024-11-27 17:23:18','2024-11-27 17:23:18',NULL),(300,1,6,7,'26/10/2024','coptic','2024-11-27 17:23:18','2024-11-27 17:23:18',NULL),(301,1,7,1,'27/10/2024','coptic','2024-11-27 17:23:18','2024-11-27 17:23:18',NULL),(302,1,7,2,'28/10/2024','coptic','2024-11-27 17:23:18','2024-11-27 17:23:18',NULL),(303,1,7,3,'29/10/2024','coptic','2024-11-27 17:23:18','2024-11-27 17:23:18',NULL),(304,1,7,4,'30/10/2024','coptic','2024-11-27 17:23:18','2024-11-27 17:23:18',NULL),(305,1,7,5,'31/10/2024','coptic','2024-11-27 17:23:18','2024-11-27 17:23:18',NULL),(306,1,7,6,'01/11/2024','coptic','2024-11-27 17:23:18','2024-11-27 17:23:18',NULL),(307,1,7,7,'02/11/2024','coptic','2024-11-27 17:23:18','2024-11-27 17:23:18',NULL),(308,1,8,1,'03/11/2024','coptic','2024-11-27 17:23:18','2024-11-27 17:23:18',NULL),(309,1,8,2,'04/11/2024','coptic','2024-11-27 17:23:18','2024-11-27 17:23:18',NULL),(310,1,8,3,'05/11/2024','coptic','2024-11-27 17:23:18','2024-11-27 17:23:18',NULL),(311,1,8,4,'06/11/2024','coptic','2024-11-27 17:23:18','2024-11-27 17:23:18',NULL),(312,1,8,5,'07/11/2024','coptic','2024-11-27 17:23:18','2024-11-27 17:23:18',NULL),(313,1,8,6,'08/11/2024','coptic','2024-11-27 17:23:18','2024-11-27 17:23:18',NULL),(314,1,8,7,'09/11/2024','coptic','2024-11-27 17:23:18','2024-11-27 17:23:18',NULL),(315,1,9,1,'10/11/2024','coptic','2024-11-27 17:23:18','2024-11-27 17:23:18',NULL),(316,1,9,2,'11/11/2024','coptic','2024-11-27 17:23:18','2024-11-27 17:23:18',NULL),(317,1,9,3,'12/11/2024','coptic','2024-11-27 17:23:18','2024-11-27 17:23:18',NULL),(318,1,9,4,'13/11/2024','coptic','2024-11-27 17:23:18','2024-11-27 17:23:18',NULL),(319,1,9,5,'14/11/2024','coptic','2024-11-27 17:23:18','2024-11-27 17:23:18',NULL),(320,1,9,6,'15/11/2024','coptic','2024-11-27 17:23:18','2024-11-27 17:23:18',NULL),(321,1,9,7,'16/11/2024','coptic','2024-11-27 17:23:18','2024-11-27 17:23:18',NULL),(322,1,10,1,'17/11/2024','coptic','2024-11-27 17:23:18','2024-11-27 17:23:18',NULL),(323,1,10,2,'18/11/2024','coptic','2024-11-27 17:23:18','2024-11-27 17:23:18',NULL),(324,1,10,3,'19/11/2024','coptic','2024-11-27 17:23:18','2024-11-27 17:23:18',NULL),(325,1,10,4,'20/11/2024','coptic','2024-11-27 17:23:18','2024-11-27 17:23:18',NULL),(326,1,10,5,'21/11/2024','coptic','2024-11-27 17:23:18','2024-11-27 17:23:18',NULL),(327,1,10,6,'22/11/2024','coptic','2024-11-27 17:23:18','2024-11-27 17:23:18',NULL),(328,1,10,7,'23/11/2024','coptic','2024-11-27 17:23:18','2024-11-27 17:23:18',NULL),(329,1,11,1,'24/11/2024','coptic','2024-11-27 17:23:18','2024-11-27 17:23:18',NULL),(330,1,11,2,'25/11/2024','coptic','2024-11-27 17:23:18','2024-11-27 17:23:18',NULL),(331,1,11,3,'26/11/2024','coptic','2024-11-27 17:23:18','2024-11-27 17:23:18',NULL),(332,1,11,4,'27/11/2024','coptic','2024-11-27 17:23:18','2024-11-27 17:23:18',NULL),(333,1,11,5,'28/11/2024','coptic','2024-11-27 17:23:18','2024-11-27 17:23:18',NULL),(334,1,11,6,'29/11/2024','coptic','2024-11-27 17:23:18','2024-11-27 17:23:18',NULL),(335,1,11,7,'30/11/2024','coptic','2024-11-27 17:23:18','2024-11-27 17:23:18',NULL),(336,1,12,1,'01/12/2024','coptic','2024-11-27 17:23:18','2024-11-27 17:23:18',NULL),(337,1,12,2,'02/12/2024','coptic','2024-11-27 17:23:18','2024-11-27 17:23:18',NULL),(338,1,12,3,'03/12/2024','coptic','2024-11-27 17:23:18','2024-11-27 17:23:18',NULL),(339,1,12,4,'04/12/2024','coptic','2024-11-27 17:23:18','2024-11-27 17:23:18',NULL),(340,1,12,5,'05/12/2024','coptic','2024-11-27 17:23:18','2024-11-27 17:23:18',NULL),(341,1,12,6,'06/12/2024','coptic','2024-11-27 17:23:18','2024-11-27 17:23:18',NULL),(342,1,12,7,'07/12/2024','coptic','2024-11-27 17:23:18','2024-11-27 17:23:18',NULL),(343,1,13,1,'08/12/2024','coptic','2024-11-27 17:23:18','2024-11-27 17:23:18',NULL),(344,1,13,2,'09/12/2024','coptic','2024-11-27 17:23:18','2024-11-27 17:23:18',NULL),(345,1,13,3,'10/12/2024','coptic','2024-11-27 17:23:18','2024-11-27 17:23:18',NULL),(346,1,13,4,'11/12/2024','coptic','2024-11-27 17:23:18','2024-11-27 17:23:18',NULL),(347,1,13,5,'12/12/2024','coptic','2024-11-27 17:23:18','2024-11-27 17:23:18',NULL),(348,1,13,6,'13/12/2024','coptic','2024-11-27 17:23:18','2024-11-27 17:23:18',NULL),(349,1,13,7,'14/12/2024','coptic','2024-11-27 17:23:18','2024-11-27 17:23:18',NULL),(350,4,NULL,1,'15/12/2024','coptic','2024-11-27 17:23:18','2024-11-27 17:23:18',NULL),(351,4,NULL,2,'16/12/2024','coptic','2024-11-27 17:23:18','2024-11-27 17:23:18',NULL),(352,4,NULL,3,'17/12/2024','coptic','2024-11-27 17:23:18','2024-11-27 17:23:18',NULL),(353,4,NULL,4,'18/12/2024','coptic','2024-11-27 17:23:18','2024-11-27 17:23:18',NULL),(354,4,NULL,5,'19/12/2024','coptic','2024-11-27 17:23:18','2024-11-27 17:23:18',NULL),(355,4,NULL,6,'20/12/2024','coptic','2024-11-27 17:23:18','2024-11-27 17:23:18',NULL),(356,4,NULL,7,'21/12/2024','coptic','2024-11-27 17:23:18','2024-11-27 17:23:18',NULL),(357,4,NULL,1,'22/12/2024','coptic','2024-11-27 17:23:18','2024-11-27 17:23:18',NULL),(358,4,NULL,2,'23/12/2024','coptic','2024-11-27 17:23:18','2024-11-27 17:23:18',NULL),(359,4,NULL,3,'24/12/2024','coptic','2024-11-27 17:23:18','2024-11-27 17:23:18',NULL),(360,4,NULL,4,'25/12/2024','coptic','2024-11-27 17:23:18','2024-11-27 17:23:18',NULL),(361,4,NULL,5,'26/12/2024','coptic','2024-11-27 17:23:18','2024-11-27 17:23:18',NULL),(362,4,NULL,6,'27/12/2024','coptic','2024-11-27 17:23:18','2024-11-27 17:23:18',NULL),(363,4,NULL,7,'28/12/2024','coptic','2024-11-27 17:23:18','2024-11-27 17:23:18',NULL),(364,4,NULL,1,'29/12/2024','coptic','2024-11-27 17:23:18','2024-11-27 17:23:18',NULL),(365,4,NULL,2,'30/12/2024','coptic','2024-11-27 17:23:18','2024-11-27 17:23:18',NULL),(366,4,NULL,3,'31/12/2024','coptic','2024-11-27 17:23:18','2024-11-27 17:23:18',NULL),(367,4,NULL,4,'01/01/2025','coptic','2024-11-27 17:23:18','2024-11-27 17:23:18',NULL),(368,4,NULL,5,'02/01/2025','coptic','2024-11-27 17:23:18','2024-11-27 17:23:18',NULL),(369,4,NULL,6,'03/01/2025','coptic','2024-11-27 17:23:18','2024-11-27 17:23:18',NULL),(370,4,NULL,7,'04/01/2025','coptic','2024-11-27 17:23:18','2024-11-27 17:23:18',NULL),(371,4,NULL,1,'05/01/2025','coptic','2024-11-27 17:23:18','2024-11-27 17:23:18',NULL),(372,4,NULL,2,'06/01/2025','coptic','2024-11-27 17:23:18','2024-11-27 17:23:18',NULL),(373,4,NULL,3,'07/01/2025','coptic','2024-11-27 17:23:18','2024-11-27 17:23:18',NULL),(374,4,NULL,4,'08/01/2025','coptic','2024-11-27 17:23:18','2024-11-27 17:23:18',NULL),(375,4,NULL,5,'09/01/2025','coptic','2024-11-27 17:23:18','2024-11-27 17:23:18',NULL),(376,4,NULL,6,'10/01/2025','coptic','2024-11-27 17:23:18','2024-11-27 17:23:18',NULL),(377,4,NULL,7,'11/01/2025','coptic','2024-11-27 17:23:18','2024-11-27 17:23:18',NULL),(378,2,1,1,'12/01/2025','coptic','2024-11-27 17:23:18','2024-11-27 17:23:18',NULL),(379,2,1,2,'13/01/2025','coptic','2024-11-27 17:23:18','2024-11-27 17:23:18',NULL),(380,2,1,3,'14/01/2025','coptic','2024-11-27 17:23:18','2024-11-27 17:23:18',NULL),(381,2,1,4,'15/01/2025','coptic','2024-11-27 17:23:18','2024-11-27 17:23:18',NULL),(382,2,1,5,'16/01/2025','coptic','2024-11-27 17:23:18','2024-11-27 17:23:18',NULL),(383,2,1,6,'17/01/2025','coptic','2024-11-27 17:23:18','2024-11-27 17:23:18',NULL),(384,2,1,7,'18/01/2025','coptic','2024-11-27 17:23:18','2024-11-27 17:23:18',NULL),(385,2,2,1,'19/01/2025','coptic','2024-11-27 17:23:18','2024-11-27 17:23:18',NULL),(386,2,2,2,'20/01/2025','coptic','2024-11-27 17:23:18','2024-11-27 17:23:18',NULL),(387,2,2,3,'21/01/2025','coptic','2024-11-27 17:23:18','2024-11-27 17:23:18',NULL),(388,2,2,4,'22/01/2025','coptic','2024-11-27 17:23:18','2024-11-27 17:23:18',NULL),(389,2,2,5,'23/01/2025','coptic','2024-11-27 17:23:18','2024-11-27 17:23:18',NULL),(390,2,2,6,'24/01/2025','coptic','2024-11-27 17:23:18','2024-11-27 17:23:18',NULL),(391,2,2,7,'25/01/2025','coptic','2024-11-27 17:23:18','2024-11-27 17:23:18',NULL),(392,2,3,1,'26/01/2025','coptic','2024-11-27 17:23:18','2024-11-27 17:23:18',NULL),(393,2,3,2,'27/01/2025','coptic','2024-11-27 17:23:18','2024-11-27 17:23:18',NULL),(394,2,3,3,'28/01/2025','coptic','2024-11-27 17:23:18','2024-11-27 17:23:18',NULL),(395,2,3,4,'29/01/2025','coptic','2024-11-27 17:23:18','2024-11-27 17:23:18',NULL),(396,2,3,5,'30/01/2025','coptic','2024-11-27 17:23:18','2024-11-27 17:23:18',NULL),(397,2,3,6,'31/01/2025','coptic','2024-11-27 17:23:18','2024-11-27 17:23:18',NULL),(398,2,3,7,'01/02/2025','coptic','2024-11-27 17:23:18','2024-11-27 17:23:18',NULL),(399,2,4,1,'02/02/2025','coptic','2024-11-27 17:23:18','2024-11-27 17:23:18',NULL),(400,2,4,2,'03/02/2025','coptic','2024-11-27 17:23:18','2024-11-27 17:23:18',NULL),(401,2,4,3,'04/02/2025','coptic','2024-11-27 17:23:18','2024-11-27 17:23:18',NULL),(402,2,4,4,'05/02/2025','coptic','2024-11-27 17:23:18','2024-11-27 17:23:18',NULL),(403,2,4,5,'06/02/2025','coptic','2024-11-27 17:23:18','2024-11-27 17:23:18',NULL),(404,2,4,6,'07/02/2025','coptic','2024-11-27 17:23:18','2024-11-27 17:23:18',NULL),(405,2,4,7,'08/02/2025','coptic','2024-11-27 17:23:18','2024-11-27 17:23:18',NULL),(406,2,5,1,'09/02/2025','coptic','2024-11-27 17:23:18','2024-11-27 17:23:18',NULL),(407,2,5,2,'10/02/2025','coptic','2024-11-27 17:23:18','2024-11-27 17:23:18',NULL),(408,2,5,3,'11/02/2025','coptic','2024-11-27 17:23:18','2024-11-27 17:23:18',NULL),(409,2,5,4,'12/02/2025','coptic','2024-11-27 17:23:18','2024-11-27 17:23:18',NULL),(410,2,5,5,'13/02/2025','coptic','2024-11-27 17:23:18','2024-11-27 17:23:18',NULL),(411,2,5,6,'14/02/2025','coptic','2024-11-27 17:23:18','2024-11-27 17:23:18',NULL),(412,2,5,7,'15/02/2025','coptic','2024-11-27 17:23:18','2024-11-27 17:23:18',NULL),(413,2,6,1,'16/02/2025','coptic','2024-11-27 17:23:18','2024-11-27 17:23:18',NULL),(414,2,6,2,'17/02/2025','coptic','2024-11-27 17:23:18','2024-11-27 17:23:18',NULL),(415,2,6,3,'18/02/2025','coptic','2024-11-27 17:23:18','2024-11-27 17:23:18',NULL),(416,2,6,4,'19/02/2025','coptic','2024-11-27 17:23:18','2024-11-27 17:23:18',NULL),(417,2,6,5,'20/02/2025','coptic','2024-11-27 17:23:18','2024-11-27 17:23:18',NULL),(418,2,6,6,'21/02/2025','coptic','2024-11-27 17:23:18','2024-11-27 17:23:18',NULL),(419,2,6,7,'22/02/2025','coptic','2024-11-27 17:23:18','2024-11-27 17:23:18',NULL),(420,2,7,1,'23/02/2025','coptic','2024-11-27 17:23:18','2024-11-27 17:23:18',NULL),(421,2,7,2,'24/02/2025','coptic','2024-11-27 17:23:18','2024-11-27 17:23:18',NULL),(422,2,7,3,'25/02/2025','coptic','2024-11-27 17:23:18','2024-11-27 17:23:18',NULL),(423,2,7,4,'26/02/2025','coptic','2024-11-27 17:23:18','2024-11-27 17:23:18',NULL),(424,2,7,5,'27/02/2025','coptic','2024-11-27 17:23:18','2024-11-27 17:23:18',NULL),(425,2,7,6,'28/02/2025','coptic','2024-11-27 17:23:18','2024-11-27 17:23:18',NULL),(426,2,7,7,'01/03/2025','coptic','2024-11-27 17:23:18','2024-11-27 17:23:18',NULL),(427,2,8,1,'02/03/2025','coptic','2024-11-27 17:23:18','2024-11-27 17:23:18',NULL),(428,2,8,2,'03/03/2025','coptic','2024-11-27 17:23:18','2024-11-27 17:23:18',NULL),(429,2,8,3,'04/03/2025','coptic','2024-11-27 17:23:18','2024-11-27 17:23:18',NULL),(430,2,8,4,'05/03/2025','coptic','2024-11-27 17:23:18','2024-11-27 17:23:18',NULL),(431,2,8,5,'06/03/2025','coptic','2024-11-27 17:23:18','2024-11-27 17:23:18',NULL),(432,2,8,6,'07/03/2025','coptic','2024-11-27 17:23:18','2024-11-27 17:23:18',NULL),(433,2,8,7,'08/03/2025','coptic','2024-11-27 17:23:18','2024-11-27 17:23:18',NULL),(434,2,9,1,'09/03/2025','coptic','2024-11-27 17:23:18','2024-11-27 17:23:18',NULL),(435,2,9,2,'10/03/2025','coptic','2024-11-27 17:23:18','2024-11-27 17:23:18',NULL),(436,2,9,3,'11/03/2025','coptic','2024-11-27 17:23:18','2024-11-27 17:23:18',NULL),(437,2,9,4,'12/03/2025','coptic','2024-11-27 17:23:19','2024-11-27 17:23:19',NULL),(438,2,9,5,'13/03/2025','coptic','2024-11-27 17:23:19','2024-11-27 17:23:19',NULL),(439,2,9,6,'14/03/2025','coptic','2024-11-27 17:23:19','2024-11-27 17:23:19',NULL),(440,2,9,7,'15/03/2025','coptic','2024-11-27 17:23:19','2024-11-27 17:23:19',NULL),(441,2,10,1,'16/03/2025','coptic','2024-11-27 17:23:19','2024-11-27 17:23:19',NULL),(442,2,10,2,'17/03/2025','coptic','2024-11-27 17:23:19','2024-11-27 17:23:19',NULL),(443,2,10,3,'18/03/2025','coptic','2024-11-27 17:23:19','2024-11-27 17:23:19',NULL),(444,2,10,4,'19/03/2025','coptic','2024-11-27 17:23:19','2024-11-27 17:23:19',NULL),(445,2,10,5,'20/03/2025','coptic','2024-11-27 17:23:19','2024-11-27 17:23:19',NULL),(446,2,10,6,'21/03/2025','coptic','2024-11-27 17:23:19','2024-11-27 17:23:19',NULL),(447,2,10,7,'22/03/2025','coptic','2024-11-27 17:23:19','2024-11-27 17:23:19',NULL),(448,2,11,1,'23/03/2025','coptic','2024-11-27 17:23:19','2024-11-27 17:23:19',NULL),(449,2,11,2,'24/03/2025','coptic','2024-11-27 17:23:19','2024-11-27 17:23:19',NULL),(450,2,11,3,'25/03/2025','coptic','2024-11-27 17:23:19','2024-11-27 17:23:19',NULL),(451,2,11,4,'26/03/2025','coptic','2024-11-27 17:23:19','2024-11-27 17:23:19',NULL),(452,2,11,5,'27/03/2025','coptic','2024-11-27 17:23:19','2024-11-27 17:23:19',NULL),(453,2,11,6,'28/03/2025','coptic','2024-11-27 17:23:19','2024-11-27 17:23:19',NULL),(454,2,11,7,'29/03/2025','coptic','2024-11-27 17:23:19','2024-11-27 17:23:19',NULL),(455,2,12,1,'30/03/2025','coptic','2024-11-27 17:23:19','2024-11-27 17:23:19',NULL),(456,2,12,2,'31/03/2025','coptic','2024-11-27 17:23:19','2024-11-27 17:23:19',NULL),(457,2,12,3,'01/04/2025','coptic','2024-11-27 17:23:19','2024-11-27 17:23:19',NULL),(458,2,12,4,'02/04/2025','coptic','2024-11-27 17:23:19','2024-11-27 17:23:19',NULL),(459,2,12,5,'03/04/2025','coptic','2024-11-27 17:23:19','2024-11-27 17:23:19',NULL),(460,2,12,6,'04/04/2025','coptic','2024-11-27 17:23:19','2024-11-27 17:23:19',NULL),(461,2,12,7,'05/04/2025','coptic','2024-11-27 17:23:19','2024-11-27 17:23:19',NULL),(462,2,13,1,'06/04/2025','coptic','2024-11-27 17:23:19','2024-11-27 17:23:19',NULL),(463,2,13,2,'07/04/2025','coptic','2024-11-27 17:23:19','2024-11-27 17:23:19',NULL),(464,2,13,3,'08/04/2025','coptic','2024-11-27 17:23:19','2024-11-27 17:23:19',NULL),(465,2,13,4,'09/04/2025','coptic','2024-11-27 17:23:19','2024-11-27 17:23:19',NULL),(466,2,13,5,'10/04/2025','coptic','2024-11-27 17:23:19','2024-11-27 17:23:19',NULL),(467,2,13,6,'11/04/2025','coptic','2024-11-27 17:23:19','2024-11-27 17:23:19',NULL),(468,2,13,7,'12/04/2025','coptic','2024-11-27 17:23:19','2024-11-27 17:23:19',NULL),(469,4,NULL,1,'13/04/2025','coptic','2024-11-27 17:23:19','2024-11-27 17:23:19',NULL),(470,4,NULL,2,'14/04/2025','coptic','2024-11-27 17:23:19','2024-11-27 17:23:19',NULL),(471,4,NULL,3,'15/04/2025','coptic','2024-11-27 17:23:19','2024-11-27 17:23:19',NULL),(472,4,NULL,4,'16/04/2025','coptic','2024-11-27 17:23:19','2024-11-27 17:23:19',NULL),(473,4,NULL,5,'17/04/2025','coptic','2024-11-27 17:23:19','2024-11-27 17:23:19',NULL),(474,4,NULL,6,'18/04/2025','coptic','2024-11-27 17:23:19','2024-11-27 17:23:19',NULL),(475,4,NULL,7,'19/04/2025','coptic','2024-11-27 17:23:19','2024-11-27 17:23:19',NULL),(476,4,NULL,1,'20/04/2025','coptic','2024-11-27 17:23:19','2024-11-27 17:23:19',NULL),(477,4,NULL,2,'21/04/2025','coptic','2024-11-27 17:23:19','2024-11-27 17:23:19',NULL),(478,4,NULL,3,'22/04/2025','coptic','2024-11-27 17:23:19','2024-11-27 17:23:19',NULL),(479,4,NULL,4,'23/04/2025','coptic','2024-11-27 17:23:19','2024-11-27 17:23:19',NULL),(480,4,NULL,5,'24/04/2025','coptic','2024-11-27 17:23:19','2024-11-27 17:23:19',NULL),(481,4,NULL,6,'25/04/2025','coptic','2024-11-27 17:23:19','2024-11-27 17:23:19',NULL),(482,4,NULL,7,'26/04/2025','coptic','2024-11-27 17:23:19','2024-11-27 17:23:19',NULL),(483,4,NULL,1,'27/04/2025','coptic','2024-11-27 17:23:19','2024-11-27 17:23:19',NULL),(484,4,NULL,2,'28/04/2025','coptic','2024-11-27 17:23:19','2024-11-27 17:23:19',NULL),(485,4,NULL,3,'29/04/2025','coptic','2024-11-27 17:23:19','2024-11-27 17:23:19',NULL),(486,4,NULL,4,'30/04/2025','coptic','2024-11-27 17:23:19','2024-11-27 17:23:19',NULL),(487,4,NULL,5,'01/05/2025','coptic','2024-11-27 17:23:19','2024-11-27 17:23:19',NULL),(488,4,NULL,6,'02/05/2025','coptic','2024-11-27 17:23:19','2024-11-27 17:23:19',NULL),(489,4,NULL,7,'03/05/2025','coptic','2024-11-27 17:23:19','2024-11-27 17:23:19',NULL),(490,3,1,1,'04/05/2025','coptic','2024-11-27 17:23:19','2024-11-27 17:23:19',NULL),(491,3,1,2,'05/05/2025','coptic','2024-11-27 17:23:19','2024-11-27 17:23:19',NULL),(492,3,1,3,'06/05/2025','coptic','2024-11-27 17:23:19','2024-11-27 17:23:19',NULL),(493,3,1,4,'07/05/2025','coptic','2024-11-27 17:23:19','2024-11-27 17:23:19',NULL),(494,3,1,5,'08/05/2025','coptic','2024-11-27 17:23:19','2024-11-27 17:23:19',NULL),(495,3,1,6,'09/05/2025','coptic','2024-11-27 17:23:19','2024-11-27 17:23:19',NULL),(496,3,1,7,'10/05/2025','coptic','2024-11-27 17:23:19','2024-11-27 17:23:19',NULL),(497,3,2,1,'11/05/2025','coptic','2024-11-27 17:23:19','2024-11-27 17:23:19',NULL),(498,3,2,2,'12/05/2025','coptic','2024-11-27 17:23:19','2024-11-27 17:23:19',NULL),(499,3,2,3,'13/05/2025','coptic','2024-11-27 17:23:19','2024-11-27 17:23:19',NULL),(500,3,2,4,'14/05/2025','coptic','2024-11-27 17:23:19','2024-11-27 17:23:19',NULL),(501,3,2,5,'15/05/2025','coptic','2024-11-27 17:23:19','2024-11-27 17:23:19',NULL),(502,3,2,6,'16/05/2025','coptic','2024-11-27 17:23:19','2024-11-27 17:23:19',NULL),(503,3,2,7,'17/05/2025','coptic','2024-11-27 17:23:19','2024-11-27 17:23:19',NULL),(504,3,3,1,'18/05/2025','coptic','2024-11-27 17:23:19','2024-11-27 17:23:19',NULL),(505,3,3,2,'19/05/2025','coptic','2024-11-27 17:23:19','2024-11-27 17:23:19',NULL),(506,3,3,3,'20/05/2025','coptic','2024-11-27 17:23:19','2024-11-27 17:23:19',NULL),(507,3,3,4,'21/05/2025','coptic','2024-11-27 17:23:19','2024-11-27 17:23:19',NULL),(508,3,3,5,'22/05/2025','coptic','2024-11-27 17:23:19','2024-11-27 17:23:19',NULL),(509,3,3,6,'23/05/2025','coptic','2024-11-27 17:23:19','2024-11-27 17:23:19',NULL),(510,3,3,7,'24/05/2025','coptic','2024-11-27 17:23:19','2024-11-27 17:23:19',NULL),(511,3,4,1,'25/05/2025','coptic','2024-11-27 17:23:19','2024-11-27 17:23:19',NULL),(512,3,4,2,'26/05/2025','coptic','2024-11-27 17:23:19','2024-11-27 17:23:19',NULL),(513,3,4,3,'27/05/2025','coptic','2024-11-27 17:23:19','2024-11-27 17:23:19',NULL),(514,3,4,4,'28/05/2025','coptic','2024-11-27 17:23:19','2024-11-27 17:23:19',NULL),(515,3,4,5,'29/05/2025','coptic','2024-11-27 17:23:19','2024-11-27 17:23:19',NULL),(516,3,4,6,'30/05/2025','coptic','2024-11-27 17:23:19','2024-11-27 17:23:19',NULL),(517,3,4,7,'31/05/2025','coptic','2024-11-27 17:23:19','2024-11-27 17:23:19',NULL),(518,3,5,1,'01/06/2025','coptic','2024-11-27 17:23:19','2024-11-27 17:23:19',NULL),(519,3,5,2,'02/06/2025','coptic','2024-11-27 17:23:19','2024-11-27 17:23:19',NULL),(520,3,5,3,'03/06/2025','coptic','2024-11-27 17:23:19','2024-11-27 17:23:19',NULL),(521,3,5,4,'04/06/2025','coptic','2024-11-27 17:23:19','2024-11-27 17:23:19',NULL),(522,3,5,5,'05/06/2025','coptic','2024-11-27 17:23:19','2024-11-27 17:23:19',NULL),(523,3,5,6,'06/06/2025','coptic','2024-11-27 17:23:19','2024-11-27 17:23:19',NULL),(524,3,5,7,'07/06/2025','coptic','2024-11-27 17:23:19','2024-11-27 17:23:19',NULL),(525,3,6,1,'08/06/2025','coptic','2024-11-27 17:23:19','2024-11-27 17:23:19',NULL),(526,3,6,2,'09/06/2025','coptic','2024-11-27 17:23:19','2024-11-27 17:23:19',NULL),(527,3,6,3,'10/06/2025','coptic','2024-11-27 17:23:19','2024-11-27 17:23:19',NULL),(528,3,6,4,'11/06/2025','coptic','2024-11-27 17:23:19','2024-11-27 17:23:19',NULL),(529,3,6,5,'12/06/2025','coptic','2024-11-27 17:23:19','2024-11-27 17:23:19',NULL),(530,3,6,6,'13/06/2025','coptic','2024-11-27 17:23:19','2024-11-27 17:23:19',NULL),(531,3,6,7,'14/06/2025','coptic','2024-11-27 17:23:19','2024-11-27 17:23:19',NULL),(532,3,7,1,'15/06/2025','coptic','2024-11-27 17:23:19','2024-11-27 17:23:19',NULL),(533,3,7,2,'16/06/2025','coptic','2024-11-27 17:23:19','2024-11-27 17:23:19',NULL),(534,3,7,3,'17/06/2025','coptic','2024-11-27 17:23:19','2024-11-27 17:23:19',NULL),(535,3,7,4,'18/06/2025','coptic','2024-11-27 17:23:19','2024-11-27 17:23:19',NULL),(536,3,7,5,'19/06/2025','coptic','2024-11-27 17:23:19','2024-11-27 17:23:19',NULL),(537,3,7,6,'20/06/2025','coptic','2024-11-27 17:23:19','2024-11-27 17:23:19',NULL),(538,3,7,7,'21/06/2025','coptic','2024-11-27 17:23:19','2024-11-27 17:23:19',NULL),(539,3,8,1,'22/06/2025','coptic','2024-11-27 17:23:19','2024-11-27 17:23:19',NULL),(540,3,8,2,'23/06/2025','coptic','2024-11-27 17:23:19','2024-11-27 17:23:19',NULL),(541,3,8,3,'24/06/2025','coptic','2024-11-27 17:23:19','2024-11-27 17:23:19',NULL),(542,3,8,4,'25/06/2025','coptic','2024-11-27 17:23:19','2024-11-27 17:23:19',NULL),(543,3,8,5,'26/06/2025','coptic','2024-11-27 17:23:19','2024-11-27 17:23:19',NULL),(544,3,8,6,'27/06/2025','coptic','2024-11-27 17:23:19','2024-11-27 17:23:19',NULL),(545,3,8,7,'28/06/2025','coptic','2024-11-27 17:23:19','2024-11-27 17:23:19',NULL),(546,3,9,1,'29/06/2025','coptic','2024-11-27 17:23:19','2024-11-27 17:23:19',NULL),(547,3,9,2,'30/06/2025','coptic','2024-11-27 17:23:19','2024-11-27 17:23:19',NULL),(548,3,9,3,'01/07/2025','coptic','2024-11-27 17:23:19','2024-11-27 17:23:19',NULL),(549,3,9,4,'02/07/2025','coptic','2024-11-27 17:23:19','2024-11-27 17:23:19',NULL),(550,3,9,5,'03/07/2025','coptic','2024-11-27 17:23:19','2024-11-27 17:23:19',NULL),(551,3,9,6,'04/07/2025','coptic','2024-11-27 17:23:19','2024-11-27 17:23:19',NULL),(552,3,9,7,'05/07/2025','coptic','2024-11-27 17:23:19','2024-11-27 17:23:19',NULL),(553,3,10,1,'06/07/2025','coptic','2024-11-27 17:23:19','2024-11-27 17:23:19',NULL),(554,3,10,2,'07/07/2025','coptic','2024-11-27 17:23:19','2024-11-27 17:23:19',NULL),(555,3,10,3,'08/07/2025','coptic','2024-11-27 17:23:19','2024-11-27 17:23:19',NULL),(556,3,10,4,'09/07/2025','coptic','2024-11-27 17:23:19','2024-11-27 17:23:19',NULL),(557,3,10,5,'10/07/2025','coptic','2024-11-27 17:23:19','2024-11-27 17:23:19',NULL),(558,3,10,6,'11/07/2025','coptic','2024-11-27 17:23:19','2024-11-27 17:23:19',NULL),(559,3,10,7,'12/07/2025','coptic','2024-11-27 17:23:19','2024-11-27 17:23:19',NULL),(560,3,11,1,'13/07/2025','coptic','2024-11-27 17:23:19','2024-11-27 17:23:19',NULL),(561,3,11,2,'14/07/2025','coptic','2024-11-27 17:23:19','2024-11-27 17:23:19',NULL),(562,3,11,3,'15/07/2025','coptic','2024-11-27 17:23:19','2024-11-27 17:23:19',NULL),(563,3,11,4,'16/07/2025','coptic','2024-11-27 17:23:19','2024-11-27 17:23:19',NULL),(564,3,11,5,'17/07/2025','coptic','2024-11-27 17:23:19','2024-11-27 17:23:19',NULL),(565,3,11,6,'18/07/2025','coptic','2024-11-27 17:23:19','2024-11-27 17:23:19',NULL),(566,3,11,7,'19/07/2025','coptic','2024-11-27 17:23:19','2024-11-27 17:23:19',NULL),(567,3,12,1,'20/07/2025','coptic','2024-11-27 17:23:19','2024-11-27 17:23:19',NULL),(568,3,12,2,'21/07/2025','coptic','2024-11-27 17:23:19','2024-11-27 17:23:19',NULL),(569,3,12,3,'22/07/2025','coptic','2024-11-27 17:23:19','2024-11-27 17:23:19',NULL),(570,3,12,4,'23/07/2025','coptic','2024-11-27 17:23:19','2024-11-27 17:23:19',NULL),(571,3,12,5,'24/07/2025','coptic','2024-11-27 17:23:19','2024-11-27 17:23:19',NULL),(572,3,12,6,'25/07/2025','coptic','2024-11-27 17:23:19','2024-11-27 17:23:19',NULL),(573,3,12,7,'26/07/2025','coptic','2024-11-27 17:23:19','2024-11-27 17:23:19',NULL),(574,3,13,1,'27/07/2025','coptic','2024-11-27 17:23:19','2024-11-27 17:23:19',NULL),(575,3,13,2,'28/07/2025','coptic','2024-11-27 17:23:19','2024-11-27 17:23:19',NULL),(576,3,13,3,'29/07/2025','coptic','2024-11-27 17:23:19','2024-11-27 17:23:19',NULL),(577,3,13,4,'30/07/2025','coptic','2024-11-27 17:23:19','2024-11-27 17:23:19',NULL),(578,3,13,5,'31/07/2025','coptic','2024-11-27 17:23:19','2024-11-27 17:23:19',NULL),(579,3,13,6,'01/08/2025','coptic','2024-11-27 17:23:19','2024-11-27 17:23:19',NULL),(580,3,13,7,'02/08/2025','coptic','2024-11-27 17:23:19','2024-11-27 17:23:19',NULL),(581,4,NULL,1,'03/08/2025','coptic','2024-11-27 17:23:19','2024-11-27 17:23:19',NULL),(582,4,NULL,2,'04/08/2025','coptic','2024-11-27 17:23:19','2024-11-27 17:23:19',NULL),(583,4,NULL,3,'05/08/2025','coptic','2024-11-27 17:23:19','2024-11-27 17:23:19',NULL),(584,4,NULL,4,'06/08/2025','coptic','2024-11-27 17:23:19','2024-11-27 17:23:19',NULL),(585,4,NULL,5,'07/08/2025','coptic','2024-11-27 17:23:19','2024-11-27 17:23:19',NULL),(586,4,NULL,6,'08/08/2025','coptic','2024-11-27 17:23:19','2024-11-27 17:23:19',NULL),(587,4,NULL,7,'09/08/2025','coptic','2024-11-27 17:23:19','2024-11-27 17:23:19',NULL),(588,4,NULL,1,'10/08/2025','coptic','2024-11-27 17:23:19','2024-11-27 17:23:19',NULL),(589,4,NULL,2,'11/08/2025','coptic','2024-11-27 17:23:19','2024-11-27 17:23:19',NULL),(590,4,NULL,3,'12/08/2025','coptic','2024-11-27 17:23:19','2024-11-27 17:23:19',NULL),(591,4,NULL,4,'13/08/2025','coptic','2024-11-27 17:23:19','2024-11-27 17:23:19',NULL),(592,4,NULL,5,'14/08/2025','coptic','2024-11-27 17:23:19','2024-11-27 17:23:19',NULL),(593,4,NULL,6,'15/08/2025','coptic','2024-11-27 17:23:20','2024-11-27 17:23:20',NULL),(594,4,NULL,7,'16/08/2025','coptic','2024-11-27 17:23:20','2024-11-27 17:23:20',NULL),(595,4,NULL,1,'17/08/2025','coptic','2024-11-27 17:23:20','2024-11-27 17:23:20',NULL),(596,4,NULL,2,'18/08/2025','coptic','2024-11-27 17:23:20','2024-11-27 17:23:20',NULL),(597,4,NULL,3,'19/08/2025','coptic','2024-11-27 17:23:20','2024-11-27 17:23:20',NULL),(598,4,NULL,4,'20/08/2025','coptic','2024-11-27 17:23:20','2024-11-27 17:23:20',NULL),(599,4,NULL,5,'21/08/2025','coptic','2024-11-27 17:23:20','2024-11-27 17:23:20',NULL),(600,4,NULL,6,'22/08/2025','coptic','2024-11-27 17:23:20','2024-11-27 17:23:20',NULL),(601,4,NULL,7,'23/08/2025','coptic','2024-11-27 17:23:20','2024-11-27 17:23:20',NULL),(602,4,NULL,1,'24/08/2025','coptic','2024-11-27 17:23:20','2024-11-27 17:23:20',NULL),(603,4,NULL,2,'25/08/2025','coptic','2024-11-27 17:23:20','2024-11-27 17:23:20',NULL),(604,4,NULL,3,'26/08/2025','coptic','2024-11-27 17:23:20','2024-11-27 17:23:20',NULL),(605,4,NULL,4,'27/08/2025','coptic','2024-11-27 17:23:20','2024-11-27 17:23:20',NULL),(606,4,NULL,5,'28/08/2025','coptic','2024-11-27 17:23:20','2024-11-27 17:23:20',NULL),(607,4,NULL,6,'29/08/2025','coptic','2024-11-27 17:23:20','2024-11-27 17:23:20',NULL),(608,4,NULL,7,'30/08/2025','coptic','2024-11-27 17:23:20','2024-11-27 17:23:20',NULL),(609,4,NULL,1,'31/08/2025','coptic','2024-11-27 17:23:20','2024-11-27 17:23:20',NULL),(610,4,NULL,2,'01/09/2025','coptic','2024-11-27 17:23:20','2024-11-27 17:23:20',NULL),(611,4,NULL,3,'02/09/2025','coptic','2024-11-27 17:23:20','2024-11-27 17:23:20',NULL),(612,4,NULL,4,'03/09/2025','coptic','2024-11-27 17:23:20','2024-11-27 17:23:20',NULL),(613,4,NULL,5,'04/09/2025','coptic','2024-11-27 17:23:20','2024-11-27 17:23:20',NULL),(614,4,NULL,6,'05/09/2025','coptic','2024-11-27 17:23:20','2024-11-27 17:23:20',NULL),(615,4,NULL,7,'06/09/2025','coptic','2024-11-27 17:23:20','2024-11-27 17:23:20',NULL),(616,4,NULL,1,'07/09/2025','coptic','2024-11-27 17:23:20','2024-11-27 17:23:20',NULL),(617,4,NULL,2,'08/09/2025','coptic','2024-11-27 17:23:20','2024-11-27 17:23:20',NULL),(618,4,NULL,3,'09/09/2025','coptic','2024-11-27 17:23:20','2024-11-27 17:23:20',NULL),(619,4,NULL,4,'10/09/2025','coptic','2024-11-27 17:23:20','2024-11-27 17:23:20',NULL),(620,4,NULL,5,'11/09/2025','coptic','2024-11-27 17:23:20','2024-11-27 17:23:20',NULL),(621,4,NULL,6,'12/09/2025','coptic','2024-11-27 17:23:20','2024-11-27 17:23:20',NULL),(622,4,NULL,7,'13/09/2025','coptic','2024-11-27 17:23:20','2024-11-27 17:23:20',NULL),(623,4,NULL,1,'14/09/2025','coptic','2024-11-27 17:23:20','2024-11-27 17:23:20',NULL),(624,4,NULL,2,'15/09/2025','coptic','2024-11-27 17:23:20','2024-11-27 17:23:20',NULL),(625,4,NULL,3,'16/09/2025','coptic','2024-11-27 17:23:20','2024-11-27 17:23:20',NULL),(626,4,NULL,4,'17/09/2025','coptic','2024-11-27 17:23:20','2024-11-27 17:23:20',NULL),(627,4,NULL,5,'18/09/2025','coptic','2024-11-27 17:23:20','2024-11-27 17:23:20',NULL),(628,4,NULL,6,'19/09/2025','coptic','2024-11-27 17:23:20','2024-11-27 17:23:20',NULL),(629,4,NULL,7,'20/09/2025','coptic','2024-11-27 17:23:20','2024-11-27 17:23:20',NULL),(630,4,NULL,1,'21/09/2025','coptic','2024-11-27 17:23:20','2024-11-27 17:23:20',NULL),(631,4,NULL,2,'22/09/2025','coptic','2024-11-27 17:23:20','2024-11-27 17:23:20',NULL),(632,4,NULL,3,'23/09/2025','coptic','2024-11-27 17:23:20','2024-11-27 17:23:20',NULL),(633,4,NULL,4,'24/09/2025','coptic','2024-11-27 17:23:20','2024-11-27 17:23:20',NULL),(634,4,NULL,5,'25/09/2025','coptic','2024-11-27 17:23:20','2024-11-27 17:23:20',NULL),(635,4,NULL,6,'26/09/2025','coptic','2024-11-27 17:23:20','2024-11-27 17:23:20',NULL),(636,4,NULL,7,'27/09/2025','coptic','2024-11-27 17:23:20','2024-11-27 17:23:20',NULL),(637,4,NULL,1,'28/09/2025','coptic','2024-11-27 17:23:20','2024-11-27 17:23:20',NULL),(638,4,NULL,2,'29/09/2025','coptic','2024-11-27 17:23:20','2024-11-27 17:23:20',NULL),(639,4,NULL,3,'30/09/2025','coptic','2024-11-27 17:23:20','2024-11-27 17:23:20',NULL),(640,4,NULL,4,'01/10/2025','coptic','2024-11-27 17:23:20','2024-11-27 17:23:20',NULL),(641,4,NULL,5,'02/10/2025','coptic','2024-11-27 17:23:20','2024-11-27 17:23:20',NULL),(642,4,NULL,6,'03/10/2025','coptic','2024-11-27 17:23:20','2024-11-27 17:23:20',NULL),(643,4,NULL,7,'04/10/2025','coptic','2024-11-27 17:23:20','2024-11-27 17:23:20',NULL),(644,4,NULL,1,'05/10/2025','coptic','2024-11-27 17:23:20','2024-11-27 17:23:20',NULL),(645,4,NULL,2,'06/10/2025','coptic','2024-11-27 17:23:20','2024-11-27 17:23:20',NULL),(646,4,NULL,3,'07/10/2025','coptic','2024-11-27 17:23:20','2024-11-27 17:23:20',NULL),(647,4,NULL,4,'08/10/2025','coptic','2024-11-27 17:23:20','2024-11-27 17:23:20',NULL),(648,4,NULL,5,'09/10/2025','coptic','2024-11-27 17:23:20','2024-11-27 17:23:20',NULL),(649,4,NULL,6,'10/10/2025','coptic','2024-11-27 17:23:20','2024-11-27 17:23:20',NULL),(650,4,NULL,7,'11/10/2025','coptic','2024-11-27 17:23:20','2024-11-27 17:23:20',NULL),(651,4,NULL,1,'12/10/2025','coptic','2024-11-27 17:23:20','2024-11-27 17:23:20',NULL),(652,4,NULL,2,'13/10/2025','coptic','2024-11-27 17:23:20','2024-11-27 17:23:20',NULL),(653,4,NULL,3,'14/10/2025','coptic','2024-11-27 17:23:20','2024-11-27 17:23:20',NULL),(654,4,NULL,4,'15/10/2025','coptic','2024-11-27 17:23:20','2024-11-27 17:23:20',NULL),(655,4,NULL,5,'16/10/2025','coptic','2024-11-27 17:23:20','2024-11-27 17:23:20',NULL),(656,4,NULL,6,'17/10/2025','coptic','2024-11-27 17:23:20','2024-11-27 17:23:20',NULL),(657,4,NULL,7,'18/10/2025','coptic','2024-11-27 17:23:20','2024-11-27 17:23:20',NULL),(658,4,NULL,1,'19/10/2025','coptic','2024-11-27 17:23:20','2024-11-27 17:23:20',NULL),(659,4,NULL,2,'20/10/2025','coptic','2024-11-27 17:23:20','2024-11-27 17:23:20',NULL),(660,4,NULL,3,'21/10/2025','coptic','2024-11-27 17:23:20','2024-11-27 17:23:20',NULL),(661,4,NULL,4,'22/10/2025','coptic','2024-11-27 17:23:20','2024-11-27 17:23:20',NULL),(662,4,NULL,5,'23/10/2025','coptic','2024-11-27 17:23:20','2024-11-27 17:23:20',NULL),(663,4,NULL,6,'24/10/2025','coptic','2024-11-27 17:23:20','2024-11-27 17:23:20',NULL),(664,4,NULL,7,'25/10/2025','coptic','2024-11-27 17:23:20','2024-11-27 17:23:20',NULL),(665,4,NULL,1,'26/10/2025','coptic','2024-11-27 17:23:20','2024-11-27 17:23:20',NULL),(666,4,NULL,2,'27/10/2025','coptic','2024-11-27 17:23:20','2024-11-27 17:23:20',NULL),(667,4,NULL,3,'28/10/2025','coptic','2024-11-27 17:23:20','2024-11-27 17:23:20',NULL),(668,4,NULL,4,'29/10/2025','coptic','2024-11-27 17:23:20','2024-11-27 17:23:20',NULL),(669,4,NULL,5,'30/10/2025','coptic','2024-11-27 17:23:20','2024-11-27 17:23:20',NULL),(670,4,NULL,6,'31/10/2025','coptic','2024-11-27 17:23:20','2024-11-27 17:23:20',NULL),(671,4,NULL,7,'01/11/2025','coptic','2024-11-27 17:23:20','2024-11-27 17:23:20',NULL),(672,4,NULL,1,'02/11/2025','coptic','2024-11-27 17:23:20','2024-11-27 17:23:20',NULL),(673,4,NULL,2,'03/11/2025','coptic','2024-11-27 17:23:20','2024-11-27 17:23:20',NULL),(674,4,NULL,3,'04/11/2025','coptic','2024-11-27 17:23:20','2024-11-27 17:23:20',NULL),(675,4,NULL,4,'05/11/2025','coptic','2024-11-27 17:23:20','2024-11-27 17:23:20',NULL),(676,4,NULL,5,'06/11/2025','coptic','2024-11-27 17:23:20','2024-11-27 17:23:20',NULL),(677,4,NULL,6,'07/11/2025','coptic','2024-11-27 17:23:20','2024-11-27 17:23:20',NULL),(678,4,NULL,7,'08/11/2025','coptic','2024-11-27 17:23:20','2024-11-27 17:23:20',NULL),(679,4,NULL,1,'09/11/2025','coptic','2024-11-27 17:23:20','2024-11-27 17:23:20',NULL),(680,4,NULL,2,'10/11/2025','coptic','2024-11-27 17:23:20','2024-11-27 17:23:20',NULL),(681,4,NULL,3,'11/11/2025','coptic','2024-11-27 17:23:20','2024-11-27 17:23:20',NULL),(682,4,NULL,4,'12/11/2025','coptic','2024-11-27 17:23:20','2024-11-27 17:23:20',NULL),(683,4,NULL,5,'13/11/2025','coptic','2024-11-27 17:23:20','2024-11-27 17:23:20',NULL),(684,4,NULL,6,'14/11/2025','coptic','2024-11-27 17:23:20','2024-11-27 17:23:20',NULL),(685,4,NULL,7,'15/11/2025','coptic','2024-11-27 17:23:20','2024-11-27 17:23:20',NULL),(686,4,NULL,1,'16/11/2025','coptic','2024-11-27 17:23:20','2024-11-27 17:23:20',NULL),(687,4,NULL,2,'17/11/2025','coptic','2024-11-27 17:23:20','2024-11-27 17:23:20',NULL),(688,4,NULL,3,'18/11/2025','coptic','2024-11-27 17:23:20','2024-11-27 17:23:20',NULL),(689,4,NULL,4,'19/11/2025','coptic','2024-11-27 17:23:20','2024-11-27 17:23:20',NULL),(690,4,NULL,5,'20/11/2025','coptic','2024-11-27 17:23:20','2024-11-27 17:23:20',NULL),(691,4,NULL,6,'21/11/2025','coptic','2024-11-27 17:23:20','2024-11-27 17:23:20',NULL),(692,4,NULL,7,'22/11/2025','coptic','2024-11-27 17:23:20','2024-11-27 17:23:20',NULL),(693,4,NULL,1,'23/11/2025','coptic','2024-11-27 17:23:20','2024-11-27 17:23:20',NULL),(694,4,NULL,2,'24/11/2025','coptic','2024-11-27 17:23:20','2024-11-27 17:23:20',NULL),(695,4,NULL,3,'25/11/2025','coptic','2024-11-27 17:23:20','2024-11-27 17:23:20',NULL),(696,4,NULL,4,'26/11/2025','coptic','2024-11-27 17:23:20','2024-11-27 17:23:20',NULL),(697,4,NULL,5,'27/11/2025','coptic','2024-11-27 17:23:20','2024-11-27 17:23:20',NULL),(698,4,NULL,6,'28/11/2025','coptic','2024-11-27 17:23:20','2024-11-27 17:23:20',NULL),(699,4,NULL,7,'29/11/2025','coptic','2024-11-27 17:23:20','2024-11-27 17:23:20',NULL),(700,4,NULL,1,'30/11/2025','coptic','2024-11-27 17:23:20','2024-11-27 17:23:20',NULL),(701,4,NULL,2,'01/12/2025','coptic','2024-11-27 17:23:20','2024-11-27 17:23:20',NULL),(702,4,NULL,3,'02/12/2025','coptic','2024-11-27 17:23:20','2024-11-27 17:23:20',NULL),(703,4,NULL,4,'03/12/2025','coptic','2024-11-27 17:23:20','2024-11-27 17:23:20',NULL),(704,4,NULL,5,'04/12/2025','coptic','2024-11-27 17:23:20','2024-11-27 17:23:20',NULL),(705,4,NULL,6,'05/12/2025','coptic','2024-11-27 17:23:20','2024-11-27 17:23:20',NULL),(706,4,NULL,7,'06/12/2025','coptic','2024-11-27 17:23:20','2024-11-27 17:23:20',NULL),(707,4,NULL,1,'07/12/2025','coptic','2024-11-27 17:23:20','2024-11-27 17:23:20',NULL),(708,4,NULL,2,'08/12/2025','coptic','2024-11-27 17:23:20','2024-11-27 17:23:20',NULL),(709,4,NULL,3,'09/12/2025','coptic','2024-11-27 17:23:20','2024-11-27 17:23:20',NULL),(710,4,NULL,4,'10/12/2025','coptic','2024-11-27 17:23:20','2024-11-27 17:23:20',NULL),(711,4,NULL,5,'11/12/2025','coptic','2024-11-27 17:23:20','2024-11-27 17:23:20',NULL),(712,4,NULL,6,'12/12/2025','coptic','2024-11-27 17:23:20','2024-11-27 17:23:20',NULL),(713,4,NULL,7,'13/12/2025','coptic','2024-11-27 17:23:20','2024-11-27 17:23:20',NULL),(714,4,NULL,1,'14/12/2025','coptic','2024-11-27 17:23:20','2024-11-27 17:23:20',NULL),(715,4,NULL,2,'15/12/2025','coptic','2024-11-27 17:23:20','2024-11-27 17:23:20',NULL),(716,4,NULL,3,'16/12/2025','coptic','2024-11-27 17:23:20','2024-11-27 17:23:20',NULL),(717,4,NULL,4,'17/12/2025','coptic','2024-11-27 17:23:20','2024-11-27 17:23:20',NULL),(718,4,NULL,5,'18/12/2025','coptic','2024-11-27 17:23:20','2024-11-27 17:23:20',NULL),(719,4,NULL,6,'19/12/2025','coptic','2024-11-27 17:23:20','2024-11-27 17:23:20',NULL),(720,4,NULL,7,'20/12/2025','coptic','2024-11-27 17:23:20','2024-11-27 17:23:20',NULL),(721,4,NULL,1,'21/12/2025','coptic','2024-11-27 17:23:20','2024-11-27 17:23:20',NULL),(722,4,NULL,2,'22/12/2025','coptic','2024-11-27 17:23:20','2024-11-27 17:23:20',NULL),(723,4,NULL,3,'23/12/2025','coptic','2024-11-27 17:23:20','2024-11-27 17:23:20',NULL),(724,4,NULL,4,'24/12/2025','coptic','2024-11-27 17:23:20','2024-11-27 17:23:20',NULL),(725,4,NULL,5,'25/12/2025','coptic','2024-11-27 17:23:20','2024-11-27 17:23:20',NULL),(726,4,NULL,6,'26/12/2025','coptic','2024-11-27 17:23:20','2024-11-27 17:23:20',NULL),(727,4,NULL,7,'27/12/2025','coptic','2024-11-27 17:23:20','2024-11-27 17:23:20',NULL),(728,4,NULL,1,'28/12/2025','coptic','2024-11-27 17:23:20','2024-11-27 17:23:20',NULL),(729,4,NULL,2,'29/12/2025','coptic','2024-11-27 17:23:20','2024-11-27 17:23:20',NULL),(730,4,NULL,3,'30/12/2025','coptic','2024-11-27 17:23:20','2024-11-27 17:23:20',NULL),(731,4,NULL,4,'31/12/2025','coptic','2024-11-27 17:23:20','2024-11-27 17:23:20',NULL);

--
