-- Table structure for table `students_lateness_procedures`
--

CREATE TABLE `students_lateness_procedures` (
  `id` bigint unsigned NOT NULL AUTO_INCREMENT,
  `school_id` bigint unsigned NOT NULL,
  `student_id` bigint unsigned NOT NULL,
  `semester_id` bigint unsigned NOT NULL,
  `namozeg_version_id` bigint unsigned NOT NULL,
  `warning` varchar(191) COLLATE utf8mb4_unicode_ci DEFAULT NULL,
  `lateness_days` int NOT NULL,
  `created_at` timestamp NULL DEFAULT NULL,
  `updated_at` timestamp NULL DEFAULT NULL,
  `deleted_at` timestamp NULL DEFAULT NULL,
  PRIMARY KEY (`id`),
  KEY `students_lateness_procedures_school_id_foreign` (`school_id`),
  KEY `students_lateness_procedures_student_id_foreign` (`student_id`),
  KEY `students_lateness_procedures_semester_id_foreign` (`semester_id`),
  KEY `students_lateness_procedures_namozeg_version_id_foreign` (`namozeg_version_id`),
  CONSTRAINT `students_lateness_procedures_namozeg_version_id_foreign` FOREIGN KEY (`namozeg_version_id`) REFERENCES `namazeg_versions` (`id`) ON DELETE CASCADE,
  CONSTRAINT `students_lateness_procedures_school_id_foreign` FOREIGN KEY (`school_id`) REFERENCES `schools` (`id`) ON DELETE CASCADE,
  CONSTRAINT `students_lateness_procedures_semester_id_foreign` FOREIGN KEY (`semester_id`) REFERENCES `semesters` (`id`) ON DELETE CASCADE,
  CONSTRAINT `students_lateness_procedures_student_id_foreign` FOREIGN KEY (`student_id`) REFERENCES `school_students` (`id`) ON DELETE CASCADE
) ENGINE=InnoDB AUTO_INCREMENT=5 DEFAULT CHARSET=utf8mb4 COLLATE=utf8mb4_unicode_ci;

--
-- Dumping data for table `students_lateness_procedures`
--

INSERT INTO `students_lateness_procedures` (`id`, `school_id`, `student_id`, `semester_id`, `namozeg_version_id`, `warning`, `lateness_days`, `created_at`, `updated_at`, `deleted_at`) VALUES (1,81,61441,1,11619,'delete_last_procedure',3,'2024-10-19 14:18:00','2024-11-27 10:40:03',NULL),(2,81,61452,1,11620,'delete_last_procedure',3,'2024-10-19 14:18:00','2024-11-27 10:40:03',NULL),(3,81,61442,1,12714,'delete_last_procedure',5,'2024-11-18 14:02:03','2024-11-27 10:40:03',NULL),(4,98,106908,1,13049,'delete_last_procedure',5,'2024-11-26 11:12:16','2024-11-26 11:13:35',NULL);

--
-- Table structure for table `subjects`
--

CREATE TABLE `subjects` (
  `id` bigint unsigned NOT NULL AUTO_INCREMENT,
  `name` varchar(150) CHARACTER SET utf8mb4 COLLATE utf8mb4_unicode_ci NOT NULL,
  `school_grade_id` bigint unsigned NOT NULL,
  `class_name_id` bigint unsigned DEFAULT NULL,
  `semester_id` bigint unsigned DEFAULT NULL,
  `created_at` timestamp NULL DEFAULT NULL,
  `updated_at` timestamp NULL DEFAULT NULL,
  `deleted_at` timestamp NULL DEFAULT NULL,
  PRIMARY KEY (`id`),
  KEY `subjects_school_grade_id_foreign` (`school_grade_id`),
  KEY `subjects_class_name_id_foreign` (`class_name_id`),
  KEY `subjects_semester_id_foreign` (`semester_id`),
  CONSTRAINT `subjects_class_name_id_foreign` FOREIGN KEY (`class_name_id`) REFERENCES `class_names` (`id`) ON DELETE CASCADE,
  CONSTRAINT `subjects_school_grade_id_foreign` FOREIGN KEY (`school_grade_id`) REFERENCES `school_grades` (`id`) ON DELETE CASCADE,
  CONSTRAINT `subjects_semester_id_foreign` FOREIGN KEY (`semester_id`) REFERENCES `semesters` (`id`) ON DELETE CASCADE
) ENGINE=InnoDB AUTO_INCREMENT=79 DEFAULT CHARSET=utf8mb4 COLLATE=utf8mb4_unicode_ci;

--
-- Dumping data for table `subjects`
--

INSERT INTO `subjects` (`id`, `name`, `school_grade_id`, `class_name_id`, `semester_id`, `created_at`, `updated_at`, `deleted_at`) VALUES (1,'القران الكريم والدراسات الاسلامية',1,NULL,1,'2024-11-18 11:21:53','2024-11-18 11:21:53',NULL),(2,'اللغة العربية',1,NULL,1,'2024-11-18 11:21:53','2024-11-18 11:21:53',NULL),(3,'رياضيات',2,NULL,1,'2024-11-18 11:21:53','2024-11-18 11:21:53',NULL),(4,'علوم',2,NULL,1,'2024-11-18 11:21:53','2024-11-18 11:21:53',NULL),(5,'اللغة الانجليزية',3,NULL,1,'2024-11-18 11:21:53','2024-11-18 11:21:53',NULL),(6,'التربية الفنية',3,NULL,1,'2024-11-18 11:21:53','2024-11-18 11:21:53',NULL),(7,'التربية البدنية والدفاع عن النفس',3,NULL,1,'2024-11-18 11:21:53','2024-11-18 11:21:53',NULL),(8,'المهارات الحياتية والاسرية',2,NULL,1,'2024-11-18 11:21:53','2024-11-18 11:21:53',NULL);

--
-- Table structure for table `subscription_details_retrieval`
--

CREATE TABLE `subscription_details_retrieval` (
  `id` bigint unsigned NOT NULL AUTO_INCREMENT,
  `subscription_id` bigint unsigned NOT NULL,
  `approval_number` bigint NOT NULL,
  `approval_reason` varchar(191) COLLATE utf8mb4_unicode_ci NOT NULL,
  `receipt_img` varchar(191) COLLATE utf8mb4_unicode_ci DEFAULT NULL,
  `created_at` timestamp NULL DEFAULT NULL,
  `updated_at` timestamp NULL DEFAULT NULL,
  PRIMARY KEY (`id`),
  KEY `subscription_details_retrieval_subscription_id_foreign` (`subscription_id`),
  CONSTRAINT `subscription_details_retrieval_subscription_id_foreign` FOREIGN KEY (`subscription_id`) REFERENCES `subscriptions` (`id`) ON DELETE CASCADE
) ENGINE=InnoDB DEFAULT CHARSET=utf8mb4 COLLATE=utf8mb4_unicode_ci;

--
-- Dumping data for table `subscription_details_retrieval`
--


--
-- Table structure for table `subscriptions`
--

CREATE TABLE `subscriptions` (
  `id` bigint unsigned NOT NULL AUTO_INCREMENT,
  `user_id` bigint unsigned NOT NULL,
  `product_id` bigint unsigned NOT NULL,
  `start_date` varchar(191) COLLATE utf8mb4_unicode_ci DEFAULT NULL,
  `end_date` varchar(191) COLLATE utf8mb4_unicode_ci DEFAULT NULL,
  `status` varchar(191) COLLATE utf8mb4_unicode_ci DEFAULT NULL COMMENT 'Experimental,subscribed,not_subscribed,canceled,finished,finished_by_user,refunded',
  `service_type` varchar(191) COLLATE utf8mb4_unicode_ci DEFAULT NULL COMMENT 'system,sms',
  `messages_consumed` int DEFAULT NULL,
  `paid_type` varchar(191) COLLATE utf8mb4_unicode_ci DEFAULT NULL COMMENT 'bank_transfer , payment_gateway',
  `order_number` bigint DEFAULT NULL,
  `paid_status` varchar(191) COLLATE utf8mb4_unicode_ci DEFAULT NULL COMMENT 'panding,confirm,refused,refunded',
  `subscription_fee` int DEFAULT NULL,
  `coupon_discount` int DEFAULT NULL,
  `coupon_id` bigint unsigned DEFAULT NULL,
  `tax_fees` int DEFAULT NULL,
  `total_price` int DEFAULT NULL,
  `invoice_number` bigint DEFAULT NULL,
  `cancellation_reason` longtext COLLATE utf8mb4_unicode_ci,
  `created_at` timestamp NULL DEFAULT NULL,
  `updated_at` timestamp NULL DEFAULT NULL,
  PRIMARY KEY (`id`),
  UNIQUE KEY `subscriptions_order_number_unique` (`order_number`),
  UNIQUE KEY `subscriptions_invoice_number_unique` (`invoice_number`),
  KEY `subscriptions_user_id_foreign` (`user_id`),
  KEY `subscriptions_product_id_foreign` (`product_id`),
  KEY `subscriptions_coupon_id_foreign` (`coupon_id`),
  CONSTRAINT `subscriptions_coupon_id_foreign` FOREIGN KEY (`coupon_id`) REFERENCES `coupons` (`id`) ON DELETE CASCADE,
  CONSTRAINT `subscriptions_product_id_foreign` FOREIGN KEY (`product_id`) REFERENCES `products` (`id`) ON DELETE RESTRICT,
  CONSTRAINT `subscriptions_user_id_foreign` FOREIGN KEY (`user_id`) REFERENCES `users` (`id`) ON DELETE CASCADE
) ENGINE=InnoDB AUTO_INCREMENT=67 DEFAULT CHARSET=utf8mb4 COLLATE=utf8mb4_unicode_ci;

--
-- Dumping data for table `subscriptions`
--

INSERT INTO `subscriptions` (`id`, `user_id`, `product_id`, `start_date`, `end_date`, `status`, `service_type`, `messages_consumed`, `paid_type`, `order_number`, `paid_status`, `subscription_fee`, `coupon_discount`, `coupon_id`, `tax_fees`, `total_price`, `invoice_number`, `cancellation_reason`, `created_at`, `updated_at`) VALUES (1,845,1,'24/11/2024','08/12/2024','not_subscribed','system',NULL,NULL,NULL,'Unpaid',3000,600,21,450,2400,NULL,NULL,'2024-11-24 11:22:08','2024-11-25 11:22:22'),(2,845,5,NULL,NULL,'Experimental','sms',NULL,'bank_transfer',1732543957,'pending',NULL,NULL,NULL,NULL,NULL,NULL,NULL,'2024-11-24 11:22:08','2024-11-25 13:12:37'),(3,269,1,'24/11/2024','08/12/2024','Subscribed','system',NULL,NULL,NULL,'Unpaid',3000,600,21,450,2400,NULL,NULL,'2024-11-24 18:10:31','2024-11-28 14:40:55'),(4,269,5,NULL,NULL,'Experimental','sms',NULL,NULL,NULL,'paid',NULL,NULL,NULL,NULL,NULL,NULL,NULL,'2024-11-24 18:10:31','2024-11-24 18:10:31'),(5,902,1,'25/11/2024','09/12/2024','Experimental','system',NULL,NULL,NULL,NULL,NULL,NULL,NULL,NULL,NULL,NULL,NULL,'2024-11-25 14:19:18','2024-11-25 14:19:18'),(6,902,5,NULL,NULL,'Experimental','sms',NULL,NULL,NULL,'paid',NULL,NULL,NULL,NULL,NULL,NULL,NULL,'2024-11-25 14:19:18','2024-11-25 14:19:18'),(7,957,1,'26/11/2024','10/12/2024','Experimental','system',NULL,NULL,NULL,NULL,NULL,NULL,NULL,NULL,NULL,NULL,NULL,'2024-11-26 12:20:30','2024-11-26 12:20:30'),(8,957,5,NULL,NULL,'Experimental','sms',NULL,NULL,NULL,'paid',NULL,NULL,NULL,NULL,NULL,NULL,NULL,'2024-11-26 12:20:30','2024-11-26 12:20:30'),(9,959,1,'27/11/2024','11/12/2024','Experimental','system',NULL,NULL,NULL,NULL,NULL,NULL,NULL,NULL,NULL,NULL,NULL,'2024-11-27 11:35:01','2024-11-27 11:35:01'),(10,959,5,NULL,NULL,'Experimental','sms',NULL,NULL,NULL,'paid',NULL,NULL,NULL,NULL,NULL,NULL,NULL,'2024-11-27 11:35:01','2024-11-27 11:35:01'),(11,960,1,'27/11/2024','11/12/2024','Experimental','system',NULL,NULL,NULL,NULL,NULL,NULL,NULL,NULL,NULL,NULL,NULL,'2024-11-27 12:10:37','2024-11-27 12:10:37'),(12,960,5,NULL,NULL,'Experimental','sms',NULL,NULL,NULL,'paid',NULL,NULL,NULL,NULL,NULL,NULL,NULL,'2024-11-27 12:10:37','2024-11-27 12:10:37'),(13,961,1,'27/11/2024','11/12/2024','Experimental','system',NULL,NULL,NULL,NULL,NULL,NULL,NULL,NULL,NULL,NULL,NULL,'2024-11-27 12:22:58','2024-11-27 12:22:58'),(14,961,5,NULL,NULL,'Experimental','sms',NULL,NULL,NULL,'paid',NULL,NULL,NULL,NULL,NULL,NULL,NULL,'2024-11-27 12:22:58','2024-11-27 12:22:58'),(15,962,1,'27/11/2024','11/12/2024','Experimental','system',NULL,NULL,NULL,NULL,NULL,NULL,NULL,NULL,NULL,NULL,NULL,'2024-11-27 12:34:27','2024-11-27 12:34:27'),(16,962,5,NULL,NULL,'Experimental','sms',NULL,NULL,NULL,'paid',NULL,NULL,NULL,NULL,NULL,NULL,NULL,'2024-11-27 12:34:27','2024-11-27 12:34:27'),(17,962,1,'27/11/2024','11/12/2024','Experimental','system',NULL,NULL,NULL,NULL,NULL,NULL,NULL,NULL,NULL,NULL,NULL,'2024-11-27 12:34:42','2024-11-27 12:34:42'),(18,962,5,NULL,NULL,'Experimental','sms',NULL,NULL,NULL,'paid',NULL,NULL,NULL,NULL,NULL,NULL,NULL,'2024-11-27 12:34:42','2024-11-27 12:34:42'),(19,962,1,'27/11/2024','11/12/2024','Experimental','system',NULL,NULL,NULL,NULL,NULL,NULL,NULL,NULL,NULL,NULL,NULL,'2024-11-27 12:35:22','2024-11-27 12:35:22'),(20,962,5,NULL,NULL,'Experimental','sms',NULL,NULL,NULL,'paid',NULL,NULL,NULL,NULL,NULL,NULL,NULL,'2024-11-27 12:35:22','2024-11-27 12:35:22'),(21,962,1,'27/11/2024','11/12/2024','Experimental','system',NULL,NULL,NULL,NULL,NULL,NULL,NULL,NULL,NULL,NULL,NULL,'2024-11-27 12:36:55','2024-11-27 12:36:55'),(22,962,5,NULL,NULL,'Experimental','sms',NULL,NULL,NULL,'paid',NULL,NULL,NULL,NULL,NULL,NULL,NULL,'2024-11-27 12:36:55','2024-11-27 12:36:55'),(23,963,1,'27/11/2024','11/12/2024','Experimental','system',NULL,NULL,NULL,NULL,NULL,NULL,NULL,NULL,NULL,NULL,NULL,'2024-11-27 12:38:21','2024-11-27 12:38:21'),(24,963,5,NULL,NULL,'Experimental','sms',NULL,NULL,NULL,'paid',NULL,NULL,NULL,NULL,NULL,NULL,NULL,'2024-11-27 12:38:21','2024-11-27 12:38:21'),(25,963,1,'27/11/2024','11/12/2024','Experimental','system',NULL,NULL,NULL,NULL,NULL,NULL,NULL,NULL,NULL,NULL,NULL,'2024-11-27 12:50:40','2024-11-27 12:50:40'),(26,963,5,NULL,NULL,'Experimental','sms',NULL,NULL,NULL,'paid',NULL,NULL,NULL,NULL,NULL,NULL,NULL,'2024-11-27 12:50:40','2024-11-27 12:50:40'),(27,963,1,'27/11/2024','11/12/2024','Experimental','system',NULL,NULL,NULL,NULL,NULL,NULL,NULL,NULL,NULL,NULL,NULL,'2024-11-27 12:50:50','2024-11-27 12:50:50'),(28,963,5,NULL,NULL,'Experimental','sms',NULL,NULL,NULL,'paid',NULL,NULL,NULL,NULL,NULL,NULL,NULL,'2024-11-27 12:50:50','2024-11-27 12:50:50'),(29,963,1,'27/11/2024','11/12/2024','Experimental','system',NULL,NULL,NULL,NULL,NULL,NULL,NULL,NULL,NULL,NULL,NULL,'2024-11-27 12:51:15','2024-11-27 12:51:15'),(30,963,5,NULL,NULL,'Experimental','sms',NULL,NULL,NULL,'paid',NULL,NULL,NULL,NULL,NULL,NULL,NULL,'2024-11-27 12:51:15','2024-11-27 12:51:15'),(31,963,1,'27/11/2024','11/12/2024','Experimental','system',NULL,NULL,NULL,NULL,NULL,NULL,NULL,NULL,NULL,NULL,NULL,'2024-11-27 12:52:33','2024-11-27 12:52:33'),(32,963,5,NULL,NULL,'Experimental','sms',NULL,NULL,NULL,'paid',NULL,NULL,NULL,NULL,NULL,NULL,NULL,'2024-11-27 12:52:33','2024-11-27 12:52:33'),(33,963,1,'27/11/2024','11/12/2024','Experimental','system',NULL,NULL,NULL,NULL,NULL,NULL,NULL,NULL,NULL,NULL,NULL,'2024-11-27 12:52:38','2024-11-27 12:52:38'),(34,963,5,NULL,NULL,'Experimental','sms',NULL,NULL,NULL,'paid',NULL,NULL,NULL,NULL,NULL,NULL,NULL,'2024-11-27 12:52:38','2024-11-27 12:52:38'),(35,963,1,'27/11/2024','11/12/2024','Experimental','system',NULL,NULL,NULL,NULL,NULL,NULL,NULL,NULL,NULL,NULL,NULL,'2024-11-27 12:53:21','2024-11-27 12:53:21'),(36,963,5,NULL,NULL,'Experimental','sms',NULL,NULL,NULL,'paid',NULL,NULL,NULL,NULL,NULL,NULL,NULL,'2024-11-27 12:53:21','2024-11-27 12:53:21'),(37,963,1,'27/11/2024','11/12/2024','Experimental','system',NULL,NULL,NULL,NULL,NULL,NULL,NULL,NULL,NULL,NULL,NULL,'2024-11-27 12:54:11','2024-11-27 12:54:11'),(38,963,5,NULL,NULL,'Experimental','sms',NULL,NULL,NULL,'paid',NULL,NULL,NULL,NULL,NULL,NULL,NULL,'2024-11-27 12:54:11','2024-11-27 12:54:11'),(39,963,1,'27/11/2024','11/12/2024','Experimental','system',NULL,NULL,NULL,NULL,NULL,NULL,NULL,NULL,NULL,NULL,NULL,'2024-11-27 12:54:15','2024-11-27 12:54:15'),(40,963,5,NULL,NULL,'Experimental','sms',NULL,NULL,NULL,'paid',NULL,NULL,NULL,NULL,NULL,NULL,NULL,'2024-11-27 12:54:15','2024-11-27 12:54:15'),(41,964,1,'27/11/2024','11/12/2024','Experimental','system',NULL,NULL,NULL,NULL,NULL,NULL,NULL,NULL,NULL,NULL,NULL,'2024-11-27 13:13:34','2024-11-27 13:13:34'),(42,964,5,NULL,NULL,'Experimental','sms',NULL,NULL,NULL,'paid',NULL,NULL,NULL,NULL,NULL,NULL,NULL,'2024-11-27 13:13:34','2024-11-27 13:13:34'),(43,967,1,'27/11/2024','11/12/2024','Experimental','system',NULL,NULL,NULL,NULL,NULL,NULL,NULL,NULL,NULL,NULL,NULL,'2024-11-27 14:59:46','2024-11-27 14:59:46'),(44,967,5,NULL,NULL,'Experimental','sms',NULL,NULL,NULL,'paid',NULL,NULL,NULL,NULL,NULL,NULL,NULL,'2024-11-27 14:59:46','2024-11-27 14:59:46'),(53,1066,1,'28/11/2024','12/12/2024','Experimental','system',NULL,NULL,NULL,NULL,NULL,NULL,NULL,NULL,NULL,NULL,NULL,'2024-11-28 11:36:13','2024-11-28 11:36:13'),(54,1066,5,NULL,NULL,'Experimental','sms',NULL,NULL,NULL,'paid',NULL,NULL,NULL,NULL,NULL,NULL,NULL,'2024-11-28 11:36:13','2024-11-28 11:36:13'),(55,1067,1,'28/11/2024','12/12/2024','Experimental','system',NULL,NULL,NULL,NULL,NULL,NULL,NULL,NULL,NULL,NULL,NULL,'2024-11-28 11:47:29','2024-11-28 11:47:29'),(56,1067,5,NULL,NULL,'Experimental','sms',NULL,NULL,NULL,'paid',NULL,NULL,NULL,NULL,NULL,NULL,NULL,'2024-11-28 11:47:29','2024-11-28 11:47:29'),(57,1068,1,'28/11/2024','12/12/2024','Experimental','system',NULL,NULL,NULL,NULL,NULL,NULL,NULL,NULL,NULL,NULL,NULL,'2024-11-28 11:50:45','2024-11-28 11:50:45'),(58,1068,5,NULL,NULL,'Experimental','sms',NULL,NULL,NULL,'paid',NULL,NULL,NULL,NULL,NULL,NULL,NULL,'2024-11-28 11:50:45','2024-11-28 11:50:45'),(59,1069,1,'28/11/2024','12/12/2024','Experimental','system',NULL,NULL,NULL,NULL,NULL,NULL,NULL,NULL,NULL,NULL,NULL,'2024-11-28 11:56:20','2024-11-28 11:56:20'),(60,1069,5,NULL,NULL,'Experimental','sms',NULL,NULL,NULL,'paid',NULL,NULL,NULL,NULL,NULL,NULL,NULL,'2024-11-28 11:56:20','2024-11-28 11:56:20'),(61,1071,1,'28/11/2024','12/12/2024','Experimental','system',NULL,NULL,NULL,NULL,NULL,NULL,NULL,NULL,NULL,NULL,NULL,'2024-11-28 14:01:28','2024-11-28 14:01:28'),(62,1071,5,NULL,NULL,'Experimental','sms',NULL,NULL,NULL,'paid',NULL,NULL,NULL,NULL,NULL,NULL,NULL,'2024-11-28 14:01:28','2024-11-28 14:01:28'),(63,1072,1,'28/11/2024','12/12/2024','Experimental','system',NULL,NULL,NULL,NULL,NULL,NULL,NULL,NULL,NULL,NULL,NULL,'2024-11-28 14:14:12','2024-11-28 14:14:12'),(64,1072,5,NULL,NULL,'Experimental','sms',NULL,NULL,NULL,'paid',NULL,NULL,NULL,NULL,NULL,NULL,NULL,'2024-11-28 14:14:12','2024-11-28 14:14:12'),(65,1235,1,'28/11/2024','12/12/2024','Experimental','system',NULL,NULL,NULL,NULL,NULL,NULL,NULL,NULL,NULL,NULL,NULL,'2024-11-28 15:45:30','2024-11-28 15:45:30'),(66,1235,5,NULL,NULL,'Experimental','sms',NULL,NULL,NULL,'paid',NULL,NULL,NULL,NULL,NULL,NULL,NULL,'2024-11-28 15:45:30','2024-11-28 15:45:30');

--
-- Table structure for table `supervision_schedules`
--

CREATE TABLE `supervision_schedules` (
  `id` bigint unsigned NOT NULL AUTO_INCREMENT,
  `namazeg_version_id` bigint unsigned DEFAULT NULL,
  `title` varchar(150) COLLATE utf8mb4_unicode_ci NOT NULL,
  `school_id` bigint unsigned NOT NULL,
  `semester_id` bigint unsigned NOT NULL,
  `created_at` timestamp NULL DEFAULT NULL,
  `updated_at` timestamp NULL DEFAULT NULL,
  `deleted_at` timestamp NULL DEFAULT NULL,
  `user_id` bigint unsigned DEFAULT NULL,
  PRIMARY KEY (`id`),
  KEY `supervision_schedules_school_id_foreign` (`school_id`),
  KEY `supervision_schedules_semester_id_foreign` (`semester_id`),
  KEY `supervision_schedules_namazeg_version_id_foreign` (`namazeg_version_id`),
  CONSTRAINT `supervision_schedules_namazeg_version_id_foreign` FOREIGN KEY (`namazeg_version_id`) REFERENCES `namazeg_versions` (`id`) ON DELETE CASCADE,
  CONSTRAINT `supervision_schedules_school_id_foreign` FOREIGN KEY (`school_id`) REFERENCES `schools` (`id`) ON DELETE CASCADE,
  CONSTRAINT `supervision_schedules_semester_id_foreign` FOREIGN KEY (`semester_id`) REFERENCES `semesters` (`id`) ON DELETE CASCADE
) ENGINE=InnoDB AUTO_INCREMENT=131 DEFAULT CHARSET=utf8mb4 COLLATE=utf8mb4_unicode_ci;

--
-- Dumping data for table `supervision_schedules`
--

INSERT INTO `supervision_schedules` (`id`, `namazeg_version_id`, `title`, `school_id`, `semester_id`, `created_at`, `updated_at`, `deleted_at`, `user_id`) VALUES (1,8775,'جدول الاول جديد',39,4,'2024-08-24 14:15:31','2024-10-16 16:08:09',NULL,29),(8,6,'جدول الاول جديد',39,8,'2024-08-24 14:15:31','2024-10-16 19:18:43',NULL,29),(9,NULL,'جدول الأشراف الأسبوعي',105,4,'2024-09-12 08:56:18','2024-09-12 08:56:18',NULL,NULL),(11,NULL,'جدول الأشراف الأسبوعي',105,8,'2024-09-12 08:56:18','2024-09-12 08:56:18',NULL,NULL),(12,NULL,'جدول الأشراف الأسبوعي',105,4,'2024-09-12 09:02:37','2024-09-12 09:02:37',NULL,NULL),(14,NULL,'جدول الأشراف الأسبوعي',105,8,'2024-09-12 09:02:37','2024-09-12 09:02:37',NULL,NULL),(15,NULL,'جدول الأشراف الأسبوعي',105,4,'2024-09-12 09:04:19','2024-09-12 09:04:19',NULL,NULL),(17,NULL,'جدول الأشراف الأسبوعي',105,8,'2024-09-12 09:04:19','2024-09-12 09:04:19',NULL,NULL),(18,NULL,'جدول الأشراف الأسبوعي',105,4,'2024-09-12 09:04:48','2024-09-12 09:04:48',NULL,NULL),(20,NULL,'جدول الأشراف الأسبوعي',105,8,'2024-09-12 09:04:48','2024-09-12 09:04:48',NULL,NULL),(21,NULL,'جدول الأشراف الأسبوعي',105,4,'2024-09-12 09:05:34','2024-09-12 09:05:34',NULL,NULL),(23,NULL,'جدول الأشراف الأسبوعي',105,8,'2024-09-12 09:05:34','2024-09-12 09:05:34',NULL,NULL),(24,NULL,'جدول الأشراف الأسبوعي',105,4,'2024-09-12 09:07:39','2024-09-12 09:07:39',NULL,NULL),(26,NULL,'جدول الأشراف الأسبوعي',105,8,'2024-09-12 09:07:39','2024-09-12 09:07:39',NULL,NULL),(27,NULL,'جدول الأشراف الأسبوعي',105,4,'2024-09-12 09:08:04','2024-09-12 09:08:04',NULL,NULL),(29,NULL,'جدول الأشراف الأسبوعي',105,8,'2024-09-12 09:08:04','2024-09-12 09:08:04',NULL,NULL),(30,NULL,'جدول الأشراف الأسبوعي',105,4,'2024-09-12 09:08:36','2024-09-12 09:08:36',NULL,NULL),(32,NULL,'جدول الأشراف الأسبوعي',105,8,'2024-09-12 09:08:36','2024-09-12 09:08:36',NULL,NULL),(33,NULL,'جدول الأشراف الأسبوعي',106,4,'2024-09-12 09:40:58','2024-09-12 09:40:58',NULL,NULL),(35,NULL,'جدول الأشراف الأسبوعي',106,8,'2024-09-12 09:40:58','2024-09-12 09:40:58',NULL,NULL),(36,NULL,'جدول الأشراف الأسبوعي',80,4,'2024-09-12 12:40:19','2024-09-12 12:40:19',NULL,NULL),(38,NULL,'جدول الأشراف الأسبوعي',80,8,'2024-09-12 12:40:19','2024-09-12 12:40:19',NULL,NULL),(39,NULL,'جدول الأشراف الأسبوعي',81,4,'2024-09-12 12:41:22','2024-09-12 12:41:22',NULL,NULL),(41,NULL,'جدول الأشراف الأسبوعي',81,8,'2024-09-12 12:41:22','2024-09-12 12:41:22',NULL,NULL),(42,NULL,'جدول الأشراف الأسبوعي',81,4,'2024-09-12 12:42:10','2024-09-12 12:42:10',NULL,NULL),(44,NULL,'جدول الأشراف الأسبوعي',81,8,'2024-09-12 12:42:10','2024-09-12 12:42:10',NULL,NULL),(45,12,'جدول الأشراف الأسبوعي',39,4,'2024-09-15 16:36:27','2024-10-17 15:42:41',NULL,29),(47,NULL,'جدول الأشراف الأسبوعي',39,8,'2024-09-15 16:36:27','2024-09-15 16:36:27',NULL,NULL),(48,NULL,'جدول الأشراف الأسبوعي',112,1,'2024-09-27 18:13:50','2024-09-27 18:13:50',NULL,NULL),(49,NULL,'جدول الأشراف الأسبوعي',112,2,'2024-09-27 18:13:50','2024-09-27 18:13:50',NULL,NULL),(50,NULL,'جدول الأشراف الأسبوعي',112,4,'2024-09-27 18:13:50','2024-09-27 18:13:50',NULL,NULL),(51,NULL,'جدول الأشراف الأسبوعي',119,1,'2024-10-09 09:52:27','2024-10-09 09:52:27',NULL,NULL),(55,NULL,'جدول الأشراف الأسبوعي',121,1,'2024-10-27 07:50:33','2024-10-27 07:50:33',NULL,NULL),(56,NULL,'جدول الأشراف الأسبوعي',121,4,'2024-10-27 07:50:33','2024-10-27 07:50:33',NULL,NULL),(57,NULL,'جدول الأشراف الأسبوعي',121,5,'2024-10-27 07:50:33','2024-10-27 07:50:33',NULL,NULL),(58,NULL,'جدول الأشراف الأسبوعي',121,1,'2024-10-27 07:50:39','2024-10-27 07:50:39',NULL,NULL),(59,NULL,'جدول الأشراف الأسبوعي',121,4,'2024-10-27 07:50:39','2024-10-27 07:50:39',NULL,NULL),(60,NULL,'جدول الأشراف الأسبوعي',121,5,'2024-10-27 07:50:39','2024-10-27 07:50:39',NULL,NULL),(61,NULL,'جدول الأشراف الأسبوعي',121,1,'2024-10-27 07:50:44','2024-10-27 07:50:44',NULL,NULL),(62,NULL,'جدول الأشراف الأسبوعي',121,4,'2024-10-27 07:50:44','2024-10-27 07:50:44',NULL,NULL),(63,NULL,'جدول الأشراف الأسبوعي',121,5,'2024-10-27 07:50:44','2024-10-27 07:50:44',NULL,NULL),(64,NULL,'جدول الأشراف الأسبوعي',121,1,'2024-10-27 07:50:50','2024-10-27 07:50:50',NULL,NULL),(65,NULL,'جدول الأشراف الأسبوعي',121,4,'2024-10-27 07:50:50','2024-10-27 07:50:50',NULL,NULL),(66,NULL,'جدول الأشراف الأسبوعي',121,5,'2024-10-27 07:50:50','2024-10-27 07:50:50',NULL,NULL),(67,NULL,'جدول الأشراف الأسبوعي',176,1,'2024-11-02 10:50:07','2024-11-02 10:50:07',NULL,NULL),(68,NULL,'جدول الأشراف الأسبوعي',176,4,'2024-11-02 10:50:07','2024-11-02 10:50:07',NULL,NULL),(69,NULL,'جدول الأشراف الأسبوعي',176,5,'2024-11-02 10:50:07','2024-11-02 10:50:07',NULL,NULL),(70,NULL,'جدول الأشراف الأسبوعي',185,1,'2024-11-13 17:44:23','2024-11-13 17:44:23',NULL,NULL),(71,NULL,'جدول الأشراف الأسبوعي',185,4,'2024-11-13 17:44:23','2024-11-13 17:44:23',NULL,NULL),(72,NULL,'جدول الأشراف الأسبوعي',185,5,'2024-11-13 17:44:23','2024-11-13 17:44:23',NULL,NULL),(73,NULL,'جدول الأشراف الأسبوعي',185,1,'2024-11-13 17:44:36','2024-11-13 17:44:36',NULL,NULL),(74,NULL,'جدول الأشراف الأسبوعي',185,4,'2024-11-13 17:44:36','2024-11-13 17:44:36',NULL,NULL),(75,NULL,'جدول الأشراف الأسبوعي',185,5,'2024-11-13 17:44:36','2024-11-13 17:44:36',NULL,NULL),(76,NULL,'جدول الأشراف الأسبوعي',185,1,'2024-11-13 17:44:50','2024-11-13 17:44:50',NULL,NULL),(77,NULL,'جدول الأشراف الأسبوعي',185,4,'2024-11-13 17:44:50','2024-11-13 17:44:50',NULL,NULL),(78,NULL,'جدول الأشراف الأسبوعي',185,5,'2024-11-13 17:44:50','2024-11-13 17:44:50',NULL,NULL),(79,NULL,'جدول الأشراف الأسبوعي',185,1,'2024-11-13 17:46:07','2024-11-13 17:46:07',NULL,NULL),(80,NULL,'جدول الأشراف الأسبوعي',185,4,'2024-11-13 17:46:07','2024-11-13 17:46:07',NULL,NULL),(81,NULL,'جدول الأشراف الأسبوعي',185,5,'2024-11-13 17:46:07','2024-11-13 17:46:07',NULL,NULL),(82,NULL,'جدول الأشراف الأسبوعي',185,1,'2024-11-13 17:51:46','2024-11-13 17:51:46',NULL,NULL),(83,NULL,'جدول الأشراف الأسبوعي',185,4,'2024-11-13 17:51:46','2024-11-13 17:51:46',NULL,NULL),(84,NULL,'جدول الأشراف الأسبوعي',185,5,'2024-11-13 17:51:46','2024-11-13 17:51:46',NULL,NULL),(85,NULL,'جدول الأشراف الأسبوعي',185,1,'2024-11-13 17:54:27','2024-11-13 17:54:27',NULL,NULL),(86,NULL,'جدول الأشراف الأسبوعي',185,4,'2024-11-13 17:54:27','2024-11-13 17:54:27',NULL,NULL),(87,NULL,'جدول الأشراف الأسبوعي',185,5,'2024-11-13 17:54:27','2024-11-13 17:54:27',NULL,NULL),(88,NULL,'جدول الأشراف الأسبوعي',191,1,'2024-11-17 09:26:51','2024-11-17 09:26:51',NULL,NULL),(89,NULL,'جدول الأشراف الأسبوعي',191,4,'2024-11-17 09:26:51','2024-11-17 09:26:51',NULL,NULL),(90,NULL,'جدول الأشراف الأسبوعي',191,5,'2024-11-17 09:26:51','2024-11-17 09:26:51',NULL,NULL),(91,NULL,'جدول الأشراف الأسبوعي',194,1,'2024-11-19 21:53:11','2024-11-19 21:53:11',NULL,NULL),(92,NULL,'جدول الأشراف الأسبوعي',194,2,'2024-11-19 21:53:11','2024-11-19 21:53:11',NULL,NULL),(93,NULL,'جدول الأشراف الأسبوعي',194,3,'2024-11-19 21:53:11','2024-11-19 21:53:11',NULL,NULL),(94,NULL,'جدول الأشراف الأسبوعي',196,1,'2024-11-21 07:49:11','2024-11-21 07:49:11',NULL,NULL),(95,NULL,'جدول الأشراف الأسبوعي',196,2,'2024-11-21 07:49:11','2024-11-21 07:49:11',NULL,NULL),(96,NULL,'جدول الأشراف الأسبوعي',196,3,'2024-11-21 07:49:11','2024-11-21 07:49:11',NULL,NULL),(97,NULL,'جدول الأشراف الأسبوعي',199,1,'2024-11-21 15:42:18','2024-11-21 15:42:18',NULL,NULL),(98,NULL,'جدول الأشراف الأسبوعي',199,2,'2024-11-21 15:42:18','2024-11-21 15:42:18',NULL,NULL),(99,NULL,'جدول الأشراف الأسبوعي',199,3,'2024-11-21 15:42:18','2024-11-21 15:42:18',NULL,NULL),(100,NULL,'جدول الأشراف الأسبوعي',200,1,'2024-11-21 15:44:53','2024-11-21 15:44:53',NULL,NULL),(101,NULL,'جدول الأشراف الأسبوعي',200,2,'2024-11-21 15:44:53','2024-11-21 15:44:53',NULL,NULL),(102,NULL,'جدول الأشراف الأسبوعي',200,3,'2024-11-21 15:44:53','2024-11-21 15:44:53',NULL,NULL),(103,NULL,'جدول الأشراف الأسبوعي',203,1,'2024-11-24 11:34:25','2024-11-24 11:34:25',NULL,NULL),(104,NULL,'جدول الأشراف الأسبوعي',203,2,'2024-11-24 11:34:25','2024-11-24 11:34:25',NULL,NULL),(105,NULL,'جدول الأشراف الأسبوعي',203,3,'2024-11-24 11:34:25','2024-11-24 11:34:25',NULL,NULL),(106,NULL,'جدول الأشراف الأسبوعي',206,1,'2024-11-26 12:35:51','2024-11-26 12:35:51',NULL,NULL),(107,NULL,'جدول الأشراف الأسبوعي',206,2,'2024-11-26 12:35:51','2024-11-26 12:35:51',NULL,NULL),(108,NULL,'جدول الأشراف الأسبوعي',206,3,'2024-11-26 12:35:51','2024-11-26 12:35:51',NULL,NULL),(109,NULL,'جدول الأشراف الأسبوعي',206,4,'2024-11-26 12:35:51','2024-11-26 12:35:51',NULL,NULL),(116,NULL,'جدول الأشراف الأسبوعي',214,1,'2024-11-28 15:14:05','2024-11-28 15:14:05',NULL,NULL),(117,NULL,'جدول الأشراف الأسبوعي',214,2,'2024-11-28 15:14:05','2024-11-28 15:14:05',NULL,NULL),(118,NULL,'جدول الأشراف الأسبوعي',214,3,'2024-11-28 15:14:05','2024-11-28 15:14:05',NULL,NULL),(119,NULL,'جدول الأشراف الأسبوعي',215,1,'2024-11-28 15:20:49','2024-11-28 15:20:49',NULL,NULL),(120,NULL,'جدول الأشراف الأسبوعي',215,2,'2024-11-28 15:20:49','2024-11-28 15:20:49',NULL,NULL),(121,NULL,'جدول الأشراف الأسبوعي',215,3,'2024-11-28 15:20:49','2024-11-28 15:20:49',NULL,NULL),(122,NULL,'جدول الأشراف الأسبوعي',216,1,'2024-11-28 15:27:33','2024-11-28 15:27:33',NULL,NULL),(123,NULL,'جدول الأشراف الأسبوعي',216,2,'2024-11-28 15:27:33','2024-11-28 15:27:33',NULL,NULL),(124,NULL,'جدول الأشراف الأسبوعي',216,3,'2024-11-28 15:27:33','2024-11-28 15:27:33',NULL,NULL),(125,NULL,'جدول الأشراف الأسبوعي',217,1,'2024-11-28 16:35:14','2024-11-28 16:35:14',NULL,NULL),(126,NULL,'جدول الأشراف الأسبوعي',217,2,'2024-11-28 16:35:14','2024-11-28 16:35:14',NULL,NULL),(127,NULL,'جدول الأشراف الأسبوعي',217,3,'2024-11-28 16:35:14','2024-11-28 16:35:14',NULL,NULL),(128,NULL,'جدول الأشراف الأسبوعي',218,1,'2024-11-28 16:46:58','2024-11-28 16:46:58',NULL,NULL),(129,NULL,'جدول الأشراف الأسبوعي',218,2,'2024-11-28 16:46:58','2024-11-28 16:46:58',NULL,NULL),(130,NULL,'جدول الأشراف الأسبوعي',218,3,'2024-11-28 16:46:58','2024-11-28 16:46:58',NULL,NULL);

--
-- Table structure for table `supervisors`
--

CREATE TABLE `supervisors` (
  `id` bigint unsigned NOT NULL AUTO_INCREMENT,
  `supervision_schedule_id` bigint unsigned NOT NULL,
  `school_employee_id` bigint unsigned NOT NULL,
  `day_id` bigint unsigned NOT NULL,
  `floor_id` bigint unsigned DEFAULT NULL,
  `created_at` timestamp NULL DEFAULT NULL,
  `updated_at` timestamp NULL DEFAULT NULL,
  `deleted_at` timestamp NULL DEFAULT NULL,
  `type` enum('day','follow') COLLATE utf8mb4_unicode_ci NOT NULL DEFAULT 'day',
  PRIMARY KEY (`id`),
  KEY `supervisors_supervision_schedule_id_foreign` (`supervision_schedule_id`),
  KEY `supervisors_school_employee_id_foreign` (`school_employee_id`),
  CONSTRAINT `supervisors_school_employee_id_foreign` FOREIGN KEY (`school_employee_id`) REFERENCES `school_employees` (`id`) ON DELETE CASCADE,
  CONSTRAINT `supervisors_supervision_schedule_id_foreign` FOREIGN KEY (`supervision_schedule_id`) REFERENCES `supervision_schedules` (`id`) ON DELETE CASCADE
) ENGINE=InnoDB AUTO_INCREMENT=385 DEFAULT CHARSET=utf8mb4 COLLATE=utf8mb4_unicode_ci;

--
-- Dumping data for table `supervisors`
--

INSERT INTO `supervisors` (`id`, `supervision_schedule_id`, `school_employee_id`, `day_id`, `floor_id`, `created_at`, `updated_at`, `deleted_at`, `type`) VALUES (189,8,159,3,NULL,'2024-09-18 17:13:44','2024-09-18 17:13:44',NULL,'follow'),(190,8,160,3,NULL,'2024-09-18 17:13:44','2024-09-18 17:13:44',NULL,'follow'),(191,8,180,3,1,'2024-09-18 17:13:44','2024-09-18 17:13:44',NULL,'day'),(192,8,159,4,NULL,'2024-09-18 17:13:44','2024-09-18 17:13:44',NULL,'follow'),(193,8,160,4,NULL,'2024-09-18 17:13:45','2024-09-18 17:13:45',NULL,'follow'),(194,8,180,4,2,'2024-09-18 17:13:45','2024-09-18 17:13:45',NULL,'day'),(195,8,181,4,2,'2024-09-18 17:13:45','2024-09-18 17:13:45',NULL,'day'),(296,8,635,3,1,'2024-10-16 19:18:43','2024-10-16 19:18:43',NULL,'day'),(297,8,635,3,2,'2024-10-16 19:18:43','2024-10-16 19:18:43',NULL,'day'),(298,8,635,4,1,'2024-10-16 19:18:43','2024-10-16 19:18:43',NULL,'day'),(299,8,640,4,1,'2024-10-16 19:18:43','2024-10-16 19:18:43',NULL,'day'),(300,8,635,4,2,'2024-10-16 19:18:43','2024-10-16 19:18:43',NULL,'day'),(301,8,640,4,2,'2024-10-16 19:18:43','2024-10-16 19:18:43',NULL,'day'),(302,8,635,4,3,'2024-10-16 19:18:43','2024-10-16 19:18:43',NULL,'day'),(303,8,640,4,3,'2024-10-16 19:18:43','2024-10-16 19:18:43',NULL,'day'),(324,45,638,1,NULL,'2024-10-17 15:42:41','2024-10-17 15:42:41',NULL,'follow'),(325,45,639,1,NULL,'2024-10-17 15:42:41','2024-10-17 15:42:41',NULL,'follow'),(326,45,635,1,1,'2024-10-17 15:42:41','2024-10-17 15:42:41',NULL,'day'),(327,45,639,1,2,'2024-10-17 15:42:41','2024-10-17 15:42:41',NULL,'day'),(328,45,638,1,3,'2024-10-17 15:42:41','2024-10-17 15:42:41',NULL,'day'),(329,45,635,2,NULL,'2024-10-17 15:42:41','2024-10-17 15:42:41',NULL,'follow'),(330,45,635,2,1,'2024-10-17 15:42:41','2024-10-17 15:42:41',NULL,'day'),(331,45,639,2,2,'2024-10-17 15:42:41','2024-10-17 15:42:41',NULL,'day'),(332,45,639,2,3,'2024-10-17 15:42:41','2024-10-17 15:42:41',NULL,'day'),(333,45,635,3,NULL,'2024-10-17 15:42:41','2024-10-17 15:42:41',NULL,'follow'),(334,45,639,3,1,'2024-10-17 15:42:41','2024-10-17 15:42:41',NULL,'day'),(335,45,639,3,2,'2024-10-17 15:42:41','2024-10-17 15:42:41',NULL,'day'),(336,45,640,3,3,'2024-10-17 15:42:41','2024-10-17 15:42:41',NULL,'day'),(337,45,635,4,NULL,'2024-10-17 15:42:41','2024-10-17 15:42:41',NULL,'follow'),(338,45,639,4,1,'2024-10-17 15:42:41','2024-10-17 15:42:41',NULL,'day'),(339,45,639,4,2,'2024-10-17 15:42:41','2024-10-17 15:42:41',NULL,'day'),(340,45,641,4,3,'2024-10-17 15:42:41','2024-10-17 15:42:41',NULL,'day'),(341,45,635,5,NULL,'2024-10-17 15:42:41','2024-10-17 15:42:41',NULL,'follow'),(342,45,639,5,1,'2024-10-17 15:42:41','2024-10-17 15:42:41',NULL,'day'),(343,45,639,5,2,'2024-10-17 15:42:41','2024-10-17 15:42:41',NULL,'day'),(344,45,641,5,3,'2024-10-17 15:42:41','2024-10-17 15:42:41',NULL,'day'),(365,1,626,1,NULL,'2024-11-10 02:01:05','2024-11-10 02:01:05',NULL,'follow'),(366,1,626,1,1,'2024-11-10 02:01:05','2024-11-10 02:01:05',NULL,'day'),(367,1,626,1,2,'2024-11-10 02:01:05','2024-11-10 02:01:05',NULL,'day'),(368,1,641,1,3,'2024-11-10 02:01:05','2024-11-10 02:01:05',NULL,'day'),(369,1,640,2,NULL,'2024-11-10 02:01:05','2024-11-10 02:01:05',NULL,'follow'),(370,1,640,2,1,'2024-11-10 02:01:05','2024-11-10 02:01:05',NULL,'day'),(371,1,640,2,2,'2024-11-10 02:01:05','2024-11-10 02:01:05',NULL,'day'),(372,1,640,2,3,'2024-11-10 02:01:05','2024-11-10 02:01:05',NULL,'day'),(373,1,640,3,NULL,'2024-11-10 02:01:05','2024-11-10 02:01:05',NULL,'follow'),(374,1,640,3,1,'2024-11-10 02:01:05','2024-11-10 02:01:05',NULL,'day'),(375,1,626,3,2,'2024-11-10 02:01:05','2024-11-10 02:01:05',NULL,'day'),(376,1,641,3,3,'2024-11-10 02:01:05','2024-11-10 02:01:05',NULL,'day'),(377,1,640,4,NULL,'2024-11-10 02:01:05','2024-11-10 02:01:05',NULL,'follow'),(378,1,641,4,1,'2024-11-10 02:01:05','2024-11-10 02:01:05',NULL,'day'),(379,1,640,4,2,'2024-11-10 02:01:05','2024-11-10 02:01:05',NULL,'day'),(380,1,640,4,3,'2024-11-10 02:01:05','2024-11-10 02:01:05',NULL,'day'),(381,1,640,5,NULL,'2024-11-10 02:01:05','2024-11-10 02:01:05',NULL,'follow'),(382,1,640,5,1,'2024-11-10 02:01:05','2024-11-10 02:01:05',NULL,'day'),(383,1,640,5,2,'2024-11-10 02:01:05','2024-11-10 02:01:05',NULL,'day'),(384,1,640,5,3,'2024-11-10 02:01:05','2024-11-10 02:01:05',NULL,'day');

--
-- Table structure for table `table_exam_days`
--

CREATE TABLE `table_exam_days` (
  `id` bigint unsigned NOT NULL AUTO_INCREMENT,
  `table_exam_id` bigint unsigned NOT NULL,
  `class_name_id` bigint unsigned DEFAULT NULL,
  `class_id` bigint unsigned DEFAULT NULL,
  `semester_week_day_id` bigint unsigned DEFAULT NULL,
  `date` varchar(191) COLLATE utf8mb4_unicode_ci DEFAULT NULL,
  `date_type` enum('hijri','coptic') COLLATE utf8mb4_unicode_ci DEFAULT NULL,
  `n_exams` int NOT NULL,
  `subject_ids` varchar(255) COLLATE utf8mb4_unicode_ci NOT NULL,
  `start_time` varchar(191) COLLATE utf8mb4_unicode_ci DEFAULT NULL,
  `end_time` varchar(191) COLLATE utf8mb4_unicode_ci DEFAULT NULL,
  PRIMARY KEY (`id`),
  KEY `table_exam_days_table_exam_id_foreign` (`table_exam_id`),
  KEY `table_exam_days_class_name_id_foreign` (`class_name_id`),
  KEY `table_exam_days_class_id_foreign` (`class_id`),
  KEY `table_exam_days_semester_week_day_id_foreign` (`semester_week_day_id`),
  CONSTRAINT `table_exam_days_class_id_foreign` FOREIGN KEY (`class_id`) REFERENCES `school_classes` (`id`) ON DELETE CASCADE,
  CONSTRAINT `table_exam_days_class_name_id_foreign` FOREIGN KEY (`class_name_id`) REFERENCES `class_names` (`id`) ON DELETE CASCADE,
  CONSTRAINT `table_exam_days_semester_week_day_id_foreign` FOREIGN KEY (`semester_week_day_id`) REFERENCES `semester_week_days` (`id`) ON DELETE CASCADE,
  CONSTRAINT `table_exam_days_table_exam_id_foreign` FOREIGN KEY (`table_exam_id`) REFERENCES `table_exams` (`id`) ON DELETE CASCADE
) ENGINE=InnoDB AUTO_INCREMENT=256 DEFAULT CHARSET=utf8mb4 COLLATE=utf8mb4_unicode_ci;

--
-- Dumping data for table `table_exam_days`
--

INSERT INTO `table_exam_days` (`id`, `table_exam_id`, `class_name_id`, `class_id`, `semester_week_day_id`, `date`, `date_type`, `n_exams`, `subject_ids`, `start_time`, `end_time`) VALUES (116,7,22,2024,29,NULL,NULL,1,'2','12:01 مساءًا','12:01 مساءًا'),(117,7,22,2024,30,NULL,NULL,1,'1','12:01 مساءًا','12:02 مساءًا'),(118,7,22,2024,31,NULL,NULL,1,'1','12:00 مساءًا','12:04 مساءًا'),(119,7,22,2024,32,NULL,NULL,1,'1','12:04 مساءًا','12:04 مساءًا'),(120,7,22,2024,33,NULL,NULL,1,'1','12:03 مساءًا','12:11 مساءًا'),(121,7,22,2025,29,NULL,NULL,1,'2','12:01 مساءًا','12:01 مساءًا'),(122,7,22,2025,30,NULL,NULL,1,'1','12:01 مساءًا','12:02 مساءًا'),(123,7,22,2025,31,NULL,NULL,1,'1','12:00 مساءًا','12:04 مساءًا'),(124,7,22,2025,32,NULL,NULL,1,'1','12:04 مساءًا','12:04 مساءًا'),(125,7,22,2025,33,NULL,NULL,1,'1','12:03 مساءًا','12:11 مساءًا'),(126,7,22,2026,29,NULL,NULL,0,'',NULL,NULL),(127,7,22,2026,30,NULL,NULL,0,'',NULL,NULL),(128,7,22,2026,31,NULL,NULL,0,'',NULL,NULL),(129,7,22,2026,32,NULL,NULL,0,'',NULL,NULL),(130,7,22,2026,33,NULL,NULL,0,'',NULL,NULL),(131,7,22,2027,29,NULL,NULL,0,'',NULL,NULL),(132,7,22,2027,30,NULL,NULL,0,'',NULL,NULL),(133,7,22,2027,31,NULL,NULL,0,'',NULL,NULL),(134,7,22,2027,32,NULL,NULL,0,'',NULL,NULL),(135,7,22,2027,33,NULL,NULL,0,'',NULL,NULL),(136,7,22,2028,29,NULL,NULL,0,'',NULL,NULL),(137,7,22,2028,30,NULL,NULL,0,'',NULL,NULL),(138,7,22,2028,31,NULL,NULL,0,'',NULL,NULL),(139,7,22,2028,32,NULL,NULL,0,'',NULL,NULL),(140,7,22,2028,33,NULL,NULL,0,'',NULL,NULL),(141,8,22,2024,29,NULL,NULL,1,'1','12:01 مساءًا',''),(142,8,22,2024,30,NULL,NULL,1,'1','12:03 مساءًا',''),(143,8,22,2024,31,NULL,NULL,1,'1','',''),(144,8,22,2024,32,NULL,NULL,1,'1','',''),(145,8,22,2024,33,NULL,NULL,1,'1','',''),(146,8,22,2025,29,NULL,NULL,1,'2','12:01 مساءًا',''),(147,8,22,2025,30,NULL,NULL,1,'1','',''),(148,8,22,2025,31,NULL,NULL,1,'1','',''),(149,8,22,2025,32,NULL,NULL,1,'1','',''),(150,8,22,2025,33,NULL,NULL,1,'2','',''),(151,8,22,2026,29,NULL,NULL,0,'',NULL,NULL),(152,8,22,2026,30,NULL,NULL,0,'',NULL,NULL),(153,8,22,2026,31,NULL,NULL,0,'',NULL,NULL),(154,8,22,2026,32,NULL,NULL,0,'',NULL,NULL),(155,8,22,2026,33,NULL,NULL,0,'',NULL,NULL),(156,8,22,2027,29,NULL,NULL,0,'',NULL,NULL),(157,8,22,2027,30,NULL,NULL,0,'',NULL,NULL),(158,8,22,2027,31,NULL,NULL,0,'',NULL,NULL),(159,8,22,2027,32,NULL,NULL,0,'',NULL,NULL),(160,8,22,2027,33,NULL,NULL,0,'',NULL,NULL),(161,8,22,2028,29,NULL,NULL,0,'',NULL,NULL),(162,8,22,2028,30,NULL,NULL,0,'',NULL,NULL),(163,8,22,2028,31,NULL,NULL,0,'',NULL,NULL),(164,8,22,2028,32,NULL,NULL,0,'',NULL,NULL),(165,8,22,2028,33,NULL,NULL,0,'',NULL,NULL),(166,9,18,NULL,294,NULL,NULL,0,'',NULL,NULL),(167,9,18,NULL,295,NULL,NULL,0,'',NULL,NULL),(168,9,18,NULL,296,NULL,NULL,0,'',NULL,NULL),(169,9,18,NULL,297,NULL,NULL,0,'',NULL,NULL),(170,9,18,NULL,298,NULL,NULL,0,'',NULL,NULL),(171,9,19,NULL,294,NULL,NULL,0,'',NULL,NULL),(172,9,19,NULL,295,NULL,NULL,0,'',NULL,NULL),(173,9,19,NULL,296,NULL,NULL,0,'',NULL,NULL),(174,9,19,NULL,297,NULL,NULL,0,'',NULL,NULL),(175,9,19,NULL,298,NULL,NULL,0,'',NULL,NULL),(176,9,20,NULL,294,NULL,NULL,0,'',NULL,NULL),(177,9,20,NULL,295,NULL,NULL,0,'',NULL,NULL),(178,9,20,NULL,296,NULL,NULL,0,'',NULL,NULL),(179,9,20,NULL,297,NULL,NULL,0,'',NULL,NULL),(180,9,20,NULL,298,NULL,NULL,0,'',NULL,NULL),(181,9,21,NULL,294,NULL,NULL,0,'',NULL,NULL),(182,9,21,NULL,295,NULL,NULL,0,'',NULL,NULL),(183,9,21,NULL,296,NULL,NULL,0,'',NULL,NULL),(184,9,21,NULL,297,NULL,NULL,0,'',NULL,NULL),(185,9,21,NULL,298,NULL,NULL,0,'',NULL,NULL),(186,9,22,NULL,294,NULL,NULL,0,'',NULL,NULL),(187,9,22,NULL,295,NULL,NULL,0,'',NULL,NULL),(188,9,22,NULL,296,NULL,NULL,0,'',NULL,NULL),(189,9,22,NULL,297,NULL,NULL,0,'',NULL,NULL),(190,9,22,NULL,298,NULL,NULL,0,'',NULL,NULL),(191,9,23,NULL,294,NULL,NULL,0,'',NULL,NULL),(192,9,23,NULL,295,NULL,NULL,0,'',NULL,NULL),(193,9,23,NULL,296,NULL,NULL,0,'',NULL,NULL),(194,9,23,NULL,297,NULL,NULL,0,'',NULL,NULL),(195,9,23,NULL,298,NULL,NULL,0,'',NULL,NULL),(196,10,18,NULL,294,NULL,NULL,0,'',NULL,NULL),(197,10,18,NULL,295,NULL,NULL,0,'',NULL,NULL),(198,10,18,NULL,296,NULL,NULL,0,'',NULL,NULL),(199,10,18,NULL,297,NULL,NULL,0,'',NULL,NULL),(200,10,18,NULL,298,NULL,NULL,0,'',NULL,NULL),(201,10,19,NULL,294,NULL,NULL,0,'',NULL,NULL),(202,10,19,NULL,295,NULL,NULL,0,'',NULL,NULL),(203,10,19,NULL,296,NULL,NULL,0,'',NULL,NULL),(204,10,19,NULL,297,NULL,NULL,0,'',NULL,NULL),(205,10,19,NULL,298,NULL,NULL,0,'',NULL,NULL),(206,10,20,NULL,294,NULL,NULL,0,'',NULL,NULL),(207,10,20,NULL,295,NULL,NULL,0,'',NULL,NULL),(208,10,20,NULL,296,NULL,NULL,0,'',NULL,NULL),(209,10,20,NULL,297,NULL,NULL,0,'',NULL,NULL),(210,10,20,NULL,298,NULL,NULL,0,'',NULL,NULL),(211,10,21,NULL,294,NULL,NULL,0,'',NULL,NULL),(212,10,21,NULL,295,NULL,NULL,0,'',NULL,NULL),(213,10,21,NULL,296,NULL,NULL,0,'',NULL,NULL),(214,10,21,NULL,297,NULL,NULL,0,'',NULL,NULL),(215,10,21,NULL,298,NULL,NULL,0,'',NULL,NULL),(216,10,22,NULL,294,NULL,NULL,0,'',NULL,NULL),(217,10,22,NULL,295,NULL,NULL,0,'',NULL,NULL),(218,10,22,NULL,296,NULL,NULL,0,'',NULL,NULL),(219,10,22,NULL,297,NULL,NULL,0,'',NULL,NULL),(220,10,22,NULL,298,NULL,NULL,0,'',NULL,NULL),(221,10,23,NULL,294,NULL,NULL,0,'',NULL,NULL),(222,10,23,NULL,295,NULL,NULL,0,'',NULL,NULL),(223,10,23,NULL,296,NULL,NULL,0,'',NULL,NULL),(224,10,23,NULL,297,NULL,NULL,0,'',NULL,NULL),(225,10,23,NULL,298,NULL,NULL,0,'',NULL,NULL),(226,11,18,NULL,294,NULL,NULL,1,'2','',''),(227,11,18,NULL,295,NULL,NULL,1,'1','',''),(228,11,18,NULL,296,NULL,NULL,2,'1,2','','12:02 مساءًا'),(229,11,18,NULL,297,NULL,NULL,1,'1','',''),(230,11,18,NULL,298,NULL,NULL,1,'1','',''),(231,11,19,NULL,294,NULL,NULL,0,'',NULL,NULL),(232,11,19,NULL,295,NULL,NULL,0,'',NULL,NULL),(233,11,19,NULL,296,NULL,NULL,0,'',NULL,NULL),(234,11,19,NULL,297,NULL,NULL,0,'',NULL,NULL),(235,11,19,NULL,298,NULL,NULL,0,'',NULL,NULL),(236,11,20,NULL,294,NULL,NULL,0,'',NULL,NULL),(237,11,20,NULL,295,NULL,NULL,0,'',NULL,NULL),(238,11,20,NULL,296,NULL,NULL,0,'',NULL,NULL),(239,11,20,NULL,297,NULL,NULL,0,'',NULL,NULL),(240,11,20,NULL,298,NULL,NULL,0,'',NULL,NULL),(241,11,21,NULL,294,NULL,NULL,0,'',NULL,NULL),(242,11,21,NULL,295,NULL,NULL,0,'',NULL,NULL),(243,11,21,NULL,296,NULL,NULL,0,'',NULL,NULL),(244,11,21,NULL,297,NULL,NULL,0,'',NULL,NULL),(245,11,21,NULL,298,NULL,NULL,0,'',NULL,NULL),(246,11,22,NULL,294,NULL,NULL,1,'1','',''),(247,11,22,NULL,295,NULL,NULL,1,'1','',''),(248,11,22,NULL,296,NULL,NULL,2,'1,2','','12:02 مساءًا'),(249,11,22,NULL,297,NULL,NULL,1,'1','',''),(250,11,22,NULL,298,NULL,NULL,1,'1','',''),(251,11,23,NULL,294,NULL,NULL,1,'2','',''),(252,11,23,NULL,295,NULL,NULL,1,'1','',''),(253,11,23,NULL,296,NULL,NULL,2,'1,2','','12:02 مساءًا'),(254,11,23,NULL,297,NULL,NULL,1,'1','',''),(255,11,23,NULL,298,NULL,NULL,1,'1','','');

--
-- Table structure for table `table_exam_instructions`
--

CREATE TABLE `table_exam_instructions` (
  `id` bigint unsigned NOT NULL AUTO_INCREMENT,
  `text` text COLLATE utf8mb4_unicode_ci NOT NULL,
  `created_at` timestamp NULL DEFAULT NULL,
  `updated_at` timestamp NULL DEFAULT NULL,
  PRIMARY KEY (`id`)
) ENGINE=InnoDB DEFAULT CHARSET=utf8mb4 COLLATE=utf8mb4_unicode_ci;

--
-- Dumping data for table `table_exam_instructions`
--


--
-- Table structure for table `table_exams`
--

CREATE TABLE `table_exams` (
  `id` bigint unsigned NOT NULL AUTO_INCREMENT,
  `title` varchar(191) COLLATE utf8mb4_unicode_ci DEFAULT NULL,
  `school_id` bigint unsigned DEFAULT NULL,
  `semester_id` bigint unsigned DEFAULT NULL,
  `exam_type` enum('final','periodic') COLLATE utf8mb4_unicode_ci DEFAULT 'periodic',
  `round` enum('first','second') COLLATE utf8mb4_unicode_ci DEFAULT NULL,
  `exam_category` enum('verbal','practical','written') COLLATE utf8mb4_unicode_ci DEFAULT 'written',
  `table_type` enum('different','standard') COLLATE utf8mb4_unicode_ci DEFAULT 'standard',
  `start_date` varchar(50) COLLATE utf8mb4_unicode_ci DEFAULT NULL,
  `leave_time` varchar(191) COLLATE utf8mb4_unicode_ci DEFAULT NULL,
  `created_at` timestamp NULL DEFAULT NULL,
  `updated_at` timestamp NULL DEFAULT NULL,
  `deleted_at` timestamp NULL DEFAULT NULL,
  `start_date_type` enum('coptic','hijri') COLLATE utf8mb4_unicode_ci DEFAULT NULL,
  PRIMARY KEY (`id`),
  KEY `table_exams_school_id_foreign` (`school_id`),
  KEY `table_exams_semester_id_foreign` (`semester_id`),
  CONSTRAINT `table_exams_school_id_foreign` FOREIGN KEY (`school_id`) REFERENCES `schools` (`id`) ON DELETE CASCADE,
  CONSTRAINT `table_exams_semester_id_foreign` FOREIGN KEY (`semester_id`) REFERENCES `semesters` (`id`) ON DELETE CASCADE
) ENGINE=InnoDB AUTO_INCREMENT=12 DEFAULT CHARSET=utf8mb4 COLLATE=utf8mb4_unicode_ci;

--
-- Dumping data for table `table_exams`
--

INSERT INTO `table_exams` (`id`, `title`, `school_id`, `semester_id`, `exam_type`, `round`, `exam_category`, `table_type`, `start_date`, `leave_time`, `created_at`, `updated_at`, `deleted_at`, `start_date_type`) VALUES (7,'جدول الاختبارات النهائية',39,1,'final',NULL,'written','different','20/10/2024',NULL,'2024-11-24 08:56:38','2024-11-24 11:12:50',NULL,'coptic'),(8,'جدول الاختبارات النهائية',39,1,'final',NULL,'written','different','20/10/2024',NULL,'2024-11-24 11:20:33','2024-11-24 12:04:14',NULL,'coptic'),(9,'جدول الاختبارات النهائية',39,1,'final',NULL,'written','standard','20/10/2024',NULL,'2024-11-24 12:05:08','2024-11-24 12:05:08',NULL,'coptic'),(10,'جدول الاختبارات النهائية',39,1,'final',NULL,'written','standard','20/10/2024',NULL,'2024-11-24 12:05:47','2024-11-24 12:05:47',NULL,'coptic'),(11,'جدول الاختبارات النهائية',39,1,'final',NULL,'written','standard','20/10/2024','12:01 مساءًا','2024-11-24 12:10:06','2024-11-24 12:25:02',NULL,'coptic');

--
-- Table structure for table `tasks`
--

CREATE TABLE `tasks` (
  `id` bigint unsigned NOT NULL AUTO_INCREMENT,
  `date` varchar(191) COLLATE utf8mb4_unicode_ci NOT NULL,
  `details` varchar(191) COLLATE utf8mb4_unicode_ci NOT NULL,
  `school_id` bigint unsigned DEFAULT NULL,
  `appointed` tinyint(1) NOT NULL,
  `achieved` tinyint(1) NOT NULL DEFAULT '0',
  `event_id` bigint unsigned DEFAULT NULL,
  `type` enum('task','event') COLLATE utf8mb4_unicode_ci NOT NULL DEFAULT 'task',
  `deleted_at` timestamp NULL DEFAULT NULL,
  `created_at` timestamp NULL DEFAULT NULL,
  `updated_at` timestamp NULL DEFAULT NULL,
  `semester_id` bigint unsigned DEFAULT NULL,
  PRIMARY KEY (`id`),
  KEY `fk_school_id_6` (`school_id`),
  KEY `tasks_semester_id_foreign` (`semester_id`),
  CONSTRAINT `fk_school_id_6` FOREIGN KEY (`school_id`) REFERENCES `schools` (`id`) ON DELETE CASCADE,
  CONSTRAINT `tasks_semester_id_foreign` FOREIGN KEY (`semester_id`) REFERENCES `semesters` (`id`) ON DELETE CASCADE
) ENGINE=InnoDB AUTO_INCREMENT=159 DEFAULT CHARSET=utf8mb4 COLLATE=utf8mb4_unicode_ci;

--
-- Dumping data for table `tasks`
--

INSERT INTO `tasks` (`id`, `date`, `details`, `school_id`, `appointed`, `achieved`, `event_id`, `type`, `deleted_at`, `created_at`, `updated_at`, `semester_id`) VALUES (1,'13/10/2024','Test event 5',98,1,1,NULL,'task',NULL,'2024-10-10 07:28:07','2024-11-03 11:11:21',1),(2,'05/10/2024','testo',1,1,0,NULL,'task',NULL,'2024-10-12 23:24:27','2024-10-12 23:24:27',1),(3,'05/10/2024','testo',98,1,0,NULL,'task',NULL,'2024-10-12 23:24:44','2024-10-12 23:24:44',1),(4,'05/10/2024','testo',98,1,0,NULL,'task',NULL,'2024-10-12 23:25:20','2024-10-12 23:25:20',1),(5,'05/10/2024','testo',98,1,0,NULL,'task',NULL,'2024-10-12 23:25:22','2024-10-12 23:25:22',1),(6,'05/10/2024','testo',98,1,0,NULL,'task',NULL,'2024-10-12 23:25:24','2024-10-12 23:25:24',1),(7,'05/10/2024','testo',98,1,0,NULL,'task',NULL,'2024-10-12 23:25:25','2024-10-12 23:25:25',1),(8,'05/10/2024','testo',98,1,0,NULL,'task',NULL,'2024-10-12 23:25:26','2024-10-12 23:25:26',1),(9,'05/10/2024','testo',98,1,0,NULL,'task',NULL,'2024-10-12 23:49:43','2024-10-12 23:49:43',1),(10,'05/10/2024','testo',98,1,0,NULL,'task',NULL,'2024-10-12 23:49:51','2024-10-12 23:49:51',1),(11,'05/10/2024','testo',98,1,0,NULL,'task',NULL,'2024-10-12 23:49:53','2024-10-12 23:49:53',1),(12,'05/10/2024','testo',98,1,0,NULL,'task',NULL,'2024-10-12 23:49:54','2024-10-12 23:49:54',1),(13,'25/09/2024','Learning new skills is essential 2',NULL,0,0,60,'event','2024-10-17 18:18:25','2024-10-17 18:09:58','2024-10-17 18:18:25',1),(14,'25/09/2024','Learning new skills is essential 2',NULL,0,0,60,'event','2024-10-17 18:25:22','2024-10-17 18:18:48','2024-10-17 18:25:22',1),(15,'23/10/2024','حدث جديد',NULL,0,0,61,'event','2024-10-17 18:31:53','2024-10-17 18:25:25','2024-10-17 18:31:53',1),(16,'24/10/2024','حدث جديد',NULL,0,0,61,'event','2024-10-17 18:31:53','2024-10-17 18:25:25','2024-10-17 18:31:53',1),(17,'25/10/2024','حدث جديد',NULL,0,0,61,'event','2024-10-17 18:31:53','2024-10-17 18:25:25','2024-10-17 18:31:53',1),(18,'26/10/2024','حدث جديد',NULL,0,0,61,'event','2024-10-17 18:31:53','2024-10-17 18:25:25','2024-10-17 18:31:53',1),(19,'27/10/2024','حدث جديد',NULL,0,0,61,'event','2024-10-17 18:31:53','2024-10-17 18:25:25','2024-10-17 18:31:53',1),(20,'30/10/2024','حدث جديد',NULL,0,0,61,'event','2024-10-17 18:31:53','2024-10-17 18:25:25','2024-10-17 18:31:53',1),(21,'31/10/2024','حدث جديد',NULL,0,0,61,'event','2024-10-17 18:31:53','2024-10-17 18:25:25','2024-10-17 18:31:53',1),(22,'25/09/2024','Learning new skills is essential 2',NULL,0,0,60,'event','2024-10-17 18:32:21','2024-10-17 18:31:55','2024-10-17 18:32:21',1),(23,'23/10/2024','حدث جديد',NULL,0,0,61,'event','2024-10-22 09:06:13','2024-10-17 18:37:03','2024-10-22 09:06:13',1),(24,'24/10/2024','حدث جديد',NULL,0,0,61,'event','2024-10-22 09:06:13','2024-10-17 18:37:03','2024-10-22 09:06:13',1),(25,'25/10/2024','حدث جديد',NULL,0,0,61,'event','2024-10-22 09:06:13','2024-10-17 18:37:03','2024-10-22 09:06:13',1),(26,'26/10/2024','حدث جديد',NULL,0,0,61,'event','2024-10-22 09:06:13','2024-10-17 18:37:03','2024-10-22 09:06:13',1),(27,'27/10/2024','حدث جديد',NULL,0,0,61,'event','2024-10-22 09:06:13','2024-10-17 18:37:03','2024-10-22 09:06:13',1),(28,'30/10/2024','حدث جديد',NULL,0,0,61,'event','2024-10-22 09:06:13','2024-10-17 18:37:03','2024-10-22 09:06:13',1),(29,'31/10/2024','حدث جديد',NULL,0,0,61,'event','2024-10-22 09:06:13','2024-10-17 18:37:03','2024-10-22 09:06:13',1),(30,'25/09/2024','Learning new skills is essential',NULL,0,0,60,'event','2024-10-22 09:06:11','2024-10-17 18:37:06','2024-10-22 09:06:11',1),(31,'26/10/2024','44',98,0,0,NULL,'task',NULL,'2024-10-21 09:16:31','2024-10-21 09:16:31',1),(32,'27/10/2024','88',98,0,0,NULL,'task',NULL,'2024-10-21 09:16:31','2024-10-21 09:16:31',1),(33,'23/10/2024','حدث جديد',NULL,0,0,61,'event','2024-10-22 09:12:53','2024-10-22 09:12:51','2024-10-22 09:12:53',1),(34,'24/10/2024','حدث جديد',NULL,0,0,61,'event','2024-10-22 09:12:53','2024-10-22 09:12:51','2024-10-22 09:12:53',1),(35,'25/10/2024','حدث جديد',NULL,0,0,61,'event','2024-10-22 09:12:53','2024-10-22 09:12:51','2024-10-22 09:12:53',1),(36,'26/10/2024','حدث جديد',NULL,0,0,61,'event','2024-10-22 09:12:53','2024-10-22 09:12:51','2024-10-22 09:12:53',1),(37,'27/10/2024','حدث جديد',NULL,0,0,61,'event','2024-10-22 09:12:53','2024-10-22 09:12:51','2024-10-22 09:12:53',1),(38,'30/10/2024','حدث جديد',NULL,0,0,61,'event','2024-10-22 09:12:53','2024-10-22 09:12:51','2024-10-22 09:12:53',1),(39,'31/10/2024','حدث جديد',NULL,0,0,61,'event','2024-10-22 09:12:53','2024-10-22 09:12:51','2024-10-22 09:12:53',1),(40,'23/10/2024','حدث جديد',NULL,0,0,61,'event',NULL,'2024-10-22 09:12:55','2024-10-22 09:12:55',1),(41,'24/10/2024','حدث جديد',NULL,0,0,61,'event',NULL,'2024-10-22 09:12:55','2024-10-22 09:12:55',1),(42,'25/10/2024','حدث جديد',NULL,0,0,61,'event',NULL,'2024-10-22 09:12:55','2024-10-22 09:12:55',1),(43,'26/10/2024','حدث جديد',NULL,0,0,61,'event',NULL,'2024-10-22 09:12:55','2024-10-22 09:12:55',1),(44,'27/10/2024','حدث جديد',NULL,0,0,61,'event',NULL,'2024-10-22 09:12:55','2024-10-22 09:12:55',1),(45,'30/10/2024','حدث جديد',NULL,0,0,61,'event',NULL,'2024-10-22 09:12:55','2024-10-22 09:12:55',1),(46,'31/10/2024','حدث جديد',NULL,0,0,61,'event',NULL,'2024-10-22 09:12:55','2024-10-22 09:12:55',1),(47,'05/10/2024','testo',98,1,0,NULL,'task',NULL,'2024-11-03 11:11:06','2024-11-03 11:11:06',1),(48,'03/10/2024','testo',98,1,0,NULL,'task',NULL,'2024-11-03 11:21:41','2024-11-03 11:21:41',1),(49,'03/11/2024','testo',98,1,0,NULL,'task',NULL,'2024-11-03 11:21:58','2024-11-03 11:21:58',1),(50,'06/11/2024','dd',98,0,1,NULL,'task',NULL,'2024-11-04 09:38:52','2024-11-06 15:12:29',1),(51,'07/11/2024','sss',98,0,0,NULL,'task',NULL,'2024-11-04 09:38:52','2024-11-07 13:04:12',1),(52,'08/11/2024','wwww',98,0,0,NULL,'task',NULL,'2024-11-04 09:38:52','2024-11-04 09:38:52',1),(53,'06/11/2024','testoO',98,1,0,NULL,'task',NULL,'2024-11-04 09:47:19','2024-11-04 09:47:19',1),(54,'07/11/2024','testoOo',98,1,0,NULL,'task',NULL,'2024-11-04 09:47:28','2024-11-07 13:04:13',1),(56,'14/10/2024','testoOo',98,1,0,NULL,'task',NULL,'2024-11-04 15:01:58','2024-11-04 15:01:58',1),(57,'04/11/2024','testoOo',98,1,1,NULL,'task',NULL,'2024-11-04 15:02:20','2024-11-04 15:33:53',1),(58,'04/11/2024','testoOo',98,0,0,NULL,'task',NULL,'2024-11-04 15:06:26','2024-11-04 15:42:45',1),(59,'04/11/2024','testoOo',98,1,0,NULL,'task',NULL,'2024-11-04 15:08:23','2024-11-04 16:03:42',1),(60,'04/11/2024','إجازة عيد الأضحى',98,1,0,NULL,'task',NULL,'2024-11-04 15:09:08','2024-11-04 16:03:42',1),(61,'04/11/2024','إجازة عيد الأضحى',98,1,1,NULL,'task',NULL,'2024-11-04 15:09:17','2024-11-04 15:42:49',1),(62,'04/11/2024','إجازة عيد الأضحى',98,1,0,NULL,'task',NULL,'2024-11-04 15:09:19','2024-11-04 16:03:44',1),(63,'04/11/2024','testoooooooo',98,1,1,NULL,'task',NULL,'2024-11-04 16:25:35','2024-11-04 16:25:56',1),(64,'04/11/2024','wdw',98,0,0,NULL,'task',NULL,'2024-11-04 16:30:42','2024-11-04 16:30:42',1),(65,'04/11/2024','dddddd',98,1,0,NULL,'task',NULL,'2024-11-04 16:42:37','2024-11-04 16:42:37',1),(68,'06/11/2024','ffff',98,0,0,NULL,'task',NULL,'2024-11-06 15:12:41','2024-11-06 15:12:41',1),(69,'18/11/2024','Test event 5',1,1,0,NULL,'task',NULL,'2024-11-18 19:02:45','2024-11-18 19:02:45',1),(70,'18/11/2024','Test event 5',98,1,0,NULL,'task',NULL,'2024-11-18 19:02:51','2024-11-18 19:02:51',1),(71,'18/11/2024','test to manager plan',98,1,0,NULL,'task',NULL,'2024-11-18 19:38:21','2024-11-18 19:38:21',1),(74,'26/11/2024','نمتنتنتنتنتنتنتنتنتنتنتنتنتنتنتنتنتنتنتن',98,0,1,NULL,'task',NULL,'2024-11-26 10:39:16','2024-11-26 22:21:55',1),(75,'26/11/2024','test event',98,1,0,NULL,'task',NULL,'2024-11-26 22:29:06','2024-11-26 22:29:06',1),(76,'26/11/2024','test to manager plan',98,1,0,NULL,'task','2024-11-27 17:08:59','2024-11-26 23:01:15','2024-11-27 17:08:59',1),(77,'27/11/2024','test again',98,1,0,NULL,'task','2024-11-27 17:08:59','2024-11-26 23:07:00','2024-11-27 17:08:59',1),(78,'27/11/2024','test event ramzy',NULL,0,0,66,'event',NULL,'2024-11-27 11:41:13','2024-11-27 11:41:13',1),(79,'28/11/2024','test event ramzy',NULL,0,0,66,'event',NULL,'2024-11-27 11:41:13','2024-11-27 11:41:13',1),(80,'05/09/2024','test task from task',98,1,0,NULL,'task',NULL,'2024-11-27 15:46:48','2024-11-27 15:46:48',4),(81,'05/09/2024','test task from task',98,1,0,NULL,'task',NULL,'2024-11-27 15:48:39','2024-11-27 15:48:39',4),(82,'05/09/2024','test task from task',98,1,0,NULL,'task',NULL,'2024-11-27 15:50:36','2024-11-27 15:50:36',4),(83,'17/09/2024','test task from task',98,1,0,NULL,'task',NULL,'2024-11-27 15:52:54','2024-11-27 15:52:54',1),(84,'17/09/2024','test task from task',98,1,0,NULL,'task','2024-11-27 17:08:59','2024-11-27 15:53:33','2024-11-27 17:08:59',1),(85,'17/09/2024','comment days',98,1,0,NULL,'task','2024-11-27 17:08:59','2024-11-27 15:55:08','2024-11-27 17:08:59',1),(86,'15/09/2024','updated',98,0,0,NULL,'task','2024-11-27 17:12:40','2024-11-27 17:08:59','2024-11-27 17:12:40',1),(87,'16/09/2024','updated',98,0,0,NULL,'task','2024-11-27 17:12:40','2024-11-27 17:08:59','2024-11-27 17:12:40',1),(88,'17/09/2024','updated',98,0,0,NULL,'task','2024-11-27 17:12:40','2024-11-27 17:08:59','2024-11-27 17:12:40',1),(89,'15/09/2024','text work twooo',98,0,0,NULL,'task','2024-11-27 17:12:40','2024-11-27 17:08:59','2024-11-27 17:12:40',1),(90,'16/09/2024','text work twooo',98,0,0,NULL,'task','2024-11-27 17:12:40','2024-11-27 17:08:59','2024-11-27 17:12:40',1),(94,'15/09/2024','updated',98,0,0,NULL,'task','2024-11-27 17:13:08','2024-11-27 17:12:40','2024-11-27 17:13:08',1),(95,'16/09/2024','updated',98,0,0,NULL,'task','2024-11-27 17:13:08','2024-11-27 17:12:40','2024-11-27 17:13:08',1),(96,'17/09/2024','updated',98,0,0,NULL,'task','2024-11-27 17:13:08','2024-11-27 17:12:40','2024-11-27 17:13:08',1),(97,'15/09/2024','text work twooo',98,0,0,NULL,'task','2024-11-27 17:13:08','2024-11-27 17:12:40','2024-11-27 17:13:08',1),(98,'16/09/2024','text work twooo',98,0,0,NULL,'task','2024-11-27 17:13:08','2024-11-27 17:12:40','2024-11-27 17:13:08',1),(102,'15/09/2024','updated',98,0,1,NULL,'task','2024-11-27 17:13:59','2024-11-27 17:13:08','2024-11-27 17:13:59',1),(103,'16/09/2024','updated',98,0,1,NULL,'task','2024-11-27 17:13:59','2024-11-27 17:13:08','2024-11-27 17:13:59',1),(104,'17/09/2024','updated',98,0,1,NULL,'task','2024-11-27 17:13:59','2024-11-27 17:13:08','2024-11-27 17:13:59',1),(105,'15/09/2024','text work twooo',98,0,1,NULL,'task','2024-11-27 17:13:59','2024-11-27 17:13:08','2024-11-27 17:13:59',1),(106,'16/09/2024','text work twooo',98,0,1,NULL,'task','2024-11-27 17:13:59','2024-11-27 17:13:08','2024-11-27 17:13:59',1),(108,'16/09/2024','updatedk',98,0,1,NULL,'task','2024-11-27 17:13:59','2024-11-27 17:13:08','2024-11-27 17:13:59',1),(109,'17/09/2024','updatedk',98,0,1,NULL,'task','2024-11-27 17:13:59','2024-11-27 17:13:08','2024-11-27 17:13:59',1),(110,'15/09/2024','updated',98,0,1,NULL,'task',NULL,'2024-11-27 17:13:59','2024-11-27 17:13:59',1),(111,'16/09/2024','updated',98,0,1,NULL,'task',NULL,'2024-11-27 17:13:59','2024-11-27 17:13:59',1),(112,'17/09/2024','updated',98,0,1,NULL,'task',NULL,'2024-11-27 17:13:59','2024-11-27 17:13:59',1),(113,'15/09/2024','text work twooo',98,0,1,NULL,'task',NULL,'2024-11-27 17:13:59','2024-11-27 17:13:59',1),(114,'16/09/2024','text work twooo',98,0,1,NULL,'task',NULL,'2024-11-27 17:13:59','2024-11-27 17:13:59',1),(115,'15/09/2024','updatedk',98,0,0,NULL,'task',NULL,'2024-11-27 17:13:59','2024-11-27 17:14:24',1),(116,'16/09/2024','updatedk',98,0,1,NULL,'task',NULL,'2024-11-27 17:13:59','2024-11-27 17:13:59',1),(117,'17/09/2024','updatedk',98,0,1,NULL,'task',NULL,'2024-11-27 17:13:59','2024-11-27 17:13:59',1),(118,'27/11/2024','test',98,1,1,NULL,'task','2024-11-27 17:35:37','2024-11-27 17:34:11','2024-11-27 17:35:37',1),(119,'27/11/2024','test',98,0,1,NULL,'task','2024-11-27 17:52:34','2024-11-27 17:35:37','2024-11-27 17:52:34',1),(120,'27/11/2024','شعبولة',98,0,0,NULL,'task','2024-11-27 17:52:34','2024-11-27 17:35:37','2024-11-27 17:52:34',1),(121,'27/11/2024','تيست',98,0,1,NULL,'task','2024-11-27 17:52:34','2024-11-27 17:37:48','2024-11-27 17:52:34',1),(122,'27/11/2024','توزيع المهام بين المعلمين',98,0,0,NULL,'task','2024-11-27 17:57:35','2024-11-27 17:52:34','2024-11-27 17:57:35',1),(123,'27/11/2024','test',98,0,1,NULL,'task','2024-11-27 17:57:35','2024-11-27 17:52:34','2024-11-27 17:57:35',1),(124,'27/11/2024','تيست',98,0,1,NULL,'task','2024-11-27 17:57:35','2024-11-27 17:52:34','2024-11-27 17:57:35',1),(125,'26/11/2024','توزيع المهام بين المعلمين',98,0,1,NULL,'task','2024-11-27 18:02:57','2024-11-27 17:57:35','2024-11-27 18:02:57',1),(126,'27/11/2024','توزيع المهام بين المعلمين',98,0,1,NULL,'task','2024-11-27 18:02:57','2024-11-27 17:57:35','2024-11-27 18:02:57',1),(127,'27/11/2024','test',98,0,1,NULL,'task','2024-11-27 18:02:57','2024-11-27 17:57:35','2024-11-27 18:02:57',1),(128,'27/11/2024','تيست',98,0,1,NULL,'task','2024-11-27 18:02:57','2024-11-27 17:57:35','2024-11-27 18:02:57',1),(129,'26/11/2024','توزيع المهام بين المعلمين',98,0,1,NULL,'task','2024-11-27 18:03:22','2024-11-27 18:02:57','2024-11-27 18:03:22',1),(130,'27/11/2024','توزيع المهام بين المعلمين',98,0,1,NULL,'task','2024-11-27 18:03:22','2024-11-27 18:02:57','2024-11-27 18:03:22',1),(131,'27/11/2024','توزيع الجداول على المعلمين',98,0,1,NULL,'task','2024-11-27 18:03:22','2024-11-27 18:02:57','2024-11-27 18:03:22',1),(132,'27/11/2024','test',98,0,1,NULL,'task','2024-11-27 18:03:22','2024-11-27 18:02:57','2024-11-27 18:03:22',1),(133,'27/11/2024','تيست',98,0,1,NULL,'task','2024-11-27 18:03:22','2024-11-27 18:02:58','2024-11-27 18:03:22',1),(134,'26/11/2024','توزيع المهام بين المعلمين',98,0,1,NULL,'task','2024-11-27 18:04:15','2024-11-27 18:03:22','2024-11-27 18:04:15',1),(135,'27/11/2024','توزيع المهام بين المعلمين',98,0,1,NULL,'task','2024-11-27 18:04:15','2024-11-27 18:03:22','2024-11-27 18:04:15',1),(136,'27/11/2024','توزيع الجداول على المعلمين',98,0,1,NULL,'task','2024-11-27 18:04:15','2024-11-27 18:03:22','2024-11-27 18:04:15',1),(137,'27/11/2024','test',98,0,1,NULL,'task','2024-11-27 18:04:15','2024-11-27 18:03:22','2024-11-27 18:04:15',1),(138,'27/11/2024','شعبولة',98,0,1,NULL,'task','2024-11-27 18:04:15','2024-11-27 18:03:22','2024-11-27 18:04:15',1),(139,'27/11/2024','تيست',98,0,1,NULL,'task','2024-11-27 18:04:15','2024-11-27 18:03:22','2024-11-27 18:04:15',1),(140,'26/11/2024','توزيع المهام بين المعلمين',98,0,1,NULL,'task',NULL,'2024-11-27 18:04:15','2024-11-27 18:04:15',1),(141,'27/11/2024','توزيع المهام بين المعلمين',98,0,1,NULL,'task',NULL,'2024-11-27 18:04:15','2024-11-27 18:04:15',1),(142,'27/11/2024','توزيع الجداول على المعلمين',98,0,1,NULL,'task',NULL,'2024-11-27 18:04:15','2024-11-27 18:04:15',1),(143,'27/11/2024','test',98,0,1,NULL,'task',NULL,'2024-11-27 18:04:15','2024-11-27 18:04:15',1),(144,'27/11/2024','تيست',98,0,1,NULL,'task',NULL,'2024-11-27 18:04:15','2024-11-27 18:04:15',1),(145,'28/11/2024','Testo',203,0,1,NULL,'task',NULL,'2024-11-28 11:20:31','2024-11-28 11:38:02',1),(146,'01/12/2024','كفاااااية',121,1,0,NULL,'task',NULL,'2024-11-28 12:59:25','2024-11-28 12:59:25',1),(147,'28/11/2024','احيه',121,1,0,NULL,'task',NULL,'2024-11-28 12:59:36','2024-11-28 12:59:36',1),(148,'26/11/2024','توزيع المهام بين المعلمين',216,0,1,NULL,'task',NULL,'2024-11-28 16:02:10','2024-11-28 16:02:10',1),(149,'25/11/2024','الاجتماع برؤساء الأقسام',216,0,1,NULL,'task','2024-11-28 16:03:44','2024-11-28 16:02:10','2024-11-28 16:03:44',1),(150,'26/11/2024','توزيع المهام بين المعلمين',216,0,1,NULL,'task','2024-11-28 16:04:20','2024-11-28 16:03:44','2024-11-28 16:04:20',1),(151,'25/11/2024','مدرستى التانيه',216,0,1,NULL,'task','2024-11-28 16:04:20','2024-11-28 16:03:44','2024-11-28 16:04:20',1),(152,'28/11/2024','مدرستى التانيه',216,0,1,NULL,'task','2024-11-28 16:04:20','2024-11-28 16:03:44','2024-11-28 16:04:20',1),(153,'26/11/2024','توزيع المهام بين المعلمين',216,0,1,NULL,'task',NULL,'2024-11-28 16:04:20','2024-11-28 16:04:20',1),(154,'25/11/2024','مدرستى التانيه',216,0,1,NULL,'task',NULL,'2024-11-28 16:04:20','2024-11-28 16:04:20',1),(155,'27/11/2024','مدرستى التانيه',216,0,1,NULL,'task',NULL,'2024-11-28 16:04:20','2024-11-28 16:04:20',1),(156,'28/11/2024','مدرستى التانيه',216,0,1,NULL,'task',NULL,'2024-11-28 16:04:20','2024-11-28 16:04:20',1),(157,'28/11/2024','مهمة الخميس',216,0,1,NULL,'task',NULL,'2024-11-28 16:04:20','2024-11-28 16:04:20',1),(158,'28/11/2024','الاجتماع برؤساء الأقسام',216,0,1,NULL,'task',NULL,'2024-11-28 16:47:59','2024-11-28 16:47:59',1);

--
-- Table structure for table `teacher_general_circulars`
--

CREATE TABLE `teacher_general_circulars` (
  `id` bigint unsigned NOT NULL AUTO_INCREMENT,
  `school_id` bigint unsigned DEFAULT NULL,
  `namazeg_version_id` bigint unsigned DEFAULT NULL,
  `title` varchar(191) COLLATE utf8mb4_unicode_ci DEFAULT NULL,
  `created_at` timestamp NULL DEFAULT NULL,
  `updated_at` timestamp NULL DEFAULT NULL,
  `deleted_at` timestamp NULL DEFAULT NULL,
  PRIMARY KEY (`id`),
  KEY `teacher_general_circulars_school_id_foreign` (`school_id`),
  KEY `teacher_general_circulars_namazeg_version_id_foreign` (`namazeg_version_id`),
  CONSTRAINT `teacher_general_circulars_namazeg_version_id_foreign` FOREIGN KEY (`namazeg_version_id`) REFERENCES `namazeg_versions` (`id`) ON DELETE CASCADE,
  CONSTRAINT `teacher_general_circulars_school_id_foreign` FOREIGN KEY (`school_id`) REFERENCES `schools` (`id`) ON DELETE CASCADE
) ENGINE=InnoDB AUTO_INCREMENT=17 DEFAULT CHARSET=utf8mb4 COLLATE=utf8mb4_unicode_ci;

--
-- Dumping data for table `teacher_general_circulars`
--

INSERT INTO `teacher_general_circulars` (`id`, `school_id`, `namazeg_version_id`, `title`, `created_at`, `updated_at`, `deleted_at`) VALUES (1,1,NULL,'title 1','2024-08-23 10:02:55','2024-09-04 07:09:54','2024-09-04 07:09:54'),(2,81,NULL,'title 1','2024-09-03 10:40:53','2024-09-04 07:09:40','2024-09-04 07:09:40'),(3,81,NULL,'title 2','2024-09-03 10:41:02','2024-09-04 07:10:58','2024-09-04 07:10:58'),(4,81,NULL,'title 3','2024-09-03 10:41:10','2024-09-04 09:51:59','2024-09-04 09:51:59'),(5,81,NULL,'title 4','2024-09-03 10:41:14','2024-09-04 09:47:10','2024-09-04 09:47:10'),(6,81,NULL,'title 5','2024-09-03 10:41:18','2024-09-16 08:38:14','2024-09-16 08:38:14'),(7,81,NULL,'for teachers','2024-09-05 12:51:02','2024-09-16 08:38:17','2024-09-16 08:38:17'),(8,81,NULL,'بيان عام (للمعلمين)','2024-09-06 08:18:50','2024-09-16 08:38:21','2024-09-16 08:38:21'),(9,81,NULL,'update testOnSubmit','2024-09-09 04:49:02','2024-09-16 13:30:31','2024-09-16 13:30:31'),(10,81,NULL,'test teacher update','2024-09-15 12:21:15','2024-09-16 08:41:27','2024-09-16 08:41:27'),(11,80,NULL,'بيان عام (للمعلمين) 80','2024-09-16 08:13:10','2024-09-16 08:41:38','2024-09-16 08:41:38'),(12,80,NULL,'بيان معلمين 80','2024-09-16 09:51:39','2024-09-16 09:51:39',NULL),(13,81,NULL,'بيان عام (للمعلمين)','2024-09-17 05:17:41','2024-09-17 12:35:33','2024-09-17 12:35:33'),(14,81,NULL,'بيان عام 1','2024-09-19 12:28:13','2024-09-19 12:28:13',NULL),(15,81,NULL,'jhkjkj','2024-09-23 15:37:51','2024-09-23 15:37:51',NULL),(16,98,NULL,'يبسشبشسيب','2024-09-24 05:12:17','2024-09-24 05:12:17',NULL);

--
-- Table structure for table `teacher_general_circulars_teachers`
--

CREATE TABLE `teacher_general_circulars_teachers` (
  `id` bigint unsigned NOT NULL AUTO_INCREMENT,
  `teacher_general_circular_id` bigint unsigned DEFAULT NULL,
  `school_employee_id` bigint unsigned DEFAULT NULL,
  `created_at` timestamp NULL DEFAULT NULL,
  `updated_at` timestamp NULL DEFAULT NULL,
  `deleted_at` timestamp NULL DEFAULT NULL,
  PRIMARY KEY (`id`),
  KEY `sgc_teacher_sgc_id_fk` (`teacher_general_circular_id`),
  KEY `teacher_general_circulars_teachers_school_employee_id_foreign` (`school_employee_id`),
  CONSTRAINT `sgc_teacher_sgc_id_fk` FOREIGN KEY (`teacher_general_circular_id`) REFERENCES `teacher_general_circulars` (`id`) ON DELETE CASCADE,
  CONSTRAINT `teacher_general_circulars_teachers_school_employee_id_foreign` FOREIGN KEY (`school_employee_id`) REFERENCES `school_employees` (`id`) ON DELETE CASCADE
) ENGINE=InnoDB AUTO_INCREMENT=29 DEFAULT CHARSET=utf8mb4 COLLATE=utf8mb4_unicode_ci;

--
-- Dumping data for table `teacher_general_circulars_teachers`
--

INSERT INTO `teacher_general_circulars_teachers` (`id`, `teacher_general_circular_id`, `school_employee_id`, `created_at`, `updated_at`, `deleted_at`) VALUES (20,12,687,'2024-09-16 09:51:39','2024-09-16 09:51:39',NULL),(24,14,175,'2024-09-20 05:35:25','2024-09-20 05:35:25',NULL),(26,15,174,'2024-09-23 15:37:51','2024-09-23 15:37:51',NULL),(27,15,175,'2024-09-23 15:37:51','2024-09-23 15:37:51',NULL);

--
-- Table structure for table `teacher_schedul_data`
--

CREATE TABLE `teacher_schedul_data` (
  `id` bigint unsigned NOT NULL AUTO_INCREMENT,
  `teacher_schedule_id` bigint unsigned NOT NULL,
  `school_employee_id` bigint unsigned NOT NULL,
  `subject_id` bigint unsigned NOT NULL,
  `period_id` bigint unsigned NOT NULL,
  `day_id` bigint unsigned NOT NULL,
  `created_at` timestamp NULL DEFAULT NULL,
  `updated_at` timestamp NULL DEFAULT NULL,
  `deleted_at` timestamp NULL DEFAULT NULL,
  PRIMARY KEY (`id`),
  KEY `teacher_schedul_data_teacher_schedule_id_foreign` (`teacher_schedule_id`),
  KEY `teacher_schedul_data_school_employee_id_foreign` (`school_employee_id`),
  KEY `teacher_schedul_data_period_id_foreign` (`period_id`),
  KEY `teacher_schedul_data_subject_id_foreign` (`subject_id`),
  CONSTRAINT `teacher_schedul_data_period_id_foreign` FOREIGN KEY (`period_id`) REFERENCES `periods` (`id`) ON DELETE CASCADE,
  CONSTRAINT `teacher_schedul_data_school_employee_id_foreign` FOREIGN KEY (`school_employee_id`) REFERENCES `school_employees` (`id`) ON DELETE CASCADE,
  CONSTRAINT `teacher_schedul_data_subject_id_foreign` FOREIGN KEY (`subject_id`) REFERENCES `subjects` (`id`) ON DELETE CASCADE,
  CONSTRAINT `teacher_schedul_data_teacher_schedule_id_foreign` FOREIGN KEY (`teacher_schedule_id`) REFERENCES `teacher_schedules` (`id`) ON DELETE CASCADE
) ENGINE=InnoDB AUTO_INCREMENT=211 DEFAULT CHARSET=utf8mb4 COLLATE=utf8mb4_unicode_ci;

--
-- Dumping data for table `teacher_schedul_data`
--

INSERT INTO `teacher_schedul_data` (`id`, `teacher_schedule_id`, `school_employee_id`, `subject_id`, `period_id`, `day_id`, `created_at`, `updated_at`, `deleted_at`) VALUES (14,538,159,4,1,2,NULL,NULL,NULL),(15,745,178,4,1,3,NULL,NULL,NULL),(16,746,174,5,1,3,NULL,NULL,NULL),(18,746,178,5,2,3,NULL,NULL,NULL),(23,39,635,2,1,1,'2024-10-21 15:31:29','2024-10-21 15:31:29',NULL),(24,39,635,2,2,1,'2024-10-21 15:31:29','2024-10-21 15:31:29',NULL),(25,39,635,3,3,1,'2024-10-21 15:31:29','2024-10-21 15:31:29',NULL),(26,39,635,1,4,1,'2024-10-21 15:31:29','2024-10-21 15:31:29',NULL),(27,39,635,2,5,1,'2024-10-21 15:31:29','2024-10-21 15:31:29',NULL),(28,39,635,3,6,1,'2024-10-21 15:31:29','2024-10-21 15:31:29',NULL),(37,538,959,3,2,3,NULL,NULL,NULL),(38,538,959,6,3,3,NULL,NULL,NULL),(209,2037,626,1,1,1,'2024-11-23 19:11:05','2024-11-23 19:11:05',NULL),(210,2038,640,1,1,1,'2024-11-23 19:12:06','2024-11-23 19:12:06',NULL);

--
-- Table structure for table `teacher_schedules`
--

CREATE TABLE `teacher_schedules` (
  `id` bigint unsigned NOT NULL AUTO_INCREMENT,
  `school_id` bigint unsigned NOT NULL,
  `semester_id` bigint unsigned NOT NULL,
  `school_class_id` bigint unsigned NOT NULL,
  `created_at` timestamp NULL DEFAULT NULL,
  `updated_at` timestamp NULL DEFAULT NULL,
  `deleted_at` timestamp NULL DEFAULT NULL,
  PRIMARY KEY (`id`),
  KEY `teacher_schedules_semester_id_foreign` (`semester_id`),
  KEY `teacher_schedules_school_class_id_foreign` (`school_class_id`),
  CONSTRAINT `teacher_schedules_school_class_id_foreign` FOREIGN KEY (`school_class_id`) REFERENCES `school_classes` (`id`) ON DELETE CASCADE,
  CONSTRAINT `teacher_schedules_semester_id_foreign` FOREIGN KEY (`semester_id`) REFERENCES `semesters` (`id`) ON DELETE CASCADE
) ENGINE=InnoDB AUTO_INCREMENT=2449 DEFAULT CHARSET=utf8mb4 COLLATE=utf8mb4_unicode_ci;

--
-- Dumping data for table `teacher_schedules`
--

INSERT INTO `teacher_schedules` (`id`, `school_id`, `semester_id`, `school_class_id`, `created_at`, `updated_at`, `deleted_at`) VALUES (4,2,4,499,'2024-09-08 05:58:52','2024-09-08 05:58:52',NULL),(5,2,4,500,'2024-09-08 05:58:52','2024-09-08 05:58:52',NULL),(6,2,4,501,'2024-09-08 05:58:52','2024-09-08 05:58:52',NULL),(7,2,4,502,'2024-09-08 05:58:52','2024-09-08 05:58:52',NULL),(8,2,4,503,'2024-09-08 05:58:52','2024-09-08 05:58:52',NULL),(9,2,4,504,'2024-09-08 05:58:52','2024-09-08 05:58:52',NULL),(10,2,4,505,'2024-09-08 05:58:52','2024-09-08 05:58:52',NULL),(11,2,4,506,'2024-09-08 05:58:52','2024-09-08 05:58:52',NULL),(12,2,4,507,'2024-09-08 05:58:52','2024-09-08 05:58:52',NULL),(13,2,4,508,'2024-09-08 05:58:52','2024-09-08 05:58:52',NULL),(14,2,4,509,'2024-09-08 05:58:52','2024-09-08 05:58:52',NULL),(15,2,4,510,'2024-09-08 05:58:52','2024-09-08 05:58:52',NULL),(16,2,4,511,'2024-09-08 05:58:52','2024-09-08 05:58:52',NULL),(17,2,4,512,'2024-09-08 05:58:52','2024-09-08 05:58:52',NULL),(18,2,4,513,'2024-09-08 05:58:52','2024-09-08 05:58:52',NULL),(19,2,4,514,'2024-09-08 05:58:52','2024-09-08 05:58:52',NULL),(36,2,8,499,'2024-09-08 05:58:52','2024-09-08 05:58:52',NULL),(37,2,8,500,'2024-09-08 05:58:52','2024-09-08 05:58:52',NULL),(38,2,8,501,'2024-09-08 05:58:52','2024-09-08 05:58:52',NULL),(39,2,8,502,'2024-09-08 05:58:52','2024-09-08 05:58:52',NULL),(40,2,8,503,'2024-09-08 05:58:52','2024-09-08 05:58:52',NULL),(41,2,8,504,'2024-09-08 05:58:52','2024-09-08 05:58:52',NULL),(42,2,8,505,'2024-09-08 05:58:52','2024-09-08 05:58:52',NULL),(43,2,8,506,'2024-09-08 05:58:52','2024-09-08 05:58:52',NULL),(44,2,8,507,'2024-09-08 05:58:52','2024-09-08 05:58:52',NULL),(45,2,8,508,'2024-09-08 05:58:52','2024-09-08 05:58:52',NULL),(46,2,8,509,'2024-09-08 05:58:52','2024-09-08 05:58:52',NULL),(47,2,8,510,'2024-09-08 05:58:52','2024-09-08 05:58:52',NULL),(48,2,8,511,'2024-09-08 05:58:52','2024-09-08 05:58:52',NULL),(49,2,8,512,'2024-09-08 05:58:52','2024-09-08 05:58:52',NULL),(50,2,8,513,'2024-09-08 05:58:52','2024-09-08 05:58:52',NULL),(51,2,8,514,'2024-09-08 05:58:52','2024-09-08 05:58:52',NULL),(52,105,4,2789,'2024-09-12 08:56:18','2024-09-12 08:56:18',NULL),(53,105,4,2790,'2024-09-12 08:56:18','2024-09-12 08:56:18',NULL),(54,105,4,2791,'2024-09-12 08:56:18','2024-09-12 08:56:18',NULL),(55,105,4,2792,'2024-09-12 08:56:18','2024-09-12 08:56:18',NULL),(56,105,4,2793,'2024-09-12 08:56:18','2024-09-12 08:56:18',NULL),(57,105,4,2794,'2024-09-12 08:56:18','2024-09-12 08:56:18',NULL),(58,105,4,2795,'2024-09-12 08:56:18','2024-09-12 08:56:18',NULL),(59,105,4,2796,'2024-09-12 08:56:18','2024-09-12 08:56:18',NULL),(60,105,4,2797,'2024-09-12 08:56:18','2024-09-12 08:56:18',NULL),(61,105,4,2798,'2024-09-12 08:56:18','2024-09-12 08:56:18',NULL),(62,105,4,2799,'2024-09-12 08:56:18','2024-09-12 08:56:18',NULL),(63,105,4,2800,'2024-09-12 08:56:18','2024-09-12 08:56:18',NULL),(64,105,4,2801,'2024-09-12 08:56:18','2024-09-12 08:56:18',NULL),(65,105,4,2802,'2024-09-12 08:56:18','2024-09-12 08:56:18',NULL),(66,105,4,2803,'2024-09-12 08:56:18','2024-09-12 08:56:18',NULL),(67,105,4,2804,'2024-09-12 08:56:18','2024-09-12 08:56:18',NULL),(84,105,8,2789,'2024-09-12 08:56:18','2024-09-12 08:56:18',NULL),(85,105,8,2790,'2024-09-12 08:56:18','2024-09-12 08:56:18',NULL),(86,105,8,2791,'2024-09-12 08:56:18','2024-09-12 08:56:18',NULL),(87,105,8,2792,'2024-09-12 08:56:18','2024-09-12 08:56:18',NULL),(88,105,8,2793,'2024-09-12 08:56:18','2024-09-12 08:56:18',NULL),(89,105,8,2794,'2024-09-12 08:56:18','2024-09-12 08:56:18',NULL),(90,105,8,2795,'2024-09-12 08:56:18','2024-09-12 08:56:18',NULL),(91,105,8,2796,'2024-09-12 08:56:18','2024-09-12 08:56:18',NULL),(92,105,8,2797,'2024-09-12 08:56:18','2024-09-12 08:56:18',NULL),(93,105,8,2798,'2024-09-12 08:56:18','2024-09-12 08:56:18',NULL),(94,105,8,2799,'2024-09-12 08:56:18','2024-09-12 08:56:18',NULL),(95,105,8,2800,'2024-09-12 08:56:18','2024-09-12 08:56:18',NULL),(96,105,8,2801,'2024-09-12 08:56:18','2024-09-12 08:56:18',NULL),(97,105,8,2802,'2024-09-12 08:56:18','2024-09-12 08:56:18',NULL),(98,105,8,2803,'2024-09-12 08:56:18','2024-09-12 08:56:18',NULL),(99,105,8,2804,'2024-09-12 08:56:18','2024-09-12 08:56:18',NULL),(100,105,4,2789,'2024-09-12 09:02:37','2024-09-12 09:02:37',NULL),(101,105,4,2790,'2024-09-12 09:02:37','2024-09-12 09:02:37',NULL),(102,105,4,2791,'2024-09-12 09:02:37','2024-09-12 09:02:37',NULL),(103,105,4,2792,'2024-09-12 09:02:37','2024-09-12 09:02:37',NULL),(104,105,4,2793,'2024-09-12 09:02:37','2024-09-12 09:02:37',NULL),(105,105,4,2794,'2024-09-12 09:02:37','2024-09-12 09:02:37',NULL),(106,105,4,2795,'2024-09-12 09:02:37','2024-09-12 09:02:37',NULL),(107,105,4,2796,'2024-09-12 09:02:37','2024-09-12 09:02:37',NULL),(108,105,4,2797,'2024-09-12 09:02:37','2024-09-12 09:02:37',NULL),(109,105,4,2798,'2024-09-12 09:02:37','2024-09-12 09:02:37',NULL),(110,105,4,2799,'2024-09-12 09:02:37','2024-09-12 09:02:37',NULL),(111,105,4,2800,'2024-09-12 09:02:37','2024-09-12 09:02:37',NULL),(112,105,4,2801,'2024-09-12 09:02:37','2024-09-12 09:02:37',NULL),(113,105,4,2802,'2024-09-12 09:02:37','2024-09-12 09:02:37',NULL),(114,105,4,2803,'2024-09-12 09:02:37','2024-09-12 09:02:37',NULL),(115,105,4,2804,'2024-09-12 09:02:37','2024-09-12 09:02:37',NULL),(132,105,8,2789,'2024-09-12 09:02:37','2024-09-12 09:02:37',NULL),(133,105,8,2790,'2024-09-12 09:02:37','2024-09-12 09:02:37',NULL),(134,105,8,2791,'2024-09-12 09:02:37','2024-09-12 09:02:37',NULL),(135,105,8,2792,'2024-09-12 09:02:37','2024-09-12 09:02:37',NULL),(136,105,8,2793,'2024-09-12 09:02:37','2024-09-12 09:02:37',NULL),(137,105,8,2794,'2024-09-12 09:02:37','2024-09-12 09:02:37',NULL),(138,105,8,2795,'2024-09-12 09:02:37','2024-09-12 09:02:37',NULL),(139,105,8,2796,'2024-09-12 09:02:37','2024-09-12 09:02:37',NULL),(140,105,8,2797,'2024-09-12 09:02:37','2024-09-12 09:02:37',NULL),(141,105,8,2798,'2024-09-12 09:02:37','2024-09-12 09:02:37',NULL),(142,105,8,2799,'2024-09-12 09:02:37','2024-09-12 09:02:37',NULL),(143,105,8,2800,'2024-09-12 09:02:37','2024-09-12 09:02:37',NULL),(144,105,8,2801,'2024-09-12 09:02:37','2024-09-12 09:02:37',NULL),(145,105,8,2802,'2024-09-12 09:02:37','2024-09-12 09:02:37',NULL),(146,105,8,2803,'2024-09-12 09:02:37','2024-09-12 09:02:37',NULL),(147,105,8,2804,'2024-09-12 09:02:37','2024-09-12 09:02:37',NULL),(148,105,4,2789,'2024-09-12 09:04:18','2024-09-12 09:04:18',NULL),(149,105,4,2790,'2024-09-12 09:04:18','2024-09-12 09:04:18',NULL),(150,105,4,2791,'2024-09-12 09:04:18','2024-09-12 09:04:18',NULL),(151,105,4,2792,'2024-09-12 09:04:18','2024-09-12 09:04:18',NULL),(152,105,4,2793,'2024-09-12 09:04:18','2024-09-12 09:04:18',NULL),(153,105,4,2794,'2024-09-12 09:04:18','2024-09-12 09:04:18',NULL),(154,105,4,2795,'2024-09-12 09:04:18','2024-09-12 09:04:18',NULL),(155,105,4,2796,'2024-09-12 09:04:18','2024-09-12 09:04:18',NULL),(156,105,4,2797,'2024-09-12 09:04:18','2024-09-12 09:04:18',NULL),(157,105,4,2798,'2024-09-12 09:04:18','2024-09-12 09:04:18',NULL),(158,105,4,2799,'2024-09-12 09:04:18','2024-09-12 09:04:18',NULL),(159,105,4,2800,'2024-09-12 09:04:18','2024-09-12 09:04:18',NULL),(160,105,4,2801,'2024-09-12 09:04:18','2024-09-12 09:04:18',NULL),(161,105,4,2802,'2024-09-12 09:04:18','2024-09-12 09:04:18',NULL),(162,105,4,2803,'2024-09-12 09:04:18','2024-09-12 09:04:18',NULL),(163,105,4,2804,'2024-09-12 09:04:18','2024-09-12 09:04:18',NULL),(180,105,8,2789,'2024-09-12 09:04:18','2024-09-12 09:04:18',NULL),(181,105,8,2790,'2024-09-12 09:04:18','2024-09-12 09:04:18',NULL),(182,105,8,2791,'2024-09-12 09:04:18','2024-09-12 09:04:18',NULL),(183,105,8,2792,'2024-09-12 09:04:18','2024-09-12 09:04:18',NULL),(184,105,8,2793,'2024-09-12 09:04:18','2024-09-12 09:04:18',NULL),(185,105,8,2794,'2024-09-12 09:04:18','2024-09-12 09:04:18',NULL),(186,105,8,2795,'2024-09-12 09:04:18','2024-09-12 09:04:18',NULL),(187,105,8,2796,'2024-09-12 09:04:18','2024-09-12 09:04:18',NULL),(188,105,8,2797,'2024-09-12 09:04:18','2024-09-12 09:04:18',NULL),(189,105,8,2798,'2024-09-12 09:04:18','2024-09-12 09:04:18',NULL),(190,105,8,2799,'2024-09-12 09:04:18','2024-09-12 09:04:18',NULL),(191,105,8,2800,'2024-09-12 09:04:18','2024-09-12 09:04:18',NULL),(192,105,8,2801,'2024-09-12 09:04:18','2024-09-12 09:04:18',NULL),(193,105,8,2802,'2024-09-12 09:04:19','2024-09-12 09:04:19',NULL),(194,105,8,2803,'2024-09-12 09:04:19','2024-09-12 09:04:19',NULL),(195,105,8,2804,'2024-09-12 09:04:19','2024-09-12 09:04:19',NULL),(196,105,4,2789,'2024-09-12 09:04:48','2024-09-12 09:04:48',NULL),(197,105,4,2790,'2024-09-12 09:04:48','2024-09-12 09:04:48',NULL),(198,105,4,2791,'2024-09-12 09:04:48','2024-09-12 09:04:48',NULL),(199,105,4,2792,'2024-09-12 09:04:48','2024-09-12 09:04:48',NULL),(200,105,4,2793,'2024-09-12 09:04:48','2024-09-12 09:04:48',NULL),(201,105,4,2794,'2024-09-12 09:04:48','2024-09-12 09:04:48',NULL),(202,105,4,2795,'2024-09-12 09:04:48','2024-09-12 09:04:48',NULL),(203,105,4,2796,'2024-09-12 09:04:48','2024-09-12 09:04:48',NULL),(204,105,4,2797,'2024-09-12 09:04:48','2024-09-12 09:04:48',NULL),(205,105,4,2798,'2024-09-12 09:04:48','2024-09-12 09:04:48',NULL),(206,105,4,2799,'2024-09-12 09:04:48','2024-09-12 09:04:48',NULL),(207,105,4,2800,'2024-09-12 09:04:48','2024-09-12 09:04:48',NULL),(208,105,4,2801,'2024-09-12 09:04:48','2024-09-12 09:04:48',NULL),(209,105,4,2802,'2024-09-12 09:04:48','2024-09-12 09:04:48',NULL),(210,105,4,2803,'2024-09-12 09:04:48','2024-09-12 09:04:48',NULL),(211,105,4,2804,'2024-09-12 09:04:48','2024-09-12 09:04:48',NULL),(228,105,8,2789,'2024-09-12 09:04:48','2024-09-12 09:04:48',NULL),(229,105,8,2790,'2024-09-12 09:04:48','2024-09-12 09:04:48',NULL),(230,105,8,2791,'2024-09-12 09:04:48','2024-09-12 09:04:48',NULL),(231,105,8,2792,'2024-09-12 09:04:48','2024-09-12 09:04:48',NULL),(232,105,8,2793,'2024-09-12 09:04:48','2024-09-12 09:04:48',NULL),(233,105,8,2794,'2024-09-12 09:04:48','2024-09-12 09:04:48',NULL),(234,105,8,2795,'2024-09-12 09:04:48','2024-09-12 09:04:48',NULL),(235,105,8,2796,'2024-09-12 09:04:48','2024-09-12 09:04:48',NULL),(236,105,8,2797,'2024-09-12 09:04:48','2024-09-12 09:04:48',NULL),(237,105,8,2798,'2024-09-12 09:04:48','2024-09-12 09:04:48',NULL),(238,105,8,2799,'2024-09-12 09:04:48','2024-09-12 09:04:48',NULL),(239,105,8,2800,'2024-09-12 09:04:48','2024-09-12 09:04:48',NULL),(240,105,8,2801,'2024-09-12 09:04:48','2024-09-12 09:04:48',NULL),(241,105,8,2802,'2024-09-12 09:04:48','2024-09-12 09:04:48',NULL),(242,105,8,2803,'2024-09-12 09:04:48','2024-09-12 09:04:48',NULL),(243,105,8,2804,'2024-09-12 09:04:48','2024-09-12 09:04:48',NULL),(244,105,4,2789,'2024-09-12 09:05:34','2024-09-12 09:05:34',NULL),(245,105,4,2790,'2024-09-12 09:05:34','2024-09-12 09:05:34',NULL),(246,105,4,2791,'2024-09-12 09:05:34','2024-09-12 09:05:34',NULL),(247,105,4,2792,'2024-09-12 09:05:34','2024-09-12 09:05:34',NULL),(248,105,4,2793,'2024-09-12 09:05:34','2024-09-12 09:05:34',NULL),(249,105,4,2794,'2024-09-12 09:05:34','2024-09-12 09:05:34',NULL),(250,105,4,2795,'2024-09-12 09:05:34','2024-09-12 09:05:34',NULL),(251,105,4,2796,'2024-09-12 09:05:34','2024-09-12 09:05:34',NULL),(252,105,4,2797,'2024-09-12 09:05:34','2024-09-12 09:05:34',NULL),(253,105,4,2798,'2024-09-12 09:05:34','2024-09-12 09:05:34',NULL),(254,105,4,2799,'2024-09-12 09:05:34','2024-09-12 09:05:34',NULL),(255,105,4,2800,'2024-09-12 09:05:34','2024-09-12 09:05:34',NULL),(256,105,4,2801,'2024-09-12 09:05:34','2024-09-12 09:05:34',NULL),(257,105,4,2802,'2024-09-12 09:05:34','2024-09-12 09:05:34',NULL),(258,105,4,2803,'2024-09-12 09:05:34','2024-09-12 09:05:34',NULL),(259,105,4,2804,'2024-09-12 09:05:34','2024-09-12 09:05:34',NULL),(276,105,8,2789,'2024-09-12 09:05:34','2024-09-12 09:05:34',NULL),(277,105,8,2790,'2024-09-12 09:05:34','2024-09-12 09:05:34',NULL),(278,105,8,2791,'2024-09-12 09:05:34','2024-09-12 09:05:34',NULL),(279,105,8,2792,'2024-09-12 09:05:34','2024-09-12 09:05:34',NULL),(280,105,8,2793,'2024-09-12 09:05:34','2024-09-12 09:05:34',NULL),(281,105,8,2794,'2024-09-12 09:05:34','2024-09-12 09:05:34',NULL),(282,105,8,2795,'2024-09-12 09:05:34','2024-09-12 09:05:34',NULL),(283,105,8,2796,'2024-09-12 09:05:34','2024-09-12 09:05:34',NULL),(284,105,8,2797,'2024-09-12 09:05:34','2024-09-12 09:05:34',NULL),(285,105,8,2798,'2024-09-12 09:05:34','2024-09-12 09:05:34',NULL),(286,105,8,2799,'2024-09-12 09:05:34','2024-09-12 09:05:34',NULL),(287,105,8,2800,'2024-09-12 09:05:34','2024-09-12 09:05:34',NULL),(288,105,8,2801,'2024-09-12 09:05:34','2024-09-12 09:05:34',NULL),(289,105,8,2802,'2024-09-12 09:05:34','2024-09-12 09:05:34',NULL),(290,105,8,2803,'2024-09-12 09:05:34','2024-09-12 09:05:34',NULL),(291,105,8,2804,'2024-09-12 09:05:34','2024-09-12 09:05:34',NULL),(292,105,4,2789,'2024-09-12 09:07:39','2024-09-12 09:07:39',NULL),(293,105,4,2790,'2024-09-12 09:07:39','2024-09-12 09:07:39',NULL),(294,105,4,2791,'2024-09-12 09:07:39','2024-09-12 09:07:39',NULL),(295,105,4,2792,'2024-09-12 09:07:39','2024-09-12 09:07:39',NULL),(296,105,4,2793,'2024-09-12 09:07:39','2024-09-12 09:07:39',NULL),(297,105,4,2794,'2024-09-12 09:07:39','2024-09-12 09:07:39',NULL),(298,105,4,2795,'2024-09-12 09:07:39','2024-09-12 09:07:39',NULL),(299,105,4,2796,'2024-09-12 09:07:39','2024-09-12 09:07:39',NULL),(300,105,4,2797,'2024-09-12 09:07:39','2024-09-12 09:07:39',NULL),(301,105,4,2798,'2024-09-12 09:07:39','2024-09-12 09:07:39',NULL),(302,105,4,2799,'2024-09-12 09:07:39','2024-09-12 09:07:39',NULL),(303,105,4,2800,'2024-09-12 09:07:39','2024-09-12 09:07:39',NULL),(304,105,4,2801,'2024-09-12 09:07:39','2024-09-12 09:07:39',NULL),(305,105,4,2802,'2024-09-12 09:07:39','2024-09-12 09:07:39',NULL),(306,105,4,2803,'2024-09-12 09:07:39','2024-09-12 09:07:39',NULL),(307,105,4,2804,'2024-09-12 09:07:39','2024-09-12 09:07:39',NULL),(324,105,8,2789,'2024-09-12 09:07:39','2024-09-12 09:07:39',NULL),(325,105,8,2790,'2024-09-12 09:07:39','2024-09-12 09:07:39',NULL),(326,105,8,2791,'2024-09-12 09:07:39','2024-09-12 09:07:39',NULL),(327,105,8,2792,'2024-09-12 09:07:39','2024-09-12 09:07:39',NULL),(328,105,8,2793,'2024-09-12 09:07:39','2024-09-12 09:07:39',NULL),(329,105,8,2794,'2024-09-12 09:07:39','2024-09-12 09:07:39',NULL),(330,105,8,2795,'2024-09-12 09:07:39','2024-09-12 09:07:39',NULL),(331,105,8,2796,'2024-09-12 09:07:39','2024-09-12 09:07:39',NULL),(332,105,8,2797,'2024-09-12 09:07:39','2024-09-12 09:07:39',NULL),(333,105,8,2798,'2024-09-12 09:07:39','2024-09-12 09:07:39',NULL),(334,105,8,2799,'2024-09-12 09:07:39','2024-09-12 09:07:39',NULL),(335,105,8,2800,'2024-09-12 09:07:39','2024-09-12 09:07:39',NULL),(336,105,8,2801,'2024-09-12 09:07:39','2024-09-12 09:07:39',NULL),(337,105,8,2802,'2024-09-12 09:07:39','2024-09-12 09:07:39',NULL),(338,105,8,2803,'2024-09-12 09:07:39','2024-09-12 09:07:39',NULL),(339,105,8,2804,'2024-09-12 09:07:39','2024-09-12 09:07:39',NULL),(340,105,4,2789,'2024-09-12 09:08:03','2024-09-12 09:08:03',NULL),(341,105,4,2790,'2024-09-12 09:08:03','2024-09-12 09:08:03',NULL),(342,105,4,2791,'2024-09-12 09:08:03','2024-09-12 09:08:03',NULL),(343,105,4,2792,'2024-09-12 09:08:03','2024-09-12 09:08:03',NULL),(344,105,4,2793,'2024-09-12 09:08:03','2024-09-12 09:08:03',NULL),(345,105,4,2794,'2024-09-12 09:08:03','2024-09-12 09:08:03',NULL),(346,105,4,2795,'2024-09-12 09:08:03','2024-09-12 09:08:03',NULL),(347,105,4,2796,'2024-09-12 09:08:03','2024-09-12 09:08:03',NULL),(348,105,4,2797,'2024-09-12 09:08:03','2024-09-12 09:08:03',NULL),(349,105,4,2798,'2024-09-12 09:08:03','2024-09-12 09:08:03',NULL),(350,105,4,2799,'2024-09-12 09:08:03','2024-09-12 09:08:03',NULL),(351,105,4,2800,'2024-09-12 09:08:03','2024-09-12 09:08:03',NULL),(352,105,4,2801,'2024-09-12 09:08:03','2024-09-12 09:08:03',NULL),(353,105,4,2802,'2024-09-12 09:08:03','2024-09-12 09:08:03',NULL),(354,105,4,2803,'2024-09-12 09:08:03','2024-09-12 09:08:03',NULL),(355,105,4,2804,'2024-09-12 09:08:03','2024-09-12 09:08:03',NULL),(372,105,8,2789,'2024-09-12 09:08:04','2024-09-12 09:08:04',NULL),(373,105,8,2790,'2024-09-12 09:08:04','2024-09-12 09:08:04',NULL),(374,105,8,2791,'2024-09-12 09:08:04','2024-09-12 09:08:04',NULL),(375,105,8,2792,'2024-09-12 09:08:04','2024-09-12 09:08:04',NULL),(376,105,8,2793,'2024-09-12 09:08:04','2024-09-12 09:08:04',NULL),(377,105,8,2794,'2024-09-12 09:08:04','2024-09-12 09:08:04',NULL),(378,105,8,2795,'2024-09-12 09:08:04','2024-09-12 09:08:04',NULL),(379,105,8,2796,'2024-09-12 09:08:04','2024-09-12 09:08:04',NULL),(380,105,8,2797,'2024-09-12 09:08:04','2024-09-12 09:08:04',NULL),(381,105,8,2798,'2024-09-12 09:08:04','2024-09-12 09:08:04',NULL),(382,105,8,2799,'2024-09-12 09:08:04','2024-09-12 09:08:04',NULL),(383,105,8,2800,'2024-09-12 09:08:04','2024-09-12 09:08:04',NULL),(384,105,8,2801,'2024-09-12 09:08:04','2024-09-12 09:08:04',NULL),(385,105,8,2802,'2024-09-12 09:08:04','2024-09-12 09:08:04',NULL),(386,105,8,2803,'2024-09-12 09:08:04','2024-09-12 09:08:04',NULL),(387,105,8,2804,'2024-09-12 09:08:04','2024-09-12 09:08:04',NULL),(388,105,4,2789,'2024-09-12 09:08:36','2024-09-12 09:08:36',NULL),(389,105,4,2790,'2024-09-12 09:08:36','2024-09-12 09:08:36',NULL),(390,105,4,2791,'2024-09-12 09:08:36','2024-09-12 09:08:36',NULL),(391,105,4,2792,'2024-09-12 09:08:36','2024-09-12 09:08:36',NULL),(392,105,4,2793,'2024-09-12 09:08:36','2024-09-12 09:08:36',NULL),(393,105,4,2794,'2024-09-12 09:08:36','2024-09-12 09:08:36',NULL),(394,105,4,2795,'2024-09-12 09:08:36','2024-09-12 09:08:36',NULL),(395,105,4,2796,'2024-09-12 09:08:36','2024-09-12 09:08:36',NULL),(396,105,4,2797,'2024-09-12 09:08:36','2024-09-12 09:08:36',NULL),(397,105,4,2798,'2024-09-12 09:08:36','2024-09-12 09:08:36',NULL),(398,105,4,2799,'2024-09-12 09:08:36','2024-09-12 09:08:36',NULL),(399,105,4,2800,'2024-09-12 09:08:36','2024-09-12 09:08:36',NULL),(400,105,4,2801,'2024-09-12 09:08:36','2024-09-12 09:08:36',NULL),(401,105,4,2802,'2024-09-12 09:08:36','2024-09-12 09:08:36',NULL),(402,105,4,2803,'2024-09-12 09:08:36','2024-09-12 09:08:36',NULL),(403,105,4,2804,'2024-09-12 09:08:36','2024-09-12 09:08:36',NULL),(420,105,8,2789,'2024-09-12 09:08:36','2024-09-12 09:08:36',NULL),(421,105,8,2790,'2024-09-12 09:08:36','2024-09-12 09:08:36',NULL),(422,105,8,2791,'2024-09-12 09:08:36','2024-09-12 09:08:36',NULL),(423,105,8,2792,'2024-09-12 09:08:36','2024-09-12 09:08:36',NULL),(424,105,8,2793,'2024-09-12 09:08:36','2024-09-12 09:08:36',NULL),(425,105,8,2794,'2024-09-12 09:08:36','2024-09-12 09:08:36',NULL),(426,105,8,2795,'2024-09-12 09:08:36','2024-09-12 09:08:36',NULL),(427,105,8,2796,'2024-09-12 09:08:36','2024-09-12 09:08:36',NULL),(428,105,8,2797,'2024-09-12 09:08:36','2024-09-12 09:08:36',NULL),(429,105,8,2798,'2024-09-12 09:08:36','2024-09-12 09:08:36',NULL),(430,105,8,2799,'2024-09-12 09:08:36','2024-09-12 09:08:36',NULL),(431,105,8,2800,'2024-09-12 09:08:36','2024-09-12 09:08:36',NULL),(432,105,8,2801,'2024-09-12 09:08:36','2024-09-12 09:08:36',NULL),(433,105,8,2802,'2024-09-12 09:08:36','2024-09-12 09:08:36',NULL),(434,105,8,2803,'2024-09-12 09:08:36','2024-09-12 09:08:36',NULL),(435,105,8,2804,'2024-09-12 09:08:36','2024-09-12 09:08:36',NULL),(436,106,4,2822,'2024-09-12 09:40:58','2024-09-12 09:40:58',NULL),(437,106,4,2823,'2024-09-12 09:40:58','2024-09-12 09:40:58',NULL),(438,106,4,2824,'2024-09-12 09:40:58','2024-09-12 09:40:58',NULL),(439,106,4,2825,'2024-09-12 09:40:58','2024-09-12 09:40:58',NULL),(440,106,4,2826,'2024-09-12 09:40:58','2024-09-12 09:40:58',NULL),(441,106,4,2827,'2024-09-12 09:40:58','2024-09-12 09:40:58',NULL),(442,106,4,2828,'2024-09-12 09:40:58','2024-09-12 09:40:58',NULL),(443,106,4,2829,'2024-09-12 09:40:58','2024-09-12 09:40:58',NULL),(444,106,4,2830,'2024-09-12 09:40:58','2024-09-12 09:40:58',NULL),(445,106,4,2831,'2024-09-12 09:40:58','2024-09-12 09:40:58',NULL),(446,106,4,2832,'2024-09-12 09:40:58','2024-09-12 09:40:58',NULL),(447,106,4,2833,'2024-09-12 09:40:58','2024-09-12 09:40:58',NULL),(448,106,4,2834,'2024-09-12 09:40:58','2024-09-12 09:40:58',NULL),(449,106,4,2835,'2024-09-12 09:40:58','2024-09-12 09:40:58',NULL),(450,106,4,2836,'2024-09-12 09:40:58','2024-09-12 09:40:58',NULL),(451,106,4,2837,'2024-09-12 09:40:58','2024-09-12 09:40:58',NULL),(452,106,4,2838,'2024-09-12 09:40:58','2024-09-12 09:40:58',NULL),(453,106,4,2839,'2024-09-12 09:40:58','2024-09-12 09:40:58',NULL),(472,106,8,2822,'2024-09-12 09:40:58','2024-09-12 09:40:58',NULL),(473,106,8,2823,'2024-09-12 09:40:58','2024-09-12 09:40:58',NULL),(474,106,8,2824,'2024-09-12 09:40:58','2024-09-12 09:40:58',NULL),(475,106,8,2825,'2024-09-12 09:40:58','2024-09-12 09:40:58',NULL),(476,106,8,2826,'2024-09-12 09:40:58','2024-09-12 09:40:58',NULL),(477,106,8,2827,'2024-09-12 09:40:58','2024-09-12 09:40:58',NULL),(478,106,8,2828,'2024-09-12 09:40:58','2024-09-12 09:40:58',NULL),(479,106,8,2829,'2024-09-12 09:40:58','2024-09-12 09:40:58',NULL),(480,106,8,2830,'2024-09-12 09:40:58','2024-09-12 09:40:58',NULL),(481,106,8,2831,'2024-09-12 09:40:58','2024-09-12 09:40:58',NULL),(482,106,8,2832,'2024-09-12 09:40:58','2024-09-12 09:40:58',NULL),(483,106,8,2833,'2024-09-12 09:40:58','2024-09-12 09:40:58',NULL),(484,106,8,2834,'2024-09-12 09:40:58','2024-09-12 09:40:58',NULL),(485,106,8,2835,'2024-09-12 09:40:58','2024-09-12 09:40:58',NULL),(486,106,8,2836,'2024-09-12 09:40:58','2024-09-12 09:40:58',NULL),(487,106,8,2837,'2024-09-12 09:40:58','2024-09-12 09:40:58',NULL),(488,106,8,2838,'2024-09-12 09:40:58','2024-09-12 09:40:58',NULL),(489,106,8,2839,'2024-09-12 09:40:58','2024-09-12 09:40:58',NULL),(490,80,4,2840,'2024-09-12 12:40:18','2024-09-12 12:40:18',NULL),(491,80,4,2841,'2024-09-12 12:40:18','2024-09-12 12:40:18',NULL),(492,80,4,2842,'2024-09-12 12:40:19','2024-09-12 12:40:19',NULL),(493,80,4,2843,'2024-09-12 12:40:19','2024-09-12 12:40:19',NULL),(494,80,4,2844,'2024-09-12 12:40:19','2024-09-12 12:40:19',NULL),(495,80,4,2845,'2024-09-12 12:40:19','2024-09-12 12:40:19',NULL),(496,80,4,2846,'2024-09-12 12:40:19','2024-09-12 12:40:19',NULL),(497,80,4,2847,'2024-09-12 12:40:19','2024-09-12 12:40:19',NULL),(498,80,4,2848,'2024-09-12 12:40:19','2024-09-12 12:40:19',NULL),(499,80,4,2849,'2024-09-12 12:40:19','2024-09-12 12:40:19',NULL),(500,80,4,2850,'2024-09-12 12:40:19','2024-09-12 12:40:19',NULL),(501,80,4,2851,'2024-09-12 12:40:19','2024-09-12 12:40:19',NULL),(502,80,4,2852,'2024-09-12 12:40:19','2024-09-12 12:40:19',NULL),(503,80,4,2853,'2024-09-12 12:40:19','2024-09-12 12:40:19',NULL),(504,80,4,2854,'2024-09-12 12:40:19','2024-09-12 12:40:19',NULL),(505,80,4,2855,'2024-09-12 12:40:19','2024-09-12 12:40:19',NULL),(522,80,8,2840,'2024-09-12 12:40:19','2024-09-12 12:40:19',NULL),(523,80,8,2841,'2024-09-12 12:40:19','2024-09-12 12:40:19',NULL),(524,80,8,2842,'2024-09-12 12:40:19','2024-09-12 12:40:19',NULL),(525,80,8,2843,'2024-09-12 12:40:19','2024-09-12 12:40:19',NULL),(526,80,8,2844,'2024-09-12 12:40:19','2024-09-12 12:40:19',NULL),(527,80,8,2845,'2024-09-12 12:40:19','2024-09-12 12:40:19',NULL),(528,80,8,2846,'2024-09-12 12:40:19','2024-09-12 12:40:19',NULL),(529,80,8,2847,'2024-09-12 12:40:19','2024-09-12 12:40:19',NULL),(530,80,8,2848,'2024-09-12 12:40:19','2024-09-12 12:40:19',NULL),(531,80,8,2849,'2024-09-12 12:40:19','2024-09-12 12:40:19',NULL),(532,80,8,2850,'2024-09-12 12:40:19','2024-09-12 12:40:19',NULL),(533,80,8,2851,'2024-09-12 12:40:19','2024-09-12 12:40:19',NULL),(534,80,8,2852,'2024-09-12 12:40:19','2024-09-12 12:40:19',NULL),(535,80,8,2853,'2024-09-12 12:40:19','2024-09-12 12:40:19',NULL),(536,80,8,2854,'2024-09-12 12:40:19','2024-09-12 12:40:19',NULL),(537,80,8,2855,'2024-09-12 12:40:19','2024-09-12 12:40:19',NULL),(538,81,1,2462,'2024-09-12 12:41:22','2024-09-12 12:41:22',NULL),(539,81,4,2463,'2024-09-12 12:41:22','2024-09-12 12:41:22',NULL),(540,81,4,2464,'2024-09-12 12:41:22','2024-09-12 12:41:22',NULL),(541,81,4,2465,'2024-09-12 12:41:22','2024-09-12 12:41:22',NULL),(542,81,4,2466,'2024-09-12 12:41:22','2024-09-12 12:41:22',NULL),(543,81,4,2467,'2024-09-12 12:41:22','2024-09-12 12:41:22',NULL),(544,81,4,2468,'2024-09-12 12:41:22','2024-09-12 12:41:22',NULL),(545,81,4,2469,'2024-09-12 12:41:22','2024-09-12 12:41:22',NULL),(546,81,4,2470,'2024-09-12 12:41:22','2024-09-12 12:41:22',NULL),(547,81,4,2471,'2024-09-12 12:41:22','2024-09-12 12:41:22',NULL),(548,81,4,2472,'2024-09-12 12:41:22','2024-09-12 12:41:22',NULL),(549,81,4,2473,'2024-09-12 12:41:22','2024-09-12 12:41:22',NULL),(550,81,4,2474,'2024-09-12 12:41:22','2024-09-12 12:41:22',NULL),(551,81,4,2475,'2024-09-12 12:41:22','2024-09-12 12:41:22',NULL),(552,81,4,2476,'2024-09-12 12:41:22','2024-09-12 12:41:22',NULL),(553,81,4,2477,'2024-09-12 12:41:22','2024-09-12 12:41:22',NULL),(570,81,8,2462,'2024-09-12 12:41:22','2024-09-12 12:41:22',NULL),(571,81,8,2463,'2024-09-12 12:41:22','2024-09-12 12:41:22',NULL),(572,81,8,2464,'2024-09-12 12:41:22','2024-09-12 12:41:22',NULL),(573,81,8,2465,'2024-09-12 12:41:22','2024-09-12 12:41:22',NULL),(574,81,8,2466,'2024-09-12 12:41:22','2024-09-12 12:41:22',NULL),(575,81,8,2467,'2024-09-12 12:41:22','2024-09-12 12:41:22',NULL),(576,81,8,2468,'2024-09-12 12:41:22','2024-09-12 12:41:22',NULL),(577,81,8,2469,'2024-09-12 12:41:22','2024-09-12 12:41:22',NULL),(578,81,8,2470,'2024-09-12 12:41:22','2024-09-12 12:41:22',NULL),(579,81,8,2471,'2024-09-12 12:41:22','2024-09-12 12:41:22',NULL),(580,81,8,2472,'2024-09-12 12:41:22','2024-09-12 12:41:22',NULL),(581,81,8,2473,'2024-09-12 12:41:22','2024-09-12 12:41:22',NULL),(582,81,8,2474,'2024-09-12 12:41:22','2024-09-12 12:41:22',NULL),(583,81,8,2475,'2024-09-12 12:41:22','2024-09-12 12:41:22',NULL),(584,81,8,2476,'2024-09-12 12:41:22','2024-09-12 12:41:22',NULL),(585,81,8,2477,'2024-09-12 12:41:22','2024-09-12 12:41:22',NULL),(586,81,4,2462,'2024-09-12 12:42:10','2024-09-12 12:42:10',NULL),(587,81,4,2463,'2024-09-12 12:42:10','2024-09-12 12:42:10',NULL),(588,81,4,2464,'2024-09-12 12:42:10','2024-09-12 12:42:10',NULL),(589,81,4,2465,'2024-09-12 12:42:10','2024-09-12 12:42:10',NULL),(590,81,4,2466,'2024-09-12 12:42:10','2024-09-12 12:42:10',NULL),(591,81,4,2467,'2024-09-12 12:42:10','2024-09-12 12:42:10',NULL),(592,81,4,2468,'2024-09-12 12:42:10','2024-09-12 12:42:10',NULL),(593,81,4,2469,'2024-09-12 12:42:10','2024-09-12 12:42:10',NULL),(594,81,4,2470,'2024-09-12 12:42:10','2024-09-12 12:42:10',NULL),(595,81,4,2471,'2024-09-12 12:42:10','2024-09-12 12:42:10',NULL),(596,81,4,2472,'2024-09-12 12:42:10','2024-09-12 12:42:10',NULL),(597,81,4,2473,'2024-09-12 12:42:10','2024-09-12 12:42:10',NULL),(598,81,4,2474,'2024-09-12 12:42:10','2024-09-12 12:42:10',NULL),(599,81,4,2475,'2024-09-12 12:42:10','2024-09-12 12:42:10',NULL),(600,81,4,2476,'2024-09-12 12:42:10','2024-09-12 12:42:10',NULL),(601,81,4,2477,'2024-09-12 12:42:10','2024-09-12 12:42:10',NULL),(618,81,8,2462,'2024-09-12 12:42:10','2024-09-12 12:42:10',NULL),(619,81,8,2463,'2024-09-12 12:42:10','2024-09-12 12:42:10',NULL),(620,81,8,2464,'2024-09-12 12:42:10','2024-09-12 12:42:10',NULL),(621,81,8,2465,'2024-09-12 12:42:10','2024-09-12 12:42:10',NULL),(622,81,8,2466,'2024-09-12 12:42:10','2024-09-12 12:42:10',NULL),(623,81,8,2467,'2024-09-12 12:42:10','2024-09-12 12:42:10',NULL),(624,81,8,2468,'2024-09-12 12:42:10','2024-09-12 12:42:10',NULL),(625,81,8,2469,'2024-09-12 12:42:10','2024-09-12 12:42:10',NULL),(626,81,8,2470,'2024-09-12 12:42:10','2024-09-12 12:42:10',NULL),(627,81,8,2471,'2024-09-12 12:42:10','2024-09-12 12:42:10',NULL),(628,81,8,2472,'2024-09-12 12:42:10','2024-09-12 12:42:10',NULL),(629,81,8,2473,'2024-09-12 12:42:10','2024-09-12 12:42:10',NULL),(630,81,8,2474,'2024-09-12 12:42:10','2024-09-12 12:42:10',NULL),(631,81,8,2475,'2024-09-12 12:42:10','2024-09-12 12:42:10',NULL),(632,81,8,2476,'2024-09-12 12:42:10','2024-09-12 12:42:10',NULL),(633,81,8,2477,'2024-09-12 12:42:10','2024-09-12 12:42:10',NULL),(682,112,1,2884,'2024-09-27 18:13:49','2024-09-27 18:13:49',NULL),(683,112,1,2885,'2024-09-27 18:13:49','2024-09-27 18:13:49',NULL),(684,112,1,2886,'2024-09-27 18:13:49','2024-09-27 18:13:49',NULL),(685,112,1,2887,'2024-09-27 18:13:49','2024-09-27 18:13:49',NULL),(686,112,1,2888,'2024-09-27 18:13:49','2024-09-27 18:13:49',NULL),(687,112,1,2889,'2024-09-27 18:13:49','2024-09-27 18:13:49',NULL),(688,112,1,2890,'2024-09-27 18:13:49','2024-09-27 18:13:49',NULL),(689,112,1,2891,'2024-09-27 18:13:49','2024-09-27 18:13:49',NULL),(690,112,1,2892,'2024-09-27 18:13:49','2024-09-27 18:13:49',NULL),(691,112,1,2893,'2024-09-27 18:13:49','2024-09-27 18:13:49',NULL),(692,112,1,2894,'2024-09-27 18:13:49','2024-09-27 18:13:49',NULL),(693,112,1,2895,'2024-09-27 18:13:49','2024-09-27 18:13:49',NULL),(694,112,1,2896,'2024-09-27 18:13:49','2024-09-27 18:13:49',NULL),(695,112,1,2897,'2024-09-27 18:13:49','2024-09-27 18:13:49',NULL),(696,112,1,2898,'2024-09-27 18:13:49','2024-09-27 18:13:49',NULL),(697,112,1,2899,'2024-09-27 18:13:49','2024-09-27 18:13:49',NULL),(698,112,2,2884,'2024-09-27 18:13:49','2024-09-27 18:13:49',NULL),(699,112,2,2885,'2024-09-27 18:13:49','2024-09-27 18:13:49',NULL),(700,112,2,2886,'2024-09-27 18:13:49','2024-09-27 18:13:49',NULL),(701,112,2,2887,'2024-09-27 18:13:49','2024-09-27 18:13:49',NULL),(702,112,2,2888,'2024-09-27 18:13:49','2024-09-27 18:13:49',NULL),(703,112,2,2889,'2024-09-27 18:13:49','2024-09-27 18:13:49',NULL),(704,112,2,2890,'2024-09-27 18:13:49','2024-09-27 18:13:49',NULL),(705,112,2,2891,'2024-09-27 18:13:49','2024-09-27 18:13:49',NULL),(706,112,2,2892,'2024-09-27 18:13:49','2024-09-27 18:13:49',NULL),(707,112,2,2893,'2024-09-27 18:13:49','2024-09-27 18:13:49',NULL),(708,112,2,2894,'2024-09-27 18:13:49','2024-09-27 18:13:49',NULL),(709,112,2,2895,'2024-09-27 18:13:49','2024-09-27 18:13:49',NULL),(710,112,2,2896,'2024-09-27 18:13:49','2024-09-27 18:13:49',NULL),(711,112,2,2897,'2024-09-27 18:13:49','2024-09-27 18:13:49',NULL),(712,112,2,2898,'2024-09-27 18:13:49','2024-09-27 18:13:49',NULL),(713,112,2,2899,'2024-09-27 18:13:49','2024-09-27 18:13:49',NULL),(714,112,4,2884,'2024-09-27 18:13:49','2024-09-27 18:13:49',NULL),(715,112,4,2885,'2024-09-27 18:13:49','2024-09-27 18:13:49',NULL),(716,112,4,2886,'2024-09-27 18:13:49','2024-09-27 18:13:49',NULL),(717,112,4,2887,'2024-09-27 18:13:49','2024-09-27 18:13:49',NULL),(718,112,4,2888,'2024-09-27 18:13:49','2024-09-27 18:13:49',NULL),(719,112,4,2889,'2024-09-27 18:13:49','2024-09-27 18:13:49',NULL),(720,112,4,2890,'2024-09-27 18:13:49','2024-09-27 18:13:49',NULL),(721,112,4,2891,'2024-09-27 18:13:49','2024-09-27 18:13:49',NULL),(722,112,4,2892,'2024-09-27 18:13:49','2024-09-27 18:13:49',NULL),(723,112,4,2893,'2024-09-27 18:13:49','2024-09-27 18:13:49',NULL),(724,112,4,2894,'2024-09-27 18:13:49','2024-09-27 18:13:49',NULL),(725,112,4,2895,'2024-09-27 18:13:49','2024-09-27 18:13:49',NULL),(726,112,4,2896,'2024-09-27 18:13:49','2024-09-27 18:13:49',NULL),(727,112,4,2897,'2024-09-27 18:13:50','2024-09-27 18:13:50',NULL),(728,112,4,2898,'2024-09-27 18:13:50','2024-09-27 18:13:50',NULL),(729,112,4,2899,'2024-09-27 18:13:50','2024-09-27 18:13:50',NULL),(730,81,1,2462,'2024-10-08 07:33:16','2024-10-08 07:33:16',NULL),(731,81,1,2463,'2024-10-08 07:33:16','2024-10-08 07:33:16',NULL),(732,81,1,2464,'2024-10-08 07:33:16','2024-10-08 07:33:16',NULL),(733,81,1,2465,'2024-10-08 07:33:16','2024-10-08 07:33:16',NULL),(734,81,1,2466,'2024-10-08 07:33:16','2024-10-08 07:33:16',NULL),(735,81,1,2467,'2024-10-08 07:33:16','2024-10-08 07:33:16',NULL),(736,81,1,2468,'2024-10-08 07:33:16','2024-10-08 07:33:16',NULL),(737,81,1,2469,'2024-10-08 07:33:16','2024-10-08 07:33:16',NULL),(738,81,1,2470,'2024-10-08 07:33:16','2024-10-08 07:33:16',NULL),(739,81,1,2471,'2024-10-08 07:33:16','2024-10-08 07:33:16',NULL),(740,81,1,2472,'2024-10-08 07:33:16','2024-10-08 07:33:16',NULL),(741,81,1,2473,'2024-10-08 07:33:16','2024-10-08 07:33:16',NULL),(742,81,1,2474,'2024-10-08 07:33:16','2024-10-08 07:33:16',NULL),(743,81,1,2475,'2024-10-08 07:33:16','2024-10-08 07:33:16',NULL),(744,81,1,2476,'2024-10-08 07:33:16','2024-10-08 07:33:16',NULL),(745,81,1,2477,'2024-10-08 07:33:16','2024-10-08 07:33:16',NULL),(746,81,1,2462,NULL,NULL,NULL),(747,81,1,2462,'2024-10-09 05:11:43','2024-10-09 05:11:43',NULL),(748,81,1,2463,'2024-10-09 05:11:43','2024-10-09 05:11:43',NULL),(749,81,1,2464,'2024-10-09 05:11:43','2024-10-09 05:11:43',NULL),(750,81,1,2465,'2024-10-09 05:11:43','2024-10-09 05:11:43',NULL),(751,81,1,2466,'2024-10-09 05:11:43','2024-10-09 05:11:43',NULL),(752,81,1,2467,'2024-10-09 05:11:43','2024-10-09 05:11:43',NULL),(753,81,1,2468,'2024-10-09 05:11:43','2024-10-09 05:11:43',NULL),(754,81,1,2469,'2024-10-09 05:11:43','2024-10-09 05:11:43',NULL),(755,81,1,2470,'2024-10-09 05:11:43','2024-10-09 05:11:43',NULL),(756,81,1,2471,'2024-10-09 05:11:43','2024-10-09 05:11:43',NULL),(757,81,1,2472,'2024-10-09 05:11:43','2024-10-09 05:11:43',NULL),(758,81,1,2473,'2024-10-09 05:11:43','2024-10-09 05:11:43',NULL),(759,81,1,2474,'2024-10-09 05:11:43','2024-10-09 05:11:43',NULL),(760,81,1,2475,'2024-10-09 05:11:43','2024-10-09 05:11:43',NULL),(761,81,1,2476,'2024-10-09 05:11:43','2024-10-09 05:11:43',NULL),(762,81,1,2477,'2024-10-09 05:11:43','2024-10-09 05:11:43',NULL),(1176,176,1,3059,'2024-11-02 10:50:07','2024-11-02 10:50:07',NULL),(1177,176,4,3059,'2024-11-02 10:50:07','2024-11-02 10:50:07',NULL),(1178,176,5,3059,'2024-11-02 10:50:07','2024-11-02 10:50:07',NULL),(1179,185,1,3218,'2024-11-13 17:44:22','2024-11-13 17:44:22',NULL),(1180,185,1,3219,'2024-11-13 17:44:22','2024-11-13 17:44:22',NULL),(1181,185,1,3220,'2024-11-13 17:44:22','2024-11-13 17:44:22',NULL),(1182,185,1,3221,'2024-11-13 17:44:22','2024-11-13 17:44:22',NULL),(1183,185,1,3222,'2024-11-13 17:44:22','2024-11-13 17:44:22',NULL),(1184,185,1,3223,'2024-11-13 17:44:22','2024-11-13 17:44:22',NULL),(1185,185,1,3224,'2024-11-13 17:44:22','2024-11-13 17:44:22',NULL),(1186,185,1,3225,'2024-11-13 17:44:22','2024-11-13 17:44:22',NULL),(1187,185,1,3226,'2024-11-13 17:44:22','2024-11-13 17:44:22',NULL),(1188,185,1,3227,'2024-11-13 17:44:22','2024-11-13 17:44:22',NULL),(1189,185,1,3228,'2024-11-13 17:44:22','2024-11-13 17:44:22',NULL),(1190,185,1,3229,'2024-11-13 17:44:22','2024-11-13 17:44:22',NULL),(1191,185,1,3230,'2024-11-13 17:44:22','2024-11-13 17:44:22',NULL),(1192,185,1,3231,'2024-11-13 17:44:22','2024-11-13 17:44:22',NULL),(1193,185,1,3232,'2024-11-13 17:44:22','2024-11-13 17:44:22',NULL),(1194,185,1,3233,'2024-11-13 17:44:22','2024-11-13 17:44:22',NULL),(1195,185,1,3234,'2024-11-13 17:44:22','2024-11-13 17:44:22',NULL),(1196,185,1,3235,'2024-11-13 17:44:22','2024-11-13 17:44:22',NULL),(1197,185,1,3236,'2024-11-13 17:44:22','2024-11-13 17:44:22',NULL),(1198,185,1,3237,'2024-11-13 17:44:22','2024-11-13 17:44:22',NULL),(1199,185,1,3238,'2024-11-13 17:44:22','2024-11-13 17:44:22',NULL),(1200,185,1,3239,'2024-11-13 17:44:22','2024-11-13 17:44:22',NULL),(1201,185,1,3240,'2024-11-13 17:44:22','2024-11-13 17:44:22',NULL),(1202,185,1,3241,'2024-11-13 17:44:22','2024-11-13 17:44:22',NULL),(1203,185,1,3242,'2024-11-13 17:44:22','2024-11-13 17:44:22',NULL),(1204,185,1,3243,'2024-11-13 17:44:22','2024-11-13 17:44:22',NULL),(1205,185,4,3218,'2024-11-13 17:44:22','2024-11-13 17:44:22',NULL),(1206,185,4,3219,'2024-11-13 17:44:22','2024-11-13 17:44:22',NULL),(1207,185,4,3220,'2024-11-13 17:44:22','2024-11-13 17:44:22',NULL),(1208,185,4,3221,'2024-11-13 17:44:22','2024-11-13 17:44:22',NULL),(1209,185,4,3222,'2024-11-13 17:44:22','2024-11-13 17:44:22',NULL),(1210,185,4,3223,'2024-11-13 17:44:22','2024-11-13 17:44:22',NULL),(1211,185,4,3224,'2024-11-13 17:44:22','2024-11-13 17:44:22',NULL),(1212,185,4,3225,'2024-11-13 17:44:22','2024-11-13 17:44:22',NULL),(1213,185,4,3226,'2024-11-13 17:44:22','2024-11-13 17:44:22',NULL),(1214,185,4,3227,'2024-11-13 17:44:22','2024-11-13 17:44:22',NULL),(1215,185,4,3228,'2024-11-13 17:44:22','2024-11-13 17:44:22',NULL),(1216,185,4,3229,'2024-11-13 17:44:22','2024-11-13 17:44:22',NULL),(1217,185,4,3230,'2024-11-13 17:44:22','2024-11-13 17:44:22',NULL),(1218,185,4,3231,'2024-11-13 17:44:22','2024-11-13 17:44:22',NULL),(1219,185,4,3232,'2024-11-13 17:44:22','2024-11-13 17:44:22',NULL),(1220,185,4,3233,'2024-11-13 17:44:22','2024-11-13 17:44:22',NULL),(1221,185,4,3234,'2024-11-13 17:44:22','2024-11-13 17:44:22',NULL),(1222,185,4,3235,'2024-11-13 17:44:22','2024-11-13 17:44:22',NULL),(1223,185,4,3236,'2024-11-13 17:44:22','2024-11-13 17:44:22',NULL),(1224,185,4,3237,'2024-11-13 17:44:22','2024-11-13 17:44:22',NULL),(1225,185,4,3238,'2024-11-13 17:44:22','2024-11-13 17:44:22',NULL),(1226,185,4,3239,'2024-11-13 17:44:22','2024-11-13 17:44:22',NULL),(1227,185,4,3240,'2024-11-13 17:44:22','2024-11-13 17:44:22',NULL),(1228,185,4,3241,'2024-11-13 17:44:22','2024-11-13 17:44:22',NULL),(1229,185,4,3242,'2024-11-13 17:44:22','2024-11-13 17:44:22',NULL),(1230,185,4,3243,'2024-11-13 17:44:22','2024-11-13 17:44:22',NULL),(1231,185,5,3218,'2024-11-13 17:44:22','2024-11-13 17:44:22',NULL),(1232,185,5,3219,'2024-11-13 17:44:22','2024-11-13 17:44:22',NULL),(1233,185,5,3220,'2024-11-13 17:44:22','2024-11-13 17:44:22',NULL),(1234,185,5,3221,'2024-11-13 17:44:22','2024-11-13 17:44:22',NULL),(1235,185,5,3222,'2024-11-13 17:44:22','2024-11-13 17:44:22',NULL),(1236,185,5,3223,'2024-11-13 17:44:22','2024-11-13 17:44:22',NULL),(1237,185,5,3224,'2024-11-13 17:44:22','2024-11-13 17:44:22',NULL),(1238,185,5,3225,'2024-11-13 17:44:23','2024-11-13 17:44:23',NULL),(1239,185,5,3226,'2024-11-13 17:44:23','2024-11-13 17:44:23',NULL),(1240,185,5,3227,'2024-11-13 17:44:23','2024-11-13 17:44:23',NULL),(1241,185,5,3228,'2024-11-13 17:44:23','2024-11-13 17:44:23',NULL),(1242,185,5,3229,'2024-11-13 17:44:23','2024-11-13 17:44:23',NULL),(1243,185,5,3230,'2024-11-13 17:44:23','2024-11-13 17:44:23',NULL),(1244,185,5,3231,'2024-11-13 17:44:23','2024-11-13 17:44:23',NULL),(1245,185,5,3232,'2024-11-13 17:44:23','2024-11-13 17:44:23',NULL),(1246,185,5,3233,'2024-11-13 17:44:23','2024-11-13 17:44:23',NULL),(1247,185,5,3234,'2024-11-13 17:44:23','2024-11-13 17:44:23',NULL),(1248,185,5,3235,'2024-11-13 17:44:23','2024-11-13 17:44:23',NULL),(1249,185,5,3236,'2024-11-13 17:44:23','2024-11-13 17:44:23',NULL),(1250,185,5,3237,'2024-11-13 17:44:23','2024-11-13 17:44:23',NULL),(1251,185,5,3238,'2024-11-13 17:44:23','2024-11-13 17:44:23',NULL),(1252,185,5,3239,'2024-11-13 17:44:23','2024-11-13 17:44:23',NULL),(1253,185,5,3240,'2024-11-13 17:44:23','2024-11-13 17:44:23',NULL),(1254,185,5,3241,'2024-11-13 17:44:23','2024-11-13 17:44:23',NULL),(1255,185,5,3242,'2024-11-13 17:44:23','2024-11-13 17:44:23',NULL),(1256,185,5,3243,'2024-11-13 17:44:23','2024-11-13 17:44:23',NULL),(1257,185,1,3218,'2024-11-13 17:44:36','2024-11-13 17:44:36',NULL),(1258,185,1,3219,'2024-11-13 17:44:36','2024-11-13 17:44:36',NULL),(1259,185,1,3220,'2024-11-13 17:44:36','2024-11-13 17:44:36',NULL),(1260,185,1,3221,'2024-11-13 17:44:36','2024-11-13 17:44:36',NULL),(1261,185,1,3222,'2024-11-13 17:44:36','2024-11-13 17:44:36',NULL),(1262,185,1,3223,'2024-11-13 17:44:36','2024-11-13 17:44:36',NULL),(1263,185,1,3224,'2024-11-13 17:44:36','2024-11-13 17:44:36',NULL),(1264,185,1,3225,'2024-11-13 17:44:36','2024-11-13 17:44:36',NULL),(1265,185,1,3226,'2024-11-13 17:44:36','2024-11-13 17:44:36',NULL),(1266,185,1,3227,'2024-11-13 17:44:36','2024-11-13 17:44:36',NULL),(1267,185,1,3228,'2024-11-13 17:44:36','2024-11-13 17:44:36',NULL),(1268,185,1,3229,'2024-11-13 17:44:36','2024-11-13 17:44:36',NULL),(1269,185,1,3230,'2024-11-13 17:44:36','2024-11-13 17:44:36',NULL),(1270,185,1,3231,'2024-11-13 17:44:36','2024-11-13 17:44:36',NULL),(1271,185,1,3232,'2024-11-13 17:44:36','2024-11-13 17:44:36',NULL),(1272,185,1,3233,'2024-11-13 17:44:36','2024-11-13 17:44:36',NULL),(1273,185,1,3234,'2024-11-13 17:44:36','2024-11-13 17:44:36',NULL),(1274,185,1,3235,'2024-11-13 17:44:36','2024-11-13 17:44:36',NULL),(1275,185,1,3236,'2024-11-13 17:44:36','2024-11-13 17:44:36',NULL),(1276,185,1,3237,'2024-11-13 17:44:36','2024-11-13 17:44:36',NULL),(1277,185,1,3238,'2024-11-13 17:44:36','2024-11-13 17:44:36',NULL),(1278,185,1,3239,'2024-11-13 17:44:36','2024-11-13 17:44:36',NULL),(1279,185,1,3240,'2024-11-13 17:44:36','2024-11-13 17:44:36',NULL),(1280,185,1,3241,'2024-11-13 17:44:36','2024-11-13 17:44:36',NULL),(1281,185,1,3242,'2024-11-13 17:44:36','2024-11-13 17:44:36',NULL),(1282,185,1,3243,'2024-11-13 17:44:36','2024-11-13 17:44:36',NULL),(1283,185,4,3218,'2024-11-13 17:44:36','2024-11-13 17:44:36',NULL),(1284,185,4,3219,'2024-11-13 17:44:36','2024-11-13 17:44:36',NULL),(1285,185,4,3220,'2024-11-13 17:44:36','2024-11-13 17:44:36',NULL),(1286,185,4,3221,'2024-11-13 17:44:36','2024-11-13 17:44:36',NULL),(1287,185,4,3222,'2024-11-13 17:44:36','2024-11-13 17:44:36',NULL),(1288,185,4,3223,'2024-11-13 17:44:36','2024-11-13 17:44:36',NULL),(1289,185,4,3224,'2024-11-13 17:44:36','2024-11-13 17:44:36',NULL),(1290,185,4,3225,'2024-11-13 17:44:36','2024-11-13 17:44:36',NULL),(1291,185,4,3226,'2024-11-13 17:44:36','2024-11-13 17:44:36',NULL),(1292,185,4,3227,'2024-11-13 17:44:36','2024-11-13 17:44:36',NULL),(1293,185,4,3228,'2024-11-13 17:44:36','2024-11-13 17:44:36',NULL),(1294,185,4,3229,'2024-11-13 17:44:36','2024-11-13 17:44:36',NULL),(1295,185,4,3230,'2024-11-13 17:44:36','2024-11-13 17:44:36',NULL),(1296,185,4,3231,'2024-11-13 17:44:36','2024-11-13 17:44:36',NULL),(1297,185,4,3232,'2024-11-13 17:44:36','2024-11-13 17:44:36',NULL),(1298,185,4,3233,'2024-11-13 17:44:36','2024-11-13 17:44:36',NULL),(1299,185,4,3234,'2024-11-13 17:44:36','2024-11-13 17:44:36',NULL),(1300,185,4,3235,'2024-11-13 17:44:36','2024-11-13 17:44:36',NULL),(1301,185,4,3236,'2024-11-13 17:44:36','2024-11-13 17:44:36',NULL),(1302,185,4,3237,'2024-11-13 17:44:36','2024-11-13 17:44:36',NULL),(1303,185,4,3238,'2024-11-13 17:44:36','2024-11-13 17:44:36',NULL),(1304,185,4,3239,'2024-11-13 17:44:36','2024-11-13 17:44:36',NULL),(1305,185,4,3240,'2024-11-13 17:44:36','2024-11-13 17:44:36',NULL),(1306,185,4,3241,'2024-11-13 17:44:36','2024-11-13 17:44:36',NULL),(1307,185,4,3242,'2024-11-13 17:44:36','2024-11-13 17:44:36',NULL),(1308,185,4,3243,'2024-11-13 17:44:36','2024-11-13 17:44:36',NULL),(1309,185,5,3218,'2024-11-13 17:44:36','2024-11-13 17:44:36',NULL),(1310,185,5,3219,'2024-11-13 17:44:36','2024-11-13 17:44:36',NULL),(1311,185,5,3220,'2024-11-13 17:44:36','2024-11-13 17:44:36',NULL),(1312,185,5,3221,'2024-11-13 17:44:36','2024-11-13 17:44:36',NULL),(1313,185,5,3222,'2024-11-13 17:44:36','2024-11-13 17:44:36',NULL),(1314,185,5,3223,'2024-11-13 17:44:36','2024-11-13 17:44:36',NULL),(1315,185,5,3224,'2024-11-13 17:44:36','2024-11-13 17:44:36',NULL),(1316,185,5,3225,'2024-11-13 17:44:36','2024-11-13 17:44:36',NULL),(1317,185,5,3226,'2024-11-13 17:44:36','2024-11-13 17:44:36',NULL),(1318,185,5,3227,'2024-11-13 17:44:36','2024-11-13 17:44:36',NULL),(1319,185,5,3228,'2024-11-13 17:44:36','2024-11-13 17:44:36',NULL),(1320,185,5,3229,'2024-11-13 17:44:36','2024-11-13 17:44:36',NULL),(1321,185,5,3230,'2024-11-13 17:44:36','2024-11-13 17:44:36',NULL),(1322,185,5,3231,'2024-11-13 17:44:36','2024-11-13 17:44:36',NULL),(1323,185,5,3232,'2024-11-13 17:44:36','2024-11-13 17:44:36',NULL),(1324,185,5,3233,'2024-11-13 17:44:36','2024-11-13 17:44:36',NULL),(1325,185,5,3234,'2024-11-13 17:44:36','2024-11-13 17:44:36',NULL),(1326,185,5,3235,'2024-11-13 17:44:36','2024-11-13 17:44:36',NULL),(1327,185,5,3236,'2024-11-13 17:44:36','2024-11-13 17:44:36',NULL),(1328,185,5,3237,'2024-11-13 17:44:36','2024-11-13 17:44:36',NULL),(1329,185,5,3238,'2024-11-13 17:44:36','2024-11-13 17:44:36',NULL),(1330,185,5,3239,'2024-11-13 17:44:36','2024-11-13 17:44:36',NULL),(1331,185,5,3240,'2024-11-13 17:44:36','2024-11-13 17:44:36',NULL),(1332,185,5,3241,'2024-11-13 17:44:36','2024-11-13 17:44:36',NULL),(1333,185,5,3242,'2024-11-13 17:44:36','2024-11-13 17:44:36',NULL),(1334,185,5,3243,'2024-11-13 17:44:36','2024-11-13 17:44:36',NULL),(1335,185,1,3218,'2024-11-13 17:44:50','2024-11-13 17:44:50',NULL),(1336,185,1,3219,'2024-11-13 17:44:50','2024-11-13 17:44:50',NULL),(1337,185,1,3220,'2024-11-13 17:44:50','2024-11-13 17:44:50',NULL),(1338,185,1,3221,'2024-11-13 17:44:50','2024-11-13 17:44:50',NULL),(1339,185,1,3222,'2024-11-13 17:44:50','2024-11-13 17:44:50',NULL),(1340,185,1,3223,'2024-11-13 17:44:50','2024-11-13 17:44:50',NULL),(1341,185,1,3224,'2024-11-13 17:44:50','2024-11-13 17:44:50',NULL),(1342,185,1,3225,'2024-11-13 17:44:50','2024-11-13 17:44:50',NULL),(1343,185,1,3226,'2024-11-13 17:44:50','2024-11-13 17:44:50',NULL),(1344,185,1,3227,'2024-11-13 17:44:50','2024-11-13 17:44:50',NULL),(1345,185,1,3228,'2024-11-13 17:44:50','2024-11-13 17:44:50',NULL),(1346,185,1,3229,'2024-11-13 17:44:50','2024-11-13 17:44:50',NULL),(1347,185,1,3230,'2024-11-13 17:44:50','2024-11-13 17:44:50',NULL),(1348,185,1,3231,'2024-11-13 17:44:50','2024-11-13 17:44:50',NULL),(1349,185,1,3232,'2024-11-13 17:44:50','2024-11-13 17:44:50',NULL),(1350,185,1,3233,'2024-11-13 17:44:50','2024-11-13 17:44:50',NULL),(1351,185,1,3234,'2024-11-13 17:44:50','2024-11-13 17:44:50',NULL),(1352,185,1,3235,'2024-11-13 17:44:50','2024-11-13 17:44:50',NULL),(1353,185,1,3236,'2024-11-13 17:44:50','2024-11-13 17:44:50',NULL),(1354,185,1,3237,'2024-11-13 17:44:50','2024-11-13 17:44:50',NULL),(1355,185,1,3238,'2024-11-13 17:44:50','2024-11-13 17:44:50',NULL),(1356,185,1,3239,'2024-11-13 17:44:50','2024-11-13 17:44:50',NULL),(1357,185,1,3240,'2024-11-13 17:44:50','2024-11-13 17:44:50',NULL),(1358,185,1,3241,'2024-11-13 17:44:50','2024-11-13 17:44:50',NULL),(1359,185,1,3242,'2024-11-13 17:44:50','2024-11-13 17:44:50',NULL),(1360,185,1,3243,'2024-11-13 17:44:50','2024-11-13 17:44:50',NULL),(1361,185,4,3218,'2024-11-13 17:44:50','2024-11-13 17:44:50',NULL),(1362,185,4,3219,'2024-11-13 17:44:50','2024-11-13 17:44:50',NULL),(1363,185,4,3220,'2024-11-13 17:44:50','2024-11-13 17:44:50',NULL),(1364,185,4,3221,'2024-11-13 17:44:50','2024-11-13 17:44:50',NULL),(1365,185,4,3222,'2024-11-13 17:44:50','2024-11-13 17:44:50',NULL),(1366,185,4,3223,'2024-11-13 17:44:50','2024-11-13 17:44:50',NULL),(1367,185,4,3224,'2024-11-13 17:44:50','2024-11-13 17:44:50',NULL),(1368,185,4,3225,'2024-11-13 17:44:50','2024-11-13 17:44:50',NULL),(1369,185,4,3226,'2024-11-13 17:44:50','2024-11-13 17:44:50',NULL),(1370,185,4,3227,'2024-11-13 17:44:50','2024-11-13 17:44:50',NULL),(1371,185,4,3228,'2024-11-13 17:44:50','2024-11-13 17:44:50',NULL),(1372,185,4,3229,'2024-11-13 17:44:50','2024-11-13 17:44:50',NULL),(1373,185,4,3230,'2024-11-13 17:44:50','2024-11-13 17:44:50',NULL),(1374,185,4,3231,'2024-11-13 17:44:50','2024-11-13 17:44:50',NULL),(1375,185,4,3232,'2024-11-13 17:44:50','2024-11-13 17:44:50',NULL),(1376,185,4,3233,'2024-11-13 17:44:50','2024-11-13 17:44:50',NULL),(1377,185,4,3234,'2024-11-13 17:44:50','2024-11-13 17:44:50',NULL),(1378,185,4,3235,'2024-11-13 17:44:50','2024-11-13 17:44:50',NULL),(1379,185,4,3236,'2024-11-13 17:44:50','2024-11-13 17:44:50',NULL),(1380,185,4,3237,'2024-11-13 17:44:50','2024-11-13 17:44:50',NULL),(1381,185,4,3238,'2024-11-13 17:44:50','2024-11-13 17:44:50',NULL),(1382,185,4,3239,'2024-11-13 17:44:50','2024-11-13 17:44:50',NULL),(1383,185,4,3240,'2024-11-13 17:44:50','2024-11-13 17:44:50',NULL),(1384,185,4,3241,'2024-11-13 17:44:50','2024-11-13 17:44:50',NULL),(1385,185,4,3242,'2024-11-13 17:44:50','2024-11-13 17:44:50',NULL),(1386,185,4,3243,'2024-11-13 17:44:50','2024-11-13 17:44:50',NULL),(1387,185,5,3218,'2024-11-13 17:44:50','2024-11-13 17:44:50',NULL),(1388,185,5,3219,'2024-11-13 17:44:50','2024-11-13 17:44:50',NULL),(1389,185,5,3220,'2024-11-13 17:44:50','2024-11-13 17:44:50',NULL),(1390,185,5,3221,'2024-11-13 17:44:50','2024-11-13 17:44:50',NULL),(1391,185,5,3222,'2024-11-13 17:44:50','2024-11-13 17:44:50',NULL),(1392,185,5,3223,'2024-11-13 17:44:50','2024-11-13 17:44:50',NULL),(1393,185,5,3224,'2024-11-13 17:44:50','2024-11-13 17:44:50',NULL),(1394,185,5,3225,'2024-11-13 17:44:50','2024-11-13 17:44:50',NULL),(1395,185,5,3226,'2024-11-13 17:44:50','2024-11-13 17:44:50',NULL),(1396,185,5,3227,'2024-11-13 17:44:50','2024-11-13 17:44:50',NULL),(1397,185,5,3228,'2024-11-13 17:44:50','2024-11-13 17:44:50',NULL),(1398,185,5,3229,'2024-11-13 17:44:50','2024-11-13 17:44:50',NULL),(1399,185,5,3230,'2024-11-13 17:44:50','2024-11-13 17:44:50',NULL),(1400,185,5,3231,'2024-11-13 17:44:50','2024-11-13 17:44:50',NULL),(1401,185,5,3232,'2024-11-13 17:44:50','2024-11-13 17:44:50',NULL),(1402,185,5,3233,'2024-11-13 17:44:50','2024-11-13 17:44:50',NULL),(1403,185,5,3234,'2024-11-13 17:44:50','2024-11-13 17:44:50',NULL),(1404,185,5,3235,'2024-11-13 17:44:50','2024-11-13 17:44:50',NULL),(1405,185,5,3236,'2024-11-13 17:44:50','2024-11-13 17:44:50',NULL),(1406,185,5,3237,'2024-11-13 17:44:50','2024-11-13 17:44:50',NULL),(1407,185,5,3238,'2024-11-13 17:44:50','2024-11-13 17:44:50',NULL),(1408,185,5,3239,'2024-11-13 17:44:50','2024-11-13 17:44:50',NULL),(1409,185,5,3240,'2024-11-13 17:44:50','2024-11-13 17:44:50',NULL),(1410,185,5,3241,'2024-11-13 17:44:50','2024-11-13 17:44:50',NULL),(1411,185,5,3242,'2024-11-13 17:44:50','2024-11-13 17:44:50',NULL),(1412,185,5,3243,'2024-11-13 17:44:50','2024-11-13 17:44:50',NULL),(1413,185,1,3218,'2024-11-13 17:46:07','2024-11-13 17:46:07',NULL),(1414,185,1,3219,'2024-11-13 17:46:07','2024-11-13 17:46:07',NULL),(1415,185,1,3220,'2024-11-13 17:46:07','2024-11-13 17:46:07',NULL),(1416,185,1,3221,'2024-11-13 17:46:07','2024-11-13 17:46:07',NULL),(1417,185,1,3222,'2024-11-13 17:46:07','2024-11-13 17:46:07',NULL),(1418,185,1,3223,'2024-11-13 17:46:07','2024-11-13 17:46:07',NULL),(1419,185,1,3224,'2024-11-13 17:46:07','2024-11-13 17:46:07',NULL),(1420,185,1,3225,'2024-11-13 17:46:07','2024-11-13 17:46:07',NULL),(1421,185,1,3226,'2024-11-13 17:46:07','2024-11-13 17:46:07',NULL),(1422,185,1,3227,'2024-11-13 17:46:07','2024-11-13 17:46:07',NULL),(1423,185,1,3228,'2024-11-13 17:46:07','2024-11-13 17:46:07',NULL),(1424,185,1,3229,'2024-11-13 17:46:07','2024-11-13 17:46:07',NULL),(1425,185,1,3230,'2024-11-13 17:46:07','2024-11-13 17:46:07',NULL),(1426,185,1,3231,'2024-11-13 17:46:07','2024-11-13 17:46:07',NULL),(1427,185,1,3232,'2024-11-13 17:46:07','2024-11-13 17:46:07',NULL),(1428,185,1,3233,'2024-11-13 17:46:07','2024-11-13 17:46:07',NULL),(1429,185,1,3234,'2024-11-13 17:46:07','2024-11-13 17:46:07',NULL),(1430,185,1,3235,'2024-11-13 17:46:07','2024-11-13 17:46:07',NULL),(1431,185,1,3236,'2024-11-13 17:46:07','2024-11-13 17:46:07',NULL),(1432,185,1,3237,'2024-11-13 17:46:07','2024-11-13 17:46:07',NULL),(1433,185,1,3238,'2024-11-13 17:46:07','2024-11-13 17:46:07',NULL),(1434,185,1,3239,'2024-11-13 17:46:07','2024-11-13 17:46:07',NULL),(1435,185,1,3240,'2024-11-13 17:46:07','2024-11-13 17:46:07',NULL),(1436,185,1,3241,'2024-11-13 17:46:07','2024-11-13 17:46:07',NULL),(1437,185,1,3242,'2024-11-13 17:46:07','2024-11-13 17:46:07',NULL),(1438,185,1,3243,'2024-11-13 17:46:07','2024-11-13 17:46:07',NULL),(1439,185,4,3218,'2024-11-13 17:46:07','2024-11-13 17:46:07',NULL),(1440,185,4,3219,'2024-11-13 17:46:07','2024-11-13 17:46:07',NULL),(1441,185,4,3220,'2024-11-13 17:46:07','2024-11-13 17:46:07',NULL),(1442,185,4,3221,'2024-11-13 17:46:07','2024-11-13 17:46:07',NULL),(1443,185,4,3222,'2024-11-13 17:46:07','2024-11-13 17:46:07',NULL),(1444,185,4,3223,'2024-11-13 17:46:07','2024-11-13 17:46:07',NULL),(1445,185,4,3224,'2024-11-13 17:46:07','2024-11-13 17:46:07',NULL),(1446,185,4,3225,'2024-11-13 17:46:07','2024-11-13 17:46:07',NULL),(1447,185,4,3226,'2024-11-13 17:46:07','2024-11-13 17:46:07',NULL),(1448,185,4,3227,'2024-11-13 17:46:07','2024-11-13 17:46:07',NULL),(1449,185,4,3228,'2024-11-13 17:46:07','2024-11-13 17:46:07',NULL),(1450,185,4,3229,'2024-11-13 17:46:07','2024-11-13 17:46:07',NULL),(1451,185,4,3230,'2024-11-13 17:46:07','2024-11-13 17:46:07',NULL),(1452,185,4,3231,'2024-11-13 17:46:07','2024-11-13 17:46:07',NULL),(1453,185,4,3232,'2024-11-13 17:46:07','2024-11-13 17:46:07',NULL),(1454,185,4,3233,'2024-11-13 17:46:07','2024-11-13 17:46:07',NULL),(1455,185,4,3234,'2024-11-13 17:46:07','2024-11-13 17:46:07',NULL),(1456,185,4,3235,'2024-11-13 17:46:07','2024-11-13 17:46:07',NULL),(1457,185,4,3236,'2024-11-13 17:46:07','2024-11-13 17:46:07',NULL),(1458,185,4,3237,'2024-11-13 17:46:07','2024-11-13 17:46:07',NULL),(1459,185,4,3238,'2024-11-13 17:46:07','2024-11-13 17:46:07',NULL),(1460,185,4,3239,'2024-11-13 17:46:07','2024-11-13 17:46:07',NULL),(1461,185,4,3240,'2024-11-13 17:46:07','2024-11-13 17:46:07',NULL),(1462,185,4,3241,'2024-11-13 17:46:07','2024-11-13 17:46:07',NULL),(1463,185,4,3242,'2024-11-13 17:46:07','2024-11-13 17:46:07',NULL),(1464,185,4,3243,'2024-11-13 17:46:07','2024-11-13 17:46:07',NULL),(1465,185,5,3218,'2024-11-13 17:46:07','2024-11-13 17:46:07',NULL),(1466,185,5,3219,'2024-11-13 17:46:07','2024-11-13 17:46:07',NULL),(1467,185,5,3220,'2024-11-13 17:46:07','2024-11-13 17:46:07',NULL),(1468,185,5,3221,'2024-11-13 17:46:07','2024-11-13 17:46:07',NULL),(1469,185,5,3222,'2024-11-13 17:46:07','2024-11-13 17:46:07',NULL),(1470,185,5,3223,'2024-11-13 17:46:07','2024-11-13 17:46:07',NULL),(1471,185,5,3224,'2024-11-13 17:46:07','2024-11-13 17:46:07',NULL),(1472,185,5,3225,'2024-11-13 17:46:07','2024-11-13 17:46:07',NULL),(1473,185,5,3226,'2024-11-13 17:46:07','2024-11-13 17:46:07',NULL),(1474,185,5,3227,'2024-11-13 17:46:07','2024-11-13 17:46:07',NULL),(1475,185,5,3228,'2024-11-13 17:46:07','2024-11-13 17:46:07',NULL),(1476,185,5,3229,'2024-11-13 17:46:07','2024-11-13 17:46:07',NULL),(1477,185,5,3230,'2024-11-13 17:46:07','2024-11-13 17:46:07',NULL),(1478,185,5,3231,'2024-11-13 17:46:07','2024-11-13 17:46:07',NULL),(1479,185,5,3232,'2024-11-13 17:46:07','2024-11-13 17:46:07',NULL),(1480,185,5,3233,'2024-11-13 17:46:07','2024-11-13 17:46:07',NULL),(1481,185,5,3234,'2024-11-13 17:46:07','2024-11-13 17:46:07',NULL),(1482,185,5,3235,'2024-11-13 17:46:07','2024-11-13 17:46:07',NULL),(1483,185,5,3236,'2024-11-13 17:46:07','2024-11-13 17:46:07',NULL),(1484,185,5,3237,'2024-11-13 17:46:07','2024-11-13 17:46:07',NULL),(1485,185,5,3238,'2024-11-13 17:46:07','2024-11-13 17:46:07',NULL),(1486,185,5,3239,'2024-11-13 17:46:07','2024-11-13 17:46:07',NULL),(1487,185,5,3240,'2024-11-13 17:46:07','2024-11-13 17:46:07',NULL),(1488,185,5,3241,'2024-11-13 17:46:07','2024-11-13 17:46:07',NULL),(1489,185,5,3242,'2024-11-13 17:46:07','2024-11-13 17:46:07',NULL),(1490,185,5,3243,'2024-11-13 17:46:07','2024-11-13 17:46:07',NULL),(1491,185,1,3218,'2024-11-13 17:51:45','2024-11-13 17:51:45',NULL),(1492,185,1,3219,'2024-11-13 17:51:45','2024-11-13 17:51:45',NULL),(1493,185,1,3220,'2024-11-13 17:51:45','2024-11-13 17:51:45',NULL),(1494,185,1,3221,'2024-11-13 17:51:45','2024-11-13 17:51:45',NULL),(1495,185,1,3222,'2024-11-13 17:51:45','2024-11-13 17:51:45',NULL),(1496,185,1,3223,'2024-11-13 17:51:45','2024-11-13 17:51:45',NULL),(1497,185,1,3224,'2024-11-13 17:51:45','2024-11-13 17:51:45',NULL),(1498,185,1,3225,'2024-11-13 17:51:45','2024-11-13 17:51:45',NULL),(1499,185,1,3226,'2024-11-13 17:51:45','2024-11-13 17:51:45',NULL),(1500,185,1,3227,'2024-11-13 17:51:45','2024-11-13 17:51:45',NULL),(1501,185,1,3228,'2024-11-13 17:51:45','2024-11-13 17:51:45',NULL),(1502,185,1,3229,'2024-11-13 17:51:45','2024-11-13 17:51:45',NULL),(1503,185,1,3230,'2024-11-13 17:51:45','2024-11-13 17:51:45',NULL),(1504,185,1,3231,'2024-11-13 17:51:45','2024-11-13 17:51:45',NULL),(1505,185,1,3232,'2024-11-13 17:51:45','2024-11-13 17:51:45',NULL),(1506,185,1,3233,'2024-11-13 17:51:45','2024-11-13 17:51:45',NULL),(1507,185,1,3234,'2024-11-13 17:51:45','2024-11-13 17:51:45',NULL),(1508,185,1,3235,'2024-11-13 17:51:45','2024-11-13 17:51:45',NULL),(1509,185,1,3236,'2024-11-13 17:51:45','2024-11-13 17:51:45',NULL),(1510,185,1,3237,'2024-11-13 17:51:45','2024-11-13 17:51:45',NULL),(1511,185,1,3238,'2024-11-13 17:51:45','2024-11-13 17:51:45',NULL),(1512,185,1,3239,'2024-11-13 17:51:45','2024-11-13 17:51:45',NULL),(1513,185,1,3240,'2024-11-13 17:51:45','2024-11-13 17:51:45',NULL),(1514,185,1,3241,'2024-11-13 17:51:45','2024-11-13 17:51:45',NULL),(1515,185,1,3242,'2024-11-13 17:51:45','2024-11-13 17:51:45',NULL),(1516,185,1,3243,'2024-11-13 17:51:45','2024-11-13 17:51:45',NULL),(1517,185,4,3218,'2024-11-13 17:51:45','2024-11-13 17:51:45',NULL),(1518,185,4,3219,'2024-11-13 17:51:45','2024-11-13 17:51:45',NULL),(1519,185,4,3220,'2024-11-13 17:51:45','2024-11-13 17:51:45',NULL),(1520,185,4,3221,'2024-11-13 17:51:45','2024-11-13 17:51:45',NULL),(1521,185,4,3222,'2024-11-13 17:51:45','2024-11-13 17:51:45',NULL),(1522,185,4,3223,'2024-11-13 17:51:45','2024-11-13 17:51:45',NULL),(1523,185,4,3224,'2024-11-13 17:51:45','2024-11-13 17:51:45',NULL),(1524,185,4,3225,'2024-11-13 17:51:45','2024-11-13 17:51:45',NULL),(1525,185,4,3226,'2024-11-13 17:51:45','2024-11-13 17:51:45',NULL),(1526,185,4,3227,'2024-11-13 17:51:45','2024-11-13 17:51:45',NULL),(1527,185,4,3228,'2024-11-13 17:51:45','2024-11-13 17:51:45',NULL),(1528,185,4,3229,'2024-11-13 17:51:45','2024-11-13 17:51:45',NULL),(1529,185,4,3230,'2024-11-13 17:51:45','2024-11-13 17:51:45',NULL),(1530,185,4,3231,'2024-11-13 17:51:45','2024-11-13 17:51:45',NULL),(1531,185,4,3232,'2024-11-13 17:51:45','2024-11-13 17:51:45',NULL),(1532,185,4,3233,'2024-11-13 17:51:45','2024-11-13 17:51:45',NULL),(1533,185,4,3234,'2024-11-13 17:51:45','2024-11-13 17:51:45',NULL),(1534,185,4,3235,'2024-11-13 17:51:45','2024-11-13 17:51:45',NULL),(1535,185,4,3236,'2024-11-13 17:51:45','2024-11-13 17:51:45',NULL),(1536,185,4,3237,'2024-11-13 17:51:45','2024-11-13 17:51:45',NULL),(1537,185,4,3238,'2024-11-13 17:51:45','2024-11-13 17:51:45',NULL),(1538,185,4,3239,'2024-11-13 17:51:46','2024-11-13 17:51:46',NULL),(1539,185,4,3240,'2024-11-13 17:51:46','2024-11-13 17:51:46',NULL),(1540,185,4,3241,'2024-11-13 17:51:46','2024-11-13 17:51:46',NULL),(1541,185,4,3242,'2024-11-13 17:51:46','2024-11-13 17:51:46',NULL),(1542,185,4,3243,'2024-11-13 17:51:46','2024-11-13 17:51:46',NULL),(1543,185,5,3218,'2024-11-13 17:51:46','2024-11-13 17:51:46',NULL),(1544,185,5,3219,'2024-11-13 17:51:46','2024-11-13 17:51:46',NULL),(1545,185,5,3220,'2024-11-13 17:51:46','2024-11-13 17:51:46',NULL),(1546,185,5,3221,'2024-11-13 17:51:46','2024-11-13 17:51:46',NULL),(1547,185,5,3222,'2024-11-13 17:51:46','2024-11-13 17:51:46',NULL),(1548,185,5,3223,'2024-11-13 17:51:46','2024-11-13 17:51:46',NULL),(1549,185,5,3224,'2024-11-13 17:51:46','2024-11-13 17:51:46',NULL),(1550,185,5,3225,'2024-11-13 17:51:46','2024-11-13 17:51:46',NULL),(1551,185,5,3226,'2024-11-13 17:51:46','2024-11-13 17:51:46',NULL),(1552,185,5,3227,'2024-11-13 17:51:46','2024-11-13 17:51:46',NULL),(1553,185,5,3228,'2024-11-13 17:51:46','2024-11-13 17:51:46',NULL),(1554,185,5,3229,'2024-11-13 17:51:46','2024-11-13 17:51:46',NULL),(1555,185,5,3230,'2024-11-13 17:51:46','2024-11-13 17:51:46',NULL),(1556,185,5,3231,'2024-11-13 17:51:46','2024-11-13 17:51:46',NULL),(1557,185,5,3232,'2024-11-13 17:51:46','2024-11-13 17:51:46',NULL),(1558,185,5,3233,'2024-11-13 17:51:46','2024-11-13 17:51:46',NULL),(1559,185,5,3234,'2024-11-13 17:51:46','2024-11-13 17:51:46',NULL),(1560,185,5,3235,'2024-11-13 17:51:46','2024-11-13 17:51:46',NULL),(1561,185,5,3236,'2024-11-13 17:51:46','2024-11-13 17:51:46',NULL),(1562,185,5,3237,'2024-11-13 17:51:46','2024-11-13 17:51:46',NULL),(1563,185,5,3238,'2024-11-13 17:51:46','2024-11-13 17:51:46',NULL),(1564,185,5,3239,'2024-11-13 17:51:46','2024-11-13 17:51:46',NULL),(1565,185,5,3240,'2024-11-13 17:51:46','2024-11-13 17:51:46',NULL),(1566,185,5,3241,'2024-11-13 17:51:46','2024-11-13 17:51:46',NULL),(1567,185,5,3242,'2024-11-13 17:51:46','2024-11-13 17:51:46',NULL),(1568,185,5,3243,'2024-11-13 17:51:46','2024-11-13 17:51:46',NULL),(1569,185,1,3218,'2024-11-13 17:54:27','2024-11-13 17:54:27',NULL),(1570,185,1,3219,'2024-11-13 17:54:27','2024-11-13 17:54:27',NULL),(1571,185,1,3220,'2024-11-13 17:54:27','2024-11-13 17:54:27',NULL),(1572,185,1,3221,'2024-11-13 17:54:27','2024-11-13 17:54:27',NULL),(1573,185,1,3222,'2024-11-13 17:54:27','2024-11-13 17:54:27',NULL),(1574,185,1,3223,'2024-11-13 17:54:27','2024-11-13 17:54:27',NULL),(1575,185,1,3224,'2024-11-13 17:54:27','2024-11-13 17:54:27',NULL),(1576,185,1,3225,'2024-11-13 17:54:27','2024-11-13 17:54:27',NULL),(1577,185,1,3226,'2024-11-13 17:54:27','2024-11-13 17:54:27',NULL),(1578,185,1,3227,'2024-11-13 17:54:27','2024-11-13 17:54:27',NULL),(1579,185,1,3228,'2024-11-13 17:54:27','2024-11-13 17:54:27',NULL),(1580,185,1,3229,'2024-11-13 17:54:27','2024-11-13 17:54:27',NULL),(1581,185,1,3230,'2024-11-13 17:54:27','2024-11-13 17:54:27',NULL),(1582,185,1,3231,'2024-11-13 17:54:27','2024-11-13 17:54:27',NULL),(1583,185,1,3232,'2024-11-13 17:54:27','2024-11-13 17:54:27',NULL),(1584,185,1,3233,'2024-11-13 17:54:27','2024-11-13 17:54:27',NULL),(1585,185,1,3234,'2024-11-13 17:54:27','2024-11-13 17:54:27',NULL),(1586,185,1,3235,'2024-11-13 17:54:27','2024-11-13 17:54:27',NULL),(1587,185,1,3236,'2024-11-13 17:54:27','2024-11-13 17:54:27',NULL),(1588,185,1,3237,'2024-11-13 17:54:27','2024-11-13 17:54:27',NULL),(1589,185,1,3238,'2024-11-13 17:54:27','2024-11-13 17:54:27',NULL),(1590,185,1,3239,'2024-11-13 17:54:27','2024-11-13 17:54:27',NULL),(1591,185,1,3240,'2024-11-13 17:54:27','2024-11-13 17:54:27',NULL),(1592,185,1,3241,'2024-11-13 17:54:27','2024-11-13 17:54:27',NULL),(1593,185,1,3242,'2024-11-13 17:54:27','2024-11-13 17:54:27',NULL),(1594,185,1,3243,'2024-11-13 17:54:27','2024-11-13 17:54:27',NULL),(1595,185,4,3218,'2024-11-13 17:54:27','2024-11-13 17:54:27',NULL),(1596,185,4,3219,'2024-11-13 17:54:27','2024-11-13 17:54:27',NULL),(1597,185,4,3220,'2024-11-13 17:54:27','2024-11-13 17:54:27',NULL),(1598,185,4,3221,'2024-11-13 17:54:27','2024-11-13 17:54:27',NULL),(1599,185,4,3222,'2024-11-13 17:54:27','2024-11-13 17:54:27',NULL),(1600,185,4,3223,'2024-11-13 17:54:27','2024-11-13 17:54:27',NULL),(1601,185,4,3224,'2024-11-13 17:54:27','2024-11-13 17:54:27',NULL),(1602,185,4,3225,'2024-11-13 17:54:27','2024-11-13 17:54:27',NULL),(1603,185,4,3226,'2024-11-13 17:54:27','2024-11-13 17:54:27',NULL),(1604,185,4,3227,'2024-11-13 17:54:27','2024-11-13 17:54:27',NULL),(1605,185,4,3228,'2024-11-13 17:54:27','2024-11-13 17:54:27',NULL),(1606,185,4,3229,'2024-11-13 17:54:27','2024-11-13 17:54:27',NULL),(1607,185,4,3230,'2024-11-13 17:54:27','2024-11-13 17:54:27',NULL),(1608,185,4,3231,'2024-11-13 17:54:27','2024-11-13 17:54:27',NULL),(1609,185,4,3232,'2024-11-13 17:54:27','2024-11-13 17:54:27',NULL),(1610,185,4,3233,'2024-11-13 17:54:27','2024-11-13 17:54:27',NULL),(1611,185,4,3234,'2024-11-13 17:54:27','2024-11-13 17:54:27',NULL),(1612,185,4,3235,'2024-11-13 17:54:27','2024-11-13 17:54:27',NULL),(1613,185,4,3236,'2024-11-13 17:54:27','2024-11-13 17:54:27',NULL),(1614,185,4,3237,'2024-11-13 17:54:27','2024-11-13 17:54:27',NULL),(1615,185,4,3238,'2024-11-13 17:54:27','2024-11-13 17:54:27',NULL),(1616,185,4,3239,'2024-11-13 17:54:27','2024-11-13 17:54:27',NULL),(1617,185,4,3240,'2024-11-13 17:54:27','2024-11-13 17:54:27',NULL),(1618,185,4,3241,'2024-11-13 17:54:27','2024-11-13 17:54:27',NULL),(1619,185,4,3242,'2024-11-13 17:54:27','2024-11-13 17:54:27',NULL),(1620,185,4,3243,'2024-11-13 17:54:27','2024-11-13 17:54:27',NULL),(1621,185,5,3218,'2024-11-13 17:54:27','2024-11-13 17:54:27',NULL),(1622,185,5,3219,'2024-11-13 17:54:27','2024-11-13 17:54:27',NULL),(1623,185,5,3220,'2024-11-13 17:54:27','2024-11-13 17:54:27',NULL),(1624,185,5,3221,'2024-11-13 17:54:27','2024-11-13 17:54:27',NULL),(1625,185,5,3222,'2024-11-13 17:54:27','2024-11-13 17:54:27',NULL),(1626,185,5,3223,'2024-11-13 17:54:27','2024-11-13 17:54:27',NULL),(1627,185,5,3224,'2024-11-13 17:54:27','2024-11-13 17:54:27',NULL),(1628,185,5,3225,'2024-11-13 17:54:27','2024-11-13 17:54:27',NULL),(1629,185,5,3226,'2024-11-13 17:54:27','2024-11-13 17:54:27',NULL),(1630,185,5,3227,'2024-11-13 17:54:27','2024-11-13 17:54:27',NULL),(1631,185,5,3228,'2024-11-13 17:54:27','2024-11-13 17:54:27',NULL),(1632,185,5,3229,'2024-11-13 17:54:27','2024-11-13 17:54:27',NULL),(1633,185,5,3230,'2024-11-13 17:54:27','2024-11-13 17:54:27',NULL),(1634,185,5,3231,'2024-11-13 17:54:27','2024-11-13 17:54:27',NULL),(1635,185,5,3232,'2024-11-13 17:54:27','2024-11-13 17:54:27',NULL),(1636,185,5,3233,'2024-11-13 17:54:27','2024-11-13 17:54:27',NULL),(1637,185,5,3234,'2024-11-13 17:54:27','2024-11-13 17:54:27',NULL),(1638,185,5,3235,'2024-11-13 17:54:27','2024-11-13 17:54:27',NULL),(1639,185,5,3236,'2024-11-13 17:54:27','2024-11-13 17:54:27',NULL),(1640,185,5,3237,'2024-11-13 17:54:27','2024-11-13 17:54:27',NULL),(1641,185,5,3238,'2024-11-13 17:54:27','2024-11-13 17:54:27',NULL),(1642,185,5,3239,'2024-11-13 17:54:27','2024-11-13 17:54:27',NULL),(1643,185,5,3240,'2024-11-13 17:54:27','2024-11-13 17:54:27',NULL),(1644,185,5,3241,'2024-11-13 17:54:27','2024-11-13 17:54:27',NULL),(1645,185,5,3242,'2024-11-13 17:54:27','2024-11-13 17:54:27',NULL),(1646,185,5,3243,'2024-11-13 17:54:27','2024-11-13 17:54:27',NULL),(1647,191,1,3660,'2024-11-17 09:26:50','2024-11-17 09:26:50',NULL),(1648,191,1,3661,'2024-11-17 09:26:50','2024-11-17 09:26:50',NULL),(1649,191,1,3662,'2024-11-17 09:26:50','2024-11-17 09:26:50',NULL),(1650,191,1,3663,'2024-11-17 09:26:50','2024-11-17 09:26:50',NULL),(1651,191,1,3664,'2024-11-17 09:26:50','2024-11-17 09:26:50',NULL),(1652,191,1,3665,'2024-11-17 09:26:50','2024-11-17 09:26:50',NULL),(1653,191,1,3666,'2024-11-17 09:26:50','2024-11-17 09:26:50',NULL),(1654,191,1,3667,'2024-11-17 09:26:50','2024-11-17 09:26:50',NULL),(1655,191,1,3668,'2024-11-17 09:26:50','2024-11-17 09:26:50',NULL),(1656,191,1,3669,'2024-11-17 09:26:50','2024-11-17 09:26:50',NULL),(1657,191,1,3670,'2024-11-17 09:26:50','2024-11-17 09:26:50',NULL),(1658,191,1,3671,'2024-11-17 09:26:50','2024-11-17 09:26:50',NULL),(1659,191,1,3672,'2024-11-17 09:26:50','2024-11-17 09:26:50',NULL),(1660,191,1,3673,'2024-11-17 09:26:50','2024-11-17 09:26:50',NULL),(1661,191,1,3674,'2024-11-17 09:26:50','2024-11-17 09:26:50',NULL),(1662,191,1,3675,'2024-11-17 09:26:50','2024-11-17 09:26:50',NULL),(1663,191,1,3676,'2024-11-17 09:26:50','2024-11-17 09:26:50',NULL),(1664,191,1,3677,'2024-11-17 09:26:50','2024-11-17 09:26:50',NULL),(1665,191,1,3678,'2024-11-17 09:26:50','2024-11-17 09:26:50',NULL),(1666,191,1,3679,'2024-11-17 09:26:50','2024-11-17 09:26:50',NULL),(1667,191,1,3680,'2024-11-17 09:26:50','2024-11-17 09:26:50',NULL),(1668,191,1,3681,'2024-11-17 09:26:50','2024-11-17 09:26:50',NULL),(1669,191,1,3682,'2024-11-17 09:26:50','2024-11-17 09:26:50',NULL),(1670,191,1,3683,'2024-11-17 09:26:50','2024-11-17 09:26:50',NULL),(1671,191,1,3684,'2024-11-17 09:26:50','2024-11-17 09:26:50',NULL),(1672,191,1,3685,'2024-11-17 09:26:50','2024-11-17 09:26:50',NULL),(1673,191,4,3660,'2024-11-17 09:26:50','2024-11-17 09:26:50',NULL),(1674,191,4,3661,'2024-11-17 09:26:50','2024-11-17 09:26:50',NULL),(1675,191,4,3662,'2024-11-17 09:26:50','2024-11-17 09:26:50',NULL),(1676,191,4,3663,'2024-11-17 09:26:50','2024-11-17 09:26:50',NULL),(1677,191,4,3664,'2024-11-17 09:26:50','2024-11-17 09:26:50',NULL),(1678,191,4,3665,'2024-11-17 09:26:50','2024-11-17 09:26:50',NULL),(1679,191,4,3666,'2024-11-17 09:26:50','2024-11-17 09:26:50',NULL),(1680,191,4,3667,'2024-11-17 09:26:50','2024-11-17 09:26:50',NULL),(1681,191,4,3668,'2024-11-17 09:26:50','2024-11-17 09:26:50',NULL),(1682,191,4,3669,'2024-11-17 09:26:50','2024-11-17 09:26:50',NULL),(1683,191,4,3670,'2024-11-17 09:26:50','2024-11-17 09:26:50',NULL),(1684,191,4,3671,'2024-11-17 09:26:50','2024-11-17 09:26:50',NULL),(1685,191,4,3672,'2024-11-17 09:26:50','2024-11-17 09:26:50',NULL),(1686,191,4,3673,'2024-11-17 09:26:50','2024-11-17 09:26:50',NULL),(1687,191,4,3674,'2024-11-17 09:26:50','2024-11-17 09:26:50',NULL),(1688,191,4,3675,'2024-11-17 09:26:50','2024-11-17 09:26:50',NULL),(1689,191,4,3676,'2024-11-17 09:26:50','2024-11-17 09:26:50',NULL),(1690,191,4,3677,'2024-11-17 09:26:50','2024-11-17 09:26:50',NULL),(1691,191,4,3678,'2024-11-17 09:26:50','2024-11-17 09:26:50',NULL),(1692,191,4,3679,'2024-11-17 09:26:50','2024-11-17 09:26:50',NULL),(1693,191,4,3680,'2024-11-17 09:26:50','2024-11-17 09:26:50',NULL),(1694,191,4,3681,'2024-11-17 09:26:50','2024-11-17 09:26:50',NULL),(1695,191,4,3682,'2024-11-17 09:26:50','2024-11-17 09:26:50',NULL),(1696,191,4,3683,'2024-11-17 09:26:50','2024-11-17 09:26:50',NULL),(1697,191,4,3684,'2024-11-17 09:26:50','2024-11-17 09:26:50',NULL),(1698,191,4,3685,'2024-11-17 09:26:50','2024-11-17 09:26:50',NULL),(1699,191,5,3660,'2024-11-17 09:26:50','2024-11-17 09:26:50',NULL),(1700,191,5,3661,'2024-11-17 09:26:50','2024-11-17 09:26:50',NULL),(1701,191,5,3662,'2024-11-17 09:26:50','2024-11-17 09:26:50',NULL),(1702,191,5,3663,'2024-11-17 09:26:50','2024-11-17 09:26:50',NULL),(1703,191,5,3664,'2024-11-17 09:26:50','2024-11-17 09:26:50',NULL),(1704,191,5,3665,'2024-11-17 09:26:50','2024-11-17 09:26:50',NULL),(1705,191,5,3666,'2024-11-17 09:26:50','2024-11-17 09:26:50',NULL),(1706,191,5,3667,'2024-11-17 09:26:50','2024-11-17 09:26:50',NULL),(1707,191,5,3668,'2024-11-17 09:26:50','2024-11-17 09:26:50',NULL),(1708,191,5,3669,'2024-11-17 09:26:50','2024-11-17 09:26:50',NULL),(1709,191,5,3670,'2024-11-17 09:26:50','2024-11-17 09:26:50',NULL),(1710,191,5,3671,'2024-11-17 09:26:50','2024-11-17 09:26:50',NULL),(1711,191,5,3672,'2024-11-17 09:26:50','2024-11-17 09:26:50',NULL),(1712,191,5,3673,'2024-11-17 09:26:50','2024-11-17 09:26:50',NULL),(1713,191,5,3674,'2024-11-17 09:26:51','2024-11-17 09:26:51',NULL),(1714,191,5,3675,'2024-11-17 09:26:51','2024-11-17 09:26:51',NULL),(1715,191,5,3676,'2024-11-17 09:26:51','2024-11-17 09:26:51',NULL),(1716,191,5,3677,'2024-11-17 09:26:51','2024-11-17 09:26:51',NULL),(1717,191,5,3678,'2024-11-17 09:26:51','2024-11-17 09:26:51',NULL),(1718,191,5,3679,'2024-11-17 09:26:51','2024-11-17 09:26:51',NULL),(1719,191,5,3680,'2024-11-17 09:26:51','2024-11-17 09:26:51',NULL),(1720,191,5,3681,'2024-11-17 09:26:51','2024-11-17 09:26:51',NULL),(1721,191,5,3682,'2024-11-17 09:26:51','2024-11-17 09:26:51',NULL),(1722,191,5,3683,'2024-11-17 09:26:51','2024-11-17 09:26:51',NULL),(1723,191,5,3684,'2024-11-17 09:26:51','2024-11-17 09:26:51',NULL),(1724,191,5,3685,'2024-11-17 09:26:51','2024-11-17 09:26:51',NULL),(1725,194,1,3738,'2024-11-19 21:53:10','2024-11-19 21:53:10',NULL),(1726,194,1,3739,'2024-11-19 21:53:10','2024-11-19 21:53:10',NULL),(1727,194,1,3740,'2024-11-19 21:53:10','2024-11-19 21:53:10',NULL),(1728,194,1,3741,'2024-11-19 21:53:10','2024-11-19 21:53:10',NULL),(1729,194,1,3742,'2024-11-19 21:53:10','2024-11-19 21:53:10',NULL),(1730,194,1,3743,'2024-11-19 21:53:10','2024-11-19 21:53:10',NULL),(1731,194,1,3744,'2024-11-19 21:53:10','2024-11-19 21:53:10',NULL),(1732,194,1,3745,'2024-11-19 21:53:10','2024-11-19 21:53:10',NULL),(1733,194,1,3746,'2024-11-19 21:53:10','2024-11-19 21:53:10',NULL),(1734,194,1,3747,'2024-11-19 21:53:10','2024-11-19 21:53:10',NULL),(1735,194,1,3748,'2024-11-19 21:53:10','2024-11-19 21:53:10',NULL),(1736,194,1,3749,'2024-11-19 21:53:10','2024-11-19 21:53:10',NULL),(1737,194,1,3750,'2024-11-19 21:53:10','2024-11-19 21:53:10',NULL),(1738,194,1,3751,'2024-11-19 21:53:10','2024-11-19 21:53:10',NULL),(1739,194,1,3752,'2024-11-19 21:53:10','2024-11-19 21:53:10',NULL),(1740,194,1,3753,'2024-11-19 21:53:10','2024-11-19 21:53:10',NULL),(1741,194,1,3754,'2024-11-19 21:53:10','2024-11-19 21:53:10',NULL),(1742,194,1,3755,'2024-11-19 21:53:10','2024-11-19 21:53:10',NULL),(1743,194,1,3756,'2024-11-19 21:53:10','2024-11-19 21:53:10',NULL),(1744,194,1,3757,'2024-11-19 21:53:11','2024-11-19 21:53:11',NULL),(1745,194,1,3758,'2024-11-19 21:53:11','2024-11-19 21:53:11',NULL),(1746,194,1,3759,'2024-11-19 21:53:11','2024-11-19 21:53:11',NULL),(1747,194,1,3760,'2024-11-19 21:53:11','2024-11-19 21:53:11',NULL),(1748,194,1,3761,'2024-11-19 21:53:11','2024-11-19 21:53:11',NULL),(1749,194,1,3762,'2024-11-19 21:53:11','2024-11-19 21:53:11',NULL),(1750,194,1,3763,'2024-11-19 21:53:11','2024-11-19 21:53:11',NULL),(1751,194,2,3738,'2024-11-19 21:53:11','2024-11-19 21:53:11',NULL),(1752,194,2,3739,'2024-11-19 21:53:11','2024-11-19 21:53:11',NULL),(1753,194,2,3740,'2024-11-19 21:53:11','2024-11-19 21:53:11',NULL),(1754,194,2,3741,'2024-11-19 21:53:11','2024-11-19 21:53:11',NULL),(1755,194,2,3742,'2024-11-19 21:53:11','2024-11-19 21:53:11',NULL),(1756,194,2,3743,'2024-11-19 21:53:11','2024-11-19 21:53:11',NULL),(1757,194,2,3744,'2024-11-19 21:53:11','2024-11-19 21:53:11',NULL),(1758,194,2,3745,'2024-11-19 21:53:11','2024-11-19 21:53:11',NULL),(1759,194,2,3746,'2024-11-19 21:53:11','2024-11-19 21:53:11',NULL),(1760,194,2,3747,'2024-11-19 21:53:11','2024-11-19 21:53:11',NULL),(1761,194,2,3748,'2024-11-19 21:53:11','2024-11-19 21:53:11',NULL),(1762,194,2,3749,'2024-11-19 21:53:11','2024-11-19 21:53:11',NULL),(1763,194,2,3750,'2024-11-19 21:53:11','2024-11-19 21:53:11',NULL),(1764,194,2,3751,'2024-11-19 21:53:11','2024-11-19 21:53:11',NULL),(1765,194,2,3752,'2024-11-19 21:53:11','2024-11-19 21:53:11',NULL),(1766,194,2,3753,'2024-11-19 21:53:11','2024-11-19 21:53:11',NULL),(1767,194,2,3754,'2024-11-19 21:53:11','2024-11-19 21:53:11',NULL),(1768,194,2,3755,'2024-11-19 21:53:11','2024-11-19 21:53:11',NULL),(1769,194,2,3756,'2024-11-19 21:53:11','2024-11-19 21:53:11',NULL),(1770,194,2,3757,'2024-11-19 21:53:11','2024-11-19 21:53:11',NULL),(1771,194,2,3758,'2024-11-19 21:53:11','2024-11-19 21:53:11',NULL),(1772,194,2,3759,'2024-11-19 21:53:11','2024-11-19 21:53:11',NULL),(1773,194,2,3760,'2024-11-19 21:53:11','2024-11-19 21:53:11',NULL),(1774,194,2,3761,'2024-11-19 21:53:11','2024-11-19 21:53:11',NULL),(1775,194,2,3762,'2024-11-19 21:53:11','2024-11-19 21:53:11',NULL),(1776,194,2,3763,'2024-11-19 21:53:11','2024-11-19 21:53:11',NULL),(1777,194,3,3738,'2024-11-19 21:53:11','2024-11-19 21:53:11',NULL),(1778,194,3,3739,'2024-11-19 21:53:11','2024-11-19 21:53:11',NULL),(1779,194,3,3740,'2024-11-19 21:53:11','2024-11-19 21:53:11',NULL),(1780,194,3,3741,'2024-11-19 21:53:11','2024-11-19 21:53:11',NULL),(1781,194,3,3742,'2024-11-19 21:53:11','2024-11-19 21:53:11',NULL),(1782,194,3,3743,'2024-11-19 21:53:11','2024-11-19 21:53:11',NULL),(1783,194,3,3744,'2024-11-19 21:53:11','2024-11-19 21:53:11',NULL),(1784,194,3,3745,'2024-11-19 21:53:11','2024-11-19 21:53:11',NULL),(1785,194,3,3746,'2024-11-19 21:53:11','2024-11-19 21:53:11',NULL),(1786,194,3,3747,'2024-11-19 21:53:11','2024-11-19 21:53:11',NULL),(1787,194,3,3748,'2024-11-19 21:53:11','2024-11-19 21:53:11',NULL),(1788,194,3,3749,'2024-11-19 21:53:11','2024-11-19 21:53:11',NULL),(1789,194,3,3750,'2024-11-19 21:53:11','2024-11-19 21:53:11',NULL),(1790,194,3,3751,'2024-11-19 21:53:11','2024-11-19 21:53:11',NULL),(1791,194,3,3752,'2024-11-19 21:53:11','2024-11-19 21:53:11',NULL),(1792,194,3,3753,'2024-11-19 21:53:11','2024-11-19 21:53:11',NULL),(1793,194,3,3754,'2024-11-19 21:53:11','2024-11-19 21:53:11',NULL),(1794,194,3,3755,'2024-11-19 21:53:11','2024-11-19 21:53:11',NULL),(1795,194,3,3756,'2024-11-19 21:53:11','2024-11-19 21:53:11',NULL),(1796,194,3,3757,'2024-11-19 21:53:11','2024-11-19 21:53:11',NULL),(1797,194,3,3758,'2024-11-19 21:53:11','2024-11-19 21:53:11',NULL),(1798,194,3,3759,'2024-11-19 21:53:11','2024-11-19 21:53:11',NULL),(1799,194,3,3760,'2024-11-19 21:53:11','2024-11-19 21:53:11',NULL),(1800,194,3,3761,'2024-11-19 21:53:11','2024-11-19 21:53:11',NULL),(1801,194,3,3762,'2024-11-19 21:53:11','2024-11-19 21:53:11',NULL),(1802,194,3,3763,'2024-11-19 21:53:11','2024-11-19 21:53:11',NULL),(1803,196,1,3764,'2024-11-21 07:49:10','2024-11-21 07:49:10',NULL),(1804,196,1,3765,'2024-11-21 07:49:10','2024-11-21 07:49:10',NULL),(1805,196,1,3766,'2024-11-21 07:49:10','2024-11-21 07:49:10',NULL),(1806,196,1,3767,'2024-11-21 07:49:10','2024-11-21 07:49:10',NULL),(1807,196,1,3768,'2024-11-21 07:49:10','2024-11-21 07:49:10',NULL),(1808,196,1,3769,'2024-11-21 07:49:10','2024-11-21 07:49:10',NULL),(1809,196,1,3770,'2024-11-21 07:49:10','2024-11-21 07:49:10',NULL),(1810,196,1,3771,'2024-11-21 07:49:10','2024-11-21 07:49:10',NULL),(1811,196,1,3772,'2024-11-21 07:49:10','2024-11-21 07:49:10',NULL),(1812,196,1,3773,'2024-11-21 07:49:10','2024-11-21 07:49:10',NULL),(1813,196,1,3774,'2024-11-21 07:49:10','2024-11-21 07:49:10',NULL),(1814,196,1,3775,'2024-11-21 07:49:10','2024-11-21 07:49:10',NULL),(1815,196,1,3776,'2024-11-21 07:49:10','2024-11-21 07:49:10',NULL),(1816,196,1,3777,'2024-11-21 07:49:10','2024-11-21 07:49:10',NULL),(1817,196,1,3778,'2024-11-21 07:49:10','2024-11-21 07:49:10',NULL),(1818,196,1,3779,'2024-11-21 07:49:10','2024-11-21 07:49:10',NULL),(1819,196,1,3780,'2024-11-21 07:49:10','2024-11-21 07:49:10',NULL),(1820,196,1,3781,'2024-11-21 07:49:10','2024-11-21 07:49:10',NULL),(1821,196,1,3782,'2024-11-21 07:49:10','2024-11-21 07:49:10',NULL),(1822,196,1,3783,'2024-11-21 07:49:10','2024-11-21 07:49:10',NULL),(1823,196,1,3784,'2024-11-21 07:49:10','2024-11-21 07:49:10',NULL),(1824,196,1,3785,'2024-11-21 07:49:10','2024-11-21 07:49:10',NULL),(1825,196,1,3786,'2024-11-21 07:49:10','2024-11-21 07:49:10',NULL),(1826,196,1,3787,'2024-11-21 07:49:10','2024-11-21 07:49:10',NULL),(1827,196,1,3788,'2024-11-21 07:49:10','2024-11-21 07:49:10',NULL),(1828,196,1,3789,'2024-11-21 07:49:10','2024-11-21 07:49:10',NULL),(1829,196,2,3764,'2024-11-21 07:49:10','2024-11-21 07:49:10',NULL),(1830,196,2,3765,'2024-11-21 07:49:10','2024-11-21 07:49:10',NULL),(1831,196,2,3766,'2024-11-21 07:49:10','2024-11-21 07:49:10',NULL),(1832,196,2,3767,'2024-11-21 07:49:10','2024-11-21 07:49:10',NULL),(1833,196,2,3768,'2024-11-21 07:49:10','2024-11-21 07:49:10',NULL),(1834,196,2,3769,'2024-11-21 07:49:10','2024-11-21 07:49:10',NULL),(1835,196,2,3770,'2024-11-21 07:49:10','2024-11-21 07:49:10',NULL),(1836,196,2,3771,'2024-11-21 07:49:10','2024-11-21 07:49:10',NULL),(1837,196,2,3772,'2024-11-21 07:49:10','2024-11-21 07:49:10',NULL),(1838,196,2,3773,'2024-11-21 07:49:10','2024-11-21 07:49:10',NULL),(1839,196,2,3774,'2024-11-21 07:49:10','2024-11-21 07:49:10',NULL),(1840,196,2,3775,'2024-11-21 07:49:10','2024-11-21 07:49:10',NULL),(1841,196,2,3776,'2024-11-21 07:49:10','2024-11-21 07:49:10',NULL),(1842,196,2,3777,'2024-11-21 07:49:10','2024-11-21 07:49:10',NULL),(1843,196,2,3778,'2024-11-21 07:49:10','2024-11-21 07:49:10',NULL),(1844,196,2,3779,'2024-11-21 07:49:10','2024-11-21 07:49:10',NULL),(1845,196,2,3780,'2024-11-21 07:49:10','2024-11-21 07:49:10',NULL),(1846,196,2,3781,'2024-11-21 07:49:10','2024-11-21 07:49:10',NULL),(1847,196,2,3782,'2024-11-21 07:49:10','2024-11-21 07:49:10',NULL),(1848,196,2,3783,'2024-11-21 07:49:10','2024-11-21 07:49:10',NULL),(1849,196,2,3784,'2024-11-21 07:49:10','2024-11-21 07:49:10',NULL),(1850,196,2,3785,'2024-11-21 07:49:11','2024-11-21 07:49:11',NULL),(1851,196,2,3786,'2024-11-21 07:49:11','2024-11-21 07:49:11',NULL),(1852,196,2,3787,'2024-11-21 07:49:11','2024-11-21 07:49:11',NULL),(1853,196,2,3788,'2024-11-21 07:49:11','2024-11-21 07:49:11',NULL),(1854,196,2,3789,'2024-11-21 07:49:11','2024-11-21 07:49:11',NULL),(1855,196,3,3764,'2024-11-21 07:49:11','2024-11-21 07:49:11',NULL),(1856,196,3,3765,'2024-11-21 07:49:11','2024-11-21 07:49:11',NULL),(1857,196,3,3766,'2024-11-21 07:49:11','2024-11-21 07:49:11',NULL),(1858,196,3,3767,'2024-11-21 07:49:11','2024-11-21 07:49:11',NULL),(1859,196,3,3768,'2024-11-21 07:49:11','2024-11-21 07:49:11',NULL),(1860,196,3,3769,'2024-11-21 07:49:11','2024-11-21 07:49:11',NULL),(1861,196,3,3770,'2024-11-21 07:49:11','2024-11-21 07:49:11',NULL),(1862,196,3,3771,'2024-11-21 07:49:11','2024-11-21 07:49:11',NULL),(1863,196,3,3772,'2024-11-21 07:49:11','2024-11-21 07:49:11',NULL),(1864,196,3,3773,'2024-11-21 07:49:11','2024-11-21 07:49:11',NULL),(1865,196,3,3774,'2024-11-21 07:49:11','2024-11-21 07:49:11',NULL),(1866,196,3,3775,'2024-11-21 07:49:11','2024-11-21 07:49:11',NULL),(1867,196,3,3776,'2024-11-21 07:49:11','2024-11-21 07:49:11',NULL),(1868,196,3,3777,'2024-11-21 07:49:11','2024-11-21 07:49:11',NULL),(1869,196,3,3778,'2024-11-21 07:49:11','2024-11-21 07:49:11',NULL),(1870,196,3,3779,'2024-11-21 07:49:11','2024-11-21 07:49:11',NULL),(1871,196,3,3780,'2024-11-21 07:49:11','2024-11-21 07:49:11',NULL),(1872,196,3,3781,'2024-11-21 07:49:11','2024-11-21 07:49:11',NULL),(1873,196,3,3782,'2024-11-21 07:49:11','2024-11-21 07:49:11',NULL),(1874,196,3,3783,'2024-11-21 07:49:11','2024-11-21 07:49:11',NULL),(1875,196,3,3784,'2024-11-21 07:49:11','2024-11-21 07:49:11',NULL),(1876,196,3,3785,'2024-11-21 07:49:11','2024-11-21 07:49:11',NULL),(1877,196,3,3786,'2024-11-21 07:49:11','2024-11-21 07:49:11',NULL),(1878,196,3,3787,'2024-11-21 07:49:11','2024-11-21 07:49:11',NULL),(1879,196,3,3788,'2024-11-21 07:49:11','2024-11-21 07:49:11',NULL),(1880,196,3,3789,'2024-11-21 07:49:11','2024-11-21 07:49:11',NULL),(1881,199,1,3790,'2024-11-21 15:42:18','2024-11-21 15:42:18',NULL),(1882,199,1,3791,'2024-11-21 15:42:18','2024-11-21 15:42:18',NULL),(1883,199,1,3792,'2024-11-21 15:42:18','2024-11-21 15:42:18',NULL),(1884,199,1,3793,'2024-11-21 15:42:18','2024-11-21 15:42:18',NULL),(1885,199,1,3794,'2024-11-21 15:42:18','2024-11-21 15:42:18',NULL),(1886,199,1,3795,'2024-11-21 15:42:18','2024-11-21 15:42:18',NULL),(1887,199,1,3796,'2024-11-21 15:42:18','2024-11-21 15:42:18',NULL),(1888,199,1,3797,'2024-11-21 15:42:18','2024-11-21 15:42:18',NULL),(1889,199,1,3798,'2024-11-21 15:42:18','2024-11-21 15:42:18',NULL),(1890,199,1,3799,'2024-11-21 15:42:18','2024-11-21 15:42:18',NULL),(1891,199,1,3800,'2024-11-21 15:42:18','2024-11-21 15:42:18',NULL),(1892,199,1,3801,'2024-11-21 15:42:18','2024-11-21 15:42:18',NULL),(1893,199,1,3802,'2024-11-21 15:42:18','2024-11-21 15:42:18',NULL),(1894,199,1,3803,'2024-11-21 15:42:18','2024-11-21 15:42:18',NULL),(1895,199,1,3804,'2024-11-21 15:42:18','2024-11-21 15:42:18',NULL),(1896,199,1,3805,'2024-11-21 15:42:18','2024-11-21 15:42:18',NULL),(1897,199,1,3806,'2024-11-21 15:42:18','2024-11-21 15:42:18',NULL),(1898,199,1,3807,'2024-11-21 15:42:18','2024-11-21 15:42:18',NULL),(1899,199,1,3808,'2024-11-21 15:42:18','2024-11-21 15:42:18',NULL),(1900,199,1,3809,'2024-11-21 15:42:18','2024-11-21 15:42:18',NULL),(1901,199,1,3810,'2024-11-21 15:42:18','2024-11-21 15:42:18',NULL),(1902,199,1,3811,'2024-11-21 15:42:18','2024-11-21 15:42:18',NULL),(1903,199,1,3812,'2024-11-21 15:42:18','2024-11-21 15:42:18',NULL),(1904,199,1,3813,'2024-11-21 15:42:18','2024-11-21 15:42:18',NULL),(1905,199,1,3814,'2024-11-21 15:42:18','2024-11-21 15:42:18',NULL),(1906,199,1,3815,'2024-11-21 15:42:18','2024-11-21 15:42:18',NULL),(1907,199,2,3790,'2024-11-21 15:42:18','2024-11-21 15:42:18',NULL),(1908,199,2,3791,'2024-11-21 15:42:18','2024-11-21 15:42:18',NULL),(1909,199,2,3792,'2024-11-21 15:42:18','2024-11-21 15:42:18',NULL),(1910,199,2,3793,'2024-11-21 15:42:18','2024-11-21 15:42:18',NULL),(1911,199,2,3794,'2024-11-21 15:42:18','2024-11-21 15:42:18',NULL),(1912,199,2,3795,'2024-11-21 15:42:18','2024-11-21 15:42:18',NULL),(1913,199,2,3796,'2024-11-21 15:42:18','2024-11-21 15:42:18',NULL),(1914,199,2,3797,'2024-11-21 15:42:18','2024-11-21 15:42:18',NULL),(1915,199,2,3798,'2024-11-21 15:42:18','2024-11-21 15:42:18',NULL),(1916,199,2,3799,'2024-11-21 15:42:18','2024-11-21 15:42:18',NULL),(1917,199,2,3800,'2024-11-21 15:42:18','2024-11-21 15:42:18',NULL),(1918,199,2,3801,'2024-11-21 15:42:18','2024-11-21 15:42:18',NULL),(1919,199,2,3802,'2024-11-21 15:42:18','2024-11-21 15:42:18',NULL),(1920,199,2,3803,'2024-11-21 15:42:18','2024-11-21 15:42:18',NULL),(1921,199,2,3804,'2024-11-21 15:42:18','2024-11-21 15:42:18',NULL),(1922,199,2,3805,'2024-11-21 15:42:18','2024-11-21 15:42:18',NULL),(1923,199,2,3806,'2024-11-21 15:42:18','2024-11-21 15:42:18',NULL),(1924,199,2,3807,'2024-11-21 15:42:18','2024-11-21 15:42:18',NULL),(1925,199,2,3808,'2024-11-21 15:42:18','2024-11-21 15:42:18',NULL),(1926,199,2,3809,'2024-11-21 15:42:18','2024-11-21 15:42:18',NULL),(1927,199,2,3810,'2024-11-21 15:42:18','2024-11-21 15:42:18',NULL),(1928,199,2,3811,'2024-11-21 15:42:18','2024-11-21 15:42:18',NULL),(1929,199,2,3812,'2024-11-21 15:42:18','2024-11-21 15:42:18',NULL),(1930,199,2,3813,'2024-11-21 15:42:18','2024-11-21 15:42:18',NULL),(1931,199,2,3814,'2024-11-21 15:42:18','2024-11-21 15:42:18',NULL),(1932,199,2,3815,'2024-11-21 15:42:18','2024-11-21 15:42:18',NULL),(1933,199,3,3790,'2024-11-21 15:42:18','2024-11-21 15:42:18',NULL),(1934,199,3,3791,'2024-11-21 15:42:18','2024-11-21 15:42:18',NULL),(1935,199,3,3792,'2024-11-21 15:42:18','2024-11-21 15:42:18',NULL),(1936,199,3,3793,'2024-11-21 15:42:18','2024-11-21 15:42:18',NULL),(1937,199,3,3794,'2024-11-21 15:42:18','2024-11-21 15:42:18',NULL),(1938,199,3,3795,'2024-11-21 15:42:18','2024-11-21 15:42:18',NULL),(1939,199,3,3796,'2024-11-21 15:42:18','2024-11-21 15:42:18',NULL),(1940,199,3,3797,'2024-11-21 15:42:18','2024-11-21 15:42:18',NULL),(1941,199,3,3798,'2024-11-21 15:42:18','2024-11-21 15:42:18',NULL),(1942,199,3,3799,'2024-11-21 15:42:18','2024-11-21 15:42:18',NULL),(1943,199,3,3800,'2024-11-21 15:42:18','2024-11-21 15:42:18',NULL),(1944,199,3,3801,'2024-11-21 15:42:18','2024-11-21 15:42:18',NULL),(1945,199,3,3802,'2024-11-21 15:42:18','2024-11-21 15:42:18',NULL),(1946,199,3,3803,'2024-11-21 15:42:18','2024-11-21 15:42:18',NULL),(1947,199,3,3804,'2024-11-21 15:42:18','2024-11-21 15:42:18',NULL),(1948,199,3,3805,'2024-11-21 15:42:18','2024-11-21 15:42:18',NULL),(1949,199,3,3806,'2024-11-21 15:42:18','2024-11-21 15:42:18',NULL),(1950,199,3,3807,'2024-11-21 15:42:18','2024-11-21 15:42:18',NULL),(1951,199,3,3808,'2024-11-21 15:42:18','2024-11-21 15:42:18',NULL),(1952,199,3,3809,'2024-11-21 15:42:18','2024-11-21 15:42:18',NULL),(1953,199,3,3810,'2024-11-21 15:42:18','2024-11-21 15:42:18',NULL),(1954,199,3,3811,'2024-11-21 15:42:18','2024-11-21 15:42:18',NULL),(1955,199,3,3812,'2024-11-21 15:42:18','2024-11-21 15:42:18',NULL),(1956,199,3,3813,'2024-11-21 15:42:18','2024-11-21 15:42:18',NULL),(1957,199,3,3814,'2024-11-21 15:42:18','2024-11-21 15:42:18',NULL),(1958,199,3,3815,'2024-11-21 15:42:18','2024-11-21 15:42:18',NULL),(1959,200,1,3816,'2024-11-21 15:44:53','2024-11-21 15:44:53',NULL),(1960,200,1,3817,'2024-11-21 15:44:53','2024-11-21 15:44:53',NULL),(1961,200,1,3818,'2024-11-21 15:44:53','2024-11-21 15:44:53',NULL),(1962,200,1,3819,'2024-11-21 15:44:53','2024-11-21 15:44:53',NULL),(1963,200,1,3820,'2024-11-21 15:44:53','2024-11-21 15:44:53',NULL),(1964,200,1,3821,'2024-11-21 15:44:53','2024-11-21 15:44:53',NULL),(1965,200,1,3822,'2024-11-21 15:44:53','2024-11-21 15:44:53',NULL),(1966,200,1,3823,'2024-11-21 15:44:53','2024-11-21 15:44:53',NULL),(1967,200,1,3824,'2024-11-21 15:44:53','2024-11-21 15:44:53',NULL),(1968,200,1,3825,'2024-11-21 15:44:53','2024-11-21 15:44:53',NULL),(1969,200,1,3826,'2024-11-21 15:44:53','2024-11-21 15:44:53',NULL),(1970,200,1,3827,'2024-11-21 15:44:53','2024-11-21 15:44:53',NULL),(1971,200,1,3828,'2024-11-21 15:44:53','2024-11-21 15:44:53',NULL),(1972,200,1,3829,'2024-11-21 15:44:53','2024-11-21 15:44:53',NULL),(1973,200,1,3830,'2024-11-21 15:44:53','2024-11-21 15:44:53',NULL),(1974,200,1,3831,'2024-11-21 15:44:53','2024-11-21 15:44:53',NULL),(1975,200,1,3832,'2024-11-21 15:44:53','2024-11-21 15:44:53',NULL),(1976,200,1,3833,'2024-11-21 15:44:53','2024-11-21 15:44:53',NULL),(1977,200,1,3834,'2024-11-21 15:44:53','2024-11-21 15:44:53',NULL),(1978,200,1,3835,'2024-11-21 15:44:53','2024-11-21 15:44:53',NULL),(1979,200,1,3836,'2024-11-21 15:44:53','2024-11-21 15:44:53',NULL),(1980,200,1,3837,'2024-11-21 15:44:53','2024-11-21 15:44:53',NULL),(1981,200,1,3838,'2024-11-21 15:44:53','2024-11-21 15:44:53',NULL),(1982,200,1,3839,'2024-11-21 15:44:53','2024-11-21 15:44:53',NULL),(1983,200,1,3840,'2024-11-21 15:44:53','2024-11-21 15:44:53',NULL),(1984,200,1,3841,'2024-11-21 15:44:53','2024-11-21 15:44:53',NULL),(1985,200,2,3816,'2024-11-21 15:44:53','2024-11-21 15:44:53',NULL),(1986,200,2,3817,'2024-11-21 15:44:53','2024-11-21 15:44:53',NULL),(1987,200,2,3818,'2024-11-21 15:44:53','2024-11-21 15:44:53',NULL),(1988,200,2,3819,'2024-11-21 15:44:53','2024-11-21 15:44:53',NULL),(1989,200,2,3820,'2024-11-21 15:44:53','2024-11-21 15:44:53',NULL),(1990,200,2,3821,'2024-11-21 15:44:53','2024-11-21 15:44:53',NULL),(1991,200,2,3822,'2024-11-21 15:44:53','2024-11-21 15:44:53',NULL),(1992,200,2,3823,'2024-11-21 15:44:53','2024-11-21 15:44:53',NULL),(1993,200,2,3824,'2024-11-21 15:44:53','2024-11-21 15:44:53',NULL),(1994,200,2,3825,'2024-11-21 15:44:53','2024-11-21 15:44:53',NULL),(1995,200,2,3826,'2024-11-21 15:44:53','2024-11-21 15:44:53',NULL),(1996,200,2,3827,'2024-11-21 15:44:53','2024-11-21 15:44:53',NULL),(1997,200,2,3828,'2024-11-21 15:44:53','2024-11-21 15:44:53',NULL),(1998,200,2,3829,'2024-11-21 15:44:53','2024-11-21 15:44:53',NULL),(1999,200,2,3830,'2024-11-21 15:44:53','2024-11-21 15:44:53',NULL),(2000,200,2,3831,'2024-11-21 15:44:53','2024-11-21 15:44:53',NULL),(2001,200,2,3832,'2024-11-21 15:44:53','2024-11-21 15:44:53',NULL),(2002,200,2,3833,'2024-11-21 15:44:53','2024-11-21 15:44:53',NULL),(2003,200,2,3834,'2024-11-21 15:44:53','2024-11-21 15:44:53',NULL),(2004,200,2,3835,'2024-11-21 15:44:53','2024-11-21 15:44:53',NULL),(2005,200,2,3836,'2024-11-21 15:44:53','2024-11-21 15:44:53',NULL),(2006,200,2,3837,'2024-11-21 15:44:53','2024-11-21 15:44:53',NULL),(2007,200,2,3838,'2024-11-21 15:44:53','2024-11-21 15:44:53',NULL),(2008,200,2,3839,'2024-11-21 15:44:53','2024-11-21 15:44:53',NULL),(2009,200,2,3840,'2024-11-21 15:44:53','2024-11-21 15:44:53',NULL),(2010,200,2,3841,'2024-11-21 15:44:53','2024-11-21 15:44:53',NULL),(2011,200,3,3816,'2024-11-21 15:44:53','2024-11-21 15:44:53',NULL),(2012,200,3,3817,'2024-11-21 15:44:53','2024-11-21 15:44:53',NULL),(2013,200,3,3818,'2024-11-21 15:44:53','2024-11-21 15:44:53',NULL),(2014,200,3,3819,'2024-11-21 15:44:53','2024-11-21 15:44:53',NULL),(2015,200,3,3820,'2024-11-21 15:44:53','2024-11-21 15:44:53',NULL),(2016,200,3,3821,'2024-11-21 15:44:53','2024-11-21 15:44:53',NULL),(2017,200,3,3822,'2024-11-21 15:44:53','2024-11-21 15:44:53',NULL),(2018,200,3,3823,'2024-11-21 15:44:53','2024-11-21 15:44:53',NULL),(2019,200,3,3824,'2024-11-21 15:44:53','2024-11-21 15:44:53',NULL),(2020,200,3,3825,'2024-11-21 15:44:53','2024-11-21 15:44:53',NULL),(2021,200,3,3826,'2024-11-21 15:44:53','2024-11-21 15:44:53',NULL),(2022,200,3,3827,'2024-11-21 15:44:53','2024-11-21 15:44:53',NULL),(2023,200,3,3828,'2024-11-21 15:44:53','2024-11-21 15:44:53',NULL),(2024,200,3,3829,'2024-11-21 15:44:53','2024-11-21 15:44:53',NULL),(2025,200,3,3830,'2024-11-21 15:44:53','2024-11-21 15:44:53',NULL),(2026,200,3,3831,'2024-11-21 15:44:53','2024-11-21 15:44:53',NULL),(2027,200,3,3832,'2024-11-21 15:44:53','2024-11-21 15:44:53',NULL),(2028,200,3,3833,'2024-11-21 15:44:53','2024-11-21 15:44:53',NULL),(2029,200,3,3834,'2024-11-21 15:44:53','2024-11-21 15:44:53',NULL),(2030,200,3,3835,'2024-11-21 15:44:53','2024-11-21 15:44:53',NULL),(2031,200,3,3836,'2024-11-21 15:44:53','2024-11-21 15:44:53',NULL),(2032,200,3,3837,'2024-11-21 15:44:53','2024-11-21 15:44:53',NULL),(2033,200,3,3838,'2024-11-21 15:44:53','2024-11-21 15:44:53',NULL),(2034,200,3,3839,'2024-11-21 15:44:53','2024-11-21 15:44:53',NULL),(2035,200,3,3840,'2024-11-21 15:44:53','2024-11-21 15:44:53',NULL),(2036,200,3,3841,'2024-11-21 15:44:53','2024-11-21 15:44:53',NULL),(2037,39,1,2019,'2024-11-23 18:53:08','2024-11-23 18:53:08',NULL),(2038,39,1,2020,'2024-11-23 18:53:08','2024-11-23 18:53:08',NULL),(2039,39,1,2021,'2024-11-23 18:53:08','2024-11-23 18:53:08',NULL),(2040,39,1,2022,'2024-11-23 18:53:08','2024-11-23 18:53:08',NULL),(2041,39,1,2023,'2024-11-23 18:53:08','2024-11-23 18:53:08',NULL),(2042,39,1,2024,'2024-11-23 18:53:08','2024-11-23 18:53:08',NULL),(2043,39,1,2025,'2024-11-23 18:53:08','2024-11-23 18:53:08',NULL),(2044,39,1,2026,'2024-11-23 18:53:08','2024-11-23 18:53:08',NULL),(2045,39,1,2027,'2024-11-23 18:53:08','2024-11-23 18:53:08',NULL),(2046,39,1,2028,'2024-11-23 18:53:08','2024-11-23 18:53:08',NULL),(2047,39,1,2029,'2024-11-23 18:53:08','2024-11-23 18:53:08',NULL),(2048,39,1,2030,'2024-11-23 18:53:08','2024-11-23 18:53:08',NULL),(2049,39,1,2031,'2024-11-23 18:53:08','2024-11-23 18:53:08',NULL),(2050,39,1,2032,'2024-11-23 18:53:08','2024-11-23 18:53:08',NULL),(2051,39,1,2033,'2024-11-23 18:53:08','2024-11-23 18:53:08',NULL),(2052,39,1,2034,'2024-11-23 18:53:08','2024-11-23 18:53:08',NULL),(2053,39,2,2019,'2024-11-23 18:53:08','2024-11-23 18:53:08',NULL),(2054,39,2,2020,'2024-11-23 18:53:08','2024-11-23 18:53:08',NULL),(2055,39,2,2021,'2024-11-23 18:53:08','2024-11-23 18:53:08',NULL),(2056,39,2,2022,'2024-11-23 18:53:08','2024-11-23 18:53:08',NULL),(2057,39,2,2023,'2024-11-23 18:53:08','2024-11-23 18:53:08',NULL),(2058,39,2,2024,'2024-11-23 18:53:08','2024-11-23 18:53:08',NULL),(2059,39,2,2025,'2024-11-23 18:53:08','2024-11-23 18:53:08',NULL),(2060,39,2,2026,'2024-11-23 18:53:08','2024-11-23 18:53:08',NULL),(2061,39,2,2027,'2024-11-23 18:53:08','2024-11-23 18:53:08',NULL),(2062,39,2,2028,'2024-11-23 18:53:08','2024-11-23 18:53:08',NULL),(2063,39,2,2029,'2024-11-23 18:53:08','2024-11-23 18:53:08',NULL),(2064,39,2,2030,'2024-11-23 18:53:08','2024-11-23 18:53:08',NULL),(2065,39,2,2031,'2024-11-23 18:53:08','2024-11-23 18:53:08',NULL),(2066,39,2,2032,'2024-11-23 18:53:08','2024-11-23 18:53:08',NULL),(2067,39,2,2033,'2024-11-23 18:53:08','2024-11-23 18:53:08',NULL),(2068,39,2,2034,'2024-11-23 18:53:08','2024-11-23 18:53:08',NULL),(2069,39,3,2019,'2024-11-23 18:53:08','2024-11-23 18:53:08',NULL),(2070,39,3,2020,'2024-11-23 18:53:08','2024-11-23 18:53:08',NULL),(2071,39,3,2021,'2024-11-23 18:53:08','2024-11-23 18:53:08',NULL),(2072,39,3,2022,'2024-11-23 18:53:08','2024-11-23 18:53:08',NULL),(2073,39,3,2023,'2024-11-23 18:53:08','2024-11-23 18:53:08',NULL),(2074,39,3,2024,'2024-11-23 18:53:08','2024-11-23 18:53:08',NULL),(2075,39,3,2025,'2024-11-23 18:53:08','2024-11-23 18:53:08',NULL),(2076,39,3,2026,'2024-11-23 18:53:08','2024-11-23 18:53:08',NULL),(2077,39,3,2027,'2024-11-23 18:53:08','2024-11-23 18:53:08',NULL),(2078,39,3,2028,'2024-11-23 18:53:08','2024-11-23 18:53:08',NULL),(2079,39,3,2029,'2024-11-23 18:53:09','2024-11-23 18:53:09',NULL),(2080,39,3,2030,'2024-11-23 18:53:09','2024-11-23 18:53:09',NULL),(2081,39,3,2031,'2024-11-23 18:53:09','2024-11-23 18:53:09',NULL),(2082,39,3,2032,'2024-11-23 18:53:09','2024-11-23 18:53:09',NULL),(2083,39,3,2033,'2024-11-23 18:53:09','2024-11-23 18:53:09',NULL),(2084,39,3,2034,'2024-11-23 18:53:09','2024-11-23 18:53:09',NULL),(2085,203,1,3842,'2024-11-24 11:34:24','2024-11-24 11:34:24',NULL),(2086,203,1,3843,'2024-11-24 11:34:24','2024-11-24 11:34:24',NULL),(2087,203,1,3844,'2024-11-24 11:34:24','2024-11-24 11:34:24',NULL),(2088,203,1,3845,'2024-11-24 11:34:24','2024-11-24 11:34:24',NULL),(2089,203,1,3846,'2024-11-24 11:34:24','2024-11-24 11:34:24',NULL),(2090,203,1,3847,'2024-11-24 11:34:24','2024-11-24 11:34:24',NULL),(2091,203,1,3848,'2024-11-24 11:34:24','2024-11-24 11:34:24',NULL),(2092,203,1,3849,'2024-11-24 11:34:24','2024-11-24 11:34:24',NULL),(2093,203,1,3850,'2024-11-24 11:34:24','2024-11-24 11:34:24',NULL),(2094,203,1,3851,'2024-11-24 11:34:24','2024-11-24 11:34:24',NULL),(2095,203,1,3852,'2024-11-24 11:34:24','2024-11-24 11:34:24',NULL),(2096,203,1,3853,'2024-11-24 11:34:24','2024-11-24 11:34:24',NULL),(2097,203,1,3854,'2024-11-24 11:34:24','2024-11-24 11:34:24',NULL),(2098,203,1,3855,'2024-11-24 11:34:24','2024-11-24 11:34:24',NULL),(2099,203,1,3856,'2024-11-24 11:34:24','2024-11-24 11:34:24',NULL),(2100,203,1,3857,'2024-11-24 11:34:24','2024-11-24 11:34:24',NULL),(2101,203,1,3858,'2024-11-24 11:34:24','2024-11-24 11:34:24',NULL),(2102,203,1,3859,'2024-11-24 11:34:24','2024-11-24 11:34:24',NULL),(2103,203,1,3860,'2024-11-24 11:34:24','2024-11-24 11:34:24',NULL),(2104,203,1,3861,'2024-11-24 11:34:24','2024-11-24 11:34:24',NULL),(2105,203,1,3862,'2024-11-24 11:34:24','2024-11-24 11:34:24',NULL),(2106,203,1,3863,'2024-11-24 11:34:24','2024-11-24 11:34:24',NULL),(2107,203,1,3864,'2024-11-24 11:34:24','2024-11-24 11:34:24',NULL),(2108,203,1,3865,'2024-11-24 11:34:24','2024-11-24 11:34:24',NULL),(2109,203,1,3866,'2024-11-24 11:34:24','2024-11-24 11:34:24',NULL),(2110,203,1,3867,'2024-11-24 11:34:24','2024-11-24 11:34:24',NULL),(2111,203,2,3842,'2024-11-24 11:34:24','2024-11-24 11:34:24',NULL),(2112,203,2,3843,'2024-11-24 11:34:24','2024-11-24 11:34:24',NULL),(2113,203,2,3844,'2024-11-24 11:34:24','2024-11-24 11:34:24',NULL),(2114,203,2,3845,'2024-11-24 11:34:24','2024-11-24 11:34:24',NULL),(2115,203,2,3846,'2024-11-24 11:34:24','2024-11-24 11:34:24',NULL),(2116,203,2,3847,'2024-11-24 11:34:24','2024-11-24 11:34:24',NULL),(2117,203,2,3848,'2024-11-24 11:34:24','2024-11-24 11:34:24',NULL),(2118,203,2,3849,'2024-11-24 11:34:24','2024-11-24 11:34:24',NULL),(2119,203,2,3850,'2024-11-24 11:34:24','2024-11-24 11:34:24',NULL),(2120,203,2,3851,'2024-11-24 11:34:24','2024-11-24 11:34:24',NULL),(2121,203,2,3852,'2024-11-24 11:34:24','2024-11-24 11:34:24',NULL),(2122,203,2,3853,'2024-11-24 11:34:24','2024-11-24 11:34:24',NULL),(2123,203,2,3854,'2024-11-24 11:34:24','2024-11-24 11:34:24',NULL),(2124,203,2,3855,'2024-11-24 11:34:24','2024-11-24 11:34:24',NULL),(2125,203,2,3856,'2024-11-24 11:34:24','2024-11-24 11:34:24',NULL),(2126,203,2,3857,'2024-11-24 11:34:24','2024-11-24 11:34:24',NULL),(2127,203,2,3858,'2024-11-24 11:34:24','2024-11-24 11:34:24',NULL),(2128,203,2,3859,'2024-11-24 11:34:25','2024-11-24 11:34:25',NULL),(2129,203,2,3860,'2024-11-24 11:34:25','2024-11-24 11:34:25',NULL),(2130,203,2,3861,'2024-11-24 11:34:25','2024-11-24 11:34:25',NULL),(2131,203,2,3862,'2024-11-24 11:34:25','2024-11-24 11:34:25',NULL),(2132,203,2,3863,'2024-11-24 11:34:25','2024-11-24 11:34:25',NULL),(2133,203,2,3864,'2024-11-24 11:34:25','2024-11-24 11:34:25',NULL),(2134,203,2,3865,'2024-11-24 11:34:25','2024-11-24 11:34:25',NULL),(2135,203,2,3866,'2024-11-24 11:34:25','2024-11-24 11:34:25',NULL),(2136,203,2,3867,'2024-11-24 11:34:25','2024-11-24 11:34:25',NULL),(2137,203,3,3842,'2024-11-24 11:34:25','2024-11-24 11:34:25',NULL),(2138,203,3,3843,'2024-11-24 11:34:25','2024-11-24 11:34:25',NULL),(2139,203,3,3844,'2024-11-24 11:34:25','2024-11-24 11:34:25',NULL),(2140,203,3,3845,'2024-11-24 11:34:25','2024-11-24 11:34:25',NULL),(2141,203,3,3846,'2024-11-24 11:34:25','2024-11-24 11:34:25',NULL),(2142,203,3,3847,'2024-11-24 11:34:25','2024-11-24 11:34:25',NULL),(2143,203,3,3848,'2024-11-24 11:34:25','2024-11-24 11:34:25',NULL),(2144,203,3,3849,'2024-11-24 11:34:25','2024-11-24 11:34:25',NULL),(2145,203,3,3850,'2024-11-24 11:34:25','2024-11-24 11:34:25',NULL),(2146,203,3,3851,'2024-11-24 11:34:25','2024-11-24 11:34:25',NULL),(2147,203,3,3852,'2024-11-24 11:34:25','2024-11-24 11:34:25',NULL),(2148,203,3,3853,'2024-11-24 11:34:25','2024-11-24 11:34:25',NULL),(2149,203,3,3854,'2024-11-24 11:34:25','2024-11-24 11:34:25',NULL),(2150,203,3,3855,'2024-11-24 11:34:25','2024-11-24 11:34:25',NULL),(2151,203,3,3856,'2024-11-24 11:34:25','2024-11-24 11:34:25',NULL),(2152,203,3,3857,'2024-11-24 11:34:25','2024-11-24 11:34:25',NULL),(2153,203,3,3858,'2024-11-24 11:34:25','2024-11-24 11:34:25',NULL),(2154,203,3,3859,'2024-11-24 11:34:25','2024-11-24 11:34:25',NULL),(2155,203,3,3860,'2024-11-24 11:34:25','2024-11-24 11:34:25',NULL),(2156,203,3,3861,'2024-11-24 11:34:25','2024-11-24 11:34:25',NULL),(2157,203,3,3862,'2024-11-24 11:34:25','2024-11-24 11:34:25',NULL),(2158,203,3,3863,'2024-11-24 11:34:25','2024-11-24 11:34:25',NULL),(2159,203,3,3864,'2024-11-24 11:34:25','2024-11-24 11:34:25',NULL),(2160,203,3,3865,'2024-11-24 11:34:25','2024-11-24 11:34:25',NULL),(2161,203,3,3866,'2024-11-24 11:34:25','2024-11-24 11:34:25',NULL),(2162,203,3,3867,'2024-11-24 11:34:25','2024-11-24 11:34:25',NULL),(2163,206,1,3894,'2024-11-26 12:35:50','2024-11-26 12:35:50',NULL),(2164,206,1,3895,'2024-11-26 12:35:50','2024-11-26 12:35:50',NULL),(2165,206,1,3896,'2024-11-26 12:35:50','2024-11-26 12:35:50',NULL),(2166,206,1,3897,'2024-11-26 12:35:50','2024-11-26 12:35:50',NULL),(2167,206,1,3898,'2024-11-26 12:35:50','2024-11-26 12:35:50',NULL),(2168,206,1,3899,'2024-11-26 12:35:50','2024-11-26 12:35:50',NULL),(2169,206,1,3900,'2024-11-26 12:35:50','2024-11-26 12:35:50',NULL),(2170,206,1,3901,'2024-11-26 12:35:50','2024-11-26 12:35:50',NULL),(2171,206,1,3902,'2024-11-26 12:35:50','2024-11-26 12:35:50',NULL),(2172,206,1,3903,'2024-11-26 12:35:50','2024-11-26 12:35:50',NULL),(2173,206,1,3904,'2024-11-26 12:35:50','2024-11-26 12:35:50',NULL),(2174,206,1,3905,'2024-11-26 12:35:50','2024-11-26 12:35:50',NULL),(2175,206,1,3906,'2024-11-26 12:35:50','2024-11-26 12:35:50',NULL),(2176,206,1,3907,'2024-11-26 12:35:50','2024-11-26 12:35:50',NULL),(2177,206,1,3908,'2024-11-26 12:35:50','2024-11-26 12:35:50',NULL),(2178,206,1,3909,'2024-11-26 12:35:50','2024-11-26 12:35:50',NULL),(2179,206,1,3910,'2024-11-26 12:35:50','2024-11-26 12:35:50',NULL),(2180,206,1,3911,'2024-11-26 12:35:50','2024-11-26 12:35:50',NULL),(2181,206,1,3912,'2024-11-26 12:35:50','2024-11-26 12:35:50',NULL),(2182,206,1,3913,'2024-11-26 12:35:50','2024-11-26 12:35:50',NULL),(2183,206,1,3914,'2024-11-26 12:35:50','2024-11-26 12:35:50',NULL),(2184,206,1,3915,'2024-11-26 12:35:50','2024-11-26 12:35:50',NULL),(2185,206,1,3916,'2024-11-26 12:35:50','2024-11-26 12:35:50',NULL),(2186,206,1,3917,'2024-11-26 12:35:50','2024-11-26 12:35:50',NULL),(2187,206,1,3918,'2024-11-26 12:35:50','2024-11-26 12:35:50',NULL),(2188,206,1,3919,'2024-11-26 12:35:50','2024-11-26 12:35:50',NULL),(2189,206,2,3894,'2024-11-26 12:35:50','2024-11-26 12:35:50',NULL),(2190,206,2,3895,'2024-11-26 12:35:50','2024-11-26 12:35:50',NULL),(2191,206,2,3896,'2024-11-26 12:35:50','2024-11-26 12:35:50',NULL),(2192,206,2,3897,'2024-11-26 12:35:50','2024-11-26 12:35:50',NULL),(2193,206,2,3898,'2024-11-26 12:35:50','2024-11-26 12:35:50',NULL),(2194,206,2,3899,'2024-11-26 12:35:50','2024-11-26 12:35:50',NULL),(2195,206,2,3900,'2024-11-26 12:35:50','2024-11-26 12:35:50',NULL),(2196,206,2,3901,'2024-11-26 12:35:50','2024-11-26 12:35:50',NULL),(2197,206,2,3902,'2024-11-26 12:35:50','2024-11-26 12:35:50',NULL),(2198,206,2,3903,'2024-11-26 12:35:50','2024-11-26 12:35:50',NULL),(2199,206,2,3904,'2024-11-26 12:35:50','2024-11-26 12:35:50',NULL),(2200,206,2,3905,'2024-11-26 12:35:50','2024-11-26 12:35:50',NULL),(2201,206,2,3906,'2024-11-26 12:35:50','2024-11-26 12:35:50',NULL),(2202,206,2,3907,'2024-11-26 12:35:50','2024-11-26 12:35:50',NULL),(2203,206,2,3908,'2024-11-26 12:35:50','2024-11-26 12:35:50',NULL),(2204,206,2,3909,'2024-11-26 12:35:50','2024-11-26 12:35:50',NULL),(2205,206,2,3910,'2024-11-26 12:35:50','2024-11-26 12:35:50',NULL),(2206,206,2,3911,'2024-11-26 12:35:50','2024-11-26 12:35:50',NULL),(2207,206,2,3912,'2024-11-26 12:35:50','2024-11-26 12:35:50',NULL),(2208,206,2,3913,'2024-11-26 12:35:50','2024-11-26 12:35:50',NULL),(2209,206,2,3914,'2024-11-26 12:35:50','2024-11-26 12:35:50',NULL),(2210,206,2,3915,'2024-11-26 12:35:50','2024-11-26 12:35:50',NULL),(2211,206,2,3916,'2024-11-26 12:35:50','2024-11-26 12:35:50',NULL),(2212,206,2,3917,'2024-11-26 12:35:50','2024-11-26 12:35:50',NULL),(2213,206,2,3918,'2024-11-26 12:35:50','2024-11-26 12:35:50',NULL),(2214,206,2,3919,'2024-11-26 12:35:50','2024-11-26 12:35:50',NULL),(2215,206,3,3894,'2024-11-26 12:35:50','2024-11-26 12:35:50',NULL),(2216,206,3,3895,'2024-11-26 12:35:50','2024-11-26 12:35:50',NULL),(2217,206,3,3896,'2024-11-26 12:35:50','2024-11-26 12:35:50',NULL),(2218,206,3,3897,'2024-11-26 12:35:50','2024-11-26 12:35:50',NULL),(2219,206,3,3898,'2024-11-26 12:35:50','2024-11-26 12:35:50',NULL),(2220,206,3,3899,'2024-11-26 12:35:50','2024-11-26 12:35:50',NULL),(2221,206,3,3900,'2024-11-26 12:35:50','2024-11-26 12:35:50',NULL),(2222,206,3,3901,'2024-11-26 12:35:50','2024-11-26 12:35:50',NULL),(2223,206,3,3902,'2024-11-26 12:35:50','2024-11-26 12:35:50',NULL),(2224,206,3,3903,'2024-11-26 12:35:51','2024-11-26 12:35:51',NULL),(2225,206,3,3904,'2024-11-26 12:35:51','2024-11-26 12:35:51',NULL),(2226,206,3,3905,'2024-11-26 12:35:51','2024-11-26 12:35:51',NULL),(2227,206,3,3906,'2024-11-26 12:35:51','2024-11-26 12:35:51',NULL),(2228,206,3,3907,'2024-11-26 12:35:51','2024-11-26 12:35:51',NULL),(2229,206,3,3908,'2024-11-26 12:35:51','2024-11-26 12:35:51',NULL),(2230,206,3,3909,'2024-11-26 12:35:51','2024-11-26 12:35:51',NULL),(2231,206,3,3910,'2024-11-26 12:35:51','2024-11-26 12:35:51',NULL),(2232,206,3,3911,'2024-11-26 12:35:51','2024-11-26 12:35:51',NULL),(2233,206,3,3912,'2024-11-26 12:35:51','2024-11-26 12:35:51',NULL),(2234,206,3,3913,'2024-11-26 12:35:51','2024-11-26 12:35:51',NULL),(2235,206,3,3914,'2024-11-26 12:35:51','2024-11-26 12:35:51',NULL),(2236,206,3,3915,'2024-11-26 12:35:51','2024-11-26 12:35:51',NULL),(2237,206,3,3916,'2024-11-26 12:35:51','2024-11-26 12:35:51',NULL),(2238,206,3,3917,'2024-11-26 12:35:51','2024-11-26 12:35:51',NULL),(2239,206,3,3918,'2024-11-26 12:35:51','2024-11-26 12:35:51',NULL),(2240,206,3,3919,'2024-11-26 12:35:51','2024-11-26 12:35:51',NULL),(2241,206,4,3894,'2024-11-26 12:35:51','2024-11-26 12:35:51',NULL),(2242,206,4,3895,'2024-11-26 12:35:51','2024-11-26 12:35:51',NULL),(2243,206,4,3896,'2024-11-26 12:35:51','2024-11-26 12:35:51',NULL),(2244,206,4,3897,'2024-11-26 12:35:51','2024-11-26 12:35:51',NULL),(2245,206,4,3898,'2024-11-26 12:35:51','2024-11-26 12:35:51',NULL),(2246,206,4,3899,'2024-11-26 12:35:51','2024-11-26 12:35:51',NULL),(2247,206,4,3900,'2024-11-26 12:35:51','2024-11-26 12:35:51',NULL),(2248,206,4,3901,'2024-11-26 12:35:51','2024-11-26 12:35:51',NULL),(2249,206,4,3902,'2024-11-26 12:35:51','2024-11-26 12:35:51',NULL),(2250,206,4,3903,'2024-11-26 12:35:51','2024-11-26 12:35:51',NULL),(2251,206,4,3904,'2024-11-26 12:35:51','2024-11-26 12:35:51',NULL),(2252,206,4,3905,'2024-11-26 12:35:51','2024-11-26 12:35:51',NULL),(2253,206,4,3906,'2024-11-26 12:35:51','2024-11-26 12:35:51',NULL),(2254,206,4,3907,'2024-11-26 12:35:51','2024-11-26 12:35:51',NULL),(2255,206,4,3908,'2024-11-26 12:35:51','2024-11-26 12:35:51',NULL),(2256,206,4,3909,'2024-11-26 12:35:51','2024-11-26 12:35:51',NULL),(2257,206,4,3910,'2024-11-26 12:35:51','2024-11-26 12:35:51',NULL),(2258,206,4,3911,'2024-11-26 12:35:51','2024-11-26 12:35:51',NULL),(2259,206,4,3912,'2024-11-26 12:35:51','2024-11-26 12:35:51',NULL),(2260,206,4,3913,'2024-11-26 12:35:51','2024-11-26 12:35:51',NULL),(2261,206,4,3914,'2024-11-26 12:35:51','2024-11-26 12:35:51',NULL),(2262,206,4,3915,'2024-11-26 12:35:51','2024-11-26 12:35:51',NULL),(2263,206,4,3916,'2024-11-26 12:35:51','2024-11-26 12:35:51',NULL),(2264,206,4,3917,'2024-11-26 12:35:51','2024-11-26 12:35:51',NULL),(2265,206,4,3918,'2024-11-26 12:35:51','2024-11-26 12:35:51',NULL),(2266,206,4,3919,'2024-11-26 12:35:51','2024-11-26 12:35:51',NULL),(2319,214,4,4078,'2024-11-28 15:14:05','2024-11-28 15:14:05',NULL),(2320,214,4,4079,'2024-11-28 15:14:05','2024-11-28 15:14:05',NULL),(2321,214,4,4080,'2024-11-28 15:14:05','2024-11-28 15:14:05',NULL),(2322,214,4,4081,'2024-11-28 15:14:05','2024-11-28 15:14:05',NULL),(2323,214,4,4082,'2024-11-28 15:14:05','2024-11-28 15:14:05',NULL),(2324,214,4,4083,'2024-11-28 15:14:05','2024-11-28 15:14:05',NULL),(2325,214,4,4084,'2024-11-28 15:14:05','2024-11-28 15:14:05',NULL),(2326,214,4,4085,'2024-11-28 15:14:05','2024-11-28 15:14:05',NULL),(2327,214,4,4086,'2024-11-28 15:14:05','2024-11-28 15:14:05',NULL),(2328,214,4,4087,'2024-11-28 15:14:05','2024-11-28 15:14:05',NULL),(2329,214,4,4088,'2024-11-28 15:14:05','2024-11-28 15:14:05',NULL),(2330,214,4,4089,'2024-11-28 15:14:05','2024-11-28 15:14:05',NULL),(2331,214,4,4090,'2024-11-28 15:14:05','2024-11-28 15:14:05',NULL),(2332,214,4,4091,'2024-11-28 15:14:05','2024-11-28 15:14:05',NULL),(2333,214,4,4092,'2024-11-28 15:14:05','2024-11-28 15:14:05',NULL),(2334,214,4,4093,'2024-11-28 15:14:05','2024-11-28 15:14:05',NULL),(2335,214,4,4094,'2024-11-28 15:14:05','2024-11-28 15:14:05',NULL),(2336,214,4,4095,'2024-11-28 15:14:05','2024-11-28 15:14:05',NULL),(2337,214,4,4096,'2024-11-28 15:14:05','2024-11-28 15:14:05',NULL),(2338,214,4,4097,'2024-11-28 15:14:05','2024-11-28 15:14:05',NULL),(2339,214,4,4098,'2024-11-28 15:14:05','2024-11-28 15:14:05',NULL),(2340,214,4,4099,'2024-11-28 15:14:05','2024-11-28 15:14:05',NULL),(2341,214,4,4100,'2024-11-28 15:14:05','2024-11-28 15:14:05',NULL),(2342,214,4,4101,'2024-11-28 15:14:05','2024-11-28 15:14:05',NULL),(2343,214,4,4102,'2024-11-28 15:14:05','2024-11-28 15:14:05',NULL),(2344,214,4,4103,'2024-11-28 15:14:05','2024-11-28 15:14:05',NULL),(2345,215,4,4052,'2024-11-28 15:20:49','2024-11-28 15:20:49',NULL),(2346,215,4,4053,'2024-11-28 15:20:49','2024-11-28 15:20:49',NULL),(2347,215,4,4054,'2024-11-28 15:20:49','2024-11-28 15:20:49',NULL),(2348,215,4,4055,'2024-11-28 15:20:49','2024-11-28 15:20:49',NULL),(2349,215,4,4056,'2024-11-28 15:20:49','2024-11-28 15:20:49',NULL),(2350,215,4,4057,'2024-11-28 15:20:49','2024-11-28 15:20:49',NULL),(2351,215,4,4058,'2024-11-28 15:20:49','2024-11-28 15:20:49',NULL),(2352,215,4,4059,'2024-11-28 15:20:49','2024-11-28 15:20:49',NULL),(2353,215,4,4060,'2024-11-28 15:20:49','2024-11-28 15:20:49',NULL),(2354,215,4,4061,'2024-11-28 15:20:49','2024-11-28 15:20:49',NULL),(2355,215,4,4062,'2024-11-28 15:20:49','2024-11-28 15:20:49',NULL),(2356,215,4,4063,'2024-11-28 15:20:49','2024-11-28 15:20:49',NULL),(2357,215,4,4064,'2024-11-28 15:20:49','2024-11-28 15:20:49',NULL),(2358,215,4,4065,'2024-11-28 15:20:49','2024-11-28 15:20:49',NULL),(2359,215,4,4066,'2024-11-28 15:20:49','2024-11-28 15:20:49',NULL),(2360,215,4,4067,'2024-11-28 15:20:49','2024-11-28 15:20:49',NULL),(2361,215,4,4068,'2024-11-28 15:20:49','2024-11-28 15:20:49',NULL),(2362,215,4,4069,'2024-11-28 15:20:49','2024-11-28 15:20:49',NULL),(2363,215,4,4070,'2024-11-28 15:20:49','2024-11-28 15:20:49',NULL),(2364,215,4,4071,'2024-11-28 15:20:49','2024-11-28 15:20:49',NULL),(2365,215,4,4072,'2024-11-28 15:20:49','2024-11-28 15:20:49',NULL),(2366,215,4,4073,'2024-11-28 15:20:49','2024-11-28 15:20:49',NULL),(2367,215,4,4074,'2024-11-28 15:20:49','2024-11-28 15:20:49',NULL),(2368,215,4,4075,'2024-11-28 15:20:49','2024-11-28 15:20:49',NULL),(2369,215,4,4076,'2024-11-28 15:20:49','2024-11-28 15:20:49',NULL),(2370,215,4,4077,'2024-11-28 15:20:49','2024-11-28 15:20:49',NULL),(2371,216,4,4104,'2024-11-28 15:27:33','2024-11-28 15:27:33',NULL),(2372,216,4,4105,'2024-11-28 15:27:33','2024-11-28 15:27:33',NULL),(2373,216,4,4106,'2024-11-28 15:27:33','2024-11-28 15:27:33',NULL),(2374,216,4,4107,'2024-11-28 15:27:33','2024-11-28 15:27:33',NULL),(2375,216,4,4108,'2024-11-28 15:27:33','2024-11-28 15:27:33',NULL),(2376,216,4,4109,'2024-11-28 15:27:33','2024-11-28 15:27:33',NULL),(2377,216,4,4110,'2024-11-28 15:27:33','2024-11-28 15:27:33',NULL),(2378,216,4,4111,'2024-11-28 15:27:33','2024-11-28 15:27:33',NULL),(2379,216,4,4112,'2024-11-28 15:27:33','2024-11-28 15:27:33',NULL),(2380,216,4,4113,'2024-11-28 15:27:33','2024-11-28 15:27:33',NULL),(2381,216,4,4114,'2024-11-28 15:27:33','2024-11-28 15:27:33',NULL),(2382,216,4,4115,'2024-11-28 15:27:33','2024-11-28 15:27:33',NULL),(2383,216,4,4116,'2024-11-28 15:27:33','2024-11-28 15:27:33',NULL),(2384,216,4,4117,'2024-11-28 15:27:33','2024-11-28 15:27:33',NULL),(2385,216,4,4118,'2024-11-28 15:27:33','2024-11-28 15:27:33',NULL),(2386,216,4,4119,'2024-11-28 15:27:33','2024-11-28 15:27:33',NULL),(2387,216,4,4120,'2024-11-28 15:27:33','2024-11-28 15:27:33',NULL),(2388,216,4,4121,'2024-11-28 15:27:33','2024-11-28 15:27:33',NULL),(2389,216,4,4122,'2024-11-28 15:27:33','2024-11-28 15:27:33',NULL),(2390,216,4,4123,'2024-11-28 15:27:33','2024-11-28 15:27:33',NULL),(2391,216,4,4124,'2024-11-28 15:27:33','2024-11-28 15:27:33',NULL),(2392,216,4,4125,'2024-11-28 15:27:33','2024-11-28 15:27:33',NULL),(2393,216,4,4126,'2024-11-28 15:27:33','2024-11-28 15:27:33',NULL),(2394,216,4,4127,'2024-11-28 15:27:33','2024-11-28 15:27:33',NULL),(2395,216,4,4128,'2024-11-28 15:27:33','2024-11-28 15:27:33',NULL),(2396,216,4,4129,'2024-11-28 15:27:33','2024-11-28 15:27:33',NULL),(2397,217,4,4130,'2024-11-28 16:35:14','2024-11-28 16:35:14',NULL),(2398,217,4,4131,'2024-11-28 16:35:14','2024-11-28 16:35:14',NULL),(2399,217,4,4132,'2024-11-28 16:35:14','2024-11-28 16:35:14',NULL),(2400,217,4,4133,'2024-11-28 16:35:14','2024-11-28 16:35:14',NULL),(2401,217,4,4134,'2024-11-28 16:35:14','2024-11-28 16:35:14',NULL),(2402,217,4,4135,'2024-11-28 16:35:14','2024-11-28 16:35:14',NULL),(2403,217,4,4136,'2024-11-28 16:35:14','2024-11-28 16:35:14',NULL),(2404,217,4,4137,'2024-11-28 16:35:14','2024-11-28 16:35:14',NULL),(2405,217,4,4138,'2024-11-28 16:35:14','2024-11-28 16:35:14',NULL),(2406,217,4,4139,'2024-11-28 16:35:14','2024-11-28 16:35:14',NULL),(2407,217,4,4140,'2024-11-28 16:35:14','2024-11-28 16:35:14',NULL),(2408,217,4,4141,'2024-11-28 16:35:14','2024-11-28 16:35:14',NULL),(2409,217,4,4142,'2024-11-28 16:35:14','2024-11-28 16:35:14',NULL),(2410,217,4,4143,'2024-11-28 16:35:14','2024-11-28 16:35:14',NULL),(2411,217,4,4144,'2024-11-28 16:35:14','2024-11-28 16:35:14',NULL),(2412,217,4,4145,'2024-11-28 16:35:14','2024-11-28 16:35:14',NULL),(2413,217,4,4146,'2024-11-28 16:35:14','2024-11-28 16:35:14',NULL),(2414,217,4,4147,'2024-11-28 16:35:14','2024-11-28 16:35:14',NULL),(2415,217,4,4148,'2024-11-28 16:35:14','2024-11-28 16:35:14',NULL),(2416,217,4,4149,'2024-11-28 16:35:14','2024-11-28 16:35:14',NULL),(2417,217,4,4150,'2024-11-28 16:35:14','2024-11-28 16:35:14',NULL),(2418,217,4,4151,'2024-11-28 16:35:14','2024-11-28 16:35:14',NULL),(2419,217,4,4152,'2024-11-28 16:35:14','2024-11-28 16:35:14',NULL),(2420,217,4,4153,'2024-11-28 16:35:14','2024-11-28 16:35:14',NULL),(2421,217,4,4154,'2024-11-28 16:35:14','2024-11-28 16:35:14',NULL),(2422,217,4,4155,'2024-11-28 16:35:14','2024-11-28 16:35:14',NULL),(2423,218,4,4156,'2024-11-28 16:46:58','2024-11-28 16:46:58',NULL),(2424,218,4,4157,'2024-11-28 16:46:58','2024-11-28 16:46:58',NULL),(2425,218,4,4158,'2024-11-28 16:46:58','2024-11-28 16:46:58',NULL),(2426,218,4,4159,'2024-11-28 16:46:58','2024-11-28 16:46:58',NULL),(2427,218,4,4160,'2024-11-28 16:46:58','2024-11-28 16:46:58',NULL),(2428,218,4,4161,'2024-11-28 16:46:58','2024-11-28 16:46:58',NULL),(2429,218,4,4162,'2024-11-28 16:46:58','2024-11-28 16:46:58',NULL),(2430,218,4,4163,'2024-11-28 16:46:58','2024-11-28 16:46:58',NULL),(2431,218,4,4164,'2024-11-28 16:46:58','2024-11-28 16:46:58',NULL),(2432,218,4,4165,'2024-11-28 16:46:58','2024-11-28 16:46:58',NULL),(2433,218,4,4166,'2024-11-28 16:46:58','2024-11-28 16:46:58',NULL),(2434,218,4,4167,'2024-11-28 16:46:58','2024-11-28 16:46:58',NULL),(2435,218,4,4168,'2024-11-28 16:46:58','2024-11-28 16:46:58',NULL),(2436,218,4,4169,'2024-11-28 16:46:58','2024-11-28 16:46:58',NULL),(2437,218,4,4170,'2024-11-28 16:46:58','2024-11-28 16:46:58',NULL),(2438,218,4,4171,'2024-11-28 16:46:58','2024-11-28 16:46:58',NULL),(2439,218,4,4172,'2024-11-28 16:46:58','2024-11-28 16:46:58',NULL),(2440,218,4,4173,'2024-11-28 16:46:58','2024-11-28 16:46:58',NULL),(2441,218,4,4174,'2024-11-28 16:46:58','2024-11-28 16:46:58',NULL),(2442,218,4,4175,'2024-11-28 16:46:58','2024-11-28 16:46:58',NULL),(2443,218,4,4176,'2024-11-28 16:46:58','2024-11-28 16:46:58',NULL),(2444,218,4,4177,'2024-11-28 16:46:58','2024-11-28 16:46:58',NULL),(2445,218,4,4178,'2024-11-28 16:46:58','2024-11-28 16:46:58',NULL),(2446,218,4,4179,'2024-11-28 16:46:58','2024-11-28 16:46:58',NULL),(2447,218,4,4180,'2024-11-28 16:46:58','2024-11-28 16:46:58',NULL),(2448,218,4,4181,'2024-11-28 16:46:58','2024-11-28 16:46:58',NULL);

--
-- Table structure for table `teams`
--

CREATE TABLE `teams` (
  `id` bigint unsigned NOT NULL AUTO_INCREMENT,
  `namazeg_version_id` bigint unsigned DEFAULT NULL,
  `school_id` bigint unsigned DEFAULT NULL,
  `name` varchar(191) CHARACTER SET utf8mb4 COLLATE utf8mb4_unicode_ci DEFAULT NULL,
  `form_number` int DEFAULT '35' COMMENT 'References namazeg from number ',
  `assignment_form_number` int DEFAULT '35' COMMENT 'References namazeg assignment form number',
  `status` enum('0','1') CHARACTER SET utf8mb4 COLLATE utf8mb4_unicode_ci NOT NULL DEFAULT '1',
  `created_at` timestamp NULL DEFAULT NULL,
  `updated_at` timestamp NULL DEFAULT NULL,
  `deleted_at` timestamp NULL DEFAULT NULL,
  PRIMARY KEY (`id`),
  KEY `teams_namazeg_version_id_foreign` (`namazeg_version_id`),
  CONSTRAINT `teams_namazeg_version_id_foreign` FOREIGN KEY (`namazeg_version_id`) REFERENCES `namazeg_versions` (`id`) ON DELETE CASCADE
) ENGINE=InnoDB AUTO_INCREMENT=17 DEFAULT CHARSET=utf8mb4 COLLATE=utf8mb4_unicode_ci;

--
-- Dumping data for table `teams`
--

INSERT INTO `teams` (`id`, `namazeg_version_id`, `school_id`, `name`, `form_number`, `assignment_form_number`, `status`, `created_at`, `updated_at`, `deleted_at`) VALUES (1,NULL,NULL,'فريق الصندوق المدرسي',4,29,'0','2024-09-27 18:25:45','2024-09-27 18:25:45',NULL),(2,NULL,NULL,'فريق عمل الأمن و السلامة المدرسية',9,34,'0','2024-09-27 18:25:45','2024-09-27 18:25:45',NULL),(3,NULL,NULL,'فريق عمل التربية الخاصة',3,28,'0','2024-09-27 18:25:45','2024-09-27 18:25:45',NULL),(14,NULL,112,'شيسيشس',35,30,'0','2024-11-10 22:38:06','2024-11-10 22:38:06',NULL),(15,NULL,98,'فرقة جديدة',35,30,'0','2024-11-16 17:17:59','2024-11-16 17:17:59',NULL),(16,NULL,98,'test Abobasha',35,35,'0','2024-11-27 11:00:08','2024-11-27 11:00:08',NULL);

--
-- Table structure for table `transaction_bank_data`
--

CREATE TABLE `transaction_bank_data` (
  `id` bigint unsigned NOT NULL AUTO_INCREMENT,
  `subscription_id` bigint unsigned NOT NULL,
  `bank_account_id` bigint unsigned NOT NULL,
  `transfer_date` varchar(191) COLLATE utf8mb4_unicode_ci NOT NULL,
  `transfer_receipt` varchar(191) COLLATE utf8mb4_unicode_ci NOT NULL,
  `created_at` timestamp NULL DEFAULT NULL,
  `updated_at` timestamp NULL DEFAULT NULL,
  PRIMARY KEY (`id`),
  KEY `transaction_bank_data_subscription_id_foreign` (`subscription_id`),
  KEY `transaction_bank_data_bank_account_id_foreign` (`bank_account_id`),
  CONSTRAINT `transaction_bank_data_bank_account_id_foreign` FOREIGN KEY (`bank_account_id`) REFERENCES `bank_accounts` (`id`) ON DELETE CASCADE,
  CONSTRAINT `transaction_bank_data_subscription_id_foreign` FOREIGN KEY (`subscription_id`) REFERENCES `subscriptions` (`id`) ON DELETE CASCADE
) ENGINE=InnoDB AUTO_INCREMENT=2 DEFAULT CHARSET=utf8mb4 COLLATE=utf8mb4_unicode_ci;

--
-- Dumping data for table `transaction_bank_data`
--

INSERT INTO `transaction_bank_data` (`id`, `subscription_id`, `bank_account_id`, `transfer_date`, `transfer_receipt`, `created_at`, `updated_at`) VALUES (1,2,1,'12/12/2024','32464.jpg','2024-11-25 13:12:37','2024-11-25 13:12:37');

--
-- Table structure for table `transaction_payment_gateway_data`
--

CREATE TABLE `transaction_payment_gateway_data` (
  `id` bigint unsigned NOT NULL AUTO_INCREMENT,
  `subscription_id` bigint unsigned NOT NULL,
  `transaction_number` bigint DEFAULT NULL,
  `payment_method` varchar(191) COLLATE utf8mb4_unicode_ci DEFAULT NULL,
  `payment_gateway_discount_percentage` decimal(5,2) DEFAULT NULL,
  `order_amount` int DEFAULT NULL,
  `trans_date` timestamp NULL DEFAULT NULL,
  `created_at` timestamp NULL DEFAULT NULL,
  `updated_at` timestamp NULL DEFAULT NULL,
  PRIMARY KEY (`id`),
  KEY `transaction_payment_gateway_data_subscription_id_foreign` (`subscription_id`),
  CONSTRAINT `transaction_payment_gateway_data_subscription_id_foreign` FOREIGN KEY (`subscription_id`) REFERENCES `subscriptions` (`id`) ON DELETE CASCADE
) ENGINE=InnoDB DEFAULT CHARSET=utf8mb4 COLLATE=utf8mb4_unicode_ci;

--
-- Dumping data for table `transaction_payment_gateway_data`
--


--
-- Table structure for table `trashed_records`
--

CREATE TABLE `trashed_records` (
  `id` bigint unsigned NOT NULL AUTO_INCREMENT,
  `school_id` bigint unsigned NOT NULL,
  `model` varchar(191) COLLATE utf8mb4_unicode_ci NOT NULL,
  `record_id` bigint unsigned NOT NULL,
  `namazeg_version_id` bigint unsigned NOT NULL,
  `deleted_at` timestamp NOT NULL,
  `created_at` timestamp NULL DEFAULT NULL,
  `updated_at` timestamp NULL DEFAULT NULL,
  PRIMARY KEY (`id`),
  KEY `trashed_records_namazeg_version_id_foreign` (`namazeg_version_id`),
  CONSTRAINT `trashed_records_namazeg_version_id_foreign` FOREIGN KEY (`namazeg_version_id`) REFERENCES `namazeg_versions` (`id`) ON DELETE CASCADE
) ENGINE=InnoDB AUTO_INCREMENT=13 DEFAULT CHARSET=utf8mb4 COLLATE=utf8mb4_unicode_ci;

--
-- Dumping data for table `trashed_records`
--

INSERT INTO `trashed_records` (`id`, `school_id`, `model`, `record_id`, `namazeg_version_id`, `deleted_at`, `created_at`, `updated_at`) VALUES (1,112,'AssignmentCommittee',22,11610,'2024-10-26 11:01:01','2024-11-24 13:25:20','2024-11-24 13:25:20'),(2,98,'DistributionAssignment',1,12496,'2024-11-14 17:53:19','2024-11-24 13:25:20','2024-11-24 13:25:20'),(3,98,'AnswerSheetProgress',1,12562,'2024-11-16 14:09:59','2024-11-24 13:25:20','2024-11-24 13:25:20'),(4,98,'TeacherQuestionAssignment',2,12567,'2024-11-16 15:55:23','2024-11-24 13:25:20','2024-11-24 13:25:20'),(5,81,'CorrectionAssignment',7,11901,'2024-11-08 13:03:28','2024-11-24 13:25:20','2024-11-24 13:25:20'),(6,121,'SupervisionAssignment',13,11843,'2024-11-18 08:48:12','2024-11-24 13:25:20','2024-11-24 13:25:20'),(7,98,'SupervisionAssignment',16,12557,'2024-11-18 10:15:40','2024-11-24 13:25:20','2024-11-24 13:25:20'),(8,98,'SupervisionAssignment',19,12677,'2024-11-18 08:58:58','2024-11-24 13:25:20','2024-11-24 13:25:20'),(9,81,'StudentViolationDegrees',9,12644,'2024-11-17 12:45:11','2024-11-24 13:25:20','2024-11-24 13:25:20'),(10,81,'StudentViolationDegrees',13,12673,'2024-11-18 08:27:17','2024-11-24 13:25:20','2024-11-24 13:25:20'),(11,81,'NamazegFinalReportClassActivity',33,9893,'2024-11-19 10:47:39','2024-11-24 13:25:20','2024-11-24 13:25:20'),(12,81,'NamazegFinalReportClassActivity',34,12753,'2024-11-19 10:57:32','2024-11-24 13:25:20','2024-11-24 13:25:20');

--
-- Table structure for table `trip_videos`
--

CREATE TABLE `trip_videos` (
  `id` bigint unsigned NOT NULL AUTO_INCREMENT,
  `name` varchar(191) COLLATE utf8mb4_unicode_ci DEFAULT NULL,
  `video_link` varchar(191) COLLATE utf8mb4_unicode_ci NOT NULL,
  `created_at` timestamp NULL DEFAULT NULL,
  `updated_at` timestamp NULL DEFAULT NULL,
  `deleted_at` timestamp NULL DEFAULT NULL,
  PRIMARY KEY (`id`)
) ENGINE=InnoDB AUTO_INCREMENT=4 DEFAULT CHARSET=utf8mb4 COLLATE=utf8mb4_unicode_ci;

--
-- Dumping data for table `trip_videos`
--

INSERT INTO `trip_videos` (`id`, `name`, `video_link`, `created_at`, `updated_at`, `deleted_at`) VALUES (1,'مرحبا بكم','https://youtu.be/ktED8RDSlY4?si=r2grmcRIinhdtZlD','2024-08-21 08:50:12','2024-10-10 10:10:54',NULL),(2,NULL,'https://www.youtube.com/watch?v=jUlZlYEnGn4','2024-10-25 18:55:39','2024-10-25 18:55:39',NULL),(3,NULL,'https://www.youtube.com/watch?v=jUlZlYEnGn4','2024-10-26 16:51:32','2024-10-26 16:51:32',NULL);

--
-- Table structure for table `videos`
--

CREATE TABLE `videos` (
  `id` bigint unsigned NOT NULL AUTO_INCREMENT,
  `category_id` bigint unsigned NOT NULL,
  `name` varchar(150) COLLATE utf8mb4_unicode_ci DEFAULT NULL,
  `video_link` text COLLATE utf8mb4_unicode_ci,
  `deleted_at` timestamp NULL DEFAULT NULL,
  `created_at` timestamp NULL DEFAULT NULL,
  `updated_at` timestamp NULL DEFAULT NULL,
  PRIMARY KEY (`id`),
  KEY `videos_category_id_foreign` (`category_id`),
  CONSTRAINT `videos_category_id_foreign` FOREIGN KEY (`category_id`) REFERENCES `categories` (`id`) ON DELETE CASCADE
) ENGINE=InnoDB AUTO_INCREMENT=59 DEFAULT CHARSET=utf8mb4 COLLATE=utf8mb4_unicode_ci;

--
-- Dumping data for table `videos`
--

INSERT INTO `videos` (`id`, `category_id`, `name`, `video_link`, `deleted_at`, `created_at`, `updated_at`) VALUES (1,2,'first video','https://www.youtube.com/watch?v=HtgT8Zmf35c','2024-08-24 16:23:32','2024-08-16 08:19:34','2024-08-24 16:23:32'),(2,2,'Video2','https://www.youtube.com/watch?v=XPPWZlViqS4','2024-08-24 16:23:32','2024-08-16 08:22:35','2024-08-24 16:23:32'),(5,17,'الزواج السعيد','https://www.youtube.com/embed/1_oBBYS3rRs','2024-09-20 11:26:38','2024-08-25 05:52:27','2024-09-20 11:26:38'),(6,3,'مجالس القرآن -الدرس الرابع- سورة النجم','https://www.youtube.com/embed/zeMUoKB3OZ0?si=0fwh-WmDqPw8XXt8','2024-09-20 17:40:18','2024-08-25 12:16:04','2024-09-20 17:40:18'),(9,3,'عبد الله','https://youtu.be/OekUc3ezDiU?si=58w4xF0NL_IYGsQU','2024-09-20 11:26:21','2024-09-15 10:20:16','2024-09-20 11:26:21'),(11,68,'فيديو : المدرسة - بيانات المدرسة','https://www.youtube.com/watch?v=3N8vu5DdLbE',NULL,'2024-09-20 17:41:22','2024-09-21 05:52:20'),(13,70,'..00 المدرسة - طلاب المدرسة','https://www.youtube.com/watch?v=8s3waZw1as0',NULL,'2024-09-21 05:49:40','2024-10-27 09:48:33'),(14,71,'فيديو : المدرسة - معلمي المدرسة','https://www.youtube.com/watch?v=aKrXC_QdfMA','2024-09-22 10:15:23','2024-09-21 05:54:22','2024-09-22 10:15:23'),(15,90,'فيديو : المدرسة - إداري المدرسة','https://www.youtube.com/watch?v=iLyKbfr89Mc',NULL,'2024-09-21 06:20:58','2024-10-03 11:55:28'),(16,73,'فيديو : التكليفات','https://www.youtube.com/watch?v=NDiAWaODyXM',NULL,'2024-09-21 06:26:35','2024-09-21 06:31:36'),(17,74,'فيديو : اجتماعات اللجان والفرق','https://www.youtube.com/watch?v=dEiS_WpFuc0',NULL,'2024-09-21 06:48:28','2024-09-21 06:48:28'),(18,75,'فيديو : الجداول','https://www.youtube.com/watch?v=saYVbgdn3VU','2024-10-27 09:49:25','2024-09-21 06:50:41','2024-10-27 09:49:25'),(19,76,'فيديو : الزيارات الصفية','https://www.youtube.com/watch?v=CG48pSyK8GU',NULL,'2024-09-21 06:53:48','2024-09-21 06:53:48'),(20,86,'فيديو : بيانات المدرسة / بيانات عامة','https://www.youtube.com/watch?v=nvhh95cyRDw',NULL,'2024-09-21 07:12:12','2024-09-21 07:12:12'),(21,85,'فيديو : الإعدادات','https://www.youtube.com/watch?v=wE6NNKcnaPA',NULL,'2024-09-21 08:10:59','2024-09-21 08:10:59'),(22,92,'فيديو : الصفحة الرئيسية للمعلمين','https://youtu.be/ZsZNggMBQLo?si=hWYXVQ0qJnzy0jid',NULL,'2024-09-21 08:26:21','2024-10-10 10:18:19'),(23,94,'فيديو : النماذج للمعلمين','https://www.youtube.com/watch?v=tBM9Y1dgEJU',NULL,'2024-09-21 08:38:15','2024-09-21 08:38:15'),(24,96,'فيديو : لجان الإشراف للمعلمين','https://www.youtube.com/watch?v=A8pydJs-Rns&list=PLCpK4282MCT80bGKKd_Ia8-y9HzKQcyOP&index=3',NULL,'2024-09-21 08:41:45','2024-09-21 08:41:45'),(25,87,'فيديو : بيانات المدرسة / بيانات مرافق المدرسة','https://www.youtube.com/watch?v=U31q1e-JH-w',NULL,'2024-09-22 09:05:22','2024-09-22 09:05:22'),(26,88,'فيديو : إداري المدرسة / بيانات الإداريين','https://www.youtube.com/watch?v=z2YwXCjEdOM',NULL,'2024-09-22 09:19:47','2024-09-22 09:19:47'),(27,100,'فيديو : إداري المدرسة / الحضور والغياب والتأخر','https://www.youtube.com/watch?v=RaqV1XiWZuY',NULL,'2024-09-22 09:20:50','2024-09-22 09:20:50'),(28,102,'فيديو : النماذج للإداريين','https://www.youtube.com/watch?v=5CXOaQOYVrE','2024-10-03 10:22:23','2024-09-22 10:04:48','2024-10-03 10:22:23'),(29,103,'فيديو : النماذج / الأدلة واللوائح','https://www.youtube.com/watch?v=pc4aUaoq5fc',NULL,'2024-09-22 10:08:12','2024-09-22 10:08:12'),(32,77,'فيديو الإختبارات','https://www.youtube.com/watch?v=81IXLTQHy6I',NULL,'2024-09-24 06:42:14','2024-09-24 06:42:14'),(33,78,'شسيشسي','شسيشسي',NULL,'2024-09-24 17:53:43','2024-09-24 17:53:43'),(34,79,'ضصقضصق','شسيضشصقضصق',NULL,'2024-09-24 17:54:50','2024-09-24 17:54:50'),(36,82,'شسيشسي','شسيشس',NULL,'2024-09-24 17:56:30','2024-09-24 17:56:30'),(37,83,'شسيشسي','شسيشس',NULL,'2024-09-24 17:56:54','2024-09-24 17:56:54'),(38,84,'شسيشسي','شسيشسي',NULL,'2024-09-24 17:57:32','2024-09-24 17:57:32'),(46,69,'الجديد','https://youtu.be/K4_fI62oaXQ?t=82',NULL,'2024-10-03 09:48:00','2024-10-27 09:47:25'),(48,106,'تعلم','https://youtu.be/Vd62pulIA9E?si=gdiWdpiXZFE7baU3',NULL,'2024-10-03 10:04:26','2024-10-03 10:04:26'),(49,110,'المناوبة','https://youtu.be/-seJMi4_n3E?si=zKpObg99GZlhcfjd',NULL,'2024-10-03 10:12:48','2024-10-10 09:36:14'),(50,111,'1','https://youtu.be/I0ZTlRfd55w?si=O0jfAJe42ibeMrNz',NULL,'2024-10-03 10:17:44','2024-10-03 10:17:44'),(51,112,'2','https://youtu.be/I0ZTlRfd55w?si=8EezlbZVxOaHW46Q',NULL,'2024-10-03 10:18:22','2024-10-03 10:18:22'),(52,113,'3','https://youtu.be/DkmUMedkbLo?si=sm2ON_dJx83Fw1ov',NULL,'2024-10-03 10:18:46','2024-10-03 10:18:46'),(53,80,'ال','https://youtu.be/35SvtylJaNY?si=4i6KUxTMMJFVo6SM',NULL,'2024-10-03 10:25:58','2024-10-03 10:25:58'),(54,81,'ااا','https://youtu.be/b3odHJStdB8?si=Uf44Ys29EqahXcn3',NULL,'2024-10-03 11:39:00','2024-10-03 11:39:00'),(55,67,'تعرف ما هي الخطابات الرسمسة حفقخبنثرح','https://youtu.be/a-PzBHtPivg?si=6FzCgZY0yC3xI0XN','2024-10-13 09:47:44','2024-10-10 09:37:47','2024-10-13 09:47:44'),(56,114,'المدير','https://youtu.be/dn8rw2fFl3s?si=bn2xzGpMlbEbrN2c',NULL,'2024-10-10 09:40:42','2024-10-10 09:40:42'),(57,115,'للابريؤء','https://youtu.be/B_I6H0j8Cmk?si=HE1BK-JEPPcg4xeK',NULL,'2024-10-13 09:50:46','2024-10-13 09:50:46'),(58,196,'عام','https://youtu.be/SRUuv3BSfpc?si=m5yYQswG_wvPQ-6o&t=887',NULL,'2024-10-27 09:53:18','2024-10-27 09:56:54');

--
-- Table structure for table `violation_assigns_`
--

CREATE TABLE `violation_assigns_` (
  `id` bigint unsigned NOT NULL AUTO_INCREMENT,
  `school_class_id` bigint unsigned NOT NULL,
  `user_id` bigint unsigned NOT NULL,
  `for_government` tinyint(1) NOT NULL DEFAULT '0',
  `violation_grade_id` bigint unsigned NOT NULL,
  `date_type` enum('coptic','hijri') COLLATE utf8mb4_unicode_ci DEFAULT NULL,
  `date` varchar(191) COLLATE utf8mb4_unicode_ci DEFAULT NULL,
  `crime_date_type` enum('coptic','hijri') COLLATE utf8mb4_unicode_ci DEFAULT NULL,
  `crime_date` varchar(191) COLLATE utf8mb4_unicode_ci DEFAULT NULL,
  `violation_title_id` bigint unsigned NOT NULL,
  `namozeg_ids` varchar(191) COLLATE utf8mb4_unicode_ci DEFAULT NULL,
  `committee_action_number` varchar(191) COLLATE utf8mb4_unicode_ci DEFAULT NULL,
  `committee_subject` varchar(191) COLLATE utf8mb4_unicode_ci DEFAULT NULL,
  `committee_date_type` enum('coptic','hijri') COLLATE utf8mb4_unicode_ci DEFAULT NULL,
  `committee_date` varchar(191) COLLATE utf8mb4_unicode_ci DEFAULT NULL,
  `administration_number` varchar(191) COLLATE utf8mb4_unicode_ci DEFAULT NULL,
  `administration_date_type` enum('coptic','hijri') COLLATE utf8mb4_unicode_ci DEFAULT NULL,
  `administration_date` varchar(191) COLLATE utf8mb4_unicode_ci DEFAULT NULL,
  `created_at` timestamp NULL DEFAULT NULL,
  `updated_at` timestamp NULL DEFAULT NULL,
  PRIMARY KEY (`id`),
  KEY `violation_assigns__school_class_id_foreign` (`school_class_id`),
  KEY `violation_assigns__user_id_foreign` (`user_id`),
  KEY `violation_assigns__violation_grade_id_foreign` (`violation_grade_id`),
  KEY `violation_assigns__violation_title_id_foreign` (`violation_title_id`),
  CONSTRAINT `violation_assigns__school_class_id_foreign` FOREIGN KEY (`school_class_id`) REFERENCES `school_classes` (`id`) ON DELETE CASCADE,
  CONSTRAINT `violation_assigns__user_id_foreign` FOREIGN KEY (`user_id`) REFERENCES `school_classes` (`id`) ON DELETE CASCADE,
  CONSTRAINT `violation_assigns__violation_grade_id_foreign` FOREIGN KEY (`violation_grade_id`) REFERENCES `violation_grades` (`id`) ON DELETE CASCADE,
  CONSTRAINT `violation_assigns__violation_title_id_foreign` FOREIGN KEY (`violation_title_id`) REFERENCES `violation_titles` (`id`) ON DELETE CASCADE
) ENGINE=InnoDB DEFAULT CHARSET=utf8mb4 COLLATE=utf8mb4_unicode_ci;

--
-- Dumping data for table `violation_assigns_`
--


--
-- Table structure for table `violation_grades`
--

CREATE TABLE `violation_grades` (
  `id` bigint unsigned NOT NULL AUTO_INCREMENT,
  `name` varchar(150) COLLATE utf8mb4_unicode_ci DEFAULT NULL,
  `violation_id` bigint unsigned NOT NULL,
  `created_at` timestamp NULL DEFAULT NULL,
  `updated_at` timestamp NULL DEFAULT NULL,
  `deleted_at` timestamp NULL DEFAULT NULL,
  PRIMARY KEY (`id`),
  KEY `violation_grades_violation_id_foreign` (`violation_id`),
  CONSTRAINT `violation_grades_violation_id_foreign` FOREIGN KEY (`violation_id`) REFERENCES `violations` (`id`) ON DELETE CASCADE
) ENGINE=InnoDB AUTO_INCREMENT=25 DEFAULT CHARSET=utf8mb4 COLLATE=utf8mb4_unicode_ci;

--
-- Dumping data for table `violation_grades`
--

INSERT INTO `violation_grades` (`id`, `name`, `violation_id`, `created_at`, `updated_at`, `deleted_at`) VALUES (1,'مخالفات الدرجة الثانية جديده',1,'2024-09-20 14:02:02','2024-11-09 08:42:57',NULL),(13,'مخالفة درجة ثانية',1,'2024-09-29 08:11:30','2024-09-29 08:11:30',NULL),(14,'الدرجة الثالثة',1,'2024-10-17 07:02:39','2024-10-17 07:02:39',NULL),(16,'مخالفات الدرجة الاولي',1,'2024-11-08 15:17:36','2024-11-08 15:17:36',NULL),(18,'مخالفة الدرجة الاولى',2,'2024-11-09 10:39:54','2024-11-09 10:39:54',NULL),(19,'مخالفة سلوكية 1',6,'2024-11-11 08:38:41','2024-11-11 08:38:41',NULL),(20,'مخالفة سلوكية تعليمية',9,'2024-11-11 09:22:08','2024-11-11 09:22:08',NULL),(21,'مخالفة سلوكية إدارية',9,'2024-11-11 09:36:26','2024-11-11 09:36:26',NULL),(22,'مخالفة عن بعد',8,'2024-11-11 09:37:27','2024-11-11 09:37:27',NULL),(23,'Test',7,'2024-11-13 13:01:43','2024-11-13 13:01:43',NULL),(24,'مخالفة الدرجة الثانية',2,'2024-11-13 15:47:42','2024-11-13 15:47:42',NULL);

--
-- Table structure for table `violation_names`
--

CREATE TABLE `violation_names` (
  `id` bigint unsigned NOT NULL AUTO_INCREMENT,
  `name` varchar(150) COLLATE utf8mb4_unicode_ci NOT NULL,
  `created_at` timestamp NULL DEFAULT NULL,
  `updated_at` timestamp NULL DEFAULT NULL,
  `deleted_at` timestamp NULL DEFAULT NULL,
  PRIMARY KEY (`id`)
) ENGINE=InnoDB AUTO_INCREMENT=12 DEFAULT CHARSET=utf8mb4 COLLATE=utf8mb4_unicode_ci;

--
-- Dumping data for table `violation_names`
--

INSERT INTO `violation_names` (`id`, `name`, `created_at`, `updated_at`, `deleted_at`) VALUES (1,'الاجراء الاولى',NULL,NULL,NULL),(2,'الاجراء الثانية',NULL,NULL,NULL),(3,'الاجراء الثالثة',NULL,NULL,NULL),(4,'الاجراء الرابعة',NULL,NULL,NULL),(5,'الاجراء الخامسة',NULL,NULL,NULL),(6,'الاجراء السادسة',NULL,NULL,NULL),(7,'الاجراء السابعة',NULL,NULL,NULL),(8,'الاجراء الثامنه',NULL,NULL,NULL),(9,'الاجراء التاسعه',NULL,NULL,NULL),(10,'الاجراء العاشرة',NULL,NULL,NULL);

--
-- Table structure for table `violation_punishments`
--

CREATE TABLE `violation_punishments` (
  `id` bigint unsigned NOT NULL AUTO_INCREMENT,
  `violation_title_id` bigint unsigned NOT NULL,
  `violation_punishment_id` bigint unsigned NOT NULL,
  `value` tinyint DEFAULT NULL,
  `created_at` timestamp NULL DEFAULT NULL,
  `updated_at` timestamp NULL DEFAULT NULL,
  `deleted_at` timestamp NULL DEFAULT NULL,
  PRIMARY KEY (`id`),
  KEY `violation_punishments_violation_title_id_foreign` (`violation_title_id`),
  KEY `violation_punishments_violation_punishment_id_foreign` (`violation_punishment_id`),
  CONSTRAINT `violation_punishments_violation_punishment_id_foreign` FOREIGN KEY (`violation_punishment_id`) REFERENCES `namazeg` (`id`) ON DELETE CASCADE,
  CONSTRAINT `violation_punishments_violation_title_id_foreign` FOREIGN KEY (`violation_title_id`) REFERENCES `violation_titles` (`id`) ON DELETE CASCADE
) ENGINE=InnoDB AUTO_INCREMENT=266 DEFAULT CHARSET=utf8mb4 COLLATE=utf8mb4_unicode_ci;

--
-- Dumping data for table `violation_punishments`
--

INSERT INTO `violation_punishments` (`id`, `violation_title_id`, `violation_punishment_id`, `value`, `created_at`, `updated_at`, `deleted_at`) VALUES (9,3,46,NULL,'2024-10-16 09:50:15','2024-10-16 09:50:15',NULL),(10,3,164,NULL,'2024-10-16 09:50:15','2024-10-16 09:50:15',NULL),(14,5,164,5,'2024-10-17 07:13:26','2024-10-17 07:13:26',NULL),(45,11,46,NULL,'2024-11-11 08:39:18','2024-11-11 08:39:18',NULL),(46,11,48,NULL,'2024-11-11 08:39:18','2024-11-11 08:39:18',NULL),(47,11,164,NULL,'2024-11-11 08:39:18','2024-11-11 08:39:18',NULL),(48,11,166,NULL,'2024-11-11 08:39:18','2024-11-11 08:39:18',NULL),(168,27,46,NULL,'2024-11-13 15:49:36','2024-11-13 15:49:36',NULL),(169,27,48,NULL,'2024-11-13 15:49:36','2024-11-13 15:49:36',NULL),(170,27,164,NULL,'2024-11-13 15:49:36','2024-11-13 15:49:36',NULL),(171,27,166,NULL,'2024-11-13 15:49:36','2024-11-13 15:49:36',NULL),(191,20,46,NULL,'2024-11-14 10:14:16','2024-11-14 10:14:16',NULL),(192,20,166,NULL,'2024-11-14 10:14:16','2024-11-14 10:14:16',NULL),(193,20,164,NULL,'2024-11-14 10:14:16','2024-11-14 10:14:16',NULL),(194,20,48,NULL,'2024-11-14 10:14:16','2024-11-14 10:14:16',NULL),(198,4,164,4,'2024-11-14 11:19:55','2024-11-14 11:19:55',NULL),(199,29,46,NULL,'2024-11-14 11:21:58','2024-11-14 11:21:58',NULL),(200,29,48,NULL,'2024-11-14 11:21:58','2024-11-14 11:21:58',NULL),(201,10,133,NULL,'2024-11-15 19:28:22','2024-11-15 19:28:22',NULL),(202,10,134,NULL,'2024-11-15 19:28:22','2024-11-15 19:28:22',NULL),(203,10,135,NULL,'2024-11-15 19:28:22','2024-11-15 19:28:22',NULL),(204,10,136,NULL,'2024-11-15 19:28:22','2024-11-15 19:28:22',NULL),(205,10,137,NULL,'2024-11-15 19:28:22','2024-11-15 19:28:22',NULL),(206,10,138,NULL,'2024-11-15 19:28:22','2024-11-15 19:28:22',NULL),(207,10,139,NULL,'2024-11-15 19:28:22','2024-11-15 19:28:22',NULL),(208,10,140,NULL,'2024-11-15 19:28:22','2024-11-15 19:28:22',NULL),(209,10,141,NULL,'2024-11-15 19:28:22','2024-11-15 19:28:22',NULL),(210,10,142,NULL,'2024-11-15 19:28:22','2024-11-15 19:28:22',NULL),(211,10,143,NULL,'2024-11-15 19:28:22','2024-11-15 19:28:22',NULL),(212,10,144,NULL,'2024-11-15 19:28:22','2024-11-15 19:28:22',NULL),(213,10,145,NULL,'2024-11-15 19:28:22','2024-11-15 19:28:22',NULL),(214,10,146,NULL,'2024-11-15 19:28:22','2024-11-15 19:28:22',NULL),(215,10,147,NULL,'2024-11-15 19:28:22','2024-11-15 19:28:22',NULL),(216,10,148,NULL,'2024-11-15 19:28:22','2024-11-15 19:28:22',NULL),(217,10,149,NULL,'2024-11-15 19:28:22','2024-11-15 19:28:22',NULL),(218,10,150,NULL,'2024-11-15 19:28:22','2024-11-15 19:28:22',NULL),(219,10,151,NULL,'2024-11-15 19:28:22','2024-11-15 19:28:22',NULL),(220,10,152,NULL,'2024-11-15 19:28:22','2024-11-15 19:28:22',NULL),(221,10,153,NULL,'2024-11-15 19:28:22','2024-11-15 19:28:22',NULL),(222,10,154,NULL,'2024-11-15 19:28:22','2024-11-15 19:28:22',NULL),(223,10,155,NULL,'2024-11-15 19:28:22','2024-11-15 19:28:22',NULL),(242,19,133,NULL,'2024-11-16 13:47:30','2024-11-16 13:47:30',NULL),(243,19,136,NULL,'2024-11-16 13:47:30','2024-11-16 13:47:30',NULL),(244,19,137,NULL,'2024-11-16 13:47:30','2024-11-16 13:47:30',NULL),(245,19,141,NULL,'2024-11-16 13:47:30','2024-11-16 13:47:30',NULL),(246,19,142,NULL,'2024-11-16 13:47:30','2024-11-16 13:47:30',NULL),(247,19,144,NULL,'2024-11-16 13:47:30','2024-11-16 13:47:30',NULL),(248,30,133,NULL,'2024-11-16 14:18:37','2024-11-16 14:18:37',NULL),(249,30,147,NULL,'2024-11-16 14:18:37','2024-11-16 14:18:37',NULL),(252,15,133,NULL,'2024-11-17 07:46:38','2024-11-17 07:46:38',NULL),(253,15,135,NULL,'2024-11-17 07:46:38','2024-11-17 07:46:38',NULL),(260,32,141,NULL,'2024-11-17 08:40:38','2024-11-17 08:40:38',NULL),(261,32,153,NULL,'2024-11-17 08:40:38','2024-11-17 08:40:38',NULL),(262,31,143,NULL,'2024-11-17 09:44:59','2024-11-17 09:44:59',NULL),(263,31,142,NULL,'2024-11-17 09:44:59','2024-11-17 09:44:59',NULL),(264,16,141,NULL,'2024-11-19 10:17:58','2024-11-19 10:17:58',NULL),(265,16,147,NULL,'2024-11-19 10:17:58','2024-11-19 10:17:58',NULL);

--
-- Table structure for table `violation_student_punishments`
--

CREATE TABLE `violation_student_punishments` (
  `id` bigint unsigned NOT NULL AUTO_INCREMENT,
  `violation_student_title_id` bigint unsigned NOT NULL,
  `punishment_id` int unsigned NOT NULL,
  `status` enum('skipped','done','still') COLLATE utf8mb4_unicode_ci NOT NULL DEFAULT 'still',
  `namazeg_version_id` bigint unsigned DEFAULT NULL,
  `created_at` timestamp NULL DEFAULT NULL,
  `updated_at` timestamp NULL DEFAULT NULL,
  PRIMARY KEY (`id`),
  KEY `delete verison namozeg` (`namazeg_version_id`),
  KEY `delete violation student title` (`violation_student_title_id`),
  CONSTRAINT `delete verison namozeg` FOREIGN KEY (`namazeg_version_id`) REFERENCES `namazeg_versions` (`id`) ON DELETE CASCADE,
  CONSTRAINT `delete violation student title` FOREIGN KEY (`violation_student_title_id`) REFERENCES `violation_student_titles` (`id`) ON DELETE CASCADE
) ENGINE=InnoDB AUTO_INCREMENT=110 DEFAULT CHARSET=utf8mb4 COLLATE=utf8mb4_unicode_ci;

--
-- Dumping data for table `violation_student_punishments`
--

INSERT INTO `violation_student_punishments` (`id`, `violation_student_title_id`, `punishment_id`, `status`, `namazeg_version_id`, `created_at`, `updated_at`) VALUES (1,1,133,'done',NULL,'2024-11-16 19:32:01','2024-11-16 19:32:30'),(2,1,135,'done',NULL,'2024-11-16 19:32:01','2024-11-16 19:32:30'),(7,8,133,'done',NULL,'2024-11-17 07:48:12','2024-11-17 07:48:52'),(8,8,135,'done',NULL,'2024-11-17 07:48:12','2024-11-17 07:48:52'),(9,10,46,'done',NULL,'2024-11-17 08:26:30','2024-11-17 08:26:40'),(10,2,133,'done',NULL,'2024-11-17 08:27:24','2024-11-17 08:27:41'),(11,2,147,'done',NULL,'2024-11-17 08:27:24','2024-11-17 08:27:41'),(13,14,133,'done',NULL,'2024-11-17 09:19:30','2024-11-17 09:43:02'),(14,14,147,'done',NULL,'2024-11-17 09:19:30','2024-11-17 09:43:02'),(15,14,147,'done',NULL,'2024-11-17 09:33:18','2024-11-17 09:43:02'),(16,17,139,'done',NULL,'2024-11-17 09:34:19','2024-11-17 09:42:30'),(17,17,147,'done',NULL,'2024-11-17 09:34:56','2024-11-17 09:42:30'),(18,17,149,'done',NULL,'2024-11-17 09:36:01','2024-11-17 09:42:30'),(19,17,154,'done',NULL,'2024-11-17 09:36:29','2024-11-17 09:42:30'),(20,17,138,'done',NULL,'2024-11-17 09:36:57','2024-11-17 09:42:30'),(21,17,144,'done',NULL,'2024-11-17 09:37:19','2024-11-17 09:42:30'),(22,17,146,'done',NULL,'2024-11-17 09:37:49','2024-11-17 09:42:30'),(23,17,134,'done',NULL,'2024-11-17 09:38:34','2024-11-17 09:42:30'),(24,17,152,'done',NULL,'2024-11-17 09:39:13','2024-11-17 09:42:30'),(25,17,151,'done',NULL,'2024-11-17 09:39:43','2024-11-17 09:42:30'),(26,17,137,'done',NULL,'2024-11-17 09:40:18','2024-11-17 09:42:30'),(27,17,142,'done',12640,'2024-11-17 09:41:11','2024-11-17 09:42:30'),(28,14,147,'done',NULL,'2024-11-17 09:42:39','2024-11-17 09:43:02'),(29,14,133,'done',NULL,'2024-11-17 09:42:52','2024-11-17 09:43:02'),(30,14,147,'done',NULL,'2024-11-17 09:42:52','2024-11-17 09:43:02'),(31,15,143,'done',NULL,'2024-11-17 09:45:45','2024-11-17 09:45:58'),(32,15,133,'done',NULL,'2024-11-17 09:45:45','2024-11-17 09:45:58'),(33,16,141,'done',NULL,'2024-11-17 10:09:13','2024-11-17 10:09:24'),(34,16,143,'done',NULL,'2024-11-17 10:09:13','2024-11-17 10:09:24'),(35,20,149,'done',12642,'2024-11-17 10:17:15','2024-11-17 10:17:44'),(36,23,154,'done',12644,'2024-11-17 11:38:36','2024-11-17 11:42:02'),(37,26,138,'still',NULL,'2024-11-17 12:47:31','2024-11-17 12:47:31'),(38,29,144,'done',12647,'2024-11-17 14:52:57','2024-11-17 14:56:00'),(40,35,151,'done',12652,'2024-11-17 19:00:10','2024-11-17 19:28:23'),(41,38,151,'done',12654,'2024-11-17 19:32:41','2024-11-17 19:34:48'),(42,41,144,'done',NULL,'2024-11-17 19:53:01','2024-11-17 19:53:01'),(43,44,144,'done',12657,'2024-11-17 19:57:17','2024-11-17 19:58:44'),(44,47,134,'done',NULL,'2024-11-17 20:21:21','2024-11-17 20:22:22'),(45,47,146,'done',12661,'2024-11-17 20:21:21','2024-11-17 20:26:15'),(46,47,146,'done',NULL,'2024-11-17 20:22:22','2024-11-17 20:22:22'),(47,50,134,'done',12663,'2024-11-17 20:35:31','2024-11-17 20:35:48'),(48,53,152,'done',12665,'2024-11-17 20:41:55','2024-11-17 20:46:20'),(49,56,149,'done',12667,'2024-11-18 07:52:42','2024-11-18 07:56:51'),(50,59,149,'done',12669,'2024-11-18 07:59:06','2024-11-18 08:00:07'),(51,62,139,'done',12671,'2024-11-18 08:07:10','2024-11-18 08:07:35'),(52,65,154,'done',12673,'2024-11-18 08:11:47','2024-11-18 08:12:29'),(53,68,144,'done',12676,'2024-11-18 08:50:03','2024-11-18 08:54:02'),(54,71,146,'done',12679,'2024-11-18 09:22:32','2024-11-18 09:25:59'),(55,74,134,'done',12681,'2024-11-18 09:28:50','2024-11-18 09:33:32'),(56,77,152,'done',12683,'2024-11-18 09:41:13','2024-11-18 09:42:04'),(57,80,151,'done',12686,'2024-11-18 09:43:55','2024-11-18 10:00:06'),(58,83,142,'done',12688,'2024-11-18 10:05:40','2024-11-18 10:06:12'),(59,86,137,'done',12690,'2024-11-18 10:10:18','2024-11-18 10:10:44'),(60,89,137,'done',12693,'2024-11-18 11:14:57','2024-11-18 11:15:20'),(61,92,142,'done',12695,'2024-11-18 11:24:09','2024-11-18 11:24:44'),(62,92,142,'done',NULL,'2024-11-18 11:24:29','2024-11-18 11:24:29'),(63,95,142,'done',12697,'2024-11-18 11:25:27','2024-11-18 11:25:46'),(64,98,151,'done',12699,'2024-11-18 11:38:12','2024-11-18 11:38:51'),(65,101,151,'done',12701,'2024-11-18 11:42:42','2024-11-18 11:43:08'),(66,104,152,'done',12703,'2024-11-18 12:22:58','2024-11-18 12:27:26'),(67,107,134,'done',12705,'2024-11-18 12:33:33','2024-11-18 12:34:26'),(68,110,134,'done',12707,'2024-11-18 12:38:47','2024-11-18 12:39:22'),(69,113,146,'done',12709,'2024-11-18 13:10:49','2024-11-18 13:11:05'),(70,116,144,'done',12711,'2024-11-18 13:16:58','2024-11-18 13:17:53'),(71,119,154,'done',12713,'2024-11-18 13:25:58','2024-11-18 13:26:37'),(72,122,139,'done',12716,'2024-11-18 14:03:32','2024-11-18 14:04:03'),(73,125,133,'still',NULL,'2024-11-18 14:25:09','2024-11-18 14:25:09'),(74,125,134,'done',12718,'2024-11-18 14:25:09','2024-11-18 14:25:44'),(75,125,137,'done',12719,'2024-11-18 14:25:09','2024-11-18 14:26:16'),(76,125,139,'done',NULL,'2024-11-18 14:25:09','2024-11-18 14:25:09'),(77,128,134,'done',12721,'2024-11-18 14:36:38','2024-11-18 14:37:09'),(78,131,139,'done',NULL,'2024-11-18 14:38:08','2024-11-18 14:38:08'),(79,134,137,'done',12724,'2024-11-18 14:39:37','2024-11-18 14:39:51'),(80,134,139,'done',12725,'2024-11-18 14:39:37','2024-11-18 14:40:02'),(81,137,137,'done',12727,'2024-11-18 14:50:13','2024-11-18 14:50:45'),(82,137,139,'done',12728,'2024-11-18 14:50:13','2024-11-18 14:51:23'),(83,140,138,'done',12737,'2024-11-18 16:01:26','2024-11-18 17:50:18'),(84,143,138,'done',12739,'2024-11-18 20:05:02','2024-11-18 20:05:25'),(85,143,139,'done',12740,'2024-11-18 20:05:02','2024-11-18 20:06:07'),(86,143,133,'done',NULL,'2024-11-18 20:49:04','2024-11-18 20:49:04'),(87,143,146,'done',12742,'2024-11-18 20:49:04','2024-11-18 21:06:43'),(88,146,133,'done',NULL,'2024-11-19 08:08:03','2024-11-19 08:08:03'),(89,146,139,'done',12745,'2024-11-19 08:08:03','2024-11-19 08:12:06'),(90,146,141,'done',NULL,'2024-11-19 08:08:03','2024-11-19 08:08:03'),(91,146,142,'done',12744,'2024-11-19 08:08:03','2024-11-19 08:08:45'),(92,149,133,'done',NULL,'2024-11-19 08:30:54','2024-11-19 08:31:29'),(93,149,135,'done',NULL,'2024-11-19 08:30:54','2024-11-19 08:31:29'),(94,149,137,'done',12750,'2024-11-19 08:30:54','2024-11-19 09:40:02'),(95,149,139,'done',12751,'2024-11-19 08:31:29','2024-11-19 09:40:20'),(96,152,133,'done',NULL,'2024-11-19 08:47:46','2024-11-19 08:47:46'),(97,152,135,'done',NULL,'2024-11-19 08:47:46','2024-11-19 08:47:46'),(100,155,138,'done',12749,'2024-11-19 09:27:33','2024-11-19 09:36:50'),(101,153,149,'still',NULL,'2024-11-19 10:07:38','2024-11-19 10:07:38'),(102,153,149,'still',NULL,'2024-11-19 10:08:37','2024-11-19 10:08:37'),(103,153,151,'still',NULL,'2024-11-19 10:09:02','2024-11-19 10:09:02'),(104,153,133,'done',NULL,'2024-11-19 10:09:24','2024-11-19 10:09:24'),(105,153,149,'still',NULL,'2024-11-19 10:09:24','2024-11-19 10:09:24'),(106,158,133,'done',NULL,'2024-11-19 10:11:24','2024-11-19 10:11:24'),(107,158,135,'done',NULL,'2024-11-19 10:11:24','2024-11-19 10:11:24'),(108,160,134,'done',NULL,'2024-11-27 10:41:30','2024-11-27 10:41:30'),(109,163,133,'done',NULL,'2024-11-27 14:31:03','2024-11-27 14:31:03');

--
-- Table structure for table `violation_student_titles`
--

CREATE TABLE `violation_student_titles` (
  `id` bigint unsigned NOT NULL AUTO_INCREMENT,
  `violation_student_id` bigint unsigned NOT NULL,
  `date` varchar(191) COLLATE utf8mb4_unicode_ci NOT NULL,
  `violation_title_id` int unsigned DEFAULT NULL,
  `created_at` timestamp NULL DEFAULT NULL,
  `updated_at` timestamp NULL DEFAULT NULL,
  `status` enum('still','started','done') COLLATE utf8mb4_unicode_ci NOT NULL DEFAULT 'still',
  PRIMARY KEY (`id`),
  KEY `fk_delete violation student` (`violation_student_id`),
  CONSTRAINT `fk_delete violation student` FOREIGN KEY (`violation_student_id`) REFERENCES `violation_students` (`id`) ON DELETE CASCADE
) ENGINE=InnoDB AUTO_INCREMENT=165 DEFAULT CHARSET=utf8mb4 COLLATE=utf8mb4_unicode_ci;

--
-- Dumping data for table `violation_student_titles`
--

INSERT INTO `violation_student_titles` (`id`, `violation_student_id`, `date`, `violation_title_id`, `created_at`, `updated_at`, `status`) VALUES (1,1,'17/11/2024',10,'2024-11-16 19:32:01','2024-11-17 08:27:24','done'),(2,1,'17/11/2024',19,'2024-11-16 19:32:01','2024-11-17 08:27:41','done'),(3,1,'17/11/2024',20,'2024-11-16 19:32:01','2024-11-17 08:27:24','still'),(8,3,'17/11/2024',15,'2024-11-17 07:48:12','2024-11-17 07:48:52','done'),(9,3,'17/11/2024',16,'2024-11-17 07:48:12','2024-11-17 07:48:12','still'),(10,4,'17/11/2024',27,'2024-11-17 08:26:30','2024-11-17 08:26:40','done'),(11,4,'17/11/2024',28,'2024-11-17 08:26:30','2024-11-17 08:26:30','still'),(14,6,'17/11/2024',30,'2024-11-17 09:19:30','2024-11-17 09:43:02','done'),(15,6,'17/11/2024',31,'2024-11-17 09:19:30','2024-11-17 09:45:58','done'),(16,6,'17/11/2024',32,'2024-11-17 09:19:30','2024-11-17 10:09:24','done'),(17,7,'17/11/2024',10,'2024-11-17 09:34:19','2024-11-17 09:42:30','done'),(18,7,'17/11/2024',19,'2024-11-17 09:34:19','2024-11-17 09:34:19','still'),(19,7,'17/11/2024',20,'2024-11-17 09:34:19','2024-11-17 09:34:19','still'),(20,8,'17/11/2024',10,'2024-11-17 10:17:15','2024-11-17 10:17:44','started'),(21,8,'17/11/2024',19,'2024-11-17 10:17:15','2024-11-17 10:17:15','still'),(22,8,'17/11/2024',20,'2024-11-17 10:17:15','2024-11-17 10:17:15','still'),(23,9,'17/11/2024',10,'2024-11-17 11:38:36','2024-11-17 11:42:02','started'),(24,9,'17/11/2024',19,'2024-11-17 11:38:36','2024-11-17 11:38:36','still'),(25,9,'17/11/2024',20,'2024-11-17 11:38:36','2024-11-17 11:38:36','still'),(26,10,'17/11/2024',10,'2024-11-17 12:47:31','2024-11-17 12:47:31','still'),(27,10,'17/11/2024',19,'2024-11-17 12:47:31','2024-11-17 12:47:31','still'),(28,10,'17/11/2024',20,'2024-11-17 12:47:31','2024-11-17 12:47:31','still'),(29,11,'17/11/2024',10,'2024-11-17 14:52:57','2024-11-17 14:56:00','started'),(30,11,'17/11/2024',19,'2024-11-17 14:52:57','2024-11-17 14:52:57','still'),(31,11,'17/11/2024',20,'2024-11-17 14:52:57','2024-11-17 14:52:57','still'),(35,13,'17/11/2024',10,'2024-11-17 19:00:10','2024-11-17 19:00:58','started'),(36,13,'17/11/2024',19,'2024-11-17 19:00:10','2024-11-17 19:00:10','still'),(37,13,'17/11/2024',20,'2024-11-17 19:00:10','2024-11-17 19:00:10','still'),(38,14,'17/11/2024',10,'2024-11-17 19:32:41','2024-11-17 19:34:48','started'),(39,14,'17/11/2024',19,'2024-11-17 19:32:41','2024-11-17 19:32:41','still'),(40,14,'17/11/2024',20,'2024-11-17 19:32:41','2024-11-17 19:32:41','still'),(41,15,'17/11/2024',10,'2024-11-17 19:53:01','2024-11-17 19:53:01','still'),(42,15,'17/11/2024',19,'2024-11-17 19:53:01','2024-11-17 19:53:01','still'),(43,15,'17/11/2024',20,'2024-11-17 19:53:01','2024-11-17 19:53:01','still'),(44,16,'17/11/2024',10,'2024-11-17 19:57:17','2024-11-17 19:58:44','started'),(45,16,'17/11/2024',19,'2024-11-17 19:57:17','2024-11-17 19:57:17','still'),(46,16,'17/11/2024',20,'2024-11-17 19:57:17','2024-11-17 19:57:17','still'),(47,17,'17/11/2024',10,'2024-11-17 20:21:21','2024-11-17 20:24:50','started'),(48,17,'17/11/2024',19,'2024-11-17 20:21:21','2024-11-17 20:21:21','still'),(49,17,'17/11/2024',20,'2024-11-17 20:21:21','2024-11-17 20:21:21','still'),(50,18,'17/11/2024',10,'2024-11-17 20:35:31','2024-11-17 20:35:48','started'),(51,18,'17/11/2024',19,'2024-11-17 20:35:31','2024-11-17 20:35:31','still'),(52,18,'17/11/2024',20,'2024-11-17 20:35:31','2024-11-17 20:35:31','still'),(53,19,'17/11/2024',10,'2024-11-17 20:41:55','2024-11-17 20:42:26','started'),(54,19,'17/11/2024',19,'2024-11-17 20:41:55','2024-11-17 20:41:55','still'),(55,19,'17/11/2024',20,'2024-11-17 20:41:55','2024-11-17 20:41:55','still'),(56,20,'18/11/2024',10,'2024-11-18 07:52:42','2024-11-18 07:56:50','started'),(57,20,'18/11/2024',19,'2024-11-18 07:52:42','2024-11-18 07:52:42','still'),(58,20,'18/11/2024',20,'2024-11-18 07:52:42','2024-11-18 07:52:42','still'),(59,21,'18/11/2024',10,'2024-11-18 07:59:06','2024-11-18 08:00:06','started'),(60,21,'18/11/2024',19,'2024-11-18 07:59:06','2024-11-18 07:59:06','still'),(61,21,'18/11/2024',20,'2024-11-18 07:59:06','2024-11-18 07:59:06','still'),(62,22,'18/11/2024',10,'2024-11-18 08:07:10','2024-11-18 08:07:35','started'),(63,22,'18/11/2024',19,'2024-11-18 08:07:10','2024-11-18 08:07:10','still'),(64,22,'18/11/2024',20,'2024-11-18 08:07:10','2024-11-18 08:07:10','still'),(65,23,'18/11/2024',10,'2024-11-18 08:11:47','2024-11-18 08:12:29','started'),(66,23,'18/11/2024',19,'2024-11-18 08:11:47','2024-11-18 08:11:47','still'),(67,23,'18/11/2024',20,'2024-11-18 08:11:47','2024-11-18 08:11:47','still'),(68,24,'18/11/2024',10,'2024-11-18 08:50:03','2024-11-18 08:54:02','started'),(69,24,'18/11/2024',19,'2024-11-18 08:50:03','2024-11-18 08:50:03','still'),(70,24,'18/11/2024',20,'2024-11-18 08:50:03','2024-11-18 08:50:03','still'),(71,25,'18/11/2024',10,'2024-11-18 09:22:32','2024-11-18 09:25:59','started'),(72,25,'18/11/2024',19,'2024-11-18 09:22:32','2024-11-18 09:22:32','still'),(73,25,'18/11/2024',20,'2024-11-18 09:22:32','2024-11-18 09:22:32','still'),(74,26,'18/11/2024',10,'2024-11-18 09:28:50','2024-11-18 09:33:32','started'),(75,26,'18/11/2024',19,'2024-11-18 09:28:50','2024-11-18 09:28:50','still'),(76,26,'18/11/2024',20,'2024-11-18 09:28:50','2024-11-18 09:28:50','still'),(77,27,'18/11/2024',10,'2024-11-18 09:41:13','2024-11-18 09:42:03','started'),(78,27,'18/11/2024',19,'2024-11-18 09:41:13','2024-11-18 09:41:13','still'),(79,27,'18/11/2024',20,'2024-11-18 09:41:13','2024-11-18 09:41:13','still'),(80,28,'18/11/2024',10,'2024-11-18 09:43:55','2024-11-18 10:00:06','started'),(81,28,'18/11/2024',19,'2024-11-18 09:43:55','2024-11-18 09:43:55','still'),(82,28,'18/11/2024',20,'2024-11-18 09:43:55','2024-11-18 09:43:55','still'),(83,29,'18/11/2024',10,'2024-11-18 10:05:40','2024-11-18 10:06:12','started'),(84,29,'18/11/2024',19,'2024-11-18 10:05:40','2024-11-18 10:05:40','still'),(85,29,'18/11/2024',20,'2024-11-18 10:05:40','2024-11-18 10:05:40','still'),(86,30,'18/11/2024',10,'2024-11-18 10:10:18','2024-11-18 10:10:44','started'),(87,30,'18/11/2024',19,'2024-11-18 10:10:18','2024-11-18 10:10:18','still'),(88,30,'18/11/2024',20,'2024-11-18 10:10:18','2024-11-18 10:10:18','still'),(89,31,'18/11/2024',10,'2024-11-18 11:14:57','2024-11-18 11:15:20','started'),(90,31,'18/11/2024',19,'2024-11-18 11:14:57','2024-11-18 11:14:57','still'),(91,31,'18/11/2024',20,'2024-11-18 11:14:57','2024-11-18 11:14:57','still'),(92,32,'18/11/2024',10,'2024-11-18 11:24:09','2024-11-18 11:24:44','started'),(93,32,'18/11/2024',19,'2024-11-18 11:24:09','2024-11-18 11:24:09','still'),(94,32,'18/11/2024',20,'2024-11-18 11:24:09','2024-11-18 11:24:09','still'),(95,33,'18/11/2024',10,'2024-11-18 11:25:27','2024-11-18 11:25:45','started'),(96,33,'18/11/2024',19,'2024-11-18 11:25:27','2024-11-18 11:25:27','still'),(97,33,'18/11/2024',20,'2024-11-18 11:25:27','2024-11-18 11:25:27','still'),(98,34,'18/11/2024',10,'2024-11-18 11:38:12','2024-11-18 11:38:51','started'),(99,34,'18/11/2024',19,'2024-11-18 11:38:12','2024-11-18 11:38:12','still'),(100,34,'18/11/2024',20,'2024-11-18 11:38:12','2024-11-18 11:38:12','still'),(101,35,'18/11/2024',10,'2024-11-18 11:42:42','2024-11-18 11:43:08','started'),(102,35,'18/11/2024',19,'2024-11-18 11:42:42','2024-11-18 11:42:42','still'),(103,35,'18/11/2024',20,'2024-11-18 11:42:42','2024-11-18 11:42:42','still'),(104,36,'18/11/2024',10,'2024-11-18 12:22:58','2024-11-18 12:27:26','started'),(105,36,'18/11/2024',19,'2024-11-18 12:22:58','2024-11-18 12:22:58','still'),(106,36,'18/11/2024',20,'2024-11-18 12:22:58','2024-11-18 12:22:58','still'),(107,37,'18/11/2024',10,'2024-11-18 12:33:33','2024-11-18 12:34:26','started'),(108,37,'18/11/2024',19,'2024-11-18 12:33:33','2024-11-18 12:33:33','still'),(109,37,'18/11/2024',20,'2024-11-18 12:33:33','2024-11-18 12:33:33','still'),(110,38,'18/11/2024',10,'2024-11-18 12:38:47','2024-11-18 12:39:22','started'),(111,38,'18/11/2024',19,'2024-11-18 12:38:47','2024-11-18 12:38:47','still'),(112,38,'18/11/2024',20,'2024-11-18 12:38:47','2024-11-18 12:38:47','still'),(113,39,'18/11/2024',10,'2024-11-18 13:10:49','2024-11-18 13:11:04','started'),(114,39,'18/11/2024',19,'2024-11-18 13:10:49','2024-11-18 13:10:49','still'),(115,39,'18/11/2024',20,'2024-11-18 13:10:49','2024-11-18 13:10:49','still'),(116,40,'18/11/2024',10,'2024-11-18 13:16:58','2024-11-18 13:17:53','started'),(117,40,'18/11/2024',19,'2024-11-18 13:16:58','2024-11-18 13:16:58','still'),(118,40,'18/11/2024',20,'2024-11-18 13:16:58','2024-11-18 13:16:58','still'),(119,41,'18/11/2024',10,'2024-11-18 13:25:58','2024-11-18 13:26:37','started'),(120,41,'18/11/2024',19,'2024-11-18 13:25:58','2024-11-18 13:25:58','still'),(121,41,'18/11/2024',20,'2024-11-18 13:25:58','2024-11-18 13:25:58','still'),(122,42,'18/11/2024',10,'2024-11-18 14:03:32','2024-11-18 14:04:03','started'),(123,42,'18/11/2024',19,'2024-11-18 14:03:32','2024-11-18 14:03:32','still'),(124,42,'18/11/2024',20,'2024-11-18 14:03:32','2024-11-18 14:03:32','still'),(125,43,'18/11/2024',10,'2024-11-18 14:25:09','2024-11-18 14:25:44','started'),(126,43,'18/11/2024',19,'2024-11-18 14:25:09','2024-11-18 14:25:09','still'),(127,43,'18/11/2024',20,'2024-11-18 14:25:09','2024-11-18 14:25:09','still'),(128,44,'18/11/2024',10,'2024-11-18 14:36:38','2024-11-18 14:37:09','started'),(129,44,'18/11/2024',19,'2024-11-18 14:36:38','2024-11-18 14:36:38','still'),(130,44,'18/11/2024',20,'2024-11-18 14:36:38','2024-11-18 14:36:38','still'),(131,45,'18/11/2024',10,'2024-11-18 14:38:08','2024-11-18 14:38:08','still'),(132,45,'18/11/2024',19,'2024-11-18 14:38:08','2024-11-18 14:38:08','still'),(133,45,'18/11/2024',20,'2024-11-18 14:38:08','2024-11-18 14:38:08','still'),(134,46,'18/11/2024',10,'2024-11-18 14:39:37','2024-11-18 14:39:51','started'),(135,46,'18/11/2024',19,'2024-11-18 14:39:37','2024-11-18 14:39:37','still'),(136,46,'18/11/2024',20,'2024-11-18 14:39:37','2024-11-18 14:39:37','still'),(137,47,'18/11/2024',10,'2024-11-18 14:50:13','2024-11-18 14:50:45','started'),(138,47,'18/11/2024',19,'2024-11-18 14:50:13','2024-11-18 14:50:13','still'),(139,47,'18/11/2024',20,'2024-11-18 14:50:13','2024-11-18 14:50:13','still'),(140,48,'18/11/2024',10,'2024-11-18 16:01:26','2024-11-18 17:50:18','started'),(141,48,'18/11/2024',19,'2024-11-18 16:01:26','2024-11-18 16:01:26','still'),(142,48,'18/11/2024',20,'2024-11-18 16:01:26','2024-11-18 16:01:26','still'),(143,49,'18/11/2024',10,'2024-11-18 20:05:02','2024-11-18 20:05:25','started'),(144,49,'18/11/2024',19,'2024-11-18 20:05:02','2024-11-18 20:05:02','still'),(145,49,'18/11/2024',20,'2024-11-18 20:05:02','2024-11-18 20:05:02','still'),(146,50,'19/11/2024',10,'2024-11-19 08:08:03','2024-11-19 08:08:45','started'),(147,50,'19/11/2024',19,'2024-11-19 08:08:03','2024-11-19 08:08:03','still'),(148,50,'19/11/2024',20,'2024-11-19 08:08:03','2024-11-19 08:08:03','still'),(149,51,'19/11/2024',10,'2024-11-19 08:30:54','2024-11-19 09:40:02','started'),(150,51,'19/11/2024',19,'2024-11-19 08:30:54','2024-11-19 08:30:54','still'),(151,51,'19/11/2024',20,'2024-11-19 08:30:54','2024-11-19 08:30:54','still'),(152,52,'19/11/2024',10,'2024-11-19 08:47:45','2024-11-19 08:47:45','done'),(153,52,'19/11/2024',19,'2024-11-19 08:47:45','2024-11-19 08:47:45','still'),(154,52,'19/11/2024',20,'2024-11-19 08:47:46','2024-11-19 08:47:46','still'),(155,53,'19/11/2024',10,'2024-11-19 09:27:33','2024-11-19 09:36:50','started'),(156,53,'19/11/2024',19,'2024-11-19 09:27:33','2024-11-19 09:27:33','still'),(157,53,'19/11/2024',20,'2024-11-19 09:27:33','2024-11-19 09:27:33','still'),(158,54,'19/11/2024',15,'2024-11-19 10:11:24','2024-11-19 10:11:24','still'),(159,54,'19/11/2024',16,'2024-11-19 10:11:24','2024-11-19 10:11:24','still'),(160,55,'27/11/2024',10,'2024-11-27 10:41:30','2024-11-27 10:41:30','done'),(161,55,'27/11/2024',19,'2024-11-27 10:41:30','2024-11-27 10:41:30','still'),(162,55,'27/11/2024',20,'2024-11-27 10:41:30','2024-11-27 10:41:30','still'),(163,56,'27/11/2024',15,'2024-11-27 14:31:03','2024-11-27 14:31:03','done'),(164,56,'27/11/2024',16,'2024-11-27 14:31:03','2024-11-27 14:31:03','still');

--
-- Table structure for table `violation_students`
--

CREATE TABLE `violation_students` (
  `id` bigint unsigned NOT NULL AUTO_INCREMENT,
  `namazeg_version_id` bigint unsigned NOT NULL,
  `student_id` int unsigned NOT NULL,
  `school_id` int unsigned NOT NULL,
  `violation_grade_id` int unsigned NOT NULL,
  `date` varchar(191) COLLATE utf8mb4_unicode_ci NOT NULL,
  `violation_type_id` int unsigned DEFAULT NULL,
  `violation_category_id` int unsigned NOT NULL,
  `other_type` varchar(191) COLLATE utf8mb4_unicode_ci DEFAULT NULL,
  `violation_title_ids` varchar(191) COLLATE utf8mb4_unicode_ci DEFAULT NULL,
  `created_at` timestamp NULL DEFAULT NULL,
  `updated_at` timestamp NULL DEFAULT NULL,
  PRIMARY KEY (`id`)
) ENGINE=InnoDB AUTO_INCREMENT=59 DEFAULT CHARSET=utf8mb4 COLLATE=utf8mb4_unicode_ci;

--
-- Dumping data for table `violation_students`
--

INSERT INTO `violation_students` (`id`, `namazeg_version_id`, `student_id`, `school_id`, `violation_grade_id`, `date`, `violation_type_id`, `violation_category_id`, `other_type`, `violation_title_ids`, `created_at`, `updated_at`) VALUES (1,12580,61534,81,18,'16/11/2024',12,2,NULL,NULL,'2024-11-16 19:30:47','2024-11-16 19:31:25'),(3,12582,61534,81,20,'17/11/2024',18,9,NULL,NULL,'2024-11-17 07:44:21','2024-11-17 07:45:02'),(4,12583,61534,81,24,'17/11/2024',24,2,NULL,NULL,'2024-11-17 08:26:13','2024-11-17 08:26:21'),(6,12585,61535,81,22,'17/11/2024',21,8,NULL,NULL,'2024-11-17 09:18:59','2024-11-17 09:19:16'),(7,12639,61536,81,18,'17/11/2024',12,2,NULL,NULL,'2024-11-17 09:34:00','2024-11-17 09:34:10'),(8,12641,61537,81,18,'17/11/2024',12,2,NULL,NULL,'2024-11-17 10:16:46','2024-11-17 10:16:57'),(9,12643,61538,81,18,'17/11/2024',13,2,NULL,NULL,'2024-11-17 11:37:11','2024-11-17 11:38:18'),(10,12645,61538,81,18,'17/11/2024',12,2,NULL,NULL,'2024-11-17 12:47:08','2024-11-17 12:47:22'),(11,12646,61540,81,18,'17/11/2024',13,2,NULL,NULL,'2024-11-17 14:52:39','2024-11-17 14:52:48'),(13,12651,61541,81,18,'17/11/2024',13,2,NULL,NULL,'2024-11-17 18:59:37','2024-11-17 18:59:43'),(14,12653,61542,81,18,'17/11/2024',14,2,NULL,NULL,'2024-11-17 19:31:43','2024-11-17 19:31:58'),(15,12655,61543,81,18,'17/11/2024',13,2,NULL,NULL,'2024-11-17 19:52:45','2024-11-17 19:52:50'),(16,12656,61545,81,18,'17/11/2024',12,2,NULL,NULL,'2024-11-17 19:57:02','2024-11-17 19:57:08'),(17,12658,61548,81,18,'17/11/2024',13,2,NULL,NULL,'2024-11-17 20:19:27','2024-11-17 20:19:36'),(18,12662,61540,81,18,'17/11/2024',12,2,NULL,NULL,'2024-11-17 20:35:20','2024-11-17 20:35:25'),(19,12664,61555,81,18,'17/11/2024',12,2,NULL,NULL,'2024-11-17 20:41:37','2024-11-17 20:41:41'),(20,12666,61544,81,18,'18/11/2024',14,2,NULL,NULL,'2024-11-18 07:52:06','2024-11-18 07:52:25'),(21,12668,61545,81,18,'18/11/2024',12,2,NULL,NULL,'2024-11-18 07:58:34','2024-11-18 07:58:39'),(22,12670,61546,81,18,'18/11/2024',12,2,NULL,NULL,'2024-11-18 08:06:58','2024-11-18 08:07:03'),(23,12672,61547,81,18,'18/11/2024',14,2,NULL,NULL,'2024-11-18 08:08:33','2024-11-18 08:08:38'),(24,12675,61548,81,18,'18/11/2024',12,2,NULL,NULL,'2024-11-18 08:49:43','2024-11-18 08:49:48'),(25,12678,61549,81,18,'18/11/2024',12,2,NULL,NULL,'2024-11-18 09:22:12','2024-11-18 09:22:19'),(26,12680,61550,81,18,'18/11/2024',12,2,NULL,NULL,'2024-11-18 09:28:35','2024-11-18 09:28:41'),(27,12682,61551,81,18,'18/11/2024',12,2,NULL,NULL,'2024-11-18 09:36:04','2024-11-18 09:36:11'),(28,12684,61552,81,18,'18/11/2024',12,2,NULL,NULL,'2024-11-18 09:43:31','2024-11-18 09:43:36'),(29,12687,61554,81,18,'18/11/2024',12,2,NULL,NULL,'2024-11-18 10:05:18','2024-11-18 10:05:28'),(30,12689,61554,81,18,'18/11/2024',NULL,2,'test other type',NULL,'2024-11-18 10:09:55','2024-11-18 10:10:07'),(31,12692,61552,81,18,'18/11/2024',12,2,NULL,NULL,'2024-11-18 11:14:44','2024-11-18 11:14:52'),(32,12694,61558,81,18,'18/11/2024',12,2,NULL,NULL,'2024-11-18 11:23:58','2024-11-18 11:24:03'),(33,12696,61656,81,18,'18/11/2024',14,2,NULL,NULL,'2024-11-18 11:25:15','2024-11-18 11:25:20'),(34,12698,61657,81,18,'18/11/2024',NULL,2,'test',NULL,'2024-11-18 11:37:48','2024-11-18 11:37:59'),(35,12700,61557,81,18,'18/11/2024',13,2,NULL,NULL,'2024-11-18 11:42:29','2024-11-18 11:42:34'),(36,12702,61654,81,18,'18/11/2024',NULL,2,'test',NULL,'2024-11-18 12:21:40','2024-11-18 12:21:48'),(37,12704,61656,81,18,'18/11/2024',14,2,NULL,NULL,'2024-11-18 12:33:17','2024-11-18 12:33:26'),(38,12706,61657,81,18,'18/11/2024',14,2,NULL,NULL,'2024-11-18 12:38:10','2024-11-18 12:38:34'),(39,12708,61659,81,18,'18/11/2024',12,2,NULL,NULL,'2024-11-18 13:10:25','2024-11-18 13:10:32'),(40,12710,61660,81,18,'18/11/2024',13,2,NULL,NULL,'2024-11-18 13:16:28','2024-11-18 13:16:44'),(41,12712,61661,81,18,'18/11/2024',12,2,NULL,NULL,'2024-11-18 13:25:25','2024-11-18 13:25:31'),(42,12715,61662,81,18,'28/11/2024',14,2,NULL,NULL,'2024-11-18 14:03:06','2024-11-18 14:03:17'),(43,12717,61666,81,18,'18/11/2024',12,2,NULL,NULL,'2024-11-18 14:24:37','2024-11-18 14:24:44'),(44,12720,61667,81,18,'18/11/2024',12,2,NULL,NULL,'2024-11-18 14:36:13','2024-11-18 14:36:26'),(45,12722,61534,81,18,'18/11/2024',14,2,NULL,NULL,'2024-11-18 14:37:57','2024-11-18 14:38:01'),(46,12723,61545,81,18,'18/11/2024',NULL,2,'test',NULL,'2024-11-18 14:39:18','2024-11-18 14:39:27'),(47,12726,61657,81,18,'18/11/2024',12,2,NULL,NULL,'2024-11-18 14:49:54','2024-11-18 14:50:03'),(48,12733,61555,81,18,'18/11/2024',14,2,NULL,NULL,'2024-11-18 15:59:30','2024-11-18 16:00:51'),(49,12738,61686,81,18,'18/11/2024',13,2,NULL,NULL,'2024-11-18 20:04:43','2024-11-18 20:04:49'),(50,12743,61684,81,18,'19/11/2024',12,2,NULL,NULL,'2024-11-19 08:06:59','2024-11-19 08:07:16'),(51,12746,61683,81,18,'19/11/2024',14,2,NULL,NULL,'2024-11-19 08:30:34','2024-11-19 08:30:42'),(52,12747,61682,81,18,'19/11/2024',12,2,NULL,NULL,'2024-11-19 08:47:13','2024-11-19 08:47:29'),(53,12748,61674,81,18,'19/11/2024',NULL,2,'test',NULL,'2024-11-19 09:27:11','2024-11-19 09:27:21'),(54,12752,61539,81,20,'19/11/2024',18,9,NULL,NULL,'2024-11-19 10:10:49','2024-11-19 10:11:16'),(55,13246,61441,81,18,'27/11/2024',12,2,NULL,NULL,'2024-11-27 10:41:05','2024-11-27 10:41:13'),(56,13247,106908,98,20,'27/11/2024',18,9,NULL,NULL,'2024-11-27 14:29:55','2024-11-27 14:30:10'),(57,13661,61441,81,20,'28/11/2024',NULL,9,NULL,NULL,'2024-11-28 17:21:27','2024-11-28 17:21:27'),(58,13662,61441,81,18,'28/11/2024',NULL,2,NULL,NULL,'2024-11-28 17:30:49','2024-11-28 17:30:49');

--
-- Table structure for table `violation_titles`
--

CREATE TABLE `violation_titles` (
  `id` bigint unsigned NOT NULL AUTO_INCREMENT,
  `name` varchar(150) COLLATE utf8mb4_unicode_ci DEFAULT NULL,
  `violation_grade_id` bigint unsigned NOT NULL,
  `has_related` tinyint(1) NOT NULL DEFAULT '0',
  `created_at` timestamp NULL DEFAULT NULL,
  `updated_at` timestamp NULL DEFAULT NULL,
  `deleted_at` timestamp NULL DEFAULT NULL,
  PRIMARY KEY (`id`),
  KEY `violation_titles_violation_grade_id_foreign` (`violation_grade_id`),
  CONSTRAINT `violation_titles_violation_grade_id_foreign` FOREIGN KEY (`violation_grade_id`) REFERENCES `violation_grades` (`id`) ON DELETE CASCADE
) ENGINE=InnoDB AUTO_INCREMENT=33 DEFAULT CHARSET=utf8mb4 COLLATE=utf8mb4_unicode_ci;

--
-- Dumping data for table `violation_titles`
--

INSERT INTO `violation_titles` (`id`, `name`, `violation_grade_id`, `has_related`, `created_at`, `updated_at`, `deleted_at`) VALUES (3,'1',1,0,'2024-10-16 09:17:18','2024-10-16 09:17:18',NULL),(4,'2',1,1,'2024-10-16 09:58:04','2024-10-16 10:01:21',NULL),(5,'1',14,0,'2024-10-17 07:13:26','2024-10-17 07:13:26',NULL),(7,'3',14,1,'2024-10-17 08:13:21','2024-10-17 08:13:41',NULL),(10,'1',18,1,'2024-11-09 13:05:21','2024-11-09 13:05:29',NULL),(11,'6',19,1,'2024-11-11 08:39:18','2024-11-11 08:39:24',NULL),(15,'1',20,1,'2024-11-11 09:32:05','2024-11-11 09:32:14',NULL),(16,'2',20,1,'2024-11-11 09:32:46','2024-11-19 10:18:20',NULL),(17,'1',21,1,'2024-11-11 09:36:55','2024-11-11 09:36:58',NULL),(19,'2',18,1,'2024-11-11 12:22:14','2024-11-16 13:47:47',NULL),(20,'3',18,1,'2024-11-11 12:22:35','2024-11-14 10:14:27',NULL),(27,'1',24,1,'2024-11-13 15:49:36','2024-11-13 15:49:38',NULL),(28,'2',24,0,'2024-11-13 15:49:56','2024-11-13 15:49:56',NULL),(29,'4',1,0,'2024-11-14 11:21:58','2024-11-14 11:21:58',NULL),(30,'1',22,0,'2024-11-16 14:18:37','2024-11-16 14:18:37',NULL),(31,'2',22,1,'2024-11-16 14:18:52','2024-11-17 09:45:11',NULL),(32,'3',22,1,'2024-11-17 08:40:38','2024-11-17 08:40:58',NULL);

--
-- Table structure for table `violation_types`
--

CREATE TABLE `violation_types` (
  `id` bigint unsigned NOT NULL AUTO_INCREMENT,
  `violation_grade_id` bigint unsigned NOT NULL,
  `name` varchar(150) COLLATE utf8mb4_unicode_ci DEFAULT NULL,
  `deleted_at` timestamp NULL DEFAULT NULL,
  `created_at` timestamp NULL DEFAULT NULL,
  `updated_at` timestamp NULL DEFAULT NULL,
  PRIMARY KEY (`id`),
  KEY `violation_grade_id` (`violation_grade_id`),
  CONSTRAINT `violation_grade_id` FOREIGN KEY (`violation_grade_id`) REFERENCES `violation_grades` (`id`) ON DELETE CASCADE ON UPDATE RESTRICT
) ENGINE=InnoDB AUTO_INCREMENT=27 DEFAULT CHARSET=utf8mb4 COLLATE=utf8mb4_unicode_ci;

--
-- Dumping data for table `violation_types`
--

INSERT INTO `violation_types` (`id`, `violation_grade_id`, `name`, `deleted_at`, `created_at`, `updated_at`) VALUES (1,14,'مر بزيادة يتحول لمدرسة سعفان المر بزيادة',NULL,'2024-10-17 07:02:39','2024-10-17 07:02:39'),(2,14,'جميو جميو',NULL,'2024-10-17 07:02:39','2024-10-17 07:02:39'),(3,14,'إبداع والله، إبداع',NULL,'2024-10-17 07:02:39','2024-10-17 07:02:39'),(7,16,'نوع اول للدرجة الثانيه تيس',NULL,'2024-11-08 15:17:36','2024-11-08 15:17:36'),(8,16,'نوع ثانى للدرجة الثانيه تيس',NULL,'2024-11-08 15:17:36','2024-11-08 15:17:36'),(10,1,'تعدلي نوع العنف 1',NULL,'2024-11-09 08:42:57','2024-11-09 08:42:57'),(11,1,'تعدلي نوع العنف 2',NULL,'2024-11-09 08:42:57','2024-11-09 08:42:57'),(12,18,'عدم التقيد باللباس الرسمي الخاص بالمدرسة',NULL,'2024-11-09 10:39:54','2024-11-09 10:39:54'),(13,18,'التأخر أو العبث أثناء الاصطفاف الصباحي',NULL,'2024-11-09 10:39:54','2024-11-09 10:39:54'),(14,18,'تكرار خروج الطلاب و الطالبات و دخولهم من البوابة قبل الانصراف و الحضور ، و التجمهر أمام بوابة المدرسة',NULL,'2024-11-09 10:39:54','2024-11-09 10:39:54'),(15,19,'سلوك 1',NULL,'2024-11-11 08:38:42','2024-11-11 08:38:42'),(16,19,'سلوك 2',NULL,'2024-11-11 08:38:42','2024-11-11 08:38:42'),(17,19,'سلوك 3',NULL,'2024-11-11 08:38:42','2024-11-11 08:38:42'),(18,20,'سلوك 1',NULL,'2024-11-11 09:22:08','2024-11-11 09:22:08'),(19,21,'سلوك 1',NULL,'2024-11-11 09:36:26','2024-11-11 09:36:26'),(20,21,'سلوك 2',NULL,'2024-11-11 09:36:26','2024-11-11 09:36:26'),(21,22,'مخالفة 1',NULL,'2024-11-11 09:37:27','2024-11-11 09:37:27'),(22,22,'مخالفة 2',NULL,'2024-11-11 09:37:27','2024-11-11 09:37:27'),(23,23,'NewTest',NULL,'2024-11-13 13:01:43','2024-11-13 13:01:43'),(24,24,'مخالفة 1',NULL,'2024-11-13 15:47:42','2024-11-13 15:47:42'),(25,24,'مخالفة 2',NULL,'2024-11-13 15:47:42','2024-11-13 15:47:42'),(26,24,'مخالفة 3',NULL,'2024-11-13 15:47:42','2024-11-13 15:47:42');

--
-- Table structure for table `violations`
--

CREATE TABLE `violations` (
  `id` bigint unsigned NOT NULL AUTO_INCREMENT,
  `school_grade_id` bigint unsigned NOT NULL,
  `name` varchar(150) COLLATE utf8mb4_unicode_ci DEFAULT NULL,
  `deleted_at` timestamp NULL DEFAULT NULL,
  `created_at` timestamp NULL DEFAULT NULL,
  `updated_at` timestamp NULL DEFAULT NULL,
  PRIMARY KEY (`id`),
  KEY `violations_school_grade_id_foreign` (`school_grade_id`),
  CONSTRAINT `violations_school_grade_id_foreign` FOREIGN KEY (`school_grade_id`) REFERENCES `school_grades` (`id`) ON DELETE CASCADE
) ENGINE=InnoDB AUTO_INCREMENT=13 DEFAULT CHARSET=utf8mb4 COLLATE=utf8mb4_unicode_ci;

--
-- Dumping data for table `violations`
--

INSERT INTO `violations` (`id`, `school_grade_id`, `name`, `deleted_at`, `created_at`, `updated_at`) VALUES (1,1,'المخالفات السلوكية عن بعد',NULL,'2024-08-21 09:50:06','2024-08-21 09:50:06'),(2,2,'المخالفات السلوكية الحضورية',NULL,'2024-08-24 14:35:57','2024-08-24 14:35:57'),(6,1,'المخالفات السلوكية تجاه الهيئة التعليمية و الإدارية ',NULL,'2024-11-09 10:15:34','2024-11-09 10:15:34'),(7,1,'المخالفات السلوكية الحضورية',NULL,'2024-11-09 10:16:56','2024-11-09 10:16:56'),(8,2,'المخالفات السلوكية عن بعد',NULL,'2024-11-09 10:16:56','2024-11-09 10:16:56'),(9,2,'المخالفات السلوكية تجاه الهيئة التعليمية و الإدارية ',NULL,'2024-11-09 10:16:56','2024-11-09 10:16:56'),(10,3,'المخالفات السلوكية الحضورية',NULL,'2024-11-09 10:16:56','2024-11-09 10:16:56'),(11,3,'المخالفات السلوكية عن بعد',NULL,'2024-11-09 10:16:56','2024-11-09 10:16:56'),(12,3,'المخالفات السلوكية تجاه الهيئة التعليمية و الإدارية ',NULL,'2024-11-09 10:16:56','2024-11-09 10:16:56');

--
-- Table structure for table `visit_methods`
--

CREATE TABLE `visit_methods` (
  `id` bigint unsigned NOT NULL AUTO_INCREMENT,
  `title` varchar(191) COLLATE utf8mb4_unicode_ci NOT NULL,
  `created_at` timestamp NULL DEFAULT NULL,
  `updated_at` timestamp NULL DEFAULT NULL,
  `deleted_at` timestamp NULL DEFAULT NULL,
  PRIMARY KEY (`id`)
) ENGINE=InnoDB AUTO_INCREMENT=22 DEFAULT CHARSET=utf8mb4 COLLATE=utf8mb4_unicode_ci;

--
-- Dumping data for table `visit_methods`
--

INSERT INTO `visit_methods` (`id`, `title`, `created_at`, `updated_at`, `deleted_at`) VALUES (1,'الزيارة الصفية والاجتماع بالمعلمة','2024-08-28 13:05:54','2024-08-28 13:05:54',NULL),(2,'معرفة مدى مشاركتها في النشاطات الخارجية للمادة','2024-08-28 13:05:54','2024-08-28 13:05:54',NULL),(3,'الإطلاع على الإعاداد الكاتبي للدرس','2024-08-28 13:05:54','2024-08-28 13:05:54',NULL),(4,'مناقشة مديرة المدرسة','2024-08-28 13:05:54','2024-08-28 13:05:54',NULL),(5,'الإطلاع على الواجبات والتطبيقات','2024-08-28 13:05:54','2024-08-28 13:05:54',NULL),(6,'زيارة الموجهة الطلابية','2024-08-28 13:05:54','2024-08-28 13:05:54',NULL),(7,'الإطلاع على التقويم والإختبارات','2024-08-28 13:05:54','2024-08-28 13:05:54',NULL),(8,'الزيارة الصفية والاجتماع بالمعلمة','2024-10-25 18:55:33','2024-10-25 18:55:33',NULL),(9,'معرفة مدى مشاركتها في النشاطات الخارجية للمادة','2024-10-25 18:55:33','2024-10-25 18:55:33',NULL),(10,'الإطلاع على الإعاداد الكاتبي للدرس','2024-10-25 18:55:33','2024-10-25 18:55:33',NULL),(11,'مناقشة مديرة المدرسة','2024-10-25 18:55:33','2024-10-25 18:55:33',NULL),(12,'الإطلاع على الواجبات والتطبيقات','2024-10-25 18:55:33','2024-10-25 18:55:33',NULL),(13,'زيارة الموجهة الطلابية','2024-10-25 18:55:33','2024-10-25 18:55:33',NULL),(14,'الإطلاع على التقويم والإختبارات','2024-10-25 18:55:33','2024-10-25 18:55:33',NULL);

--
-- Table structure for table `waiting_periods_schedule_data`
--

CREATE TABLE `waiting_periods_schedule_data` (
  `id` bigint unsigned NOT NULL AUTO_INCREMENT,
  `schedule_id` bigint unsigned NOT NULL,
  `school_employee_id` bigint unsigned NOT NULL,
  `school_class_id` bigint unsigned NOT NULL,
  `subject_id` bigint unsigned NOT NULL,
  `period_id` bigint unsigned NOT NULL,
  `created_at` timestamp NULL DEFAULT NULL,
  `updated_at` timestamp NULL DEFAULT NULL,
  PRIMARY KEY (`id`),
  KEY `waiting_periods_schedule_data_schedule_id_foreign` (`schedule_id`),
  KEY `waiting_periods_schedule_data_school_employee_id_foreign` (`school_employee_id`),
  KEY `waiting_periods_schedule_data_school_class_id_foreign` (`school_class_id`),
  KEY `waiting_periods_schedule_data_period_id_foreign` (`period_id`),
  KEY `waiting_periods_schedule_data_subject_id_foreign` (`subject_id`),
  CONSTRAINT `waiting_periods_schedule_data_period_id_foreign` FOREIGN KEY (`period_id`) REFERENCES `periods` (`id`) ON DELETE CASCADE,
  CONSTRAINT `waiting_periods_schedule_data_schedule_id_foreign` FOREIGN KEY (`schedule_id`) REFERENCES `waiting_periods_schedules` (`id`) ON DELETE CASCADE,
  CONSTRAINT `waiting_periods_schedule_data_school_class_id_foreign` FOREIGN KEY (`school_class_id`) REFERENCES `school_classes` (`id`) ON DELETE CASCADE,
  CONSTRAINT `waiting_periods_schedule_data_school_employee_id_foreign` FOREIGN KEY (`school_employee_id`) REFERENCES `school_employees` (`id`) ON DELETE CASCADE,
  CONSTRAINT `waiting_periods_schedule_data_subject_id_foreign` FOREIGN KEY (`subject_id`) REFERENCES `subjects` (`id`) ON DELETE CASCADE
) ENGINE=InnoDB AUTO_INCREMENT=18 DEFAULT CHARSET=utf8mb4 COLLATE=utf8mb4_unicode_ci;

--
-- Dumping data for table `waiting_periods_schedule_data`
--

INSERT INTO `waiting_periods_schedule_data` (`id`, `schedule_id`, `school_employee_id`, `school_class_id`, `subject_id`, `period_id`, `created_at`, `updated_at`) VALUES (3,5,174,2462,5,2,NULL,NULL),(6,5,752,2462,5,3,NULL,NULL),(11,1,635,2019,1,1,'2024-10-17 08:47:32','2024-10-17 08:47:32'),(12,1,638,2019,3,2,'2024-10-17 08:47:32','2024-10-17 08:47:32'),(13,1,638,2026,5,3,'2024-10-17 08:47:32','2024-10-17 08:47:32'),(14,20,635,2019,1,1,'2024-10-17 08:57:31','2024-10-17 08:57:31'),(15,20,638,2019,3,2,'2024-10-17 08:57:31','2024-10-17 08:57:31'),(16,20,638,2026,5,3,'2024-10-17 08:57:31','2024-10-17 08:57:31');

--
-- Table structure for table `waiting_periods_schedules`
--

CREATE TABLE `waiting_periods_schedules` (
  `id` bigint unsigned NOT NULL AUTO_INCREMENT,
  `school_employee_id` bigint unsigned NOT NULL,
  `school_id` bigint unsigned NOT NULL,
  `semester_id` bigint unsigned NOT NULL,
  `day_id` bigint unsigned NOT NULL,
  `namazeg_version_id` bigint unsigned DEFAULT NULL,
  `absent_periods_count` int NOT NULL DEFAULT '0',
  `creation_date` varchar(150) COLLATE utf8mb4_unicode_ci DEFAULT NULL,
  `created_at` timestamp NULL DEFAULT NULL,
  `updated_at` timestamp NULL DEFAULT NULL,
  `user_id` bigint unsigned DEFAULT NULL,
  PRIMARY KEY (`id`),
  KEY `waiting_periods_schedules_school_id_foreign` (`school_id`),
  KEY `waiting_periods_schedules_school_employee_id_foreign` (`school_employee_id`),
  KEY `waiting_periods_schedules_semester_id_foreign` (`semester_id`),
  KEY `waiting_periods_schedules_day_id_foreign` (`day_id`),
  KEY `waiting_periods_schedules_namazeg_version_id_foreign` (`namazeg_version_id`),
  CONSTRAINT `waiting_periods_schedules_day_id_foreign` FOREIGN KEY (`day_id`) REFERENCES `days` (`id`) ON DELETE CASCADE,
  CONSTRAINT `waiting_periods_schedules_namazeg_version_id_foreign` FOREIGN KEY (`namazeg_version_id`) REFERENCES `namazeg_versions` (`id`) ON DELETE CASCADE,
  CONSTRAINT `waiting_periods_schedules_school_employee_id_foreign` FOREIGN KEY (`school_employee_id`) REFERENCES `school_employees` (`id`) ON DELETE CASCADE,
  CONSTRAINT `waiting_periods_schedules_school_id_foreign` FOREIGN KEY (`school_id`) REFERENCES `schools` (`id`) ON DELETE CASCADE,
  CONSTRAINT `waiting_periods_schedules_semester_id_foreign` FOREIGN KEY (`semester_id`) REFERENCES `semesters` (`id`) ON DELETE CASCADE
) ENGINE=InnoDB AUTO_INCREMENT=27 DEFAULT CHARSET=utf8mb4 COLLATE=utf8mb4_unicode_ci;

--
-- Dumping data for table `waiting_periods_schedules`
--

INSERT INTO `waiting_periods_schedules` (`id`, `school_employee_id`, `school_id`, `semester_id`, `day_id`, `namazeg_version_id`, `absent_periods_count`, `creation_date`, `created_at`, `updated_at`, `user_id`) VALUES (1,638,39,1,1,NULL,0,'25/09/2024','2024-10-04 10:18:40','2024-10-12 19:44:13',29),(2,635,39,1,1,NULL,0,'25/09/2024','2024-10-04 10:30:55','2024-10-04 10:30:55',NULL),(3,635,39,1,1,NULL,0,'25/09/2024','2024-10-04 11:13:57','2024-10-04 11:13:57',NULL),(5,175,81,1,3,NULL,1,'08/10/2024',NULL,NULL,NULL),(6,635,39,1,1,NULL,0,'25/09/2024','2024-10-13 01:22:45','2024-10-13 01:22:45',29),(7,635,39,1,1,NULL,0,'25/09/2024','2024-10-16 16:07:08','2024-10-16 16:07:08',229),(8,635,39,1,1,NULL,0,'25/09/2024','2024-10-16 16:07:47','2024-10-16 16:07:47',29),(9,638,39,1,1,NULL,0,'25/09/2024','2024-10-16 20:16:54','2024-10-16 20:16:54',29),(10,638,39,1,1,NULL,0,'25/09/2024','2024-10-16 20:17:52','2024-10-16 20:17:52',29),(11,638,39,1,1,NULL,0,'25/09/2024','2024-10-16 20:40:48','2024-10-16 20:40:48',29),(12,638,39,1,1,NULL,0,'25/09/2024','2024-10-16 20:41:14','2024-10-16 20:41:14',29),(13,640,39,1,1,NULL,0,'25/09/2024','2024-10-16 20:42:45','2024-10-16 20:42:45',29),(14,640,39,1,1,NULL,0,'25/09/2024','2024-10-16 20:48:39','2024-10-16 20:48:39',29),(15,639,39,1,1,NULL,0,'25/09/2024','2024-10-16 20:50:25','2024-10-16 20:50:25',29),(16,639,39,1,1,NULL,0,'25/09/2024','2024-10-16 21:59:49','2024-10-16 21:59:49',29),(17,641,39,1,1,NULL,0,'25/09/2024','2024-10-16 22:43:00','2024-10-16 22:43:00',29),(18,641,39,1,1,NULL,0,'25/09/2024','2024-10-16 22:44:59','2024-10-16 22:44:59',29),(19,641,39,1,1,NULL,0,'25/09/2024','2024-10-16 22:46:37','2024-10-16 22:46:37',29),(20,641,39,1,1,NULL,0,'25/09/2024','2024-10-17 08:57:26','2024-10-17 08:57:26',29),(21,640,39,1,1,NULL,0,'25/09/2024','2024-10-17 08:58:14','2024-10-17 08:58:14',29),(22,638,39,1,1,NULL,0,'25/09/2024','2024-10-17 08:59:07','2024-10-17 08:59:10',29),(23,638,39,1,1,NULL,0,'25/09/2024','2024-10-17 08:59:40','2024-10-17 08:59:40',29),(24,640,39,1,1,NULL,0,'25/09/2024','2024-10-17 09:02:16','2024-10-17 09:02:16',29),(25,638,39,1,1,NULL,0,'25/09/2024','2024-10-17 09:06:34','2024-10-17 09:06:34',29),(26,640,39,1,1,NULL,0,'25/09/2024','2024-10-17 09:07:30','2024-10-17 09:07:30',29);

--
-- Table structure for table `weeks`
--

CREATE TABLE `weeks` (
  `id` bigint unsigned NOT NULL AUTO_INCREMENT,
  `name` varchar(191) COLLATE utf8mb4_unicode_ci NOT NULL,
  `created_at` timestamp NULL DEFAULT NULL,
  `updated_at` timestamp NULL DEFAULT NULL,
  PRIMARY KEY (`id`)
) ENGINE=InnoDB AUTO_INCREMENT=40 DEFAULT CHARSET=utf8mb4 COLLATE=utf8mb4_unicode_ci;

--
-- Dumping data for table `weeks`
--

INSERT INTO `weeks` (`id`, `name`, `created_at`, `updated_at`) VALUES (1,'الأول','2024-08-21 08:50:12','2024-08-21 08:50:12'),(2,'الثاني','2024-08-21 08:50:12','2024-08-21 08:50:12'),(3,'الثالث','2024-08-21 08:50:12','2024-08-21 08:50:12'),(4,'الرابع','2024-08-21 08:50:12','2024-08-21 08:50:12'),(5,'الخامس','2024-08-21 08:50:12','2024-08-21 08:50:12'),(6,'السادس','2024-08-21 08:50:12','2024-08-21 08:50:12'),(7,'السابع','2024-08-21 08:50:12','2024-08-21 08:50:12'),(8,'الثامن','2024-08-21 08:50:12','2024-08-21 08:50:12'),(9,'التاسع','2024-08-21 08:50:12','2024-08-21 08:50:12'),(10,'العاشر','2024-08-21 08:50:12','2024-08-21 08:50:12'),(11,'الحادي عشر','2024-08-21 08:50:12','2024-08-21 08:50:12'),(12,'الثاني عشر','2024-08-21 08:50:12','2024-08-21 08:50:12'),(13,'الثالث عشر','2024-08-21 08:50:12','2024-08-21 08:50:12');

--
-- Dumping events for database 'digiflydev_laam_app'
--

--
-- Dumping routines for database 'digiflydev_laam_app'
--


