-- Table structure for table `products`
--

CREATE TABLE `products` (
  `id` bigint unsigned NOT NULL AUTO_INCREMENT,
  `name` varchar(191) CHARACTER SET utf8mb4 COLLATE utf8mb4_unicode_ci NOT NULL,
  `type` enum('subscription','sms') CHARACTER SET utf8mb4 COLLATE utf8mb4_unicode_ci NOT NULL,
  `price` int NOT NULL,
  `messages_count` int DEFAULT NULL,
  `description` text CHARACTER SET utf8mb4 COLLATE utf8mb4_unicode_ci,
  `created_at` timestamp NULL DEFAULT NULL,
  `updated_at` timestamp NULL DEFAULT NULL,
  `deleted_at` timestamp NULL DEFAULT NULL,
  PRIMARY KEY (`id`)
) ENGINE=InnoDB AUTO_INCREMENT=6 DEFAULT CHARSET=utf8mb4 COLLATE=utf8mb4_unicode_ci;

--
-- Dumping data for table `products`
--

INSERT INTO `products` (`id`, `name`, `type`, `price`, `messages_count`, `description`, `created_at`, `updated_at`, `deleted_at`) VALUES (1,'اشتراك سنوي','subscription',3000,NULL,'اشتراك سنوي','2024-11-14 13:33:20','2024-11-14 13:33:20',NULL),(2,'باقة برونزية','sms',100,100,'رسالة 1000','2024-11-14 13:33:20','2024-11-14 13:33:20',NULL),(3,'باقة فضية','sms',2000,2000,'رسالة 2500','2024-11-14 13:33:20','2024-11-14 13:33:20',NULL),(4,'باقة ذهبية','sms',3000,3000,'رسالة 5000','2024-11-14 13:33:20','2024-11-14 13:33:20',NULL),(5,'باقة تجريبيه','sms',0,5,'رسالة 5','2024-11-14 13:33:20','2024-11-14 13:33:20',NULL);

--
-- Table structure for table `related_violations`
--

CREATE TABLE `related_violations` (
  `id` bigint unsigned NOT NULL AUTO_INCREMENT,
  `relation_violation_titles_id` bigint unsigned NOT NULL,
  `violation_titles_id` int unsigned DEFAULT NULL,
  `violation_punishment_id` bigint unsigned NOT NULL,
  `addition_related` enum('addition','related') COLLATE utf8mb4_unicode_ci NOT NULL DEFAULT 'addition',
  `created_at` timestamp NULL DEFAULT NULL,
  `updated_at` timestamp NULL DEFAULT NULL,
  `custom_name` varchar(191) COLLATE utf8mb4_unicode_ci NOT NULL,
  PRIMARY KEY (`id`),
  KEY `related_violations_relation_violation_titles_id_foreign` (`relation_violation_titles_id`),
  KEY `related_violations_violation_punishment_id_foreign` (`violation_punishment_id`),
  CONSTRAINT `related_violations_relation_violation_titles_id_foreign` FOREIGN KEY (`relation_violation_titles_id`) REFERENCES `violation_titles` (`id`) ON DELETE CASCADE,
  CONSTRAINT `related_violations_violation_punishment_id_foreign` FOREIGN KEY (`violation_punishment_id`) REFERENCES `namazeg` (`id`) ON DELETE CASCADE
) ENGINE=InnoDB AUTO_INCREMENT=16 DEFAULT CHARSET=utf8mb4 COLLATE=utf8mb4_unicode_ci;

--
-- Dumping data for table `related_violations`
--

INSERT INTO `related_violations` (`id`, `relation_violation_titles_id`, `violation_titles_id`, `violation_punishment_id`, `addition_related`, `created_at`, `updated_at`, `custom_name`) VALUES (4,19,10,151,'related','2024-11-16 13:47:47','2024-11-16 13:47:47','اجراء رمزى من الاجراء الاول فى الثانى'),(5,19,10,149,'related','2024-11-16 13:47:47','2024-11-16 13:47:47','اجراء رمزى من الاجراء الاول فى الثانى'),(6,19,10,152,'related','2024-11-16 13:47:47','2024-11-16 13:47:47','اجراء رمزى من الاجراء الاول فى الثانى'),(7,19,10,147,'addition','2024-11-16 13:47:47','2024-11-16 13:47:47','اجراء رمزى من الاجراء الاول فى الثانى'),(10,32,31,143,'related','2024-11-17 08:40:58','2024-11-17 08:40:58','نماذج الاجراء الثالث'),(11,32,31,142,'related','2024-11-17 08:40:58','2024-11-17 08:40:58','نماذج الاجراء الثالث'),(12,31,30,133,'related','2024-11-17 09:45:11','2024-11-17 09:45:11','نماذج الإجراء الثاني'),(13,31,30,147,'related','2024-11-17 09:45:11','2024-11-17 09:45:11','نماذج الإجراء الثاني'),(14,16,15,133,'related','2024-11-19 10:18:20','2024-11-19 10:18:20','نماذج الاجراء الثاني'),(15,16,15,135,'related','2024-11-19 10:18:20','2024-11-19 10:18:20','نماذج الاجراء الثاني');

--
-- Table structure for table `report_absent_lates`
--

CREATE TABLE `report_absent_lates` (
  `id` bigint unsigned NOT NULL AUTO_INCREMENT,
  `school_id` bigint unsigned DEFAULT NULL,
  `report_category_id` bigint unsigned NOT NULL,
  `report_category` enum('late_teachers','absent_teachers','late_students','absent_students') COLLATE utf8mb4_unicode_ci DEFAULT NULL,
  `report_type` enum('daily','weekly','classy') COLLATE utf8mb4_unicode_ci DEFAULT NULL,
  `class_name_id` bigint unsigned DEFAULT NULL,
  `class_id` bigint unsigned DEFAULT NULL,
  `semester_id` bigint unsigned DEFAULT NULL,
  `week_id` bigint unsigned DEFAULT NULL,
  `namazeg_version_id` bigint unsigned DEFAULT NULL,
  `date` varchar(191) COLLATE utf8mb4_unicode_ci DEFAULT NULL,
  `date_type` enum('coptic','hijri') COLLATE utf8mb4_unicode_ci DEFAULT NULL,
  `created_at` timestamp NULL DEFAULT NULL,
  `updated_at` timestamp NULL DEFAULT NULL,
  `deleted_at` timestamp NULL DEFAULT NULL,
  PRIMARY KEY (`id`),
  KEY `report_absent_lates_school_id_foreign` (`school_id`),
  KEY `report_absent_lates_class_name_id_foreign` (`class_name_id`),
  KEY `report_absent_lates_class_id_foreign` (`class_id`),
  KEY `report_absent_lates_semester_id_foreign` (`semester_id`),
  KEY `report_absent_lates_week_id_foreign` (`week_id`),
  CONSTRAINT `report_absent_lates_class_id_foreign` FOREIGN KEY (`class_id`) REFERENCES `school_classes` (`id`) ON DELETE CASCADE,
  CONSTRAINT `report_absent_lates_class_name_id_foreign` FOREIGN KEY (`class_name_id`) REFERENCES `class_names` (`id`) ON DELETE CASCADE,
  CONSTRAINT `report_absent_lates_school_id_foreign` FOREIGN KEY (`school_id`) REFERENCES `schools` (`id`) ON DELETE CASCADE,
  CONSTRAINT `report_absent_lates_semester_id_foreign` FOREIGN KEY (`semester_id`) REFERENCES `semesters` (`id`) ON DELETE CASCADE,
  CONSTRAINT `report_absent_lates_week_id_foreign` FOREIGN KEY (`week_id`) REFERENCES `weeks` (`id`) ON DELETE CASCADE
) ENGINE=InnoDB AUTO_INCREMENT=46 DEFAULT CHARSET=utf8mb4 COLLATE=utf8mb4_unicode_ci;

--
-- Dumping data for table `report_absent_lates`
--

INSERT INTO `report_absent_lates` (`id`, `school_id`, `report_category_id`, `report_category`, `report_type`, `class_name_id`, `class_id`, `semester_id`, `week_id`, `namazeg_version_id`, `date`, `date_type`, `created_at`, `updated_at`, `deleted_at`) VALUES (1,81,7,'absent_teachers',NULL,NULL,NULL,NULL,NULL,NULL,NULL,NULL,'2024-10-31 07:44:21','2024-10-31 07:44:21',NULL),(2,81,7,'late_teachers',NULL,NULL,NULL,NULL,NULL,NULL,NULL,NULL,'2024-10-31 07:44:28','2024-10-31 07:44:28',NULL),(3,81,7,'absent_students','daily',NULL,NULL,NULL,NULL,NULL,'28/04/1446','hijri','2024-10-31 08:11:34','2024-10-31 08:11:34',NULL),(4,81,7,'absent_students','daily',7,2462,NULL,NULL,NULL,'28/04/1446','hijri','2024-10-31 08:25:57','2024-10-31 08:25:57',NULL),(5,81,7,'absent_students','daily',7,2462,NULL,NULL,NULL,'22/10/2024','coptic','2024-10-31 08:57:44','2024-10-31 08:57:44',NULL),(6,81,7,'absent_students','daily',7,2462,NULL,NULL,NULL,'22/10/2024','coptic','2024-10-31 09:09:26','2024-10-31 09:09:26',NULL),(7,81,7,'absent_students','classy',10,2465,1,NULL,NULL,NULL,NULL,'2024-10-31 09:29:05','2024-10-31 09:29:05',NULL),(8,81,7,'absent_students','weekly',7,2462,NULL,4,NULL,NULL,NULL,'2024-10-31 09:38:48','2024-10-31 09:38:48',NULL),(9,81,7,'absent_students','classy',10,2465,1,NULL,NULL,NULL,NULL,'2024-10-31 09:39:41','2024-10-31 09:39:41',NULL),(10,81,7,'absent_students','weekly',10,2465,NULL,3,NULL,NULL,NULL,'2024-10-31 09:40:24','2024-10-31 09:40:24',NULL),(11,81,7,'absent_students','weekly',7,2462,NULL,3,NULL,NULL,NULL,'2024-10-31 09:41:15','2024-10-31 09:41:15',NULL),(12,81,7,'absent_students','classy',7,2462,1,NULL,NULL,NULL,NULL,'2024-10-31 09:41:41','2024-10-31 09:41:41',NULL),(13,81,7,'absent_students','weekly',7,2462,NULL,3,NULL,NULL,NULL,'2024-10-31 09:42:02','2024-10-31 09:42:02',NULL),(14,81,7,'late_students','weekly',7,2462,1,3,NULL,NULL,NULL,'2024-10-31 09:46:35','2024-10-31 09:46:35',NULL),(15,81,7,'late_students','daily',11,2464,NULL,NULL,NULL,'28/04/1446','hijri','2024-10-31 09:59:14','2024-10-31 09:59:14',NULL),(16,81,7,'late_students','classy',11,2464,4,NULL,NULL,NULL,NULL,'2024-10-31 09:59:45','2024-10-31 09:59:45',NULL),(17,81,7,'absent_students','weekly',7,2462,1,3,NULL,NULL,NULL,'2024-10-31 10:45:35','2024-10-31 10:45:35',NULL),(18,81,7,NULL,NULL,NULL,NULL,NULL,NULL,NULL,NULL,NULL,'2024-10-31 12:22:58','2024-10-31 12:22:58',NULL),(19,81,7,'absent_students','daily',10,2467,NULL,NULL,NULL,'28/04/1446','hijri','2024-10-31 12:32:04','2024-10-31 12:32:04',NULL),(20,81,7,'absent_students','weekly',7,2462,1,6,NULL,NULL,NULL,'2024-11-05 09:20:03','2024-11-05 09:20:03',NULL),(21,81,7,'absent_students','weekly',7,2462,1,3,NULL,NULL,NULL,'2024-11-05 09:27:20','2024-11-05 09:27:20',NULL),(22,81,7,'absent_students','daily',7,2462,NULL,NULL,NULL,'06/11/2024','coptic','2024-11-06 08:04:20','2024-11-06 08:04:20',NULL),(23,81,7,'absent_teachers',NULL,NULL,NULL,NULL,NULL,NULL,NULL,NULL,'2024-11-07 19:05:01','2024-11-07 19:05:01',NULL),(24,81,7,'late_teachers',NULL,NULL,NULL,NULL,NULL,NULL,NULL,NULL,'2024-11-07 19:05:41','2024-11-07 19:05:41',NULL),(25,81,7,'absent_students','daily',7,2462,NULL,NULL,NULL,'05/05/1446','hijri','2024-11-07 19:06:14','2024-11-07 19:06:14',NULL),(26,81,7,'absent_students','classy',10,2465,4,NULL,NULL,NULL,NULL,'2024-11-07 19:06:48','2024-11-07 19:06:48',NULL),(27,81,7,'absent_students','weekly',10,2467,1,1,NULL,NULL,NULL,'2024-11-07 19:07:30','2024-11-07 19:07:30',NULL),(28,81,7,'late_students','daily',11,2464,NULL,NULL,NULL,'25/05/1446','hijri','2024-11-07 19:08:04','2024-11-07 19:08:04',NULL),(29,81,7,'late_students','classy',11,2464,4,NULL,NULL,NULL,NULL,'2024-11-07 19:08:38','2024-11-07 19:08:38',NULL),(30,81,7,'late_students','weekly',11,2468,1,NULL,NULL,NULL,NULL,'2024-11-07 19:09:01','2024-11-07 19:09:01',NULL),(31,81,7,'late_students','weekly',11,2468,1,NULL,NULL,NULL,NULL,'2024-11-07 19:09:11','2024-11-07 19:09:11',NULL),(32,81,7,'late_students','weekly',11,2468,1,NULL,NULL,NULL,NULL,'2024-11-07 19:09:50','2024-11-07 19:09:50',NULL),(33,81,7,'late_students','classy',11,2468,1,NULL,NULL,NULL,NULL,'2024-11-07 19:10:07','2024-11-07 19:10:07',NULL),(36,81,7,'late_students','daily',10,2467,NULL,NULL,NULL,'05/05/1446','hijri','2024-11-07 19:11:43','2024-11-07 19:11:43',NULL),(37,81,7,'late_students','classy',11,2468,5,NULL,NULL,NULL,NULL,'2024-11-07 19:12:51','2024-11-07 19:12:51',NULL),(39,81,7,'late_students','weekly',10,2465,1,NULL,NULL,NULL,NULL,'2024-11-07 19:13:46','2024-11-07 19:13:46',NULL),(40,81,7,'late_students','weekly',10,2467,1,6,NULL,NULL,NULL,'2024-11-07 19:17:17','2024-11-07 19:17:17',NULL),(41,81,7,'absent_students','daily',7,2462,NULL,NULL,NULL,'10/05/1446','hijri','2024-11-07 20:57:11','2024-11-07 20:57:11',NULL),(42,112,7,'late_teachers',NULL,NULL,NULL,NULL,NULL,NULL,NULL,NULL,'2024-11-10 23:49:39','2024-11-10 23:49:39',NULL),(43,112,7,'absent_students','daily',30,2884,NULL,NULL,NULL,'09/05/1446','hijri','2024-11-10 23:49:54','2024-11-10 23:49:54',NULL),(44,112,7,'absent_students','daily',30,2884,NULL,NULL,NULL,'01/05/1446','hijri','2024-11-10 23:52:27','2024-11-10 23:52:27',NULL),(45,112,7,'late_students','daily',30,2885,NULL,NULL,NULL,'09/05/1446','hijri','2024-11-10 23:55:29','2024-11-10 23:55:29',NULL);

--
-- Table structure for table `report_administrative_works`
--

CREATE TABLE `report_administrative_works` (
  `id` bigint unsigned NOT NULL AUTO_INCREMENT,
  `report_category_id` bigint unsigned DEFAULT NULL,
  `school_id` bigint unsigned NOT NULL,
  `current_work_id` bigint unsigned NOT NULL,
  `report_type` enum('daily','period','monthly') COLLATE utf8mb4_unicode_ci NOT NULL,
  `date` varchar(191) COLLATE utf8mb4_unicode_ci DEFAULT NULL,
  `date_type` enum('coptic','hijri') COLLATE utf8mb4_unicode_ci DEFAULT NULL,
  `date_from` varchar(191) COLLATE utf8mb4_unicode_ci DEFAULT NULL,
  `date_from_type` enum('coptic','hijri') COLLATE utf8mb4_unicode_ci DEFAULT NULL,
  `date_to` varchar(191) COLLATE utf8mb4_unicode_ci DEFAULT NULL,
  `date_to_type` enum('coptic','hijri') COLLATE utf8mb4_unicode_ci DEFAULT NULL,
  `month` varchar(191) COLLATE utf8mb4_unicode_ci DEFAULT NULL,
  `namazeg_version_id` bigint unsigned DEFAULT NULL,
  `created_at` timestamp NULL DEFAULT NULL,
  `updated_at` timestamp NULL DEFAULT NULL,
  `deleted_at` timestamp NULL DEFAULT NULL,
  PRIMARY KEY (`id`),
  KEY `report_administrative_works_school_id_foreign` (`school_id`),
  KEY `report_administrative_works_current_work_id_foreign` (`current_work_id`),
  CONSTRAINT `report_administrative_works_current_work_id_foreign` FOREIGN KEY (`current_work_id`) REFERENCES `current_works` (`id`) ON DELETE CASCADE,
  CONSTRAINT `report_administrative_works_school_id_foreign` FOREIGN KEY (`school_id`) REFERENCES `schools` (`id`) ON DELETE CASCADE
) ENGINE=InnoDB AUTO_INCREMENT=32 DEFAULT CHARSET=utf8mb4 COLLATE=utf8mb4_unicode_ci;

--
-- Dumping data for table `report_administrative_works`
--

INSERT INTO `report_administrative_works` (`id`, `report_category_id`, `school_id`, `current_work_id`, `report_type`, `date`, `date_type`, `date_from`, `date_from_type`, `date_to`, `date_to_type`, `month`, `namazeg_version_id`, `created_at`, `updated_at`, `deleted_at`) VALUES (1,8,81,6,'daily','11/11/2024','coptic',NULL,NULL,NULL,NULL,NULL,NULL,'2024-10-31 09:08:34','2024-10-31 09:08:34',NULL),(2,8,81,6,'daily','11/12/2024','coptic',NULL,NULL,NULL,NULL,NULL,NULL,'2024-10-31 10:19:21','2024-10-31 10:19:21',NULL),(3,8,81,7,'daily','11/12/2024','coptic',NULL,NULL,NULL,NULL,NULL,NULL,'2024-10-31 10:43:38','2024-10-31 10:43:38',NULL),(4,8,81,6,'daily','11/12/2024','coptic',NULL,NULL,NULL,NULL,NULL,NULL,'2024-10-31 10:43:46','2024-10-31 10:43:46',NULL),(5,8,81,8,'daily','11/12/2024','coptic',NULL,NULL,NULL,NULL,NULL,NULL,'2024-10-31 10:43:53','2024-10-31 10:43:53',NULL),(6,8,81,6,'daily','28/04/1446','hijri',NULL,NULL,NULL,NULL,NULL,NULL,'2024-10-31 12:31:30','2024-10-31 12:31:30',NULL),(7,8,81,6,'period',NULL,NULL,'03/11/2024','coptic','21/11/2024','coptic',NULL,NULL,'2024-10-31 12:32:29','2024-10-31 12:32:29',NULL),(8,8,81,6,'monthly',NULL,NULL,NULL,NULL,NULL,NULL,'2',NULL,'2024-10-31 12:32:43','2024-10-31 12:32:43',NULL),(9,8,81,7,'period',NULL,NULL,'28/04/1446','hijri','26/05/1446','hijri',NULL,NULL,'2024-10-31 12:42:50','2024-10-31 12:42:50',NULL),(10,8,81,8,'monthly',NULL,NULL,NULL,NULL,NULL,NULL,'8',NULL,'2024-10-31 12:44:00','2024-10-31 12:44:00',NULL),(11,8,81,6,'daily','28/04/1446','hijri',NULL,NULL,NULL,NULL,NULL,NULL,'2024-10-31 12:44:17','2024-10-31 12:44:17',NULL),(12,8,81,8,'daily','11/11/2024','coptic',NULL,NULL,NULL,NULL,NULL,NULL,'2024-10-31 12:44:37','2024-10-31 12:44:37',NULL),(13,8,81,6,'daily','20/11/2024','coptic',NULL,NULL,NULL,NULL,NULL,NULL,'2024-11-03 09:13:37','2024-11-03 09:13:37',NULL),(14,8,81,6,'daily','26/05/1446','hijri',NULL,NULL,NULL,NULL,NULL,NULL,'2024-11-07 19:00:32','2024-11-07 19:00:32',NULL),(15,8,81,6,'period',NULL,NULL,'07/11/2024','coptic','27/11/2024','coptic',NULL,NULL,'2024-11-07 19:00:53','2024-11-07 19:00:53',NULL),(16,8,81,6,'monthly',NULL,NULL,NULL,NULL,NULL,NULL,'1',NULL,'2024-11-07 19:01:14','2024-11-07 19:01:14',NULL),(17,8,81,7,'daily','01/12/2024','coptic',NULL,NULL,NULL,NULL,NULL,NULL,'2024-11-07 19:02:05','2024-11-07 19:02:05',NULL),(18,8,81,7,'period',NULL,NULL,'05/05/1446','hijri','04/06/1446','hijri',NULL,NULL,'2024-11-07 19:02:19','2024-11-07 19:02:19',NULL),(19,8,81,7,'monthly',NULL,NULL,NULL,NULL,NULL,NULL,'2',NULL,'2024-11-07 19:02:29','2024-11-07 19:02:29',NULL),(20,8,81,8,'daily','05/05/1446','hijri',NULL,NULL,NULL,NULL,NULL,NULL,'2024-11-07 19:03:02','2024-11-07 19:03:02',NULL),(21,8,81,8,'period',NULL,NULL,'05/05/1446','hijri','12/05/1446','hijri',NULL,NULL,'2024-11-07 19:03:10','2024-11-07 19:03:10',NULL),(22,8,81,8,'monthly',NULL,NULL,NULL,NULL,NULL,NULL,'3',NULL,'2024-11-07 19:03:17','2024-11-07 19:03:17',NULL),(23,8,81,6,'daily','05/05/1446','hijri',NULL,NULL,NULL,NULL,NULL,NULL,'2024-11-07 19:38:51','2024-11-07 19:38:51',NULL),(24,8,81,6,'period',NULL,NULL,'05/05/1446','hijri','25/05/1446','hijri',NULL,NULL,'2024-11-07 19:39:09','2024-11-07 19:39:09',NULL),(25,8,81,6,'monthly',NULL,NULL,NULL,NULL,NULL,NULL,'12',NULL,'2024-11-07 19:39:21','2024-11-07 19:39:21',NULL),(26,8,81,7,'daily','07/11/2024','coptic',NULL,NULL,NULL,NULL,NULL,NULL,'2024-11-07 19:39:36','2024-11-07 19:39:36',NULL),(27,8,81,7,'period',NULL,NULL,'07/11/2024','coptic','20/11/2024','coptic',NULL,NULL,'2024-11-07 19:39:47','2024-11-07 19:39:47',NULL),(28,8,81,7,'monthly',NULL,NULL,NULL,NULL,NULL,NULL,'11',NULL,'2024-11-07 19:39:59','2024-11-07 19:39:59',NULL),(29,8,81,8,'daily','11/12/2024','coptic',NULL,NULL,NULL,NULL,NULL,NULL,'2024-11-07 19:40:26','2024-11-07 19:40:26',NULL),(30,8,81,8,'period',NULL,NULL,'14/11/2024','coptic','04/02/2025','coptic',NULL,NULL,'2024-11-07 19:40:43','2024-11-07 19:40:43',NULL),(31,8,81,8,'monthly',NULL,NULL,NULL,NULL,NULL,NULL,'2',NULL,'2024-11-07 19:40:56','2024-11-07 19:40:56',NULL);

--
-- Table structure for table `report_categories`
--

CREATE TABLE `report_categories` (
  `id` bigint unsigned NOT NULL AUTO_INCREMENT,
  `name` varchar(150) COLLATE utf8mb4_unicode_ci DEFAULT NULL,
  `parent_id` int unsigned DEFAULT NULL,
  `status` tinyint DEFAULT NULL,
  `created_at` timestamp NULL DEFAULT NULL,
  `updated_at` timestamp NULL DEFAULT NULL,
  `deleted_at` timestamp NULL DEFAULT NULL,
  PRIMARY KEY (`id`)
) ENGINE=InnoDB DEFAULT CHARSET=utf8mb4 COLLATE=utf8mb4_unicode_ci;

--
-- Dumping data for table `report_categories`
--


--
-- Table structure for table `report_committees_meetings`
--

CREATE TABLE `report_committees_meetings` (
  `id` bigint unsigned NOT NULL AUTO_INCREMENT,
  `school_id` bigint unsigned DEFAULT NULL,
  `report_category_id` bigint unsigned DEFAULT NULL,
  `date` varchar(191) COLLATE utf8mb4_unicode_ci DEFAULT NULL,
  `date_type` enum('coptic','hijri') COLLATE utf8mb4_unicode_ci DEFAULT NULL,
  `namazeg_version_id` bigint unsigned DEFAULT NULL,
  `created_at` timestamp NULL DEFAULT NULL,
  `updated_at` timestamp NULL DEFAULT NULL,
  `deleted_at` timestamp NULL DEFAULT NULL,
  PRIMARY KEY (`id`),
  KEY `report_committees_meetings_school_id_foreign` (`school_id`),
  CONSTRAINT `report_committees_meetings_school_id_foreign` FOREIGN KEY (`school_id`) REFERENCES `schools` (`id`) ON DELETE CASCADE
) ENGINE=InnoDB AUTO_INCREMENT=7 DEFAULT CHARSET=utf8mb4 COLLATE=utf8mb4_unicode_ci;

--
-- Dumping data for table `report_committees_meetings`
--

INSERT INTO `report_committees_meetings` (`id`, `school_id`, `report_category_id`, `date`, `date_type`, `namazeg_version_id`, `created_at`, `updated_at`, `deleted_at`) VALUES (1,81,6,'28/04/1446','hijri',NULL,'2024-10-31 07:43:57','2024-10-31 07:43:57',NULL),(2,81,6,'05/11/2024','coptic',NULL,'2024-11-02 16:43:29','2024-11-02 16:43:29',NULL),(3,81,6,'25/05/1446','hijri',NULL,'2024-11-07 18:48:27','2024-11-07 18:48:27',NULL),(4,81,6,'05/12/2024','coptic',NULL,'2024-11-07 18:50:33','2024-11-07 18:50:33',NULL),(5,112,6,'09/05/1446','hijri',NULL,'2024-11-10 23:49:25','2024-11-10 23:49:25',NULL),(6,98,6,'16/05/1446','hijri',NULL,'2024-11-18 08:55:27','2024-11-18 08:55:27',NULL);

--
-- Table structure for table `report_educational_adminstrative_alerts`
--

CREATE TABLE `report_educational_adminstrative_alerts` (
  `id` bigint unsigned NOT NULL AUTO_INCREMENT,
  `school_id` bigint unsigned DEFAULT NULL,
  `report_category_id` bigint unsigned DEFAULT NULL,
  `semester_id` bigint unsigned DEFAULT NULL,
  `namazeg_version_id` bigint unsigned DEFAULT NULL,
  `created_at` timestamp NULL DEFAULT NULL,
  `updated_at` timestamp NULL DEFAULT NULL,
  `deleted_at` timestamp NULL DEFAULT NULL,
  PRIMARY KEY (`id`),
  KEY `report_educational_adminstrative_alerts_school_id_foreign` (`school_id`),
  KEY `report_educational_adminstrative_alerts_semester_id_foreign` (`semester_id`),
  CONSTRAINT `report_educational_adminstrative_alerts_school_id_foreign` FOREIGN KEY (`school_id`) REFERENCES `schools` (`id`) ON DELETE CASCADE,
  CONSTRAINT `report_educational_adminstrative_alerts_semester_id_foreign` FOREIGN KEY (`semester_id`) REFERENCES `semesters` (`id`) ON DELETE CASCADE
) ENGINE=InnoDB AUTO_INCREMENT=15 DEFAULT CHARSET=utf8mb4 COLLATE=utf8mb4_unicode_ci;

--
-- Dumping data for table `report_educational_adminstrative_alerts`
--

INSERT INTO `report_educational_adminstrative_alerts` (`id`, `school_id`, `report_category_id`, `semester_id`, `namazeg_version_id`, `created_at`, `updated_at`, `deleted_at`) VALUES (1,81,11,1,NULL,'2024-11-02 08:22:31','2024-11-02 08:22:31',NULL),(2,81,11,1,NULL,'2024-11-02 08:45:12','2024-11-02 08:45:12',NULL),(3,81,11,1,NULL,'2024-11-02 08:45:37','2024-11-02 08:45:37',NULL),(4,81,11,1,NULL,'2024-11-02 08:46:00','2024-11-02 08:46:00',NULL),(5,81,11,1,NULL,'2024-11-04 18:51:26','2024-11-04 18:51:26',NULL),(6,81,11,4,NULL,'2024-11-05 11:00:28','2024-11-05 11:00:28',NULL),(8,81,11,1,NULL,'2024-11-07 19:55:42','2024-11-07 19:55:42',NULL),(9,81,11,4,NULL,'2024-11-07 19:55:47','2024-11-07 19:55:47',NULL),(11,81,11,1,NULL,'2024-11-09 17:12:32','2024-11-09 17:12:32',NULL),(13,81,11,1,NULL,'2024-11-10 09:21:01','2024-11-10 09:21:01',NULL);

--
-- Table structure for table `report_educational_adminstrative_class_visits`
--

CREATE TABLE `report_educational_adminstrative_class_visits` (
  `id` bigint unsigned NOT NULL AUTO_INCREMENT,
  `school_id` bigint unsigned DEFAULT NULL,
  `report_category_id` bigint unsigned DEFAULT NULL,
  `semester_id` bigint unsigned DEFAULT NULL,
  `namazeg_version_id` bigint unsigned DEFAULT NULL,
  `created_at` timestamp NULL DEFAULT NULL,
  `updated_at` timestamp NULL DEFAULT NULL,
  `deleted_at` timestamp NULL DEFAULT NULL,
  PRIMARY KEY (`id`)
) ENGINE=InnoDB AUTO_INCREMENT=12 DEFAULT CHARSET=utf8mb4 COLLATE=utf8mb4_unicode_ci;

--
-- Dumping data for table `report_educational_adminstrative_class_visits`
--

INSERT INTO `report_educational_adminstrative_class_visits` (`id`, `school_id`, `report_category_id`, `semester_id`, `namazeg_version_id`, `created_at`, `updated_at`, `deleted_at`) VALUES (1,81,10,1,NULL,'2024-11-01 12:28:12','2024-11-01 12:28:12',NULL),(2,81,10,NULL,NULL,'2024-11-02 08:13:05','2024-11-02 08:13:05',NULL),(3,81,10,1,NULL,'2024-11-02 08:18:32','2024-11-02 08:18:32',NULL),(4,81,10,4,NULL,'2024-11-02 08:18:36','2024-11-02 08:18:36',NULL),(5,81,10,5,NULL,'2024-11-02 08:18:40','2024-11-02 08:18:40',NULL),(6,81,10,1,NULL,'2024-11-03 11:42:17','2024-11-03 11:42:17',NULL),(7,81,10,1,NULL,'2024-11-07 19:53:07','2024-11-07 19:53:07',NULL),(8,81,10,4,NULL,'2024-11-07 19:53:12','2024-11-07 19:53:12',NULL),(9,81,10,5,NULL,'2024-11-07 19:53:16','2024-11-07 19:53:16',NULL),(10,81,10,1,NULL,'2024-11-07 19:53:23','2024-11-07 19:53:23',NULL),(11,81,10,4,NULL,'2024-11-07 19:53:27','2024-11-07 19:53:27',NULL);

--
-- Table structure for table `report_educational_adminstrative_works`
--

CREATE TABLE `report_educational_adminstrative_works` (
  `id` bigint unsigned NOT NULL AUTO_INCREMENT,
  `school_id` bigint unsigned DEFAULT NULL,
  `report_category_id` bigint unsigned DEFAULT NULL,
  `report_type` enum('daily','period','monthly') COLLATE utf8mb4_unicode_ci DEFAULT NULL,
  `date` varchar(191) COLLATE utf8mb4_unicode_ci DEFAULT NULL,
  `date_type` enum('coptic','hijri') COLLATE utf8mb4_unicode_ci DEFAULT NULL,
  `date_from` varchar(191) COLLATE utf8mb4_unicode_ci DEFAULT NULL,
  `date_from_type` enum('coptic','hijri') COLLATE utf8mb4_unicode_ci DEFAULT NULL,
  `date_to` varchar(191) COLLATE utf8mb4_unicode_ci DEFAULT NULL,
  `date_to_type` enum('coptic','hijri') COLLATE utf8mb4_unicode_ci DEFAULT NULL,
  `month` varchar(191) COLLATE utf8mb4_unicode_ci DEFAULT NULL,
  `namazeg_version_id` int unsigned DEFAULT NULL,
  `created_at` timestamp NULL DEFAULT NULL,
  `updated_at` timestamp NULL DEFAULT NULL,
  `deleted_at` timestamp NULL DEFAULT NULL,
  PRIMARY KEY (`id`),
  KEY `report_educational_adminstrative_works_school_id_foreign` (`school_id`),
  CONSTRAINT `report_educational_adminstrative_works_school_id_foreign` FOREIGN KEY (`school_id`) REFERENCES `schools` (`id`) ON DELETE CASCADE
) ENGINE=InnoDB AUTO_INCREMENT=16 DEFAULT CHARSET=utf8mb4 COLLATE=utf8mb4_unicode_ci;

--
-- Dumping data for table `report_educational_adminstrative_works`
--

INSERT INTO `report_educational_adminstrative_works` (`id`, `school_id`, `report_category_id`, `report_type`, `date`, `date_type`, `date_from`, `date_from_type`, `date_to`, `date_to_type`, `month`, `namazeg_version_id`, `created_at`, `updated_at`, `deleted_at`) VALUES (1,81,9,'daily','31/10/2024','coptic',NULL,NULL,NULL,NULL,NULL,NULL,'2024-10-31 13:03:29','2024-10-31 13:03:29',NULL),(2,81,9,'period',NULL,NULL,'31/10/2024','coptic','11/11/2024','coptic',NULL,NULL,'2024-10-31 13:04:21','2024-10-31 13:04:21',NULL),(3,81,9,'monthly',NULL,NULL,NULL,NULL,NULL,NULL,'2',NULL,'2024-10-31 13:04:46','2024-10-31 13:04:46',NULL),(4,81,9,NULL,'28/10/2024','coptic',NULL,NULL,NULL,NULL,NULL,NULL,'2024-10-31 13:57:29','2024-10-31 13:57:29',NULL),(5,81,9,NULL,NULL,NULL,NULL,NULL,NULL,NULL,NULL,NULL,'2024-10-31 13:57:46','2024-10-31 13:57:46',NULL),(6,81,9,NULL,NULL,NULL,NULL,NULL,NULL,NULL,NULL,NULL,'2024-10-31 14:00:06','2024-10-31 14:00:06',NULL),(7,81,9,NULL,NULL,NULL,NULL,NULL,NULL,NULL,'8',NULL,'2024-10-31 14:00:45','2024-10-31 14:00:45',NULL),(8,81,9,NULL,NULL,NULL,'28/04/1446','hijri','05/05/1446','hijri',NULL,NULL,'2024-10-31 14:00:54','2024-10-31 14:00:54',NULL),(9,81,9,'daily','05/05/1446','hijri',NULL,NULL,NULL,NULL,NULL,NULL,'2024-10-31 14:02:36','2024-10-31 14:02:36',NULL),(10,81,9,'period',NULL,NULL,'31/10/2024','coptic','06/11/2024','coptic',NULL,NULL,'2024-10-31 14:02:50','2024-10-31 14:02:50',NULL),(11,81,9,'daily','29/04/1446','hijri',NULL,NULL,NULL,NULL,NULL,NULL,'2024-11-01 12:24:44','2024-11-01 12:24:44',NULL),(12,81,9,'daily','01/05/1446','hijri',NULL,NULL,NULL,NULL,NULL,NULL,'2024-11-03 10:55:47','2024-11-03 10:55:47',NULL),(13,81,9,'daily','28/11/2024','coptic',NULL,NULL,NULL,NULL,NULL,NULL,'2024-11-07 19:46:13','2024-11-07 19:46:13',NULL),(14,81,9,'period',NULL,NULL,'05/05/1446','hijri','15/05/1446','hijri',NULL,NULL,'2024-11-07 19:50:04','2024-11-07 19:50:04',NULL),(15,81,9,'monthly',NULL,NULL,NULL,NULL,NULL,NULL,'4',NULL,'2024-11-07 19:50:13','2024-11-07 19:50:13',NULL);

--
-- Table structure for table `report_school_adminstrative_absent_lates`
--

CREATE TABLE `report_school_adminstrative_absent_lates` (
  `id` bigint unsigned NOT NULL AUTO_INCREMENT,
  `school_id` bigint unsigned DEFAULT NULL,
  `report_category_id` bigint unsigned DEFAULT NULL,
  `date` varchar(191) COLLATE utf8mb4_unicode_ci DEFAULT NULL,
  `date_type` enum('coptic','hijri') COLLATE utf8mb4_unicode_ci DEFAULT NULL,
  `report_category` enum('late_teachers','absent_teachers') COLLATE utf8mb4_unicode_ci DEFAULT NULL,
  `namazeg_version_id` bigint unsigned DEFAULT NULL,
  `created_at` timestamp NULL DEFAULT NULL,
  `updated_at` timestamp NULL DEFAULT NULL,
  `deleted_at` timestamp NULL DEFAULT NULL,
  PRIMARY KEY (`id`),
  KEY `report_school_adminstrative_absent_lates_school_id_foreign` (`school_id`),
  CONSTRAINT `report_school_adminstrative_absent_lates_school_id_foreign` FOREIGN KEY (`school_id`) REFERENCES `schools` (`id`) ON DELETE CASCADE
) ENGINE=InnoDB AUTO_INCREMENT=12 DEFAULT CHARSET=utf8mb4 COLLATE=utf8mb4_unicode_ci;

--
-- Dumping data for table `report_school_adminstrative_absent_lates`
--

INSERT INTO `report_school_adminstrative_absent_lates` (`id`, `school_id`, `report_category_id`, `date`, `date_type`, `report_category`, `namazeg_version_id`, `created_at`, `updated_at`, `deleted_at`) VALUES (1,81,13,'02/11/2024','coptic','late_teachers',NULL,'2024-11-02 13:03:16','2024-11-02 13:03:16',NULL),(2,81,13,'02/11/2024','coptic','late_teachers',NULL,'2024-11-02 14:33:49','2024-11-02 14:33:49',NULL),(3,81,13,'02/11/2024','coptic','late_teachers',NULL,'2024-11-02 14:33:57','2024-11-02 14:33:57',NULL),(4,81,13,'02/11/2024','coptic','late_teachers',NULL,'2024-11-02 14:34:19','2024-11-02 14:34:19',NULL),(5,81,13,'02/11/2024','coptic','absent_teachers',NULL,'2024-11-02 14:35:47','2024-11-02 14:35:47',NULL),(6,81,13,'02/11/2024','coptic','late_teachers',NULL,'2024-11-02 14:35:50','2024-11-02 14:35:50',NULL),(7,81,13,'03/11/2024','coptic','absent_teachers',NULL,'2024-11-03 14:19:42','2024-11-03 14:19:42',NULL),(8,81,13,'07/11/2024','coptic','absent_teachers',NULL,'2024-11-07 20:41:51','2024-11-07 20:41:51',NULL),(9,81,13,'07/11/2024','coptic','late_teachers',NULL,'2024-11-07 20:41:59','2024-11-07 20:41:59',NULL),(10,81,13,'07/11/2024','coptic','absent_teachers',NULL,'2024-11-07 20:42:06','2024-11-07 20:42:06',NULL),(11,81,13,'07/11/2024','coptic','late_teachers',NULL,'2024-11-07 20:42:10','2024-11-07 20:42:10',NULL);

--
-- Table structure for table `report_school_adminstrative_works`
--

CREATE TABLE `report_school_adminstrative_works` (
  `id` bigint unsigned NOT NULL AUTO_INCREMENT,
  `school_id` bigint unsigned DEFAULT NULL,
  `report_category_id` bigint unsigned DEFAULT NULL,
  `report_type` enum('daily','period','monthly') COLLATE utf8mb4_unicode_ci DEFAULT NULL,
  `date` varchar(191) COLLATE utf8mb4_unicode_ci DEFAULT NULL,
  `date_type` enum('coptic','hijri') COLLATE utf8mb4_unicode_ci DEFAULT NULL,
  `date_from` varchar(191) COLLATE utf8mb4_unicode_ci DEFAULT NULL,
  `date_from_type` enum('coptic','hijri') COLLATE utf8mb4_unicode_ci DEFAULT NULL,
  `date_to` varchar(191) COLLATE utf8mb4_unicode_ci DEFAULT NULL,
  `date_to_type` enum('coptic','hijri') COLLATE utf8mb4_unicode_ci DEFAULT NULL,
  `month` varchar(191) COLLATE utf8mb4_unicode_ci DEFAULT NULL,
  `namazeg_version_id` int unsigned DEFAULT NULL,
  `created_at` timestamp NULL DEFAULT NULL,
  `updated_at` timestamp NULL DEFAULT NULL,
  `deleted_at` timestamp NULL DEFAULT NULL,
  PRIMARY KEY (`id`),
  KEY `report_school_adminstrative_works_school_id_foreign` (`school_id`),
  CONSTRAINT `report_school_adminstrative_works_school_id_foreign` FOREIGN KEY (`school_id`) REFERENCES `schools` (`id`) ON DELETE CASCADE
) ENGINE=InnoDB AUTO_INCREMENT=12 DEFAULT CHARSET=utf8mb4 COLLATE=utf8mb4_unicode_ci;

--
-- Dumping data for table `report_school_adminstrative_works`
--

INSERT INTO `report_school_adminstrative_works` (`id`, `school_id`, `report_category_id`, `report_type`, `date`, `date_type`, `date_from`, `date_from_type`, `date_to`, `date_to_type`, `month`, `namazeg_version_id`, `created_at`, `updated_at`, `deleted_at`) VALUES (1,81,12,'daily','03/10/2024','coptic',NULL,NULL,NULL,NULL,NULL,NULL,'2024-11-02 12:16:09','2024-11-02 12:16:09',NULL),(2,81,12,'daily','30/04/1446','hijri',NULL,NULL,NULL,NULL,NULL,NULL,'2024-11-02 12:52:53','2024-11-02 12:52:53',NULL),(3,81,12,'period',NULL,NULL,'30/04/1446','hijri','05/05/1446','hijri',NULL,NULL,'2024-11-02 12:54:45','2024-11-02 12:54:45',NULL),(4,81,12,'monthly',NULL,NULL,NULL,NULL,NULL,NULL,'7',NULL,'2024-11-02 12:54:52','2024-11-02 12:54:52',NULL),(5,81,12,'daily','01/05/1446','hijri',NULL,NULL,NULL,NULL,NULL,NULL,'2024-11-03 13:04:42','2024-11-03 13:04:42',NULL),(6,81,12,'daily','01/12/2024','coptic',NULL,NULL,NULL,NULL,NULL,NULL,'2024-11-07 19:59:10','2024-11-07 19:59:10',NULL),(7,81,12,'daily','12/12/2024','coptic',NULL,NULL,NULL,NULL,NULL,NULL,'2024-11-07 20:00:52','2024-11-07 20:00:52',NULL),(8,81,12,'period',NULL,NULL,'05/05/1446','hijri','25/05/1446','hijri',NULL,NULL,'2024-11-07 20:01:05','2024-11-07 20:01:05',NULL),(9,81,12,'daily','05/05/1446','hijri',NULL,NULL,NULL,NULL,NULL,NULL,'2024-11-07 20:41:07','2024-11-07 20:41:07',NULL),(10,81,12,'period',NULL,NULL,'05/05/1446','hijri','25/05/1446','hijri',NULL,NULL,'2024-11-07 20:41:13','2024-11-07 20:41:13',NULL),(11,81,12,'monthly',NULL,NULL,NULL,NULL,NULL,NULL,'7',NULL,'2024-11-07 20:41:19','2024-11-07 20:41:19',NULL);

--
-- Table structure for table `report_school_status_statistics`
--

CREATE TABLE `report_school_status_statistics` (
  `id` bigint unsigned NOT NULL AUTO_INCREMENT,
  `school_id` bigint unsigned DEFAULT NULL,
  `report_category_id` bigint unsigned DEFAULT NULL,
  `date` varchar(191) COLLATE utf8mb4_unicode_ci DEFAULT NULL,
  `date_type` enum('coptic','hijri') COLLATE utf8mb4_unicode_ci DEFAULT NULL,
  `namazeg_version_id` bigint unsigned DEFAULT NULL,
  `created_at` timestamp NULL DEFAULT NULL,
  `updated_at` timestamp NULL DEFAULT NULL,
  `deleted_at` timestamp NULL DEFAULT NULL,
  PRIMARY KEY (`id`),
  KEY `report_school_status_statistics_school_id_foreign` (`school_id`),
  CONSTRAINT `report_school_status_statistics_school_id_foreign` FOREIGN KEY (`school_id`) REFERENCES `schools` (`id`) ON DELETE CASCADE
) ENGINE=InnoDB AUTO_INCREMENT=8 DEFAULT CHARSET=utf8mb4 COLLATE=utf8mb4_unicode_ci;

--
-- Dumping data for table `report_school_status_statistics`
--

INSERT INTO `report_school_status_statistics` (`id`, `school_id`, `report_category_id`, `date`, `date_type`, `namazeg_version_id`, `created_at`, `updated_at`, `deleted_at`) VALUES (1,81,5,'28/04/1446','hijri',NULL,'2024-10-31 07:28:41','2024-10-31 07:28:41',NULL),(2,81,5,'26/04/1446','hijri',NULL,'2024-10-31 07:29:19','2024-10-31 07:29:19',NULL),(3,81,5,'07/11/2024','coptic',NULL,'2024-10-31 07:29:54','2024-10-31 07:29:54',NULL),(4,81,5,'02/05/1446','hijri',NULL,'2024-11-04 08:17:43','2024-11-04 08:17:43',NULL),(5,81,5,'05/05/1446','hijri',NULL,'2024-11-07 18:42:20','2024-11-07 18:42:20',NULL),(6,81,5,'28/11/2024','coptic',NULL,'2024-11-07 18:46:37','2024-11-07 18:46:37',NULL),(7,112,5,'09/05/1446','hijri',NULL,'2024-11-10 23:49:20','2024-11-10 23:49:20',NULL);

--
-- Table structure for table `report_student_adminstrative_absent_lates`
--

CREATE TABLE `report_student_adminstrative_absent_lates` (
  `id` bigint unsigned NOT NULL AUTO_INCREMENT,
  `school_id` bigint unsigned DEFAULT NULL,
  `report_category_id` bigint unsigned DEFAULT NULL,
  `report_category` enum('late_teachers','absent_teachers','late_students','absent_students') COLLATE utf8mb4_unicode_ci DEFAULT NULL,
  `report_type` enum('daily','weekly','classy') COLLATE utf8mb4_unicode_ci DEFAULT NULL,
  `class_name_id` bigint unsigned DEFAULT NULL,
  `class_id` bigint unsigned DEFAULT NULL,
  `semester_id` bigint unsigned DEFAULT NULL,
  `week_id` bigint unsigned DEFAULT NULL,
  `namazeg_version_id` bigint unsigned DEFAULT NULL,
  `date` varchar(191) COLLATE utf8mb4_unicode_ci DEFAULT NULL,
  `date_type` enum('coptic','hijri') COLLATE utf8mb4_unicode_ci DEFAULT NULL,
  `created_at` timestamp NULL DEFAULT NULL,
  `updated_at` timestamp NULL DEFAULT NULL,
  `deleted_at` timestamp NULL DEFAULT NULL,
  PRIMARY KEY (`id`),
  KEY `report_student_adminstrative_absent_lates_school_id_foreign` (`school_id`),
  KEY `report_student_adminstrative_absent_lates_class_name_id_foreign` (`class_name_id`),
  KEY `report_student_adminstrative_absent_lates_class_id_foreign` (`class_id`),
  KEY `report_student_adminstrative_absent_lates_semester_id_foreign` (`semester_id`),
  KEY `report_student_adminstrative_absent_lates_week_id_foreign` (`week_id`),
  CONSTRAINT `report_student_adminstrative_absent_lates_class_id_foreign` FOREIGN KEY (`class_id`) REFERENCES `school_classes` (`id`) ON DELETE CASCADE,
  CONSTRAINT `report_student_adminstrative_absent_lates_class_name_id_foreign` FOREIGN KEY (`class_name_id`) REFERENCES `class_names` (`id`) ON DELETE CASCADE,
  CONSTRAINT `report_student_adminstrative_absent_lates_school_id_foreign` FOREIGN KEY (`school_id`) REFERENCES `schools` (`id`) ON DELETE CASCADE,
  CONSTRAINT `report_student_adminstrative_absent_lates_semester_id_foreign` FOREIGN KEY (`semester_id`) REFERENCES `semesters` (`id`) ON DELETE CASCADE,
  CONSTRAINT `report_student_adminstrative_absent_lates_week_id_foreign` FOREIGN KEY (`week_id`) REFERENCES `weeks` (`id`) ON DELETE CASCADE
) ENGINE=InnoDB AUTO_INCREMENT=22 DEFAULT CHARSET=utf8mb4 COLLATE=utf8mb4_unicode_ci;

--
-- Dumping data for table `report_student_adminstrative_absent_lates`
--

INSERT INTO `report_student_adminstrative_absent_lates` (`id`, `school_id`, `report_category_id`, `report_category`, `report_type`, `class_name_id`, `class_id`, `semester_id`, `week_id`, `namazeg_version_id`, `date`, `date_type`, `created_at`, `updated_at`, `deleted_at`) VALUES (7,81,15,'late_students','weekly',7,2462,1,1,NULL,NULL,NULL,'2024-11-05 09:35:56','2024-11-05 09:35:56',NULL),(10,81,15,'late_students','daily',NULL,NULL,NULL,NULL,NULL,'04/10/2024','coptic','2024-11-05 09:37:04','2024-11-05 09:37:04',NULL),(11,81,15,'late_students','classy',7,2462,1,1,NULL,NULL,NULL,'2024-11-05 09:37:24','2024-11-05 09:37:24',NULL),(12,81,15,'absent_students','daily',10,2465,NULL,NULL,NULL,NULL,NULL,'2024-11-05 11:31:39','2024-11-05 11:31:39',NULL),(13,81,15,'late_students','weekly',7,2462,NULL,8,NULL,NULL,NULL,'2024-11-05 11:37:07','2024-11-05 11:37:07',NULL),(14,81,15,'absent_students','weekly',10,2465,NULL,5,NULL,NULL,NULL,'2024-11-07 15:35:47','2024-11-07 15:35:47',NULL),(15,81,15,'absent_students','classy',11,2468,5,NULL,NULL,NULL,NULL,'2024-11-07 15:38:49','2024-11-07 15:38:49',NULL),(16,81,15,'absent_students','daily',7,2462,NULL,NULL,NULL,NULL,NULL,'2024-11-07 20:52:40','2024-11-07 20:52:40',NULL),(17,81,15,'absent_students','daily',10,2462,NULL,NULL,NULL,NULL,NULL,'2024-11-07 20:54:39','2024-11-07 20:54:39',NULL),(18,81,15,'absent_students','classy',10,2465,4,NULL,NULL,NULL,NULL,'2024-11-07 20:58:00','2024-11-07 20:58:00',NULL),(19,81,15,'absent_students','weekly',7,2462,NULL,3,NULL,NULL,NULL,'2024-11-07 21:00:29','2024-11-07 21:00:29',NULL),(20,81,15,'late_students','weekly',7,2462,NULL,3,NULL,NULL,NULL,'2024-11-07 21:04:14','2024-11-07 21:04:14',NULL),(21,81,15,'absent_students','weekly',10,2465,NULL,3,NULL,NULL,NULL,'2024-11-07 21:10:36','2024-11-07 21:10:36',NULL);

--
-- Table structure for table `report_student_adminstrative_works`
--

CREATE TABLE `report_student_adminstrative_works` (
  `id` bigint unsigned NOT NULL AUTO_INCREMENT,
  `school_id` bigint unsigned NOT NULL,
  `report_category_id` bigint unsigned DEFAULT NULL,
  `report_type` enum('daily','period','monthly') COLLATE utf8mb4_unicode_ci DEFAULT NULL,
  `date` varchar(191) COLLATE utf8mb4_unicode_ci DEFAULT NULL,
  `date_type` enum('coptic','hijri') COLLATE utf8mb4_unicode_ci DEFAULT NULL,
  `date_from` varchar(191) COLLATE utf8mb4_unicode_ci DEFAULT NULL,
  `date_from_type` enum('coptic','hijri') COLLATE utf8mb4_unicode_ci DEFAULT NULL,
  `date_to` varchar(191) COLLATE utf8mb4_unicode_ci DEFAULT NULL,
  `date_to_type` enum('coptic','hijri') COLLATE utf8mb4_unicode_ci DEFAULT NULL,
  `month` varchar(191) COLLATE utf8mb4_unicode_ci DEFAULT NULL,
  `namazeg_version_id` int unsigned DEFAULT NULL,
  `created_at` timestamp NULL DEFAULT NULL,
  `updated_at` timestamp NULL DEFAULT NULL,
  `deleted_at` timestamp NULL DEFAULT NULL,
  PRIMARY KEY (`id`),
  KEY `report_student_adminstrative_works_school_id_foreign` (`school_id`),
  CONSTRAINT `report_student_adminstrative_works_school_id_foreign` FOREIGN KEY (`school_id`) REFERENCES `schools` (`id`) ON DELETE CASCADE
) ENGINE=InnoDB AUTO_INCREMENT=13 DEFAULT CHARSET=utf8mb4 COLLATE=utf8mb4_unicode_ci;

--
-- Dumping data for table `report_student_adminstrative_works`
--

INSERT INTO `report_student_adminstrative_works` (`id`, `school_id`, `report_category_id`, `report_type`, `date`, `date_type`, `date_from`, `date_from_type`, `date_to`, `date_to_type`, `month`, `namazeg_version_id`, `created_at`, `updated_at`, `deleted_at`) VALUES (1,81,14,NULL,NULL,NULL,NULL,NULL,NULL,NULL,NULL,NULL,'2024-11-03 15:20:26','2024-11-03 15:20:26',NULL),(2,81,14,'daily','04/10/2024','coptic',NULL,NULL,NULL,NULL,NULL,NULL,'2024-11-03 15:20:43','2024-11-03 15:20:43',NULL),(3,81,14,'daily','01/05/1446','hijri',NULL,NULL,NULL,NULL,NULL,NULL,'2024-11-03 15:59:30','2024-11-03 15:59:30',NULL),(4,81,14,'period',NULL,NULL,'26/11/2024','coptic','28/11/2024','coptic',NULL,NULL,'2024-11-03 15:59:56','2024-11-03 15:59:56',NULL),(5,81,14,'monthly',NULL,NULL,NULL,NULL,NULL,NULL,'4',NULL,'2024-11-03 16:00:09','2024-11-03 16:00:09',NULL),(6,81,14,'daily','04/10/2024','coptic',NULL,NULL,NULL,NULL,NULL,NULL,'2024-11-04 08:51:21','2024-11-04 08:51:21',NULL),(7,81,14,'monthly',NULL,NULL,NULL,NULL,NULL,NULL,'7',NULL,'2024-11-05 11:14:28','2024-11-05 11:14:28',NULL),(8,81,14,'daily','03/05/1446','hijri',NULL,NULL,NULL,NULL,NULL,NULL,'2024-11-05 11:14:58','2024-11-05 11:14:58',NULL),(9,81,14,'daily','05/05/1446','hijri',NULL,NULL,NULL,NULL,NULL,NULL,'2024-11-07 20:47:36','2024-11-07 20:47:36',NULL),(10,81,14,'period',NULL,NULL,'05/05/1446','hijri','10/06/1446','hijri',NULL,NULL,'2024-11-07 20:47:42','2024-11-07 20:47:42',NULL),(11,81,14,'monthly',NULL,NULL,NULL,NULL,NULL,NULL,'5',NULL,'2024-11-07 20:47:51','2024-11-07 20:47:51',NULL),(12,81,14,'daily','05/05/1446','hijri',NULL,NULL,NULL,NULL,NULL,NULL,'2024-11-07 20:47:58','2024-11-07 20:47:58',NULL);

--
-- Table structure for table `role_has_permissions`
--

CREATE TABLE `role_has_permissions` (
  `permission_id` bigint unsigned NOT NULL,
  `role_id` bigint unsigned NOT NULL,
  PRIMARY KEY (`permission_id`,`role_id`),
  KEY `role_has_permissions_role_id_foreign` (`role_id`),
  CONSTRAINT `role_has_permissions_permission_id_foreign` FOREIGN KEY (`permission_id`) REFERENCES `permissions` (`id`) ON DELETE CASCADE,
  CONSTRAINT `role_has_permissions_role_id_foreign` FOREIGN KEY (`role_id`) REFERENCES `roles` (`id`) ON DELETE CASCADE
) ENGINE=InnoDB DEFAULT CHARSET=utf8mb4 COLLATE=utf8mb4_unicode_ci;

--
-- Dumping data for table `role_has_permissions`
--


--
-- Table structure for table `roles`
--

CREATE TABLE `roles` (
  `id` bigint unsigned NOT NULL AUTO_INCREMENT,
  `name` varchar(191) COLLATE utf8mb4_unicode_ci NOT NULL,
  `name_ar` varchar(191) COLLATE utf8mb4_unicode_ci DEFAULT NULL,
  `guard_name` varchar(191) COLLATE utf8mb4_unicode_ci NOT NULL,
  `created_at` timestamp NULL DEFAULT NULL,
  `updated_at` timestamp NULL DEFAULT NULL,
  PRIMARY KEY (`id`),
  UNIQUE KEY `roles_name_guard_name_unique` (`name`,`guard_name`)
) ENGINE=InnoDB AUTO_INCREMENT=3 DEFAULT CHARSET=utf8mb4 COLLATE=utf8mb4_unicode_ci;

--
-- Dumping data for table `roles`
--

INSERT INTO `roles` (`id`, `name`, `name_ar`, `guard_name`, `created_at`, `updated_at`) VALUES (1,'super-admin','المدير الآعلي','web','2024-11-14 17:22:51','2024-11-14 17:22:51'),(2,'school-manager','مدير المدرسة','web','2024-11-14 17:23:21','2024-11-14 17:23:21');

--
-- Table structure for table `school_classes`
--

CREATE TABLE `school_classes` (
  `id` bigint unsigned NOT NULL AUTO_INCREMENT,
  `school_id` bigint unsigned DEFAULT NULL,
  `class_number` int DEFAULT NULL,
  `class_name_id` bigint unsigned DEFAULT NULL,
  `school_year` varchar(50) COLLATE utf8mb4_unicode_ci DEFAULT NULL,
  `n_students` int DEFAULT NULL,
  `entsab` enum('yes','no') COLLATE utf8mb4_unicode_ci NOT NULL DEFAULT 'no',
  `created_at` timestamp NULL DEFAULT NULL,
  `updated_at` timestamp NULL DEFAULT NULL,
  `deleted_at` timestamp NULL DEFAULT NULL,
  `data_imported` tinyint NOT NULL DEFAULT '0',
  PRIMARY KEY (`id`),
  KEY `school_classes_class_name_id_foreign` (`class_name_id`),
  CONSTRAINT `school_classes_class_name_id_foreign` FOREIGN KEY (`class_name_id`) REFERENCES `class_names` (`id`) ON DELETE CASCADE
) ENGINE=InnoDB AUTO_INCREMENT=4182 DEFAULT CHARSET=utf8mb4 COLLATE=utf8mb4_unicode_ci;

--
-- Dumping data for table `school_classes`
--

INSERT INTO `school_classes` (`id`, `school_id`, `class_number`, `class_name_id`, `school_year`, `n_students`, `entsab`, `created_at`, `updated_at`, `deleted_at`, `data_imported`) VALUES (51,12,1,2,'1446-1447',27,'no',NULL,NULL,NULL,0),(52,12,2,2,'1446-1447',22,'no',NULL,NULL,NULL,0),(53,12,3,2,'1446-1447',27,'no',NULL,NULL,NULL,0),(54,12,4,2,'1446-1447',19,'no',NULL,NULL,NULL,0),(55,12,5,2,'1446-1447',23,'no',NULL,NULL,NULL,0),(56,12,1,4,'1446-1447',25,'no',NULL,NULL,NULL,0),(57,12,2,4,'1446-1447',22,'no',NULL,NULL,NULL,0),(58,12,3,4,'1446-1447',29,'no',NULL,NULL,NULL,0),(59,12,4,4,'1446-1447',26,'no',NULL,NULL,NULL,0),(60,12,5,4,'1446-1447',18,'no',NULL,NULL,NULL,0),(61,12,1,7,'1446-1447',33,'no',NULL,NULL,NULL,0),(62,12,2,7,'1446-1447',34,'no',NULL,NULL,NULL,0),(63,12,3,7,'1446-1447',28,'no',NULL,NULL,NULL,0),(64,12,4,7,'1446-1447',26,'no',NULL,NULL,NULL,0),(65,12,5,7,'1446-1447',21,'no',NULL,NULL,NULL,0),(66,12,6,7,'1446-1447',16,'no',NULL,NULL,NULL,0),(170,16,1,2,'1446-1447',2,'no',NULL,NULL,NULL,0),(171,16,2,2,'1446-1447',22,'no',NULL,NULL,NULL,0),(172,16,3,2,'1446-1447',27,'no',NULL,NULL,NULL,0),(173,16,4,2,'1446-1447',19,'no',NULL,NULL,NULL,0),(175,16,5,2,'1446-1447',23,'no',NULL,NULL,NULL,0),(176,16,1,2,'1446-1447',2,'no',NULL,NULL,NULL,0),(177,16,1,4,'1446-1447',25,'no',NULL,NULL,NULL,0),(178,16,2,2,'1446-1447',22,'no',NULL,NULL,NULL,0),(179,16,3,2,'1446-1447',27,'no',NULL,NULL,NULL,0),(180,16,2,4,'1446-1447',22,'no',NULL,NULL,NULL,0),(181,16,3,4,'1446-1447',29,'no',NULL,NULL,NULL,0),(182,16,4,2,'1446-1447',19,'no',NULL,NULL,NULL,0),(183,16,5,2,'1446-1447',23,'no',NULL,NULL,NULL,0),(184,16,4,4,'1446-1447',26,'no',NULL,NULL,NULL,0),(185,16,1,4,'1446-1447',25,'no',NULL,NULL,NULL,0),(186,16,5,4,'1446-1447',18,'no',NULL,NULL,NULL,0),(187,16,2,4,'1446-1447',22,'no',NULL,NULL,NULL,0),(188,16,1,7,'1446-1447',33,'no',NULL,NULL,NULL,0),(189,16,3,4,'1446-1447',29,'no',NULL,NULL,NULL,0),(190,16,2,7,'1446-1447',34,'no',NULL,NULL,NULL,0),(191,16,4,4,'1446-1447',26,'no',NULL,NULL,NULL,0),(192,16,5,4,'1446-1447',18,'no',NULL,NULL,NULL,0),(193,16,3,7,'1446-1447',28,'no',NULL,NULL,NULL,0),(194,16,1,7,'1446-1447',33,'no',NULL,NULL,NULL,0),(195,16,4,7,'1446-1447',26,'no',NULL,NULL,NULL,0),(196,16,2,7,'1446-1447',34,'no',NULL,NULL,NULL,0),(197,16,5,7,'1446-1447',21,'no',NULL,NULL,NULL,0),(198,16,6,7,'1446-1447',16,'no',NULL,NULL,NULL,0),(199,16,3,7,'1446-1447',28,'no',NULL,NULL,NULL,0),(200,16,4,7,'1446-1447',26,'no',NULL,NULL,NULL,0),(201,16,5,7,'1446-1447',21,'no',NULL,NULL,NULL,0),(202,16,6,7,'1446-1447',16,'no',NULL,NULL,NULL,0),(272,17,1,2,'1446-1447',2,'no',NULL,NULL,NULL,0),(273,17,2,2,'1446-1447',22,'no',NULL,NULL,NULL,0),(274,17,3,2,'1446-1447',27,'no',NULL,NULL,NULL,0),(275,17,4,2,'1446-1447',19,'no',NULL,NULL,NULL,0),(276,17,5,2,'1446-1447',23,'no',NULL,NULL,NULL,0),(277,17,1,4,'1446-1447',25,'no',NULL,NULL,NULL,0),(278,17,2,4,'1446-1447',22,'no',NULL,NULL,NULL,0),(279,17,3,4,'1446-1447',29,'no',NULL,NULL,NULL,0),(280,17,4,4,'1446-1447',26,'no',NULL,NULL,NULL,0),(281,17,5,4,'1446-1447',18,'no',NULL,NULL,NULL,0),(283,17,1,7,'1446-1447',33,'no',NULL,NULL,NULL,0),(284,17,1,2,'1446-1447',2,'no',NULL,NULL,NULL,0),(285,17,2,2,'1446-1447',22,'no',NULL,NULL,NULL,0),(286,17,3,2,'1446-1447',27,'no',NULL,NULL,NULL,0),(287,17,2,7,'1446-1447',34,'no',NULL,NULL,NULL,0),(288,17,4,2,'1446-1447',19,'no',NULL,NULL,NULL,0),(289,17,3,7,'1446-1447',28,'no',NULL,NULL,NULL,0),(290,17,5,2,'1446-1447',23,'no',NULL,NULL,NULL,0),(291,17,4,7,'1446-1447',26,'no',NULL,NULL,NULL,0),(292,17,1,4,'1446-1447',25,'no',NULL,NULL,NULL,0),(293,17,2,4,'1446-1447',22,'no',NULL,NULL,NULL,0),(294,17,5,7,'1446-1447',21,'no',NULL,NULL,NULL,0),(295,17,6,7,'1446-1447',16,'no',NULL,NULL,NULL,0),(296,17,3,4,'1446-1447',29,'no',NULL,NULL,NULL,0),(297,17,4,4,'1446-1447',26,'no',NULL,NULL,NULL,0),(298,17,5,4,'1446-1447',18,'no',NULL,NULL,NULL,0),(299,17,1,7,'1446-1447',33,'no',NULL,NULL,NULL,0),(300,17,2,7,'1446-1447',34,'no',NULL,NULL,NULL,0),(301,17,3,7,'1446-1447',28,'no',NULL,NULL,NULL,0),(302,17,4,7,'1446-1447',26,'no',NULL,NULL,NULL,0),(303,17,5,7,'1446-1447',21,'no',NULL,NULL,NULL,0),(304,17,6,7,'1446-1447',16,'no',NULL,NULL,NULL,0),(449,19,1,2,'1446-1447',2,'no',NULL,NULL,NULL,0),(450,19,2,2,'1446-1447',22,'no',NULL,NULL,NULL,0),(451,19,3,2,'1446-1447',27,'no',NULL,NULL,NULL,0),(452,19,4,2,'1446-1447',19,'no',NULL,NULL,NULL,0),(453,19,5,2,'1446-1447',23,'no',NULL,NULL,NULL,0),(454,19,1,4,'1446-1447',25,'no',NULL,NULL,NULL,0),(455,19,2,4,'1446-1447',22,'no',NULL,NULL,NULL,0),(456,19,3,4,'1446-1447',29,'no',NULL,NULL,NULL,0),(457,19,4,4,'1446-1447',26,'no',NULL,NULL,NULL,0),(458,19,5,4,'1446-1447',18,'no',NULL,NULL,NULL,0),(459,19,1,7,'1446-1447',33,'no',NULL,NULL,NULL,0),(460,19,2,7,'1446-1447',34,'no',NULL,NULL,NULL,0),(461,19,3,7,'1446-1447',28,'no',NULL,NULL,NULL,0),(462,19,4,7,'1446-1447',26,'no',NULL,NULL,NULL,0),(463,19,5,7,'1446-1447',21,'no',NULL,NULL,NULL,0),(464,19,6,7,'1446-1447',16,'no',NULL,NULL,NULL,0),(483,20,1,2,'1446-1447',2,'no',NULL,NULL,NULL,0),(484,20,2,2,'1446-1447',22,'no',NULL,NULL,NULL,0),(485,20,3,2,'1446-1447',27,'no',NULL,NULL,NULL,0),(486,20,4,2,'1446-1447',19,'no',NULL,NULL,NULL,0),(487,20,5,2,'1446-1447',23,'no',NULL,NULL,NULL,0),(488,20,1,4,'1446-1447',25,'no',NULL,NULL,NULL,0),(489,20,2,4,'1446-1447',22,'no',NULL,NULL,NULL,0),(490,20,3,4,'1446-1447',29,'no',NULL,NULL,NULL,0),(491,20,4,4,'1446-1447',26,'no',NULL,NULL,NULL,0),(492,20,5,4,'1446-1447',18,'no',NULL,NULL,NULL,0),(493,20,1,7,'1446-1447',33,'no',NULL,NULL,NULL,0),(494,20,2,7,'1446-1447',34,'no',NULL,NULL,NULL,0),(495,20,3,7,'1446-1447',28,'no',NULL,NULL,NULL,0),(496,20,4,7,'1446-1447',26,'no',NULL,NULL,NULL,0),(497,20,5,7,'1446-1447',21,'no',NULL,NULL,NULL,0),(498,20,6,7,'1446-1447',16,'no',NULL,NULL,NULL,0),(499,2,1,18,'1446-1447',27,'no',NULL,NULL,NULL,0),(500,2,2,18,'1446-1447',22,'no',NULL,NULL,NULL,0),(501,2,3,18,'1446-1447',27,'no',NULL,NULL,NULL,0),(502,2,4,18,'1446-1447',19,'no',NULL,NULL,NULL,0),(503,2,5,18,'1446-1447',23,'no',NULL,NULL,NULL,0),(504,2,1,19,'1446-1447',25,'no',NULL,NULL,NULL,0),(505,2,2,19,'1446-1447',22,'no',NULL,NULL,NULL,0),(506,2,3,19,'1446-1447',29,'no',NULL,NULL,NULL,0),(507,2,4,19,'1446-1447',26,'no',NULL,NULL,NULL,0),(508,2,5,19,'1446-1447',18,'no',NULL,NULL,NULL,0),(509,2,1,20,'1446-1447',33,'no',NULL,NULL,NULL,0),(510,2,2,20,'1446-1447',34,'no',NULL,NULL,NULL,0),(511,2,3,20,'1446-1447',28,'no',NULL,NULL,NULL,0),(512,2,4,20,'1446-1447',26,'no',NULL,NULL,NULL,0),(513,2,5,20,'1446-1447',21,'no',NULL,NULL,NULL,0),(514,2,6,20,'1446-1447',16,'no',NULL,NULL,NULL,0),(548,41,1,21,'1446-1447',2,'no',NULL,NULL,NULL,0),(549,41,2,21,'1446-1447',22,'no',NULL,NULL,NULL,0),(550,41,3,21,'1446-1447',27,'no',NULL,NULL,NULL,0),(551,41,4,21,'1446-1447',19,'no',NULL,NULL,NULL,0),(552,41,5,21,'1446-1447',23,'no',NULL,NULL,NULL,0),(554,41,1,22,'1446-1447',25,'no',NULL,NULL,NULL,0),(555,41,1,21,'1446-1447',2,'no',NULL,NULL,NULL,0),(556,41,2,21,'1446-1447',22,'no',NULL,NULL,NULL,0),(557,41,2,22,'1446-1447',22,'no',NULL,NULL,NULL,0),(558,41,3,22,'1446-1447',29,'no',NULL,NULL,NULL,0),(559,41,3,21,'1446-1447',27,'no',NULL,NULL,NULL,0),(560,41,4,21,'1446-1447',19,'no',NULL,NULL,NULL,0),(561,41,4,22,'1446-1447',26,'no',NULL,NULL,NULL,0),(562,41,5,21,'1446-1447',23,'no',NULL,NULL,NULL,0),(563,41,5,22,'1446-1447',18,'no',NULL,NULL,NULL,0),(564,41,1,22,'1446-1447',25,'no',NULL,NULL,NULL,0),(565,41,1,23,'1446-1447',33,'no',NULL,NULL,NULL,0),(566,41,2,22,'1446-1447',22,'no',NULL,NULL,NULL,0),(567,41,3,22,'1446-1447',29,'no',NULL,NULL,NULL,0),(568,41,2,23,'1446-1447',34,'no',NULL,NULL,NULL,0),(569,41,4,22,'1446-1447',26,'no',NULL,NULL,NULL,0),(570,41,3,23,'1446-1447',28,'no',NULL,NULL,NULL,0),(571,41,5,22,'1446-1447',18,'no',NULL,NULL,NULL,0),(572,41,4,23,'1446-1447',26,'no',NULL,NULL,NULL,0),(573,41,1,23,'1446-1447',33,'no',NULL,NULL,NULL,0),(574,41,5,23,'1446-1447',21,'no',NULL,NULL,NULL,0),(575,41,2,23,'1446-1447',34,'no',NULL,NULL,NULL,0),(576,41,6,23,'1446-1447',16,'no',NULL,NULL,NULL,0),(577,41,3,23,'1446-1447',28,'no',NULL,NULL,NULL,0),(578,41,4,23,'1446-1447',26,'no',NULL,NULL,NULL,0),(579,41,5,23,'1446-1447',21,'no',NULL,NULL,NULL,0),(580,41,6,23,'1446-1447',16,'no',NULL,NULL,NULL,0),(599,43,1,21,'1446-1447',2,'no',NULL,NULL,NULL,0),(600,43,2,21,'1446-1447',22,'no',NULL,NULL,NULL,0),(601,43,3,21,'1446-1447',27,'no',NULL,NULL,NULL,0),(602,43,4,21,'1446-1447',19,'no',NULL,NULL,NULL,0),(603,43,5,21,'1446-1447',23,'no',NULL,NULL,NULL,0),(605,43,1,22,'1446-1447',25,'no',NULL,NULL,NULL,0),(606,43,1,21,'1446-1447',2,'no',NULL,NULL,NULL,0),(607,43,2,21,'1446-1447',22,'no',NULL,NULL,NULL,0),(608,43,2,22,'1446-1447',22,'no',NULL,NULL,NULL,0),(609,43,3,21,'1446-1447',27,'no',NULL,NULL,NULL,0),(610,43,3,22,'1446-1447',29,'no',NULL,NULL,NULL,0),(611,43,4,21,'1446-1447',19,'no',NULL,NULL,NULL,0),(612,43,4,22,'1446-1447',26,'no',NULL,NULL,NULL,0),(613,43,5,21,'1446-1447',23,'no',NULL,NULL,NULL,0),(614,43,5,22,'1446-1447',18,'no',NULL,NULL,NULL,0),(615,43,1,22,'1446-1447',25,'no',NULL,NULL,NULL,0),(616,43,1,23,'1446-1447',33,'no',NULL,NULL,NULL,0),(617,43,2,22,'1446-1447',22,'no',NULL,NULL,NULL,0),(618,43,3,22,'1446-1447',29,'no',NULL,NULL,NULL,0),(619,43,2,23,'1446-1447',34,'no',NULL,NULL,NULL,0),(620,43,4,22,'1446-1447',26,'no',NULL,NULL,NULL,0),(621,43,3,23,'1446-1447',28,'no',NULL,NULL,NULL,0),(622,43,5,22,'1446-1447',18,'no',NULL,NULL,NULL,0),(623,43,1,23,'1446-1447',33,'no',NULL,NULL,NULL,0),(624,43,4,23,'1446-1447',26,'no',NULL,NULL,NULL,0),(625,43,5,23,'1446-1447',21,'no',NULL,NULL,NULL,0),(626,43,2,23,'1446-1447',34,'no',NULL,NULL,NULL,0),(627,43,6,23,'1446-1447',16,'no',NULL,NULL,NULL,0),(628,43,3,23,'1446-1447',28,'no',NULL,NULL,NULL,0),(629,43,4,23,'1446-1447',26,'no',NULL,NULL,NULL,0),(630,43,5,23,'1446-1447',21,'no',NULL,NULL,NULL,0),(631,43,6,23,'1446-1447',16,'no',NULL,NULL,NULL,0),(667,44,1,21,'1446-1447',2,'yes',NULL,NULL,NULL,0),(668,44,2,21,'1446-1447',22,'no',NULL,NULL,NULL,0),(669,44,3,21,'1446-1447',27,'no',NULL,NULL,NULL,0),(670,44,4,21,'1446-1447',19,'no',NULL,NULL,NULL,0),(671,44,5,21,'1446-1447',23,'no',NULL,NULL,NULL,0),(672,44,1,22,'1446-1447',25,'yes',NULL,NULL,NULL,0),(673,44,2,22,'1446-1447',22,'no',NULL,NULL,NULL,0),(674,44,3,22,'1446-1447',29,'no',NULL,NULL,NULL,0),(675,44,4,22,'1446-1447',26,'no',NULL,NULL,NULL,0),(676,44,5,22,'1446-1447',18,'no',NULL,NULL,NULL,0),(677,44,1,23,'1446-1447',33,'yes',NULL,NULL,NULL,0),(678,44,2,23,'1446-1447',34,'no',NULL,NULL,NULL,0),(679,44,3,23,'1446-1447',28,'no',NULL,NULL,NULL,0),(680,44,4,23,'1446-1447',26,'no',NULL,NULL,NULL,0),(681,44,5,23,'1446-1447',21,'no',NULL,NULL,NULL,0),(682,44,6,23,'1446-1447',16,'no',NULL,NULL,NULL,0),(769,45,1,2,'1446-1447',2,'no',NULL,NULL,NULL,0),(770,45,2,2,'1446-1447',22,'no',NULL,NULL,NULL,0),(771,45,3,2,'1446-1447',27,'no',NULL,NULL,NULL,0),(772,45,4,2,'1446-1447',19,'no',NULL,NULL,NULL,0),(773,45,5,2,'1446-1447',23,'no',NULL,NULL,NULL,0),(774,45,1,4,'1446-1447',25,'no',NULL,NULL,NULL,0),(775,45,2,4,'1446-1447',22,'no',NULL,NULL,NULL,0),(776,45,3,4,'1446-1447',29,'no',NULL,NULL,NULL,0),(777,45,4,4,'1446-1447',26,'no',NULL,NULL,NULL,0),(778,45,5,4,'1446-1447',18,'no',NULL,NULL,NULL,0),(779,45,1,7,'1446-1447',33,'no',NULL,NULL,NULL,0),(781,45,2,7,'1446-1447',34,'no',NULL,NULL,NULL,0),(782,45,1,2,'1446-1447',2,'no',NULL,NULL,NULL,0),(783,45,2,2,'1446-1447',22,'no',NULL,NULL,NULL,0),(784,45,3,7,'1446-1447',28,'no',NULL,NULL,NULL,0),(785,45,3,2,'1446-1447',27,'no',NULL,NULL,NULL,0),(786,45,4,7,'1446-1447',26,'no',NULL,NULL,NULL,0),(787,45,4,2,'1446-1447',19,'no',NULL,NULL,NULL,0),(788,45,5,2,'1446-1447',23,'no',NULL,NULL,NULL,0),(789,45,5,7,'1446-1447',21,'no',NULL,NULL,NULL,0),(790,45,1,4,'1446-1447',25,'no',NULL,NULL,NULL,0),(791,45,6,7,'1446-1447',16,'no',NULL,NULL,NULL,0),(792,45,2,4,'1446-1447',22,'no',NULL,NULL,NULL,0),(793,45,3,4,'1446-1447',29,'no',NULL,NULL,NULL,0),(794,45,4,4,'1446-1447',26,'no',NULL,NULL,NULL,0),(795,45,5,4,'1446-1447',18,'no',NULL,NULL,NULL,0),(796,45,1,7,'1446-1447',33,'no',NULL,NULL,NULL,0),(797,45,2,7,'1446-1447',34,'no',NULL,NULL,NULL,0),(798,45,3,7,'1446-1447',28,'no',NULL,NULL,NULL,0),(799,45,4,7,'1446-1447',26,'no',NULL,NULL,NULL,0),(800,45,5,7,'1446-1447',21,'no',NULL,NULL,NULL,0),(801,45,6,7,'1446-1447',16,'no',NULL,NULL,NULL,0),(837,46,1,2,'1446-1447',2,'no',NULL,NULL,NULL,0),(838,46,2,2,'1446-1447',22,'no',NULL,NULL,NULL,0),(839,46,3,2,'1446-1447',27,'no',NULL,NULL,NULL,0),(840,46,4,2,'1446-1447',19,'no',NULL,NULL,NULL,0),(841,46,5,2,'1446-1447',23,'no',NULL,NULL,NULL,0),(842,46,1,4,'1446-1447',25,'no',NULL,NULL,NULL,0),(843,46,2,4,'1446-1447',22,'no',NULL,NULL,NULL,0),(844,46,3,4,'1446-1447',29,'no',NULL,NULL,NULL,0),(845,46,4,4,'1446-1447',26,'no',NULL,NULL,NULL,0),(846,46,5,4,'1446-1447',18,'no',NULL,NULL,NULL,0),(847,46,1,7,'1446-1447',33,'no',NULL,NULL,NULL,0),(848,46,2,7,'1446-1447',34,'no',NULL,NULL,NULL,0),(849,46,3,7,'1446-1447',28,'no',NULL,NULL,NULL,0),(850,46,4,7,'1446-1447',26,'no',NULL,NULL,NULL,0),(851,46,5,7,'1446-1447',21,'no',NULL,NULL,NULL,0),(852,46,6,7,'1446-1447',16,'no',NULL,NULL,NULL,0),(1109,47,1,21,'1446-1447',54,'no',NULL,NULL,NULL,0),(1110,47,2,21,'1446-1447',44,'no',NULL,NULL,NULL,0),(1111,47,3,21,'1446-1447',54,'no',NULL,NULL,NULL,0),(1112,47,4,21,'1446-1447',38,'no',NULL,NULL,NULL,0),(1113,47,5,21,'1446-1447',46,'no',NULL,NULL,NULL,0),(1114,47,1,22,'1446-1447',50,'no',NULL,NULL,NULL,0),(1115,47,2,22,'1446-1447',44,'no',NULL,NULL,NULL,0),(1116,47,3,22,'1446-1447',58,'no',NULL,NULL,NULL,0),(1117,47,4,22,'1446-1447',52,'no',NULL,NULL,NULL,0),(1118,47,5,22,'1446-1447',36,'no',NULL,NULL,NULL,0),(1119,47,1,23,'1446-1447',66,'no',NULL,NULL,NULL,0),(1120,47,2,23,'1446-1447',68,'no',NULL,NULL,NULL,0),(1121,47,3,23,'1446-1447',56,'no',NULL,NULL,NULL,0),(1122,47,4,23,'1446-1447',52,'no',NULL,NULL,NULL,0),(1123,47,5,23,'1446-1447',42,'no',NULL,NULL,NULL,0),(1124,47,6,23,'1446-1447',32,'no',NULL,NULL,NULL,0),(1178,48,1,2,'1446-1447',2,'no',NULL,NULL,NULL,0),(1179,48,2,2,'1446-1447',22,'no',NULL,NULL,NULL,0),(1180,48,1,2,'1446-1447',2,'no',NULL,NULL,NULL,0),(1181,48,2,2,'1446-1447',22,'no',NULL,NULL,NULL,0),(1182,48,3,2,'1446-1447',27,'no',NULL,NULL,NULL,0),(1183,48,3,2,'1446-1447',27,'no',NULL,NULL,NULL,0),(1184,48,4,2,'1446-1447',19,'no',NULL,NULL,NULL,0),(1185,48,5,2,'1446-1447',23,'no',NULL,NULL,NULL,0),(1186,48,4,2,'1446-1447',19,'no',NULL,NULL,NULL,0),(1187,48,5,2,'1446-1447',23,'no',NULL,NULL,NULL,0),(1188,48,1,4,'1446-1447',25,'no',NULL,NULL,NULL,0),(1189,48,1,4,'1446-1447',25,'no',NULL,NULL,NULL,0),(1190,48,2,4,'1446-1447',22,'no',NULL,NULL,NULL,0),(1191,48,2,4,'1446-1447',22,'no',NULL,NULL,NULL,0),(1192,48,3,4,'1446-1447',29,'no',NULL,NULL,NULL,0),(1193,48,3,4,'1446-1447',29,'no',NULL,NULL,NULL,0),(1194,48,4,4,'1446-1447',26,'no',NULL,NULL,NULL,0),(1195,48,4,4,'1446-1447',26,'no',NULL,NULL,NULL,0),(1196,48,5,4,'1446-1447',18,'no',NULL,NULL,NULL,0),(1197,48,5,4,'1446-1447',18,'no',NULL,NULL,NULL,0),(1198,48,1,7,'1446-1447',33,'no',NULL,NULL,NULL,0),(1199,48,1,7,'1446-1447',33,'no',NULL,NULL,NULL,0),(1200,48,2,7,'1446-1447',34,'no',NULL,NULL,NULL,0),(1201,48,2,7,'1446-1447',34,'no',NULL,NULL,NULL,0),(1202,48,3,7,'1446-1447',28,'no',NULL,NULL,NULL,0),(1203,48,3,7,'1446-1447',28,'no',NULL,NULL,NULL,0),(1204,48,4,7,'1446-1447',26,'no',NULL,NULL,NULL,0),(1205,48,4,7,'1446-1447',26,'no',NULL,NULL,NULL,0),(1206,48,5,7,'1446-1447',21,'no',NULL,NULL,NULL,0),(1207,48,5,7,'1446-1447',21,'no',NULL,NULL,NULL,0),(1208,48,6,7,'1446-1447',16,'no',NULL,NULL,NULL,0),(1209,48,6,7,'1446-1447',16,'no',NULL,NULL,NULL,0),(1262,49,1,21,'1446-1447',2,'yes',NULL,NULL,NULL,0),(1263,49,2,21,'1446-1447',22,'no',NULL,NULL,NULL,0),(1265,49,3,21,'1446-1447',27,'no',NULL,NULL,NULL,0),(1266,49,1,21,'1446-1447',2,'no',NULL,NULL,NULL,0),(1267,49,2,21,'1446-1447',22,'no',NULL,NULL,NULL,0),(1268,49,4,21,'1446-1447',19,'no',NULL,NULL,NULL,0),(1269,49,3,21,'1446-1447',27,'no',NULL,NULL,NULL,0),(1270,49,5,21,'1446-1447',23,'no',NULL,NULL,NULL,0),(1271,49,1,22,'1446-1447',25,'no',NULL,NULL,NULL,0),(1272,49,4,21,'1446-1447',19,'no',NULL,NULL,NULL,0),(1273,49,5,21,'1446-1447',23,'no',NULL,NULL,NULL,0),(1274,49,2,22,'1446-1447',22,'no',NULL,NULL,NULL,0),(1275,49,1,22,'1446-1447',25,'no',NULL,NULL,NULL,0),(1276,49,3,22,'1446-1447',29,'no',NULL,NULL,NULL,0),(1277,49,2,22,'1446-1447',22,'no',NULL,NULL,NULL,0),(1278,49,4,22,'1446-1447',26,'no',NULL,NULL,NULL,0),(1279,49,3,22,'1446-1447',29,'no',NULL,NULL,NULL,0),(1280,49,5,22,'1446-1447',18,'no',NULL,NULL,NULL,0),(1281,49,4,22,'1446-1447',26,'no',NULL,NULL,NULL,0),(1282,49,1,23,'1446-1447',33,'no',NULL,NULL,NULL,0),(1283,49,5,22,'1446-1447',18,'no',NULL,NULL,NULL,0),(1284,49,2,23,'1446-1447',34,'no',NULL,NULL,NULL,0),(1285,49,1,23,'1446-1447',33,'no',NULL,NULL,NULL,0),(1286,49,3,23,'1446-1447',28,'no',NULL,NULL,NULL,0),(1287,49,2,23,'1446-1447',34,'no',NULL,NULL,NULL,0),(1288,49,4,23,'1446-1447',26,'no',NULL,NULL,NULL,0),(1289,49,3,23,'1446-1447',28,'no',NULL,NULL,NULL,0),(1290,49,5,23,'1446-1447',21,'no',NULL,NULL,NULL,0),(1291,49,6,23,'1446-1447',16,'no',NULL,NULL,NULL,0),(1292,49,4,23,'1446-1447',26,'no',NULL,NULL,NULL,0),(1293,49,5,23,'1446-1447',21,'no',NULL,NULL,NULL,0),(1294,49,6,23,'1446-1447',16,'no',NULL,NULL,NULL,0),(1697,55,NULL,26,'1446-1447',26,'no',NULL,NULL,NULL,0),(1698,55,1,2,'1446-1447',2,'yes',NULL,NULL,NULL,0),(1699,55,2,2,'1446-1447',22,'no',NULL,NULL,NULL,0),(1700,55,3,2,'1446-1447',27,'no',NULL,NULL,NULL,0),(1701,55,4,2,'1446-1447',19,'no',NULL,NULL,NULL,0),(1702,55,5,2,'1446-1447',23,'no',NULL,NULL,NULL,0),(1703,55,1,4,'1446-1447',25,'yes',NULL,NULL,NULL,0),(1704,55,2,4,'1446-1447',22,'no',NULL,NULL,NULL,0),(1705,55,3,4,'1446-1447',29,'no',NULL,NULL,NULL,0),(1706,55,4,4,'1446-1447',26,'no',NULL,NULL,NULL,0),(1707,55,5,4,'1446-1447',18,'no',NULL,NULL,NULL,0),(1708,55,1,7,'1446-1447',33,'no',NULL,NULL,NULL,0),(1709,55,2,7,'1446-1447',34,'no',NULL,NULL,NULL,0),(1710,55,3,7,'1446-1447',28,'no',NULL,NULL,NULL,0),(1711,55,4,7,'1446-1447',26,'no',NULL,NULL,NULL,0),(1712,55,5,7,'1446-1447',21,'no',NULL,NULL,NULL,0),(1713,55,6,7,'1446-1447',16,'no',NULL,NULL,NULL,0),(1826,59,NULL,27,'1446-1447',26,'no',NULL,NULL,NULL,0),(1827,59,1,21,'1446-1447',2,'no',NULL,NULL,NULL,0),(1828,59,2,21,'1446-1447',22,'no',NULL,NULL,NULL,0),(1829,59,3,21,'1446-1447',27,'no',NULL,NULL,NULL,0),(1830,59,4,21,'1446-1447',19,'no',NULL,NULL,NULL,0),(1831,59,5,21,'1446-1447',23,'no',NULL,NULL,NULL,0),(1832,59,1,22,'1446-1447',25,'no',NULL,NULL,NULL,0),(1833,59,2,22,'1446-1447',22,'no',NULL,NULL,NULL,0),(1834,59,3,22,'1446-1447',29,'no',NULL,NULL,NULL,0),(1835,59,4,22,'1446-1447',26,'no',NULL,NULL,NULL,0),(1836,59,5,22,'1446-1447',18,'no',NULL,NULL,NULL,0),(1837,59,1,23,'1446-1447',33,'no',NULL,NULL,NULL,0),(1838,59,2,23,'1446-1447',34,'no',NULL,NULL,NULL,0),(1839,59,3,23,'1446-1447',28,'no',NULL,NULL,NULL,0),(1840,59,4,23,'1446-1447',26,'no',NULL,NULL,NULL,0),(1841,59,5,23,'1446-1447',21,'no',NULL,NULL,NULL,0),(1842,59,6,23,'1446-1447',16,'no',NULL,NULL,NULL,0),(2019,39,1,21,'1446-1447',27,'yes',NULL,NULL,NULL,0),(2020,39,2,21,'1446-1447',22,'no',NULL,NULL,NULL,0),(2021,39,3,21,'1446-1447',27,'no',NULL,NULL,NULL,0),(2022,39,4,21,'1446-1447',19,'no',NULL,NULL,NULL,0),(2023,39,5,21,'1446-1447',23,'no',NULL,NULL,NULL,0),(2024,39,1,22,'1446-1447',25,'yes',NULL,NULL,NULL,0),(2025,39,2,22,'1446-1447',22,'no',NULL,NULL,NULL,0),(2026,39,3,22,'1446-1447',29,'no',NULL,NULL,NULL,0),(2027,39,4,22,'1446-1447',26,'no',NULL,NULL,NULL,0),(2028,39,5,22,'1446-1447',18,'no',NULL,NULL,NULL,0),(2029,39,1,23,'1446-1447',33,'yes',NULL,NULL,NULL,0),(2030,39,2,23,'1446-1447',34,'no',NULL,NULL,NULL,0),(2031,39,3,23,'1446-1447',28,'no',NULL,NULL,NULL,0),(2032,39,4,23,'1446-1447',26,'no',NULL,NULL,NULL,0),(2033,39,5,23,'1446-1447',21,'no',NULL,NULL,NULL,0),(2034,39,6,23,'1446-1447',16,'no',NULL,NULL,NULL,0),(2085,64,1,21,'1446-1447',27,'yes',NULL,NULL,NULL,0),(2086,64,2,21,'1446-1447',22,'no',NULL,NULL,NULL,0),(2087,64,3,21,'1446-1447',27,'no',NULL,NULL,NULL,0),(2088,64,4,21,'1446-1447',19,'no',NULL,NULL,NULL,0),(2089,64,5,21,'1446-1447',23,'no',NULL,NULL,NULL,0),(2090,64,1,22,'1446-1447',25,'yes',NULL,NULL,NULL,0),(2091,64,2,22,'1446-1447',22,'no',NULL,NULL,NULL,0),(2092,64,3,22,'1446-1447',29,'no',NULL,NULL,NULL,0),(2093,64,4,22,'1446-1447',26,'no',NULL,NULL,NULL,0),(2094,64,5,22,'1446-1447',18,'no',NULL,NULL,NULL,0),(2095,64,1,23,'1446-1447',33,'yes',NULL,NULL,NULL,0),(2096,64,2,23,'1446-1447',34,'no',NULL,NULL,NULL,0),(2097,64,3,23,'1446-1447',28,'no',NULL,NULL,NULL,0),(2098,64,4,23,'1446-1447',26,'no',NULL,NULL,NULL,0),(2099,64,5,23,'1446-1447',21,'no',NULL,NULL,NULL,0),(2100,64,6,23,'1446-1447',16,'no',NULL,NULL,NULL,0),(2102,70,1,2,'1446-1447',2,'no',NULL,NULL,NULL,0),(2103,70,2,2,'1446-1447',22,'no',NULL,NULL,NULL,0),(2104,70,3,2,'1446-1447',27,'no',NULL,NULL,NULL,0),(2105,70,4,2,'1446-1447',19,'no',NULL,NULL,NULL,0),(2106,70,5,2,'1446-1447',23,'no',NULL,NULL,NULL,0),(2107,70,1,4,'1446-1447',25,'no',NULL,NULL,NULL,0),(2108,70,2,4,'1446-1447',22,'no',NULL,NULL,NULL,0),(2109,70,3,4,'1446-1447',29,'no',NULL,NULL,NULL,0),(2110,70,4,4,'1446-1447',26,'no',NULL,NULL,NULL,0),(2111,70,5,4,'1446-1447',18,'no',NULL,NULL,NULL,0),(2112,70,1,7,'1446-1447',33,'no',NULL,NULL,NULL,0),(2113,70,2,7,'1446-1447',34,'no',NULL,NULL,NULL,0),(2114,70,3,7,'1446-1447',28,'no',NULL,NULL,NULL,0),(2115,70,4,7,'1446-1447',26,'no',NULL,NULL,NULL,0),(2116,70,5,7,'1446-1447',21,'no',NULL,NULL,NULL,0),(2117,70,6,7,'1446-1447',16,'no',NULL,NULL,NULL,0),(2119,77,1,21,'1446-1447',2,'no',NULL,NULL,NULL,0),(2120,77,2,21,'1446-1447',22,'no',NULL,NULL,NULL,0),(2121,77,3,21,'1446-1447',27,'no',NULL,NULL,NULL,0),(2122,77,4,21,'1446-1447',19,'no',NULL,NULL,NULL,0),(2123,77,5,21,'1446-1447',23,'no',NULL,NULL,NULL,0),(2124,77,1,22,'1446-1447',25,'no',NULL,NULL,NULL,0),(2125,77,2,22,'1446-1447',22,'no',NULL,NULL,NULL,0),(2126,77,3,22,'1446-1447',29,'no',NULL,NULL,NULL,0),(2127,77,4,22,'1446-1447',26,'no',NULL,NULL,NULL,0),(2128,77,5,22,'1446-1447',18,'no',NULL,NULL,NULL,0),(2129,77,1,23,'1446-1447',33,'no',NULL,NULL,NULL,0),(2130,77,2,23,'1446-1447',34,'no',NULL,NULL,NULL,0),(2131,77,3,23,'1446-1447',28,'no',NULL,NULL,NULL,0),(2132,77,4,23,'1446-1447',26,'no',NULL,NULL,NULL,0),(2133,77,5,23,'1446-1447',21,'no',NULL,NULL,NULL,0),(2134,77,6,23,'1446-1447',16,'no',NULL,NULL,NULL,0),(2191,75,1,30,'1446-1447',8,'no',NULL,NULL,NULL,0),(2192,75,2,30,'1446-1447',32,'no',NULL,NULL,NULL,0),(2193,75,3,30,'1446-1447',33,'no',NULL,NULL,NULL,0),(2194,75,4,30,'1446-1447',35,'no',NULL,NULL,NULL,0),(2195,75,5,9,'1446-1447',34,'no',NULL,NULL,NULL,0),(2196,75,6,30,'1446-1447',37,'no',NULL,NULL,NULL,0),(2197,75,7,30,'1446-1447',33,'no',NULL,NULL,NULL,0),(2198,75,8,30,'1446-1447',35,'no',NULL,NULL,NULL,0),(2199,75,9,30,'1446-1447',1,'no',NULL,NULL,NULL,0),(2200,75,1,31,'1446-1447',35,'no',NULL,NULL,NULL,0),(2201,75,2,31,'1446-1447',36,'no',NULL,NULL,NULL,0),(2202,75,3,31,'1446-1447',31,'no',NULL,NULL,NULL,0),(2203,75,4,31,'1446-1447',31,'no',NULL,NULL,NULL,0),(2204,75,5,31,'1446-1447',33,'no',NULL,NULL,NULL,0),(2205,75,6,31,'1446-1447',34,'no',NULL,NULL,NULL,0),(2206,75,7,31,'1446-1447',35,'no',NULL,NULL,NULL,0),(2207,75,8,31,'1446-1447',3,'no',NULL,NULL,NULL,0),(2208,75,1,32,'1446-1447',20,'no',NULL,NULL,NULL,0),(2358,78,1,30,'1446-1447',8,'no',NULL,NULL,NULL,0),(2359,78,2,30,'1446-1447',32,'no',NULL,NULL,NULL,0),(2360,78,3,30,'1446-1447',33,'no',NULL,NULL,NULL,0),(2361,78,4,30,'1446-1447',35,'no',NULL,NULL,NULL,0),(2362,78,5,9,'1446-1447',34,'no',NULL,NULL,NULL,0),(2363,78,6,30,'1446-1447',37,'no',NULL,NULL,NULL,0),(2364,78,7,30,'1446-1447',33,'no',NULL,NULL,NULL,0),(2365,78,8,30,'1446-1447',35,'no',NULL,NULL,NULL,0),(2366,78,9,30,'1446-1447',1,'no',NULL,NULL,NULL,0),(2367,78,1,31,'1446-1447',35,'no',NULL,NULL,NULL,0),(2368,78,2,31,'1446-1447',36,'no',NULL,NULL,NULL,0),(2369,78,3,31,'1446-1447',31,'no',NULL,NULL,NULL,0),(2370,78,4,31,'1446-1447',31,'no',NULL,NULL,NULL,0),(2371,78,5,31,'1446-1447',33,'no',NULL,NULL,NULL,0),(2372,78,6,31,'1446-1447',34,'no',NULL,NULL,NULL,0),(2373,78,7,31,'1446-1447',35,'no',NULL,NULL,NULL,0),(2374,78,8,31,'1446-1447',3,'no',NULL,NULL,NULL,0),(2375,78,1,32,'1446-1447',20,'no',NULL,NULL,NULL,0),(2445,79,1,21,'1446-1447',2,'no',NULL,NULL,NULL,0),(2446,79,2,21,'1446-1447',22,'no',NULL,NULL,NULL,0),(2447,79,3,21,'1446-1447',27,'no',NULL,NULL,NULL,0),(2448,79,4,21,'1446-1447',19,'no',NULL,NULL,NULL,0),(2449,79,5,21,'1446-1447',23,'no',NULL,NULL,NULL,0),(2450,79,1,22,'1446-1447',25,'no',NULL,NULL,NULL,0),(2451,79,2,22,'1446-1447',22,'no',NULL,NULL,NULL,0),(2452,79,3,22,'1446-1447',29,'no',NULL,NULL,NULL,0),(2453,79,4,22,'1446-1447',26,'no',NULL,NULL,NULL,0),(2454,79,5,22,'1446-1447',18,'no',NULL,NULL,NULL,0),(2455,79,1,23,'1446-1447',33,'no',NULL,NULL,NULL,0),(2456,79,2,23,'1446-1447',34,'no',NULL,NULL,NULL,0),(2457,79,3,23,'1446-1447',28,'no',NULL,NULL,NULL,0),(2458,79,4,23,'1446-1447',26,'no',NULL,NULL,NULL,0),(2459,79,5,23,'1446-1447',21,'no',NULL,NULL,NULL,0),(2460,79,6,23,'1446-1447',16,'no',NULL,NULL,NULL,0),(2462,81,1,7,'1446-1447',2,'no',NULL,NULL,NULL,0),(2463,81,2,8,'1446-1447',22,'no',NULL,NULL,NULL,0),(2464,81,3,11,'1446-1447',27,'no',NULL,NULL,NULL,0),(2465,81,4,10,'1446-1447',19,'no',NULL,NULL,NULL,0),(2466,81,5,9,'1446-1447',23,'no',NULL,NULL,NULL,0),(2467,81,1,10,'1446-1447',25,'no',NULL,NULL,NULL,0),(2468,81,2,11,'1446-1447',22,'no',NULL,NULL,NULL,0),(2469,81,3,12,'1446-1447',29,'no',NULL,NULL,NULL,0),(2470,81,4,17,'1446-1447',26,'no',NULL,NULL,NULL,0),(2471,0,5,9,'1446-1447',18,'no',NULL,NULL,NULL,0),(2472,81,1,12,'1446-1447',33,'no',NULL,NULL,NULL,0),(2473,81,2,16,'1446-1447',34,'no',NULL,NULL,NULL,0),(2474,81,3,15,'1446-1447',28,'no',NULL,NULL,NULL,0),(2475,81,4,15,'1446-1447',26,'no',NULL,NULL,NULL,0),(2476,81,5,14,'1446-1447',21,'no',NULL,NULL,NULL,0),(2477,81,6,14,'1446-1447',16,'no',NULL,NULL,NULL,0),(2479,84,1,9,'1446-1447',8,'no',NULL,NULL,NULL,0),(2480,84,2,9,'1446-1447',32,'no',NULL,NULL,NULL,0),(2481,84,3,9,'1446-1447',33,'no',NULL,NULL,NULL,0),(2482,84,4,9,'1446-1447',35,'no',NULL,NULL,NULL,0),(2483,84,5,9,'1446-1447',34,'no',NULL,NULL,NULL,0),(2484,84,6,9,'1446-1447',37,'no',NULL,NULL,NULL,0),(2485,84,7,9,'1446-1447',33,'no',NULL,NULL,NULL,0),(2486,84,8,9,'1446-1447',35,'no',NULL,NULL,NULL,0),(2487,84,9,9,'1446-1447',1,'no',NULL,NULL,NULL,0),(2488,84,1,11,'1446-1447',35,'no',NULL,NULL,NULL,0),(2489,84,2,11,'1446-1447',36,'no',NULL,NULL,NULL,0),(2490,84,3,11,'1446-1447',31,'no',NULL,NULL,NULL,0),(2491,84,4,11,'1446-1447',31,'no',NULL,NULL,NULL,0),(2492,84,5,11,'1446-1447',33,'no',NULL,NULL,NULL,0),(2493,84,6,11,'1446-1447',34,'no',NULL,NULL,NULL,0),(2494,84,7,11,'1446-1447',35,'no',NULL,NULL,NULL,0),(2495,84,8,11,'1446-1447',3,'no',NULL,NULL,NULL,0),(2496,84,1,14,'1446-1447',20,'no',NULL,NULL,NULL,0),(2497,86,1,21,'1446-1447',28,'no',NULL,NULL,NULL,0),(2498,86,2,21,'1446-1447',22,'no',NULL,NULL,NULL,0),(2499,86,3,21,'1446-1447',27,'no',NULL,NULL,NULL,0),(2500,86,4,21,'1446-1447',19,'no',NULL,NULL,NULL,0),(2501,86,5,21,'1446-1447',23,'no',NULL,NULL,NULL,0),(2502,86,1,22,'1446-1447',25,'no',NULL,NULL,NULL,0),(2503,86,2,22,'1446-1447',22,'no',NULL,NULL,NULL,0),(2504,86,3,22,'1446-1447',29,'no',NULL,NULL,NULL,0),(2505,86,4,22,'1446-1447',26,'no',NULL,NULL,NULL,0),(2506,86,5,22,'1446-1447',18,'no',NULL,NULL,NULL,0),(2507,86,1,23,'1446-1447',33,'no',NULL,NULL,NULL,0),(2508,86,2,23,'1446-1447',34,'no',NULL,NULL,NULL,0),(2509,86,3,23,'1446-1447',28,'no',NULL,NULL,NULL,0),(2510,86,4,23,'1446-1447',26,'no',NULL,NULL,NULL,0),(2511,86,5,23,'1446-1447',21,'no',NULL,NULL,NULL,0),(2512,86,6,23,'1446-1447',16,'no',NULL,NULL,NULL,0),(2513,90,1,2,'1446-1447',28,'no',NULL,NULL,NULL,0),(2514,90,2,2,'1446-1447',22,'no',NULL,NULL,NULL,0),(2515,90,3,2,'1446-1447',27,'no',NULL,NULL,NULL,0),(2516,90,4,2,'1446-1447',19,'no',NULL,NULL,NULL,0),(2517,90,5,2,'1446-1447',23,'no',NULL,NULL,NULL,0),(2518,90,1,4,'1446-1447',25,'no',NULL,NULL,NULL,0),(2519,90,2,4,'1446-1447',22,'no',NULL,NULL,NULL,0),(2520,90,3,4,'1446-1447',29,'no',NULL,NULL,NULL,0),(2521,90,4,4,'1446-1447',26,'no',NULL,NULL,NULL,0),(2522,90,5,4,'1446-1447',18,'no',NULL,NULL,NULL,0),(2523,90,1,7,'1446-1447',33,'no',NULL,NULL,NULL,0),(2524,90,2,7,'1446-1447',34,'no',NULL,NULL,NULL,0),(2525,90,3,7,'1446-1447',28,'no',NULL,NULL,NULL,0),(2526,90,4,7,'1446-1447',26,'no',NULL,NULL,NULL,0),(2527,90,5,7,'1446-1447',21,'no',NULL,NULL,NULL,0),(2528,90,6,7,'1446-1447',16,'no',NULL,NULL,NULL,0),(2529,91,1,21,'1446-1447',28,'no',NULL,NULL,NULL,0),(2530,91,2,21,'1446-1447',22,'no',NULL,NULL,NULL,0),(2531,91,3,21,'1446-1447',27,'no',NULL,NULL,NULL,0),(2532,91,4,21,'1446-1447',19,'no',NULL,NULL,NULL,0),(2533,91,5,21,'1446-1447',23,'no',NULL,NULL,NULL,0),(2534,91,1,22,'1446-1447',25,'no',NULL,NULL,NULL,0),(2535,91,2,22,'1446-1447',22,'no',NULL,NULL,NULL,0),(2536,91,3,22,'1446-1447',29,'no',NULL,NULL,NULL,0),(2537,91,4,22,'1446-1447',26,'no',NULL,NULL,NULL,0),(2538,91,5,22,'1446-1447',18,'no',NULL,NULL,NULL,0),(2539,91,1,23,'1446-1447',33,'no',NULL,NULL,NULL,0),(2540,91,2,23,'1446-1447',34,'no',NULL,NULL,NULL,0),(2541,91,3,23,'1446-1447',28,'no',NULL,NULL,NULL,0),(2542,91,4,23,'1446-1447',26,'no',NULL,NULL,NULL,0),(2543,91,5,23,'1446-1447',21,'no',NULL,NULL,NULL,0),(2544,91,6,23,'1446-1447',16,'no',NULL,NULL,NULL,0),(2546,93,1,21,'1446-1447',2,'no',NULL,NULL,NULL,0),(2547,93,2,21,'1446-1447',22,'no',NULL,NULL,NULL,0),(2548,93,3,21,'1446-1447',27,'no',NULL,NULL,NULL,0),(2549,93,4,21,'1446-1447',19,'no',NULL,NULL,NULL,0),(2550,93,5,21,'1446-1447',23,'no',NULL,NULL,NULL,0),(2551,93,1,22,'1446-1447',25,'no',NULL,NULL,NULL,0),(2552,93,2,22,'1446-1447',22,'no',NULL,NULL,NULL,0),(2553,93,3,22,'1446-1447',29,'no',NULL,NULL,NULL,0),(2554,93,4,22,'1446-1447',26,'no',NULL,NULL,NULL,0),(2555,93,5,22,'1446-1447',18,'no',NULL,NULL,NULL,0),(2556,93,1,23,'1446-1447',33,'no',NULL,NULL,NULL,0),(2557,93,2,23,'1446-1447',34,'no',NULL,NULL,NULL,0),(2558,93,3,23,'1446-1447',28,'no',NULL,NULL,NULL,0),(2559,93,4,23,'1446-1447',26,'no',NULL,NULL,NULL,0),(2560,93,5,23,'1446-1447',21,'no',NULL,NULL,NULL,0),(2561,93,6,23,'1446-1447',16,'no',NULL,NULL,NULL,0),(2563,97,1,21,'1446-1447',2,'no',NULL,NULL,NULL,0),(2564,97,2,21,'1446-1447',22,'no',NULL,NULL,NULL,0),(2565,97,3,21,'1446-1447',27,'no',NULL,NULL,NULL,0),(2566,97,4,21,'1446-1447',19,'no',NULL,NULL,NULL,0),(2567,97,5,21,'1446-1447',23,'no',NULL,NULL,NULL,0),(2568,97,1,22,'1446-1447',25,'no',NULL,NULL,NULL,0),(2569,97,2,22,'1446-1447',22,'no',NULL,NULL,NULL,0),(2570,97,3,22,'1446-1447',29,'no',NULL,NULL,NULL,0),(2571,97,4,22,'1446-1447',26,'no',NULL,NULL,NULL,0),(2572,97,5,22,'1446-1447',18,'no',NULL,NULL,NULL,0),(2573,97,1,23,'1446-1447',33,'no',NULL,NULL,NULL,0),(2574,97,2,23,'1446-1447',34,'no',NULL,NULL,NULL,0),(2575,97,3,23,'1446-1447',28,'no',NULL,NULL,NULL,0),(2576,97,4,23,'1446-1447',26,'no',NULL,NULL,NULL,0),(2577,97,5,23,'1446-1447',21,'no',NULL,NULL,NULL,0),(2578,97,6,23,'1446-1447',16,'no',NULL,NULL,NULL,0),(2597,101,1,21,'1446-1447',2,'no',NULL,NULL,NULL,0),(2598,101,2,21,'1446-1447',22,'no',NULL,NULL,NULL,0),(2599,101,3,21,'1446-1447',27,'no',NULL,NULL,NULL,0),(2600,101,4,21,'1446-1447',19,'no',NULL,NULL,NULL,0),(2601,101,5,21,'1446-1447',23,'no',NULL,NULL,NULL,0),(2602,101,1,22,'1446-1447',25,'no',NULL,NULL,NULL,0),(2603,101,2,22,'1446-1447',22,'no',NULL,NULL,NULL,0),(2604,101,3,22,'1446-1447',29,'no',NULL,NULL,NULL,0),(2605,101,4,22,'1446-1447',26,'no',NULL,NULL,NULL,0),(2606,101,5,22,'1446-1447',18,'no',NULL,NULL,NULL,0),(2607,101,1,23,'1446-1447',33,'no',NULL,NULL,NULL,0),(2608,101,2,23,'1446-1447',34,'no',NULL,NULL,NULL,0),(2609,101,3,23,'1446-1447',28,'no',NULL,NULL,NULL,0),(2610,101,4,23,'1446-1447',26,'no',NULL,NULL,NULL,0),(2611,101,5,23,'1446-1447',21,'no',NULL,NULL,NULL,0),(2612,101,6,23,'1446-1447',16,'no',NULL,NULL,NULL,0),(2614,102,1,21,'1446-1447',2,'no',NULL,NULL,NULL,0),(2615,102,2,21,'1446-1447',22,'no',NULL,NULL,NULL,0),(2616,102,3,21,'1446-1447',27,'no',NULL,NULL,NULL,0),(2617,102,4,21,'1446-1447',19,'no',NULL,NULL,NULL,0),(2618,102,5,21,'1446-1447',23,'no',NULL,NULL,NULL,0),(2619,102,1,22,'1446-1447',25,'no',NULL,NULL,NULL,0),(2620,102,2,22,'1446-1447',22,'no',NULL,NULL,NULL,0),(2621,102,3,22,'1446-1447',29,'no',NULL,NULL,NULL,0),(2622,102,4,22,'1446-1447',26,'no',NULL,NULL,NULL,0),(2623,102,5,22,'1446-1447',18,'no',NULL,NULL,NULL,0),(2624,102,1,23,'1446-1447',33,'no',NULL,NULL,NULL,0),(2625,102,2,23,'1446-1447',34,'no',NULL,NULL,NULL,0),(2626,102,3,23,'1446-1447',28,'no',NULL,NULL,NULL,0),(2627,102,4,23,'1446-1447',26,'no',NULL,NULL,NULL,0),(2628,102,5,23,'1446-1447',21,'no',NULL,NULL,NULL,0),(2629,102,6,23,'1446-1447',16,'no',NULL,NULL,NULL,0),(2630,103,1,21,'1446-1447',2,'no',NULL,NULL,NULL,0),(2789,105,1,2,'1446-1447',28,'yes',NULL,NULL,NULL,0),(2790,105,2,2,'1446-1447',22,'no',NULL,NULL,NULL,0),(2791,105,3,2,'1446-1447',27,'no',NULL,NULL,NULL,0),(2792,105,4,2,'1446-1447',19,'no',NULL,NULL,NULL,0),(2793,105,5,2,'1446-1447',23,'no',NULL,NULL,NULL,0),(2794,105,1,4,'1446-1447',25,'no',NULL,NULL,NULL,0),(2795,105,2,4,'1446-1447',22,'no',NULL,NULL,NULL,0),(2796,105,3,4,'1446-1447',29,'no',NULL,NULL,NULL,0),(2797,105,4,4,'1446-1447',26,'no',NULL,NULL,NULL,0),(2798,105,5,4,'1446-1447',18,'no',NULL,NULL,NULL,0),(2799,105,1,7,'1446-1447',33,'no',NULL,NULL,NULL,0),(2800,105,2,7,'1446-1447',34,'no',NULL,NULL,NULL,0),(2801,105,3,7,'1446-1447',28,'no',NULL,NULL,NULL,0),(2802,105,4,7,'1446-1447',26,'no',NULL,NULL,NULL,0),(2803,105,5,7,'1446-1447',21,'no',NULL,NULL,NULL,0),(2804,105,6,7,'1446-1447',16,'no',NULL,NULL,NULL,0),(2806,107,1,21,'1446-1447',2,'no',NULL,NULL,NULL,0),(2807,107,2,21,'1446-1447',22,'no',NULL,NULL,NULL,0),(2808,107,3,21,'1446-1447',27,'no',NULL,NULL,NULL,0),(2809,107,4,21,'1446-1447',19,'no',NULL,NULL,NULL,0),(2810,107,5,21,'1446-1447',23,'no',NULL,NULL,NULL,0),(2811,107,1,22,'1446-1447',25,'no',NULL,NULL,NULL,0),(2812,107,2,22,'1446-1447',22,'no',NULL,NULL,NULL,0),(2813,107,3,22,'1446-1447',29,'no',NULL,NULL,NULL,0),(2814,107,4,22,'1446-1447',26,'no',NULL,NULL,NULL,0),(2815,107,5,22,'1446-1447',18,'no',NULL,NULL,NULL,0),(2816,107,1,23,'1446-1447',33,'no',NULL,NULL,NULL,0),(2817,107,2,23,'1446-1447',34,'no',NULL,NULL,NULL,0),(2818,107,3,23,'1446-1447',28,'no',NULL,NULL,NULL,0),(2819,107,4,23,'1446-1447',26,'no',NULL,NULL,NULL,0),(2820,107,5,23,'1446-1447',21,'no',NULL,NULL,NULL,0),(2821,107,6,23,'1446-1447',16,'no',NULL,NULL,NULL,0),(2822,106,1,9,'1446-1447',34,'no',NULL,NULL,NULL,0),(2823,106,2,9,'1446-1447',32,'no',NULL,NULL,NULL,0),(2824,106,3,9,'1446-1447',33,'no',NULL,NULL,NULL,0),(2825,106,4,9,'1446-1447',35,'no',NULL,NULL,NULL,0),(2826,106,5,9,'1446-1447',34,'no',NULL,NULL,NULL,0),(2827,106,6,9,'1446-1447',37,'no',NULL,NULL,NULL,0),(2828,106,7,9,'1446-1447',33,'no',NULL,NULL,NULL,0),(2829,106,8,9,'1446-1447',35,'no',NULL,NULL,NULL,0),(2830,106,9,9,'1446-1447',1,'no',NULL,NULL,NULL,0),(2831,106,1,11,'1446-1447',35,'yes',NULL,NULL,NULL,0),(2832,106,2,11,'1446-1447',36,'no',NULL,NULL,NULL,0),(2833,106,3,11,'1446-1447',31,'no',NULL,NULL,NULL,0),(2834,106,4,11,'1446-1447',31,'no',NULL,NULL,NULL,0),(2835,106,5,11,'1446-1447',33,'no',NULL,NULL,NULL,0),(2836,106,6,11,'1446-1447',34,'no',NULL,NULL,NULL,0),(2837,106,7,11,'1446-1447',35,'no',NULL,NULL,NULL,0),(2838,106,8,11,'1446-1447',3,'no',NULL,NULL,NULL,0),(2839,106,1,36,'1446-1447',20,'no',NULL,NULL,NULL,0),(2840,80,1,21,'1446-1447',28,'no',NULL,NULL,NULL,0),(2841,80,2,21,'1446-1447',22,'no',NULL,NULL,NULL,0),(2842,80,3,21,'1446-1447',27,'no',NULL,NULL,NULL,0),(2843,80,4,21,'1446-1447',19,'no',NULL,NULL,NULL,0),(2844,80,5,21,'1446-1447',23,'no',NULL,NULL,NULL,0),(2845,80,1,22,'1446-1447',25,'no',NULL,NULL,NULL,0),(2846,80,2,22,'1446-1447',22,'no',NULL,NULL,NULL,0),(2847,80,3,22,'1446-1447',29,'no',NULL,NULL,NULL,0),(2848,80,4,22,'1446-1447',26,'no',NULL,NULL,NULL,0),(2849,80,5,22,'1446-1447',18,'no',NULL,NULL,NULL,0),(2850,80,1,23,'1446-1447',33,'no',NULL,NULL,NULL,0),(2851,80,2,23,'1446-1447',34,'no',NULL,NULL,NULL,0),(2852,80,3,23,'1446-1447',28,'no',NULL,NULL,NULL,0),(2853,80,4,23,'1446-1447',26,'no',NULL,NULL,NULL,0),(2854,80,5,23,'1446-1447',21,'no',NULL,NULL,NULL,0),(2855,80,6,23,'1446-1447',16,'no',NULL,NULL,NULL,0),(2884,112,1,30,'1446-1447',28,'no',NULL,NULL,NULL,0),(2885,112,2,30,'1446-1447',22,'no',NULL,NULL,NULL,0),(2886,112,3,30,'1446-1447',27,'no',NULL,NULL,NULL,0),(2887,112,4,30,'1446-1447',19,'no',NULL,NULL,NULL,0),(2888,112,5,30,'1446-1447',23,'no',NULL,NULL,NULL,0),(2889,112,1,31,'1446-1447',25,'no',NULL,NULL,NULL,0),(2890,112,2,31,'1446-1447',22,'no',NULL,NULL,NULL,0),(2891,112,3,31,'1446-1447',29,'no',NULL,NULL,NULL,0),(2892,112,4,31,'1446-1447',26,'no',NULL,NULL,NULL,0),(2893,112,5,31,'1446-1447',18,'no',NULL,NULL,NULL,0),(2894,112,1,32,'1446-1447',33,'no',NULL,NULL,NULL,0),(2895,112,2,32,'1446-1447',34,'no',NULL,NULL,NULL,0),(2896,112,3,32,'1446-1447',28,'no',NULL,NULL,NULL,0),(2897,112,4,32,'1446-1447',26,'no',NULL,NULL,NULL,0),(2898,112,5,32,'1446-1447',21,'no',NULL,NULL,NULL,0),(2899,112,6,32,'1446-1447',16,'no',NULL,NULL,NULL,0),(2918,113,1,30,'1446-1447',34,'no',NULL,NULL,NULL,0),(2919,113,2,30,'1446-1447',32,'no',NULL,NULL,NULL,0),(2920,113,3,30,'1446-1447',33,'no',NULL,NULL,NULL,0),(2921,113,4,30,'1446-1447',35,'no',NULL,NULL,NULL,0),(2922,113,5,9,'1446-1447',34,'no',NULL,NULL,NULL,0),(2923,113,6,30,'1446-1447',37,'no',NULL,NULL,NULL,0),(2924,113,7,30,'1446-1447',33,'no',NULL,NULL,NULL,0),(2925,113,8,30,'1446-1447',35,'no',NULL,NULL,NULL,0),(2926,113,9,30,'1446-1447',1,'no',NULL,NULL,NULL,0),(2927,113,1,31,'1446-1447',35,'no',NULL,NULL,NULL,0),(2928,113,2,31,'1446-1447',36,'no',NULL,NULL,NULL,0),(2929,113,3,31,'1446-1447',31,'no',NULL,NULL,NULL,0),(2930,113,4,31,'1446-1447',31,'no',NULL,NULL,NULL,0),(2931,113,5,31,'1446-1447',33,'no',NULL,NULL,NULL,0),(2932,113,6,31,'1446-1447',34,'no',NULL,NULL,NULL,0),(2933,113,7,31,'1446-1447',35,'no',NULL,NULL,NULL,0),(2934,113,8,31,'1446-1447',3,'no',NULL,NULL,NULL,0),(2935,113,1,32,'1446-1447',20,'no',NULL,NULL,NULL,0),(2936,98,1,2,'1446-1447',34,'no',NULL,NULL,NULL,0),(2937,98,2,2,'1446-1447',32,'no',NULL,NULL,NULL,0),(2938,98,3,2,'1446-1447',33,'yes',NULL,NULL,NULL,0),(2939,98,4,8,'1446-1447',35,'no',NULL,NULL,NULL,0),(2940,98,5,16,'1446-1447',34,'no',NULL,NULL,NULL,0),(2941,98,6,17,'1446-1447',37,'no',NULL,NULL,NULL,0),(2942,98,7,30,'1446-1447',33,'no',NULL,NULL,NULL,0),(2943,98,8,30,'1446-1447',35,'no',NULL,NULL,NULL,0),(2944,98,9,30,'1446-1447',1,'no',NULL,NULL,NULL,0),(2945,98,1,31,'1446-1447',35,'no',NULL,NULL,NULL,0),(2946,98,2,31,'1446-1447',36,'no',NULL,NULL,NULL,0),(2947,98,3,31,'1446-1447',31,'no',NULL,NULL,NULL,0),(2948,98,4,31,'1446-1447',31,'no',NULL,NULL,NULL,0),(2949,98,5,31,'1446-1447',33,'no',NULL,NULL,NULL,0),(2950,98,6,31,'1446-1447',34,'no',NULL,NULL,NULL,0),(2951,98,7,31,'1446-1447',35,'no',NULL,NULL,NULL,0),(2952,98,8,31,'1446-1447',3,'no',NULL,NULL,NULL,0),(2953,98,1,32,'1446-1447',20,'no',NULL,NULL,NULL,0),(3059,176,4,41,'1446-1447',20,'no',NULL,NULL,NULL,0),(3060,179,1,42,'1446-1447',36,'yes',NULL,NULL,NULL,0),(3061,179,2,42,'1446-1447',32,'no',NULL,NULL,NULL,0),(3062,179,3,42,'1446-1447',30,'no',NULL,NULL,NULL,0),(3063,179,4,42,'1446-1447',31,'no',NULL,NULL,NULL,0),(3064,179,5,42,'1446-1447',33,'no',NULL,NULL,NULL,0),(3065,179,6,42,'1446-1447',32,'no',NULL,NULL,NULL,0),(3066,179,7,42,'1446-1447',31,'no',NULL,NULL,NULL,0),(3067,179,8,42,'1446-1447',32,'no',NULL,NULL,NULL,0),(3068,179,1,43,'1446-1447',33,'no',NULL,NULL,NULL,0),(3069,179,2,43,'1446-1447',34,'no',NULL,NULL,NULL,0),(3070,179,3,43,'1446-1447',32,'no',NULL,NULL,NULL,0),(3071,179,4,43,'1446-1447',33,'no',NULL,NULL,NULL,0),(3072,179,5,43,'1446-1447',35,'no',NULL,NULL,NULL,0),(3073,179,6,43,'1446-1447',33,'no',NULL,NULL,NULL,0),(3074,179,7,43,'1446-1447',34,'no',NULL,NULL,NULL,0),(3075,179,8,43,'1446-1447',37,'no',NULL,NULL,NULL,0),(3076,179,9,43,'1446-1447',2,'no',NULL,NULL,NULL,0),(3077,179,1,44,'1446-1447',30,'no',NULL,NULL,NULL,0),(3078,179,2,44,'1446-1447',31,'no',NULL,NULL,NULL,0),(3079,179,3,44,'1446-1447',27,'no',NULL,NULL,NULL,0),(3080,179,4,44,'1446-1447',33,'no',NULL,NULL,NULL,0),(3081,179,5,44,'1446-1447',33,'no',NULL,NULL,NULL,0),(3082,179,6,44,'1446-1447',29,'no',NULL,NULL,NULL,0),(3083,179,7,44,'1446-1447',28,'no',NULL,NULL,NULL,0),(3084,179,9,44,'1446-1447',4,'no',NULL,NULL,NULL,0),(3085,179,8,45,'1446-1447',18,'no',NULL,NULL,NULL,0),(3134,180,1,55,'1446-1447',28,'no',NULL,NULL,NULL,0),(3135,180,2,55,'1446-1447',22,'no',NULL,NULL,NULL,0),(3136,180,3,55,'1446-1447',27,'no',NULL,NULL,NULL,0),(3137,180,4,55,'1446-1447',19,'no',NULL,NULL,NULL,0),(3138,180,5,55,'1446-1447',23,'no',NULL,NULL,NULL,0),(3139,180,1,56,'1446-1447',25,'no',NULL,NULL,NULL,0),(3140,180,2,56,'1446-1447',22,'no',NULL,NULL,NULL,0),(3141,180,3,56,'1446-1447',29,'no',NULL,NULL,NULL,0),(3142,180,4,56,'1446-1447',26,'no',NULL,NULL,NULL,0),(3143,180,5,56,'1446-1447',18,'no',NULL,NULL,NULL,0),(3144,180,1,57,'1446-1447',33,'no',NULL,NULL,NULL,0),(3145,180,2,57,'1446-1447',34,'no',NULL,NULL,NULL,0),(3146,180,3,57,'1446-1447',28,'no',NULL,NULL,NULL,0),(3147,180,4,57,'1446-1447',26,'no',NULL,NULL,NULL,0),(3148,180,5,57,'1446-1447',21,'no',NULL,NULL,NULL,0),(3149,180,6,57,'1446-1447',16,'no',NULL,NULL,NULL,0),(3150,181,1,58,'1446-1447',28,'no',NULL,NULL,NULL,0),(3151,181,2,58,'1446-1447',22,'no',NULL,NULL,NULL,0),(3152,181,3,58,'1446-1447',27,'no',NULL,NULL,NULL,0),(3153,181,4,58,'1446-1447',19,'no',NULL,NULL,NULL,0),(3154,181,5,58,'1446-1447',23,'no',NULL,NULL,NULL,0),(3155,181,1,59,'1446-1447',25,'no',NULL,NULL,NULL,0),(3156,181,2,59,'1446-1447',22,'no',NULL,NULL,NULL,0),(3157,181,3,59,'1446-1447',29,'no',NULL,NULL,NULL,0),(3158,181,4,59,'1446-1447',26,'no',NULL,NULL,NULL,0),(3159,181,5,59,'1446-1447',18,'no',NULL,NULL,NULL,0),(3160,181,1,60,'1446-1447',33,'no',NULL,NULL,NULL,0),(3161,181,2,60,'1446-1447',34,'no',NULL,NULL,NULL,0),(3162,181,3,60,'1446-1447',28,'no',NULL,NULL,NULL,0),(3163,181,4,60,'1446-1447',26,'no',NULL,NULL,NULL,0),(3164,181,5,60,'1446-1447',21,'no',NULL,NULL,NULL,0),(3165,181,6,60,'1446-1447',16,'no',NULL,NULL,NULL,0),(3218,185,1,69,'1446-1447',36,'yes',NULL,NULL,NULL,0),(3219,185,2,69,'1446-1447',32,'no',NULL,NULL,NULL,0),(3220,185,3,69,'1446-1447',30,'no',NULL,NULL,NULL,0),(3221,185,4,69,'1446-1447',31,'no',NULL,NULL,NULL,0),(3222,185,5,69,'1446-1447',33,'no',NULL,NULL,NULL,0),(3223,185,6,69,'1446-1447',32,'no',NULL,NULL,NULL,0),(3224,185,7,69,'1446-1447',31,'no',NULL,NULL,NULL,0),(3225,185,8,69,'1446-1447',32,'no',NULL,NULL,NULL,0),(3226,185,1,70,'1446-1447',33,'yes',NULL,NULL,NULL,0),(3227,185,2,70,'1446-1447',34,'no',NULL,NULL,NULL,0),(3228,185,3,70,'1446-1447',32,'no',NULL,NULL,NULL,0),(3229,185,4,70,'1446-1447',33,'no',NULL,NULL,NULL,0),(3230,185,5,70,'1446-1447',35,'no',NULL,NULL,NULL,0),(3231,185,6,70,'1446-1447',33,'no',NULL,NULL,NULL,0),(3232,185,7,70,'1446-1447',34,'no',NULL,NULL,NULL,0),(3233,185,8,70,'1446-1447',37,'no',NULL,NULL,NULL,0),(3234,185,9,70,'1446-1447',2,'no',NULL,NULL,NULL,0),(3235,185,1,71,'1446-1447',30,'yes',NULL,NULL,NULL,0),(3236,185,2,71,'1446-1447',31,'no',NULL,NULL,NULL,0),(3237,185,3,71,'1446-1447',27,'no',NULL,NULL,NULL,0),(3238,185,4,71,'1446-1447',33,'no',NULL,NULL,NULL,0),(3239,185,5,71,'1446-1447',33,'no',NULL,NULL,NULL,0),(3240,185,6,71,'1446-1447',29,'no',NULL,NULL,NULL,0),(3241,185,7,71,'1446-1447',28,'no',NULL,NULL,NULL,0),(3242,185,9,71,'1446-1447',4,'no',NULL,NULL,NULL,0),(3243,185,8,72,'1446-1447',18,'no',NULL,NULL,NULL,0),(3582,187,1,125,'1446-1447',36,'no',NULL,NULL,NULL,0),(3583,187,2,125,'1446-1447',32,'no',NULL,NULL,NULL,0),(3584,187,3,125,'1446-1447',30,'no',NULL,NULL,NULL,0),(3585,187,4,125,'1446-1447',31,'no',NULL,NULL,NULL,0),(3586,187,5,125,'1446-1447',33,'no',NULL,NULL,NULL,0),(3587,187,6,125,'1446-1447',32,'no',NULL,NULL,NULL,0),(3588,187,7,125,'1446-1447',31,'no',NULL,NULL,NULL,0),(3589,187,8,125,'1446-1447',32,'no',NULL,NULL,NULL,0),(3590,187,1,126,'1446-1447',33,'no',NULL,NULL,NULL,0),(3591,187,2,126,'1446-1447',34,'no',NULL,NULL,NULL,0),(3592,187,3,126,'1446-1447',32,'no',NULL,NULL,NULL,0),(3593,187,4,126,'1446-1447',33,'no',NULL,NULL,NULL,0),(3594,187,5,126,'1446-1447',35,'no',NULL,NULL,NULL,0),(3595,187,6,126,'1446-1447',33,'no',NULL,NULL,NULL,0),(3596,187,7,126,'1446-1447',34,'no',NULL,NULL,NULL,0),(3597,187,8,126,'1446-1447',37,'no',NULL,NULL,NULL,0),(3598,187,9,126,'1446-1447',2,'no',NULL,NULL,NULL,0),(3599,187,1,127,'1446-1447',30,'no',NULL,NULL,NULL,0),(3600,187,2,127,'1446-1447',31,'no',NULL,NULL,NULL,0),(3601,187,3,127,'1446-1447',27,'no',NULL,NULL,NULL,0),(3602,187,4,127,'1446-1447',33,'no',NULL,NULL,NULL,0),(3603,187,5,127,'1446-1447',33,'no',NULL,NULL,NULL,0),(3604,187,6,127,'1446-1447',29,'no',NULL,NULL,NULL,0),(3605,187,7,127,'1446-1447',28,'no',NULL,NULL,NULL,0),(3606,187,9,127,'1446-1447',4,'no',NULL,NULL,NULL,0),(3607,187,8,128,'1446-1447',18,'no',NULL,NULL,NULL,0),(3634,186,1,133,'1446-1447',36,'no',NULL,NULL,NULL,0),(3635,186,2,133,'1446-1447',32,'no',NULL,NULL,NULL,0),(3636,186,3,133,'1446-1447',30,'no',NULL,NULL,NULL,0),(3637,186,4,133,'1446-1447',31,'no',NULL,NULL,NULL,0),(3638,186,5,133,'1446-1447',33,'no',NULL,NULL,NULL,0),(3639,186,6,133,'1446-1447',32,'no',NULL,NULL,NULL,0),(3640,186,7,133,'1446-1447',31,'no',NULL,NULL,NULL,0),(3641,186,8,133,'1446-1447',32,'yes',NULL,NULL,NULL,0),(3642,186,1,134,'1446-1447',33,'no',NULL,NULL,NULL,0),(3643,186,2,134,'1446-1447',34,'no',NULL,NULL,NULL,0),(3644,186,3,134,'1446-1447',32,'no',NULL,NULL,NULL,0),(3645,186,4,134,'1446-1447',33,'no',NULL,NULL,NULL,0),(3646,186,5,134,'1446-1447',35,'no',NULL,NULL,NULL,0),(3647,186,6,134,'1446-1447',33,'no',NULL,NULL,NULL,0),(3648,186,7,134,'1446-1447',34,'no',NULL,NULL,NULL,0),(3649,186,8,134,'1446-1447',37,'no',NULL,NULL,NULL,0),(3650,186,9,134,'1446-1447',2,'yes',NULL,NULL,NULL,0),(3651,186,1,135,'1446-1447',30,'no',NULL,NULL,NULL,0),(3652,186,2,135,'1446-1447',31,'no',NULL,NULL,NULL,0),(3653,186,3,135,'1446-1447',27,'no',NULL,NULL,NULL,0),(3654,186,4,135,'1446-1447',33,'no',NULL,NULL,NULL,0),(3655,186,5,135,'1446-1447',33,'no',NULL,NULL,NULL,0),(3656,186,6,135,'1446-1447',29,'no',NULL,NULL,NULL,0),(3657,186,7,135,'1446-1447',28,'no',NULL,NULL,NULL,0),(3658,186,9,135,'1446-1447',4,'yes',NULL,NULL,NULL,0),(3659,186,8,136,'1446-1447',18,'no',NULL,NULL,NULL,0),(3660,191,1,137,'1446-1447',36,'no',NULL,NULL,NULL,1),(3661,191,2,137,'1446-1447',32,'no',NULL,NULL,NULL,1),(3662,191,3,137,'1446-1447',30,'no',NULL,NULL,NULL,1),(3663,191,4,137,'1446-1447',31,'no',NULL,NULL,NULL,1),(3664,191,5,137,'1446-1447',33,'no',NULL,NULL,NULL,1),(3665,191,6,137,'1446-1447',32,'no',NULL,NULL,NULL,1),(3666,191,7,137,'1446-1447',31,'no',NULL,NULL,NULL,1),(3667,191,8,137,'1446-1447',32,'yes',NULL,NULL,NULL,1),(3668,191,1,138,'1446-1447',33,'no',NULL,NULL,NULL,1),(3669,191,2,138,'1446-1447',34,'no',NULL,NULL,NULL,1),(3670,191,3,138,'1446-1447',32,'no',NULL,NULL,NULL,1),(3671,191,4,138,'1446-1447',33,'no',NULL,NULL,NULL,1),(3672,191,5,138,'1446-1447',35,'no',NULL,NULL,NULL,1),(3673,191,6,138,'1446-1447',33,'no',NULL,NULL,NULL,1),(3674,191,7,138,'1446-1447',34,'no',NULL,NULL,NULL,1),(3675,191,8,138,'1446-1447',37,'no',NULL,NULL,NULL,1),(3676,191,9,138,'1446-1447',2,'no',NULL,NULL,NULL,1),(3677,191,1,139,'1446-1447',30,'no',NULL,NULL,NULL,1),(3678,191,2,139,'1446-1447',31,'no',NULL,NULL,NULL,1),(3679,191,3,139,'1446-1447',27,'no',NULL,NULL,NULL,1),(3680,191,4,139,'1446-1447',33,'no',NULL,NULL,NULL,1),(3681,191,5,139,'1446-1447',33,'no',NULL,NULL,NULL,1),(3682,191,6,139,'1446-1447',29,'no',NULL,NULL,NULL,1),(3683,191,7,139,'1446-1447',28,'no',NULL,NULL,NULL,1),(3684,191,9,139,'1446-1447',4,'no',NULL,NULL,NULL,1),(3685,191,8,140,'1446-1447',18,'no',NULL,NULL,NULL,1),(3686,192,1,141,'1446-1447',36,'no',NULL,NULL,NULL,1),(3687,192,2,141,'1446-1447',32,'no',NULL,NULL,NULL,1),(3688,192,3,141,'1446-1447',30,'no',NULL,NULL,NULL,1),(3689,192,4,141,'1446-1447',31,'no',NULL,NULL,NULL,1),(3690,192,5,141,'1446-1447',33,'no',NULL,NULL,NULL,1),(3691,192,6,141,'1446-1447',32,'no',NULL,NULL,NULL,1),(3692,192,7,141,'1446-1447',31,'no',NULL,NULL,NULL,1),(3693,192,8,141,'1446-1447',32,'no',NULL,NULL,NULL,1),(3694,192,1,142,'1446-1447',33,'no',NULL,NULL,NULL,1),(3695,192,2,142,'1446-1447',34,'no',NULL,NULL,NULL,1),(3696,192,3,142,'1446-1447',32,'no',NULL,NULL,NULL,1),(3697,192,4,142,'1446-1447',33,'no',NULL,NULL,NULL,1),(3698,192,5,142,'1446-1447',35,'no',NULL,NULL,NULL,1),(3699,192,6,142,'1446-1447',33,'no',NULL,NULL,NULL,1),(3700,192,7,142,'1446-1447',34,'no',NULL,NULL,NULL,1),(3701,192,8,142,'1446-1447',37,'no',NULL,NULL,NULL,1),(3702,192,9,142,'1446-1447',2,'no',NULL,NULL,NULL,1),(3703,192,1,143,'1446-1447',30,'no',NULL,NULL,NULL,1),(3704,192,2,143,'1446-1447',31,'no',NULL,NULL,NULL,1),(3705,192,3,143,'1446-1447',27,'no',NULL,NULL,NULL,1),(3706,192,4,143,'1446-1447',33,'no',NULL,NULL,NULL,1),(3707,192,5,143,'1446-1447',33,'no',NULL,NULL,NULL,1),(3708,192,6,143,'1446-1447',29,'no',NULL,NULL,NULL,1),(3709,192,7,143,'1446-1447',28,'no',NULL,NULL,NULL,1),(3710,192,9,143,'1446-1447',4,'no',NULL,NULL,NULL,1),(3711,192,8,144,'1446-1447',18,'no',NULL,NULL,NULL,1),(3712,121,1,145,'1446-1447',36,'no',NULL,NULL,NULL,1),(3713,121,2,145,'1446-1447',32,'no',NULL,NULL,NULL,1),(3714,121,3,145,'1446-1447',30,'no',NULL,NULL,NULL,1),(3715,121,4,145,'1446-1447',31,'no',NULL,NULL,NULL,1),(3716,121,5,145,'1446-1447',33,'no',NULL,NULL,NULL,1),(3717,121,6,145,'1446-1447',32,'no',NULL,NULL,NULL,1),(3718,121,7,145,'1446-1447',31,'no',NULL,NULL,NULL,1),(3719,121,8,145,'1446-1447',32,'yes',NULL,NULL,NULL,1),(3720,121,1,146,'1446-1447',33,'no',NULL,NULL,NULL,1),(3721,121,2,146,'1446-1447',34,'no',NULL,NULL,NULL,1),(3722,121,3,146,'1446-1447',32,'no',NULL,NULL,NULL,1),(3723,121,4,146,'1446-1447',33,'no',NULL,NULL,NULL,1),(3724,121,5,146,'1446-1447',35,'no',NULL,NULL,NULL,1),(3725,121,6,146,'1446-1447',33,'no',NULL,NULL,NULL,1),(3726,121,7,146,'1446-1447',34,'no',NULL,NULL,NULL,1),(3727,121,8,146,'1446-1447',37,'no',NULL,NULL,NULL,1),(3728,121,9,146,'1446-1447',2,'yes',NULL,NULL,NULL,1),(3729,121,1,147,'1446-1447',30,'no',NULL,NULL,NULL,1),(3730,121,2,147,'1446-1447',31,'no',NULL,NULL,NULL,1),(3731,121,3,147,'1446-1447',27,'no',NULL,NULL,NULL,1),(3732,121,4,147,'1446-1447',33,'no',NULL,NULL,NULL,1),(3733,121,5,147,'1446-1447',33,'no',NULL,NULL,NULL,1),(3734,121,6,147,'1446-1447',29,'no',NULL,NULL,NULL,1),(3735,121,7,147,'1446-1447',28,'no',NULL,NULL,NULL,1),(3736,121,9,147,'1446-1447',4,'no',NULL,NULL,NULL,1),(3737,121,8,148,'1446-1447',18,'no',NULL,NULL,NULL,1),(3738,194,1,149,'1446-1447',36,'no',NULL,NULL,NULL,1),(3739,194,2,149,'1446-1447',32,'no',NULL,NULL,NULL,1),(3740,194,3,149,'1446-1447',30,'no',NULL,NULL,NULL,1),(3741,194,4,149,'1446-1447',31,'no',NULL,NULL,NULL,1),(3742,194,5,149,'1446-1447',33,'no',NULL,NULL,NULL,1),(3743,194,6,149,'1446-1447',32,'no',NULL,NULL,NULL,1),(3744,194,7,149,'1446-1447',31,'no',NULL,NULL,NULL,1),(3745,194,8,149,'1446-1447',32,'no',NULL,NULL,NULL,1),(3746,194,1,150,'1446-1447',33,'no',NULL,NULL,NULL,1),(3747,194,2,150,'1446-1447',34,'no',NULL,NULL,NULL,1),(3748,194,3,150,'1446-1447',32,'no',NULL,NULL,NULL,1),(3749,194,4,150,'1446-1447',33,'no',NULL,NULL,NULL,1),(3750,194,5,150,'1446-1447',35,'no',NULL,NULL,NULL,1),(3751,194,6,150,'1446-1447',33,'no',NULL,NULL,NULL,1),(3752,194,7,150,'1446-1447',34,'no',NULL,NULL,NULL,1),(3753,194,8,150,'1446-1447',37,'no',NULL,NULL,NULL,1),(3754,194,9,150,'1446-1447',2,'no',NULL,NULL,NULL,1),(3755,194,1,151,'1446-1447',30,'no',NULL,NULL,NULL,1),(3756,194,2,151,'1446-1447',31,'no',NULL,NULL,NULL,1),(3757,194,3,151,'1446-1447',27,'no',NULL,NULL,NULL,1),(3758,194,4,151,'1446-1447',33,'no',NULL,NULL,NULL,1),(3759,194,5,151,'1446-1447',33,'no',NULL,NULL,NULL,1),(3760,194,6,151,'1446-1447',29,'no',NULL,NULL,NULL,1),(3761,194,7,151,'1446-1447',28,'no',NULL,NULL,NULL,1),(3762,194,9,151,'1446-1447',4,'no',NULL,NULL,NULL,1),(3763,194,8,152,'1446-1447',18,'no',NULL,NULL,NULL,1),(3764,196,1,153,'1446-1447',36,'no',NULL,NULL,NULL,1),(3765,196,2,153,'1446-1447',32,'no',NULL,NULL,NULL,1),(3766,196,3,153,'1446-1447',30,'no',NULL,NULL,NULL,1),(3767,196,4,153,'1446-1447',31,'no',NULL,NULL,NULL,1),(3768,196,5,153,'1446-1447',33,'no',NULL,NULL,NULL,1),(3769,196,6,153,'1446-1447',32,'no',NULL,NULL,NULL,1),(3770,196,7,153,'1446-1447',31,'no',NULL,NULL,NULL,1),(3771,196,8,153,'1446-1447',32,'yes',NULL,NULL,NULL,1),(3772,196,1,154,'1446-1447',33,'no',NULL,NULL,NULL,1),(3773,196,2,154,'1446-1447',34,'no',NULL,NULL,NULL,1),(3774,196,3,154,'1446-1447',32,'no',NULL,NULL,NULL,1),(3775,196,4,154,'1446-1447',33,'no',NULL,NULL,NULL,1),(3776,196,5,154,'1446-1447',35,'no',NULL,NULL,NULL,1),(3777,196,6,154,'1446-1447',33,'no',NULL,NULL,NULL,1),(3778,196,7,154,'1446-1447',34,'no',NULL,NULL,NULL,1),(3779,196,8,154,'1446-1447',37,'no',NULL,NULL,NULL,1),(3780,196,9,154,'1446-1447',2,'no',NULL,NULL,NULL,1),(3781,196,1,155,'1446-1447',30,'no',NULL,NULL,NULL,1),(3782,196,2,155,'1446-1447',31,'no',NULL,NULL,NULL,1),(3783,196,3,155,'1446-1447',27,'no',NULL,NULL,NULL,1),(3784,196,4,155,'1446-1447',33,'no',NULL,NULL,NULL,1),(3785,196,5,155,'1446-1447',33,'no',NULL,NULL,NULL,1),(3786,196,6,155,'1446-1447',29,'no',NULL,NULL,NULL,1),(3787,196,7,155,'1446-1447',28,'no',NULL,NULL,NULL,1),(3788,196,9,155,'1446-1447',4,'no',NULL,NULL,NULL,1),(3789,196,8,156,'1446-1447',18,'no',NULL,NULL,NULL,1),(3790,199,1,157,'1446-1447',36,'no',NULL,NULL,NULL,1),(3791,199,2,157,'1446-1447',32,'no',NULL,NULL,NULL,1),(3792,199,3,157,'1446-1447',30,'no',NULL,NULL,NULL,1),(3793,199,4,157,'1446-1447',31,'no',NULL,NULL,NULL,1),(3794,199,5,157,'1446-1447',33,'no',NULL,NULL,NULL,1),(3795,199,6,157,'1446-1447',32,'no',NULL,NULL,NULL,1),(3796,199,7,157,'1446-1447',31,'no',NULL,NULL,NULL,1),(3797,199,8,157,'1446-1447',32,'no',NULL,NULL,NULL,1),(3798,199,1,158,'1446-1447',33,'no',NULL,NULL,NULL,1),(3799,199,2,158,'1446-1447',34,'no',NULL,NULL,NULL,1),(3800,199,3,158,'1446-1447',32,'no',NULL,NULL,NULL,1),(3801,199,4,158,'1446-1447',33,'no',NULL,NULL,NULL,1),(3802,199,5,158,'1446-1447',35,'no',NULL,NULL,NULL,1),(3803,199,6,158,'1446-1447',33,'no',NULL,NULL,NULL,1),(3804,199,7,158,'1446-1447',34,'no',NULL,NULL,NULL,1),(3805,199,8,158,'1446-1447',37,'no',NULL,NULL,NULL,1),(3806,199,9,158,'1446-1447',2,'no',NULL,NULL,NULL,1),(3807,199,1,159,'1446-1447',30,'no',NULL,NULL,NULL,1),(3808,199,2,159,'1446-1447',31,'no',NULL,NULL,NULL,1),(3809,199,3,159,'1446-1447',27,'no',NULL,NULL,NULL,1),(3810,199,4,159,'1446-1447',33,'no',NULL,NULL,NULL,1),(3811,199,5,159,'1446-1447',33,'no',NULL,NULL,NULL,1),(3812,199,6,159,'1446-1447',29,'no',NULL,NULL,NULL,1),(3813,199,7,159,'1446-1447',28,'no',NULL,NULL,NULL,1),(3814,199,9,159,'1446-1447',4,'no',NULL,NULL,NULL,1),(3815,199,8,160,'1446-1447',18,'no',NULL,NULL,NULL,1),(3816,200,1,161,'1446-1447',36,'no',NULL,NULL,NULL,1),(3817,200,2,161,'1446-1447',32,'no',NULL,NULL,NULL,1),(3818,200,3,161,'1446-1447',30,'no',NULL,NULL,NULL,1),(3819,200,4,161,'1446-1447',31,'no',NULL,NULL,NULL,1),(3820,200,5,161,'1446-1447',33,'no',NULL,NULL,NULL,1),(3821,200,6,161,'1446-1447',32,'no',NULL,NULL,NULL,1),(3822,200,7,161,'1446-1447',31,'no',NULL,NULL,NULL,1),(3823,200,8,161,'1446-1447',32,'no',NULL,NULL,NULL,1),(3824,200,1,162,'1446-1447',33,'no',NULL,NULL,NULL,1),(3825,200,2,162,'1446-1447',34,'no',NULL,NULL,NULL,1),(3826,200,3,162,'1446-1447',32,'no',NULL,NULL,NULL,1),(3827,200,4,162,'1446-1447',33,'no',NULL,NULL,NULL,1),(3828,200,5,162,'1446-1447',35,'no',NULL,NULL,NULL,1),(3829,200,6,162,'1446-1447',33,'no',NULL,NULL,NULL,1),(3830,200,7,162,'1446-1447',34,'no',NULL,NULL,NULL,1),(3831,200,8,162,'1446-1447',37,'no',NULL,NULL,NULL,1),(3832,200,9,162,'1446-1447',2,'no',NULL,NULL,NULL,1),(3833,200,1,163,'1446-1447',30,'no',NULL,NULL,NULL,1),(3834,200,2,163,'1446-1447',31,'no',NULL,NULL,NULL,1),(3835,200,3,163,'1446-1447',27,'no',NULL,NULL,NULL,1),(3836,200,4,163,'1446-1447',33,'no',NULL,NULL,NULL,1),(3837,200,5,163,'1446-1447',33,'no',NULL,NULL,NULL,1),(3838,200,6,163,'1446-1447',29,'no',NULL,NULL,NULL,1),(3839,200,7,163,'1446-1447',28,'no',NULL,NULL,NULL,1),(3840,200,9,163,'1446-1447',4,'no',NULL,NULL,NULL,1),(3841,200,8,164,'1446-1447',18,'no',NULL,NULL,NULL,1),(3842,203,1,165,'1446-1447',36,'no',NULL,NULL,NULL,1),(3843,203,2,165,'1446-1447',32,'no',NULL,NULL,NULL,1),(3844,203,3,165,'1446-1447',30,'no',NULL,NULL,NULL,1),(3845,203,4,165,'1446-1447',31,'no',NULL,NULL,NULL,1),(3846,203,5,165,'1446-1447',33,'no',NULL,NULL,NULL,1),(3847,203,6,165,'1446-1447',32,'no',NULL,NULL,NULL,1),(3848,203,7,165,'1446-1447',31,'no',NULL,NULL,NULL,1),(3849,203,8,165,'1446-1447',32,'no',NULL,NULL,NULL,1),(3850,203,1,166,'1446-1447',33,'no',NULL,NULL,NULL,1),(3851,203,2,166,'1446-1447',34,'no',NULL,NULL,NULL,1),(3852,203,3,166,'1446-1447',32,'no',NULL,NULL,NULL,1),(3853,203,4,166,'1446-1447',33,'no',NULL,NULL,NULL,1),(3854,203,5,166,'1446-1447',35,'no',NULL,NULL,NULL,1),(3855,203,6,166,'1446-1447',33,'no',NULL,NULL,NULL,1),(3856,203,7,166,'1446-1447',34,'no',NULL,NULL,NULL,1),(3857,203,8,166,'1446-1447',37,'no',NULL,NULL,NULL,1),(3858,203,9,166,'1446-1447',2,'no',NULL,NULL,NULL,1),(3859,203,1,167,'1446-1447',30,'no',NULL,NULL,NULL,1),(3860,203,2,167,'1446-1447',31,'no',NULL,NULL,NULL,1),(3861,203,3,167,'1446-1447',27,'no',NULL,NULL,NULL,1),(3862,203,4,167,'1446-1447',33,'no',NULL,NULL,NULL,1),(3863,203,5,167,'1446-1447',33,'no',NULL,NULL,NULL,1),(3864,203,6,167,'1446-1447',29,'no',NULL,NULL,NULL,1),(3865,203,7,167,'1446-1447',28,'no',NULL,NULL,NULL,1),(3866,203,9,167,'1446-1447',4,'no',NULL,NULL,NULL,1),(3867,203,8,168,'1446-1447',18,'no',NULL,NULL,NULL,1),(3868,205,1,169,'1446-1447',36,'no',NULL,NULL,NULL,1),(3869,205,2,169,'1446-1447',32,'no',NULL,NULL,NULL,1),(3870,205,3,169,'1446-1447',30,'no',NULL,NULL,NULL,1),(3871,205,4,169,'1446-1447',31,'no',NULL,NULL,NULL,1),(3872,205,5,169,'1446-1447',33,'no',NULL,NULL,NULL,1),(3873,205,6,169,'1446-1447',32,'no',NULL,NULL,NULL,1),(3874,205,7,169,'1446-1447',31,'no',NULL,NULL,NULL,1),(3875,205,8,169,'1446-1447',32,'no',NULL,NULL,NULL,1),(3876,205,1,170,'1446-1447',33,'no',NULL,NULL,NULL,1),(3877,205,2,170,'1446-1447',34,'no',NULL,NULL,NULL,1),(3878,205,3,170,'1446-1447',32,'no',NULL,NULL,NULL,1),(3879,205,4,170,'1446-1447',33,'no',NULL,NULL,NULL,1),(3880,205,5,170,'1446-1447',35,'no',NULL,NULL,NULL,1),(3881,205,6,170,'1446-1447',33,'no',NULL,NULL,NULL,1),(3882,205,7,170,'1446-1447',34,'no',NULL,NULL,NULL,1),(3883,205,8,170,'1446-1447',37,'no',NULL,NULL,NULL,1),(3884,205,9,170,'1446-1447',2,'no',NULL,NULL,NULL,1),(3885,205,1,171,'1446-1447',30,'no',NULL,NULL,NULL,1),(3886,205,2,171,'1446-1447',31,'no',NULL,NULL,NULL,1),(3887,205,3,171,'1446-1447',27,'no',NULL,NULL,NULL,1),(3888,205,4,171,'1446-1447',33,'no',NULL,NULL,NULL,1),(3889,205,5,171,'1446-1447',33,'no',NULL,NULL,NULL,1),(3890,205,6,171,'1446-1447',29,'no',NULL,NULL,NULL,1),(3891,205,7,171,'1446-1447',28,'no',NULL,NULL,NULL,1),(3892,205,9,171,'1446-1447',4,'no',NULL,NULL,NULL,1),(3893,205,8,172,'1446-1447',18,'no',NULL,NULL,NULL,1),(3894,206,1,173,'1446-1447',36,'no',NULL,NULL,NULL,1),(3895,206,2,173,'1446-1447',32,'no',NULL,NULL,NULL,1),(3896,206,3,173,'1446-1447',30,'no',NULL,NULL,NULL,1),(3897,206,4,173,'1446-1447',31,'no',NULL,NULL,NULL,1),(3898,206,5,173,'1446-1447',33,'no',NULL,NULL,NULL,1),(3899,206,6,173,'1446-1447',32,'no',NULL,NULL,NULL,1),(3900,206,7,173,'1446-1447',31,'no',NULL,NULL,NULL,1),(3901,206,8,173,'1446-1447',32,'no',NULL,NULL,NULL,1),(3902,206,1,174,'1446-1447',33,'no',NULL,NULL,NULL,1),(3903,206,2,174,'1446-1447',34,'no',NULL,NULL,NULL,1),(3904,206,3,174,'1446-1447',32,'no',NULL,NULL,NULL,1),(3905,206,4,174,'1446-1447',33,'no',NULL,NULL,NULL,1),(3906,206,5,174,'1446-1447',35,'no',NULL,NULL,NULL,1),(3907,206,6,174,'1446-1447',33,'no',NULL,NULL,NULL,1),(3908,206,7,174,'1446-1447',34,'no',NULL,NULL,NULL,1),(3909,206,8,174,'1446-1447',37,'no',NULL,NULL,NULL,1),(3910,206,9,174,'1446-1447',2,'yes',NULL,NULL,NULL,1),(3911,206,1,175,'1446-1447',30,'no',NULL,NULL,NULL,1),(3912,206,2,175,'1446-1447',31,'no',NULL,NULL,NULL,1),(3913,206,3,175,'1446-1447',27,'no',NULL,NULL,NULL,1),(3914,206,4,175,'1446-1447',33,'no',NULL,NULL,NULL,1),(3915,206,5,175,'1446-1447',33,'no',NULL,NULL,NULL,1),(3916,206,6,175,'1446-1447',29,'no',NULL,NULL,NULL,1),(3917,206,7,175,'1446-1447',28,'no',NULL,NULL,NULL,1),(3918,206,9,175,'1446-1447',4,'no',NULL,NULL,NULL,1),(3919,206,8,176,'1446-1447',18,'no',NULL,NULL,NULL,1),(3974,212,1,187,'1446-1447',36,'no',NULL,NULL,NULL,1),(3975,212,2,187,'1446-1447',32,'no',NULL,NULL,NULL,1),(3976,212,3,187,'1446-1447',30,'no',NULL,NULL,NULL,1),(3977,212,4,187,'1446-1447',31,'no',NULL,NULL,NULL,1),(3978,212,5,187,'1446-1447',33,'no',NULL,NULL,NULL,1),(3979,212,6,187,'1446-1447',32,'no',NULL,NULL,NULL,1),(3980,212,7,187,'1446-1447',31,'no',NULL,NULL,NULL,1),(3981,212,8,187,'1446-1447',32,'yes',NULL,NULL,NULL,1),(3982,212,1,188,'1446-1447',33,'no',NULL,NULL,NULL,1),(3983,212,2,188,'1446-1447',34,'no',NULL,NULL,NULL,1),(3984,212,3,188,'1446-1447',32,'no',NULL,NULL,NULL,1),(3985,212,4,188,'1446-1447',33,'no',NULL,NULL,NULL,1),(3986,212,5,188,'1446-1447',35,'no',NULL,NULL,NULL,1),(3987,212,6,188,'1446-1447',33,'no',NULL,NULL,NULL,1),(3988,212,7,188,'1446-1447',34,'no',NULL,NULL,NULL,1),(3989,212,8,188,'1446-1447',37,'no',NULL,NULL,NULL,1),(3990,212,9,188,'1446-1447',2,'yes',NULL,NULL,NULL,1),(3991,212,1,189,'1446-1447',30,'no',NULL,NULL,NULL,1),(3992,212,2,189,'1446-1447',31,'no',NULL,NULL,NULL,1),(3993,212,3,189,'1446-1447',27,'no',NULL,NULL,NULL,1),(3994,212,4,189,'1446-1447',33,'no',NULL,NULL,NULL,1),(3995,212,5,189,'1446-1447',33,'no',NULL,NULL,NULL,1),(3996,212,6,189,'1446-1447',29,'no',NULL,NULL,NULL,1),(3997,212,7,189,'1446-1447',28,'no',NULL,NULL,NULL,1),(3998,212,9,189,'1446-1447',4,'no',NULL,NULL,NULL,1),(3999,212,8,190,'1446-1447',18,'no',NULL,NULL,NULL,1),(4052,215,1,199,'1446-1447',36,'no',NULL,NULL,NULL,1),(4053,215,2,199,'1446-1447',32,'no',NULL,NULL,NULL,1),(4054,215,3,199,'1446-1447',30,'no',NULL,NULL,NULL,1),(4055,215,4,199,'1446-1447',31,'no',NULL,NULL,NULL,1),(4056,215,5,199,'1446-1447',33,'no',NULL,NULL,NULL,1),(4057,215,6,199,'1446-1447',32,'no',NULL,NULL,NULL,1),(4058,215,7,199,'1446-1447',31,'no',NULL,NULL,NULL,1),(4059,215,8,199,'1446-1447',32,'no',NULL,NULL,NULL,1),(4060,215,1,200,'1446-1447',33,'no',NULL,NULL,NULL,1),(4061,215,2,200,'1446-1447',34,'no',NULL,NULL,NULL,1),(4062,215,3,200,'1446-1447',32,'no',NULL,NULL,NULL,1),(4063,215,4,200,'1446-1447',33,'no',NULL,NULL,NULL,1),(4064,215,5,200,'1446-1447',35,'no',NULL,NULL,NULL,1),(4065,215,6,200,'1446-1447',33,'no',NULL,NULL,NULL,1),(4066,215,7,200,'1446-1447',34,'no',NULL,NULL,NULL,1),(4067,215,8,200,'1446-1447',37,'no',NULL,NULL,NULL,1),(4068,215,9,200,'1446-1447',2,'no',NULL,NULL,NULL,1),(4069,215,1,201,'1446-1447',30,'no',NULL,NULL,NULL,1),(4070,215,2,201,'1446-1447',31,'no',NULL,NULL,NULL,1),(4071,215,3,201,'1446-1447',27,'no',NULL,NULL,NULL,1),(4072,215,4,201,'1446-1447',33,'no',NULL,NULL,NULL,1),(4073,215,5,201,'1446-1447',33,'no',NULL,NULL,NULL,1),(4074,215,6,201,'1446-1447',29,'no',NULL,NULL,NULL,1),(4075,215,7,201,'1446-1447',28,'no',NULL,NULL,NULL,1),(4076,215,9,201,'1446-1447',4,'no',NULL,NULL,NULL,1),(4077,215,8,202,'1446-1447',18,'no',NULL,NULL,NULL,1),(4078,214,1,203,'1446-1447',36,'no',NULL,NULL,NULL,1),(4079,214,2,203,'1446-1447',32,'no',NULL,NULL,NULL,1),(4080,214,3,203,'1446-1447',30,'no',NULL,NULL,NULL,1),(4081,214,4,203,'1446-1447',31,'no',NULL,NULL,NULL,1),(4082,214,5,203,'1446-1447',33,'no',NULL,NULL,NULL,1),(4083,214,6,203,'1446-1447',32,'no',NULL,NULL,NULL,1),(4084,214,7,203,'1446-1447',31,'no',NULL,NULL,NULL,1),(4085,214,8,203,'1446-1447',32,'no',NULL,NULL,NULL,1),(4086,214,1,204,'1446-1447',33,'no',NULL,NULL,NULL,1),(4087,214,2,204,'1446-1447',34,'no',NULL,NULL,NULL,1),(4088,214,3,204,'1446-1447',32,'no',NULL,NULL,NULL,1),(4089,214,4,204,'1446-1447',33,'no',NULL,NULL,NULL,1),(4090,214,5,204,'1446-1447',35,'no',NULL,NULL,NULL,1),(4091,214,6,204,'1446-1447',33,'no',NULL,NULL,NULL,1),(4092,214,7,204,'1446-1447',34,'no',NULL,NULL,NULL,1),(4093,214,8,204,'1446-1447',37,'no',NULL,NULL,NULL,1),(4094,214,9,204,'1446-1447',2,'no',NULL,NULL,NULL,1),(4095,214,1,205,'1446-1447',30,'no',NULL,NULL,NULL,1),(4096,214,2,205,'1446-1447',31,'no',NULL,NULL,NULL,1),(4097,214,3,205,'1446-1447',27,'no',NULL,NULL,NULL,1),(4098,214,4,205,'1446-1447',33,'no',NULL,NULL,NULL,1),(4099,214,5,205,'1446-1447',33,'no',NULL,NULL,NULL,1),(4100,214,6,205,'1446-1447',29,'no',NULL,NULL,NULL,1),(4101,214,7,205,'1446-1447',28,'no',NULL,NULL,NULL,1),(4102,214,9,205,'1446-1447',4,'no',NULL,NULL,NULL,1),(4103,214,8,206,'1446-1447',18,'no',NULL,NULL,NULL,1),(4104,216,1,207,'1446-1447',36,'no',NULL,NULL,NULL,1),(4105,216,2,207,'1446-1447',32,'no',NULL,NULL,NULL,1),(4106,216,3,207,'1446-1447',30,'no',NULL,NULL,NULL,1),(4107,216,4,207,'1446-1447',31,'no',NULL,NULL,NULL,1),(4108,216,5,207,'1446-1447',33,'no',NULL,NULL,NULL,1),(4109,216,6,207,'1446-1447',32,'no',NULL,NULL,NULL,1),(4110,216,7,207,'1446-1447',31,'no',NULL,NULL,NULL,1),(4111,216,8,207,'1446-1447',32,'no',NULL,NULL,NULL,1),(4112,216,1,208,'1446-1447',33,'no',NULL,NULL,NULL,1),(4113,216,2,208,'1446-1447',34,'no',NULL,NULL,NULL,1),(4114,216,3,208,'1446-1447',32,'no',NULL,NULL,NULL,1),(4115,216,4,208,'1446-1447',33,'no',NULL,NULL,NULL,1),(4116,216,5,208,'1446-1447',35,'no',NULL,NULL,NULL,1),(4117,216,6,208,'1446-1447',33,'no',NULL,NULL,NULL,1),(4118,216,7,208,'1446-1447',34,'no',NULL,NULL,NULL,1),(4119,216,8,208,'1446-1447',37,'no',NULL,NULL,NULL,1),(4120,216,9,208,'1446-1447',2,'no',NULL,NULL,NULL,1),(4121,216,1,209,'1446-1447',30,'no',NULL,NULL,NULL,1),(4122,216,2,209,'1446-1447',31,'no',NULL,NULL,NULL,1),(4123,216,3,209,'1446-1447',27,'no',NULL,NULL,NULL,1),(4124,216,4,209,'1446-1447',33,'no',NULL,NULL,NULL,1),(4125,216,5,209,'1446-1447',33,'no',NULL,NULL,NULL,1),(4126,216,6,209,'1446-1447',29,'no',NULL,NULL,NULL,1),(4127,216,7,209,'1446-1447',28,'no',NULL,NULL,NULL,1),(4128,216,9,209,'1446-1447',4,'no',NULL,NULL,NULL,1),(4129,216,8,210,'1446-1447',18,'no',NULL,NULL,NULL,1),(4130,217,1,211,'1446-1447',36,'no',NULL,NULL,NULL,1),(4131,217,2,211,'1446-1447',32,'no',NULL,NULL,NULL,1),(4132,217,3,211,'1446-1447',30,'no',NULL,NULL,NULL,1),(4133,217,4,211,'1446-1447',31,'no',NULL,NULL,NULL,1),(4134,217,5,211,'1446-1447',33,'no',NULL,NULL,NULL,1),(4135,217,6,211,'1446-1447',32,'no',NULL,NULL,NULL,1),(4136,217,7,211,'1446-1447',31,'no',NULL,NULL,NULL,1),(4137,217,8,211,'1446-1447',32,'yes',NULL,NULL,NULL,1),(4138,217,1,212,'1446-1447',33,'no',NULL,NULL,NULL,1),(4139,217,2,212,'1446-1447',34,'no',NULL,NULL,NULL,1),(4140,217,3,212,'1446-1447',32,'no',NULL,NULL,NULL,1),(4141,217,4,212,'1446-1447',33,'no',NULL,NULL,NULL,1),(4142,217,5,212,'1446-1447',35,'no',NULL,NULL,NULL,1),(4143,217,6,212,'1446-1447',33,'no',NULL,NULL,NULL,1),(4144,217,7,212,'1446-1447',34,'no',NULL,NULL,NULL,1),(4145,217,8,212,'1446-1447',37,'no',NULL,NULL,NULL,1),(4146,217,9,212,'1446-1447',2,'yes',NULL,NULL,NULL,1),(4147,217,1,213,'1446-1447',30,'no',NULL,NULL,NULL,1),(4148,217,2,213,'1446-1447',31,'no',NULL,NULL,NULL,1),(4149,217,3,213,'1446-1447',27,'no',NULL,NULL,NULL,1),(4150,217,4,213,'1446-1447',33,'no',NULL,NULL,NULL,1),(4151,217,5,213,'1446-1447',33,'no',NULL,NULL,NULL,1),(4152,217,6,213,'1446-1447',29,'no',NULL,NULL,NULL,1),(4153,217,7,213,'1446-1447',28,'no',NULL,NULL,NULL,1),(4154,217,9,213,'1446-1447',4,'yes',NULL,NULL,NULL,1),(4155,217,8,214,'1446-1447',18,'no',NULL,NULL,NULL,1),(4156,218,1,215,'1446-1447',36,'no',NULL,NULL,NULL,1),(4157,218,2,215,'1446-1447',32,'no',NULL,NULL,NULL,1),(4158,218,3,215,'1446-1447',30,'no',NULL,NULL,NULL,1),(4159,218,4,215,'1446-1447',31,'no',NULL,NULL,NULL,1),(4160,218,5,215,'1446-1447',33,'no',NULL,NULL,NULL,1),(4161,218,6,215,'1446-1447',32,'no',NULL,NULL,NULL,1),(4162,218,7,215,'1446-1447',31,'no',NULL,NULL,NULL,1),(4163,218,8,215,'1446-1447',32,'yes',NULL,NULL,NULL,1),(4164,218,1,216,'1446-1447',33,'no',NULL,NULL,NULL,1),(4165,218,2,216,'1446-1447',34,'no',NULL,NULL,NULL,1),(4166,218,3,216,'1446-1447',32,'no',NULL,NULL,NULL,1),(4167,218,4,216,'1446-1447',33,'no',NULL,NULL,NULL,1),(4168,218,5,216,'1446-1447',35,'no',NULL,NULL,NULL,1),(4169,218,6,216,'1446-1447',33,'no',NULL,NULL,NULL,1),(4170,218,7,216,'1446-1447',34,'no',NULL,NULL,NULL,1),(4171,218,8,216,'1446-1447',37,'no',NULL,NULL,NULL,1),(4172,218,9,216,'1446-1447',2,'yes',NULL,NULL,NULL,1),(4173,218,1,217,'1446-1447',30,'no',NULL,NULL,NULL,1),(4174,218,2,217,'1446-1447',31,'no',NULL,NULL,NULL,1),(4175,218,3,217,'1446-1447',27,'no',NULL,NULL,NULL,1),(4176,218,4,217,'1446-1447',33,'no',NULL,NULL,NULL,1),(4177,218,5,217,'1446-1447',33,'no',NULL,NULL,NULL,1),(4178,218,6,217,'1446-1447',29,'no',NULL,NULL,NULL,1),(4179,218,7,217,'1446-1447',28,'no',NULL,NULL,NULL,1),(4180,218,9,217,'1446-1447',4,'yes',NULL,NULL,NULL,1),(4181,218,8,218,'1446-1447',18,'no',NULL,NULL,NULL,1);

--
-- Table structure for table `school_employee_attendance`
--

CREATE TABLE `school_employee_attendance` (
  `id` bigint unsigned NOT NULL AUTO_INCREMENT,
  `school_id` bigint unsigned DEFAULT NULL,
  `school_employee_id` bigint unsigned DEFAULT NULL,
  `status` enum('attended','absent','late') CHARACTER SET utf8mb4 COLLATE utf8mb4_unicode_ci DEFAULT NULL,
  `absence_reason` enum('without_excuse','sick','emergency','accompanying','newborn','other') COLLATE utf8mb4_unicode_ci DEFAULT NULL,
  `other_absence_reason` text COLLATE utf8mb4_unicode_ci,
  `late_reason` text COLLATE utf8mb4_unicode_ci,
  `late_from_time` varchar(50) COLLATE utf8mb4_unicode_ci DEFAULT NULL,
  `late_to_time` varchar(50) COLLATE utf8mb4_unicode_ci DEFAULT NULL,
  `date` varchar(50) COLLATE utf8mb4_unicode_ci DEFAULT NULL,
  `date_type` enum('hijri','coptic') COLLATE utf8mb4_unicode_ci DEFAULT NULL,
  `created_at` timestamp NULL DEFAULT NULL,
  `updated_at` timestamp NULL DEFAULT NULL,
  `deleted_at` timestamp NULL DEFAULT NULL,
  `type` enum('teacher','adminstrative') COLLATE utf8mb4_unicode_ci NOT NULL,
  PRIMARY KEY (`id`),
  KEY `school_employee_attendance_school_id_foreign` (`school_id`),
  KEY `school_employee_attendance_school_employee_id_foreign` (`school_employee_id`),
  CONSTRAINT `school_employee_attendance_school_employee_id_foreign` FOREIGN KEY (`school_employee_id`) REFERENCES `school_employees` (`id`) ON DELETE CASCADE,
  CONSTRAINT `school_employee_attendance_school_id_foreign` FOREIGN KEY (`school_id`) REFERENCES `schools` (`id`) ON DELETE CASCADE
) ENGINE=InnoDB AUTO_INCREMENT=68 DEFAULT CHARSET=utf8mb4 COLLATE=utf8mb4_unicode_ci;

--
-- Dumping data for table `school_employee_attendance`
--

INSERT INTO `school_employee_attendance` (`id`, `school_id`, `school_employee_id`, `status`, `absence_reason`, `other_absence_reason`, `late_reason`, `late_from_time`, `late_to_time`, `date`, `date_type`, `created_at`, `updated_at`, `deleted_at`, `type`) VALUES (2,81,177,'absent','sick',NULL,NULL,NULL,NULL,'19/11/2024','coptic','2024-11-19 15:27:28','2024-11-19 18:16:03',NULL,'adminstrative'),(3,81,178,'late',NULL,NULL,NULL,'08:00AM','08:40AM','19/11/2024','coptic','2024-11-19 15:27:28','2024-11-19 18:16:43',NULL,'adminstrative'),(4,81,752,NULL,NULL,NULL,NULL,NULL,NULL,'19/11/2024','coptic','2024-11-19 15:27:29','2024-11-19 15:27:29',NULL,'adminstrative'),(5,81,968,NULL,NULL,NULL,NULL,NULL,NULL,'19/11/2024','coptic','2024-11-19 15:27:29','2024-11-19 15:27:29',NULL,'adminstrative'),(6,81,969,NULL,NULL,NULL,NULL,NULL,NULL,'19/11/2024','coptic','2024-11-19 15:27:29','2024-11-19 15:27:29',NULL,'adminstrative'),(7,39,963,'late',NULL,NULL,NULL,'08:00AM','08:40AM','22/11/2024','coptic','2024-11-22 08:38:23','2024-11-22 09:29:11',NULL,'teacher'),(9,81,177,NULL,NULL,NULL,NULL,NULL,NULL,'22/11/2024','coptic','2024-11-22 09:54:22','2024-11-22 09:54:22',NULL,'adminstrative'),(10,81,178,NULL,NULL,NULL,NULL,NULL,NULL,'22/11/2024','coptic','2024-11-22 09:54:22','2024-11-22 09:54:22',NULL,'adminstrative'),(11,81,752,NULL,NULL,NULL,NULL,NULL,NULL,'22/11/2024','coptic','2024-11-22 09:54:22','2024-11-22 09:54:22',NULL,'adminstrative'),(12,81,968,NULL,NULL,NULL,NULL,NULL,NULL,'22/11/2024','coptic','2024-11-22 09:54:22','2024-11-22 09:54:22',NULL,'adminstrative'),(13,81,969,NULL,NULL,NULL,NULL,NULL,NULL,'22/11/2024','coptic','2024-11-22 09:54:22','2024-11-22 09:54:22',NULL,'adminstrative'),(15,81,177,NULL,NULL,NULL,NULL,NULL,NULL,'23/11/2024','coptic','2024-11-23 11:09:26','2024-11-23 11:09:26',NULL,'adminstrative'),(16,81,178,NULL,NULL,NULL,NULL,NULL,NULL,'23/11/2024','coptic','2024-11-23 11:09:26','2024-11-23 11:09:26',NULL,'adminstrative'),(17,81,752,NULL,NULL,NULL,NULL,NULL,NULL,'23/11/2024','coptic','2024-11-23 11:09:26','2024-11-23 11:09:26',NULL,'adminstrative'),(18,81,968,NULL,NULL,NULL,NULL,NULL,NULL,'23/11/2024','coptic','2024-11-23 11:09:26','2024-11-23 11:09:26',NULL,'adminstrative'),(19,81,969,NULL,NULL,NULL,NULL,NULL,NULL,'23/11/2024','coptic','2024-11-23 11:09:26','2024-11-23 11:09:26',NULL,'adminstrative'),(20,39,963,'late',NULL,NULL,NULL,'08:00AM','08:40AM','24/11/2024','coptic','2024-11-24 07:32:23','2024-11-24 07:33:38',NULL,'adminstrative'),(21,39,626,'absent',NULL,NULL,NULL,NULL,NULL,'24/11/2024','coptic','2024-11-24 07:34:17','2024-11-24 07:35:11',NULL,'teacher'),(22,39,640,NULL,NULL,NULL,NULL,NULL,NULL,'24/11/2024','coptic','2024-11-24 07:34:17','2024-11-24 07:34:17',NULL,'teacher'),(23,39,641,NULL,NULL,NULL,NULL,NULL,NULL,'24/11/2024','coptic','2024-11-24 07:34:17','2024-11-24 07:34:17',NULL,'teacher'),(25,81,174,NULL,NULL,NULL,NULL,NULL,NULL,'24/11/2024','coptic','2024-11-24 07:45:46','2024-11-24 07:45:46',NULL,'teacher'),(26,81,175,NULL,NULL,NULL,NULL,NULL,NULL,'24/11/2024','coptic','2024-11-24 07:45:46','2024-11-24 07:45:46',NULL,'teacher'),(27,81,733,NULL,NULL,NULL,NULL,NULL,NULL,'24/11/2024','coptic','2024-11-24 07:45:46','2024-11-24 07:45:46',NULL,'teacher'),(28,121,854,NULL,NULL,NULL,NULL,NULL,NULL,'24/11/2024','coptic','2024-11-24 11:59:46','2024-11-24 11:59:46',NULL,'teacher'),(29,121,960,NULL,NULL,NULL,NULL,NULL,NULL,'24/11/2024','coptic','2024-11-24 11:59:46','2024-11-24 11:59:46',NULL,'teacher'),(30,121,753,NULL,NULL,NULL,NULL,NULL,NULL,'24/11/2024','coptic','2024-11-24 12:01:00','2024-11-24 12:01:00',NULL,'adminstrative'),(31,121,961,NULL,NULL,NULL,NULL,NULL,NULL,'24/11/2024','coptic','2024-11-24 12:01:01','2024-11-24 12:01:01',NULL,'adminstrative'),(32,98,959,NULL,NULL,NULL,NULL,NULL,NULL,'24/11/2024','coptic','2024-11-24 12:05:24','2024-11-24 12:05:24',NULL,'teacher'),(33,98,976,NULL,NULL,NULL,NULL,NULL,NULL,'24/11/2024','coptic','2024-11-24 12:05:24','2024-11-24 12:05:24',NULL,'teacher'),(34,98,974,NULL,NULL,NULL,NULL,NULL,NULL,'24/11/2024','coptic','2024-11-24 12:07:05','2024-11-24 12:07:05',NULL,'adminstrative'),(36,81,174,NULL,NULL,NULL,NULL,NULL,NULL,'26/11/2024','coptic','2024-11-26 09:04:28','2024-11-26 09:04:28',NULL,'teacher'),(37,81,175,NULL,NULL,NULL,NULL,NULL,NULL,'26/11/2024','coptic','2024-11-26 09:04:28','2024-11-26 09:04:28',NULL,'teacher'),(38,81,733,NULL,NULL,NULL,NULL,NULL,NULL,'26/11/2024','coptic','2024-11-26 09:04:28','2024-11-26 09:04:28',NULL,'teacher'),(39,98,974,'late','other',NULL,'test','01:03 ص','00:01 ص','26/11/2024','coptic','2024-11-26 09:16:36','2024-11-26 09:31:25',NULL,'adminstrative'),(41,81,174,NULL,NULL,NULL,NULL,NULL,NULL,'27/11/2024','coptic','2024-11-27 11:24:26','2024-11-27 11:24:26',NULL,'teacher'),(42,81,175,NULL,NULL,NULL,NULL,NULL,NULL,'27/11/2024','coptic','2024-11-27 11:24:26','2024-11-27 11:24:26',NULL,'teacher'),(43,81,733,NULL,NULL,NULL,NULL,NULL,NULL,'27/11/2024','coptic','2024-11-27 11:24:26','2024-11-27 11:24:26',NULL,'teacher'),(45,81,177,NULL,NULL,NULL,NULL,NULL,NULL,'27/11/2024','coptic','2024-11-27 11:24:29','2024-11-27 11:24:29',NULL,'adminstrative'),(46,81,178,NULL,NULL,NULL,NULL,NULL,NULL,'27/11/2024','coptic','2024-11-27 11:24:29','2024-11-27 11:24:29',NULL,'adminstrative'),(47,81,752,NULL,NULL,NULL,NULL,NULL,NULL,'27/11/2024','coptic','2024-11-27 11:24:29','2024-11-27 11:24:29',NULL,'adminstrative'),(48,81,968,NULL,NULL,NULL,NULL,NULL,NULL,'27/11/2024','coptic','2024-11-27 11:24:29','2024-11-27 11:24:29',NULL,'adminstrative'),(49,81,969,NULL,NULL,NULL,NULL,NULL,NULL,'27/11/2024','coptic','2024-11-27 11:24:29','2024-11-27 11:24:29',NULL,'adminstrative'),(50,81,174,NULL,NULL,NULL,NULL,NULL,NULL,'29/11/2024','coptic','2024-11-29 13:10:59','2024-11-29 13:10:59',NULL,'teacher'),(51,81,175,NULL,NULL,NULL,NULL,NULL,NULL,'29/11/2024','coptic','2024-11-29 13:10:59','2024-11-29 13:10:59',NULL,'teacher'),(52,81,733,NULL,NULL,NULL,NULL,NULL,NULL,'29/11/2024','coptic','2024-11-29 13:10:59','2024-11-29 13:10:59',NULL,'teacher'),(53,81,177,NULL,NULL,NULL,NULL,NULL,NULL,'29/11/2024','coptic','2024-11-29 14:36:31','2024-11-29 14:36:31',NULL,'adminstrative'),(54,81,178,NULL,NULL,NULL,NULL,NULL,NULL,'29/11/2024','coptic','2024-11-29 14:36:31','2024-11-29 14:36:31',NULL,'adminstrative'),(55,81,752,'attended',NULL,NULL,NULL,NULL,NULL,'29/11/2024','coptic','2024-11-29 14:36:31','2024-11-29 23:06:40',NULL,'adminstrative'),(56,81,968,'absent',NULL,NULL,NULL,NULL,NULL,'29/11/2024','coptic','2024-11-29 14:36:31','2024-11-29 22:53:49',NULL,'adminstrative'),(57,81,969,NULL,NULL,NULL,NULL,NULL,NULL,'29/11/2024','coptic','2024-11-29 14:36:31','2024-11-29 14:36:31',NULL,'adminstrative'),(58,81,1586,NULL,NULL,NULL,NULL,NULL,NULL,'29/11/2024','coptic','2024-11-29 14:36:31','2024-11-29 14:36:31',NULL,'adminstrative'),(59,81,174,NULL,NULL,NULL,NULL,NULL,NULL,'30/11/2024','coptic','2024-11-29 23:02:07','2024-11-29 23:02:07',NULL,'teacher'),(60,81,175,NULL,NULL,NULL,NULL,NULL,NULL,'30/11/2024','coptic','2024-11-29 23:02:07','2024-11-29 23:02:07',NULL,'teacher'),(61,81,733,NULL,NULL,NULL,NULL,NULL,NULL,'30/11/2024','coptic','2024-11-29 23:02:07','2024-11-29 23:02:07',NULL,'teacher'),(62,81,177,NULL,NULL,NULL,NULL,NULL,NULL,'30/11/2024','coptic','2024-11-29 23:04:04','2024-11-29 23:04:04',NULL,'adminstrative'),(63,81,178,NULL,NULL,NULL,NULL,NULL,NULL,'30/11/2024','coptic','2024-11-29 23:04:04','2024-11-29 23:04:04',NULL,'adminstrative'),(64,81,752,NULL,NULL,NULL,NULL,NULL,NULL,'30/11/2024','coptic','2024-11-29 23:04:04','2024-11-29 23:04:04',NULL,'adminstrative'),(65,81,968,NULL,NULL,NULL,NULL,NULL,NULL,'30/11/2024','coptic','2024-11-29 23:04:04','2024-11-29 23:04:04',NULL,'adminstrative'),(66,81,969,NULL,NULL,NULL,NULL,NULL,NULL,'30/11/2024','coptic','2024-11-29 23:04:04','2024-11-29 23:04:04',NULL,'adminstrative'),(67,81,1586,NULL,NULL,NULL,NULL,NULL,NULL,'30/11/2024','coptic','2024-11-29 23:04:04','2024-11-29 23:04:04',NULL,'adminstrative');

--
-- Table structure for table `school_employees`
--

CREATE TABLE `school_employees` (
  `id` bigint unsigned NOT NULL AUTO_INCREMENT,
  `type` enum('teacher','adminstrative') CHARACTER SET utf8mb4 COLLATE utf8mb4_unicode_ci NOT NULL DEFAULT 'teacher',
  `name` varchar(150) CHARACTER SET utf8mb3 COLLATE utf8mb3_general_ci NOT NULL,
  `ssn` varchar(20) CHARACTER SET utf8mb4 COLLATE utf8mb4_general_ci DEFAULT NULL,
  `phone` varchar(25) CHARACTER SET utf8mb4 COLLATE utf8mb4_general_ci DEFAULT NULL,
  `email` varchar(150) CHARACTER SET utf8mb4 COLLATE utf8mb4_general_ci DEFAULT NULL,
  `current_work_id` bigint unsigned DEFAULT NULL,
  `specialization_id` bigint unsigned DEFAULT NULL,
  `school_id` bigint unsigned DEFAULT NULL,
  `current_school_year` varchar(50) CHARACTER SET utf8mb4 COLLATE utf8mb4_unicode_ci DEFAULT NULL,
  `have_account` enum('yes','no') CHARACTER SET utf8mb4 COLLATE utf8mb4_unicode_ci NOT NULL DEFAULT 'no',
  `user_id` bigint unsigned DEFAULT NULL,
  `created_at` timestamp NOT NULL DEFAULT CURRENT_TIMESTAMP,
  `updated_at` timestamp NOT NULL DEFAULT CURRENT_TIMESTAMP ON UPDATE CURRENT_TIMESTAMP,
  `deleted_at` timestamp NULL DEFAULT NULL,
  PRIMARY KEY (`id`),
  KEY `school_employees_current_work_id_foreign` (`current_work_id`),
  KEY `school_employees_specialization_id_foreign` (`specialization_id`),
  KEY `school_employees_school_id_foreign` (`school_id`),
  KEY `school_employees_user_id_foreign` (`user_id`),
  CONSTRAINT `school_employees_current_work_id_foreign` FOREIGN KEY (`current_work_id`) REFERENCES `current_works` (`id`) ON DELETE CASCADE,
  CONSTRAINT `school_employees_school_id_foreign` FOREIGN KEY (`school_id`) REFERENCES `schools` (`id`) ON DELETE CASCADE,
  CONSTRAINT `school_employees_specialization_id_foreign` FOREIGN KEY (`specialization_id`) REFERENCES `specializations` (`id`) ON DELETE CASCADE,
  CONSTRAINT `school_employees_user_id_foreign` FOREIGN KEY (`user_id`) REFERENCES `users` (`id`) ON DELETE CASCADE
) ENGINE=InnoDB AUTO_INCREMENT=1969 DEFAULT CHARSET=utf8mb4 COLLATE=utf8mb4_unicode_ci;

--
-- Dumping data for table `school_employees`
--

INSERT INTO `school_employees` (`id`, `type`, `name`, `ssn`, `phone`, `email`, `current_work_id`, `specialization_id`, `school_id`, `current_school_year`, `have_account`, `user_id`, `created_at`, `updated_at`, `deleted_at`) VALUES (159,'teacher','مهنى محمد حامد العتيبي','1061996078','05558110161','mosatafa@email.com',2,NULL,79,'1446-1447','yes',216,'2024-08-26 11:08:21','2024-11-28 07:57:37',NULL),(160,'adminstrative','اداري جديد','4424242443','0544443455','ll@email.com',7,42,79,NULL,'no',NULL,'2024-08-26 11:08:40','2024-11-28 16:32:29',NULL),(161,'adminstrative','test','0510509094','05150090909','testretretyryrttet@gmail.com',1,3,79,NULL,'no',218,'2024-08-26 11:08:57','2024-11-28 14:39:31',NULL),(174,'teacher','احمد عبدالعزيز','6770247010','960512045501','ahmedAbdelaziz@email.com',2,1,81,'1446-1447','no',232,'2024-08-27 06:59:45','2024-11-10 15:27:36',NULL),(175,'teacher','فهد; سليمان','6770207010','96051004501','fahd@email.com',2,1,81,'1446-1447','no',233,'2024-08-27 07:00:36','2024-11-10 15:27:34',NULL),(177,'adminstrative','طارق عبدالرؤوف','67002409704','96050233569','tarek@email.com',8,1,81,'1446-1447','no',235,'2024-08-27 07:03:27','2024-10-20 13:13:22',NULL),(178,'adminstrative','عائض علي','67003409704','96050293569','ali@email.com',2,1,81,'1446-1447','yes',969,'2024-08-27 07:04:16','2024-11-27 16:14:41',NULL),(180,'teacher','احمد علي','1088195191','05544401224','siralshareef@gmail.com',2,1,86,'1446-1447','yes',245,'2024-08-28 13:13:44','2024-11-28 07:57:37',NULL),(181,'adminstrative','school manager','87362487524','053223424242','school_manager@laam.com',1,1,86,NULL,'no',246,'2024-08-28 13:14:56','2024-11-28 07:57:37',NULL),(574,'teacher','اداري جديد','4424242443','0544443455','ll@email.com',7,42,47,'1446-1447','yes',NULL,'2024-08-30 08:30:54','2024-11-28 16:32:29',NULL),(575,'teacher','اداري جديد','4424242443','0544443455','ll@email.com',7,42,47,'1446-1447','yes',NULL,'2024-08-30 08:30:54','2024-11-28 16:32:29',NULL),(576,'teacher','اداري جديد','4424242443','0544443455','ll@email.com',7,42,47,'1446-1447','yes',NULL,'2024-08-30 08:30:54','2024-11-28 16:32:29',NULL),(577,'teacher','اداري جديد','4424242443','0544443455','ll@email.com',7,42,47,'1446-1447','yes',NULL,'2024-08-30 08:30:54','2024-11-28 16:32:29',NULL),(578,'teacher','اداري جديد','4424242443','0544443455','ll@email.com',7,42,47,'1446-1447','yes',NULL,'2024-08-30 08:30:54','2024-11-28 16:32:29',NULL),(579,'teacher','اداري جديد','4424242443','0544443455','ll@email.com',7,42,47,'1446-1447','yes',NULL,'2024-08-30 08:30:54','2024-11-28 16:32:29',NULL),(580,'teacher','اداري جديد','4424242443','0544443455','ll@email.com',7,42,47,'1446-1447','yes',NULL,'2024-08-30 08:30:54','2024-11-28 16:32:29',NULL),(581,'teacher','اداري جديد','4424242443','0544443455','ll@email.com',7,42,47,'1446-1447','yes',NULL,'2024-08-30 08:30:54','2024-11-28 16:32:29',NULL),(582,'teacher','اداري جديد','4424242443','0544443455','ll@email.com',7,42,47,'1446-1447','yes',NULL,'2024-08-30 08:30:54','2024-11-28 16:32:29',NULL),(583,'teacher','اداري جديد','4424242443','0544443455','ll@email.com',7,42,47,'1446-1447','yes',NULL,'2024-08-30 08:30:54','2024-11-28 16:32:29',NULL),(584,'teacher','اداري جديد','4424242443','0544443455','ll@email.com',7,42,47,'1446-1447','yes',NULL,'2024-08-30 08:30:54','2024-11-28 16:32:29',NULL),(585,'teacher','اداري جديد','4424242443','0544443455','ll@email.com',7,42,47,'1446-1447','yes',NULL,'2024-08-30 08:30:54','2024-11-28 16:32:29',NULL),(586,'adminstrative','احمد غرم الله احمد الزهراني','1011359328','05504532452','agaz666@hotmail.com',2,NULL,47,'1446-1447','yes',273,'2024-08-30 08:30:54','2024-11-28 07:57:37',NULL),(587,'teacher','اداري جديد','4424242443','0544443455','ll@email.com',7,42,47,'1446-1447','yes',NULL,'2024-08-30 08:30:54','2024-11-28 16:32:29',NULL),(588,'teacher','اداري جديد','4424242443','0544443455','ll@email.com',7,42,47,'1446-1447','yes',NULL,'2024-08-30 08:30:54','2024-11-28 16:32:29',NULL),(589,'teacher','اداري جديد','4424242443','0544443455','ll@email.com',7,42,47,'1446-1447','yes',NULL,'2024-08-30 08:30:54','2024-11-28 16:32:29',NULL),(590,'teacher','اداري جديد','4424242443','0544443455','ll@email.com',7,42,47,'1446-1447','yes',NULL,'2024-08-30 08:30:54','2024-11-28 16:32:29',NULL),(591,'teacher','اداري جديد','4424242443','0544443455','ll@email.com',7,42,47,'1446-1447','yes',NULL,'2024-08-30 08:30:54','2024-11-28 16:32:29',NULL),(592,'teacher','اداري جديد','4424242443','0544443455','ll@email.com',7,42,47,'1446-1447','yes',NULL,'2024-08-30 08:30:54','2024-11-28 16:32:29',NULL),(593,'teacher','اداري جديد','4424242443','0544443455','ll@email.com',7,42,47,'1446-1447','yes',NULL,'2024-08-30 08:30:54','2024-11-28 16:32:29',NULL),(594,'teacher','اداري جديد','4424242443','0544443455','ll@email.com',7,42,47,'1446-1447','yes',NULL,'2024-08-30 08:30:54','2024-11-28 16:32:29',NULL),(595,'teacher','اداري جديد','4424242443','0544443455','ll@email.com',7,42,47,'1446-1447','yes',NULL,'2024-08-30 08:30:54','2024-11-28 16:32:29',NULL),(596,'teacher','اداري جديد','4424242443','0544443455','ll@email.com',7,42,47,'1446-1447','yes',NULL,'2024-08-30 08:30:54','2024-11-28 16:32:29',NULL),(597,'teacher','اداري جديد','4424242443','0544443455','ll@email.com',7,42,47,'1446-1447','yes',NULL,'2024-08-30 08:30:54','2024-11-28 16:32:29',NULL),(598,'teacher','اداري جديد','4424242443','0544443455','ll@email.com',7,42,47,'1446-1447','yes',NULL,'2024-08-30 08:30:54','2024-11-28 16:32:29',NULL),(599,'teacher','اداري جديد','4424242443','0544443455','ll@email.com',7,42,47,'1446-1447','yes',NULL,'2024-08-30 08:30:54','2024-11-28 16:32:29',NULL),(600,'teacher','اداري جديد','4424242443','0544443455','ll@email.com',7,42,47,'1446-1447','yes',NULL,'2024-08-30 08:30:54','2024-11-28 16:32:29',NULL),(601,'teacher','اداري جديد','4424242443','0544443455','ll@email.com',7,42,47,'1446-1447','yes',NULL,'2024-08-30 08:30:54','2024-11-28 16:32:29',NULL),(602,'teacher','اداري جديد','4424242443','0544443455','ll@email.com',7,42,47,'1446-1447','yes',NULL,'2024-08-30 08:30:54','2024-11-28 16:32:29',NULL),(603,'teacher','اداري جديد','4424242443','0544443455','ll@email.com',7,42,47,'1446-1447','yes',NULL,'2024-08-30 08:30:54','2024-11-28 16:32:29',NULL),(604,'teacher','اداري جديد','4424242443','0544443455','ll@email.com',7,42,47,'1446-1447','yes',NULL,'2024-08-30 08:30:54','2024-11-28 16:32:29',NULL),(605,'teacher','اداري جديد','4424242443','0544443455','ll@email.com',7,42,47,'1446-1447','yes',NULL,'2024-08-30 08:30:54','2024-11-28 16:32:29',NULL),(606,'teacher','اداري جديد','4424242443','0544443455','ll@email.com',7,42,47,'1446-1447','yes',NULL,'2024-08-30 08:30:54','2024-11-28 16:32:29',NULL),(607,'teacher','اداري جديد','4424242443','0544443455','ll@email.com',7,42,47,'1446-1447','yes',NULL,'2024-08-30 08:30:54','2024-11-28 16:32:29',NULL),(608,'teacher','اداري جديد','4424242443','0544443455','ll@email.com',7,42,47,'1446-1447','yes',NULL,'2024-08-30 08:30:54','2024-11-28 16:32:29',NULL),(609,'teacher','اداري جديد','4424242443','0544443455','ll@email.com',7,42,47,'1446-1447','yes',NULL,'2024-08-30 08:30:54','2024-11-28 16:32:29',NULL),(610,'teacher','اداري جديد','4424242443','0544443455','ll@email.com',7,42,47,'1446-1447','yes',NULL,'2024-08-30 08:30:54','2024-11-28 16:32:29',NULL),(611,'teacher','اداري جديد','4424242443','0544443455','ll@email.com',7,42,47,'1446-1447','yes',NULL,'2024-08-30 08:30:54','2024-11-28 16:32:29',NULL),(612,'teacher','اداري جديد','4424242443','0544443455','ll@email.com',7,42,47,'1446-1447','yes',NULL,'2024-08-30 08:30:54','2024-11-28 16:32:29',NULL),(613,'teacher','عبدالرحمن السيد','1213546544','594481154648','abdoo@gmail.com',8,13,47,'1446-1447','no',251,'2024-08-30 13:21:30','2024-08-30 13:21:30',NULL),(616,'teacher','مهنى محمد حامد العتيبي','1357890436','976578115661','yasmin@email.com',2,NULL,90,'1446-1447','yes',253,'2024-09-01 08:39:49','2024-09-01 08:39:49',NULL),(617,'adminstrative','ModerMdrsa','0900909990','5100059090','moder@mdrsaw7da.com',1,3,90,NULL,'no',254,'2024-09-01 09:34:29','2024-09-01 09:34:30',NULL),(622,'teacher','مهنى محمد حامد العتيبي','1993291191','951118678111','ayman@email.com',2,NULL,91,'1446-1447','yes',259,'2024-09-01 09:47:56','2024-09-01 09:47:56',NULL),(623,'adminstrative','ModerMdrsa2','0502341499','0515453454','ModerMdrsa2@gmail.com',1,3,91,NULL,'no',260,'2024-09-01 09:48:28','2024-09-01 09:48:28',NULL),(626,'teacher','إداري مقّنع','3216548797987','598987986575','edary@gmail.com',3,4,39,'1446-1447','yes',264,'2024-09-01 17:42:24','2024-10-28 08:09:40',NULL),(631,'teacher','مهنى محمد حامد العتيبي','1993291234','951118678293','testetertertrtt@test.com',2,NULL,101,'1446-1447','yes',274,'2024-09-04 12:53:04','2024-09-04 12:53:04',NULL),(632,'adminstrative','ytrytry','051009090','051009090','example@newtest.com',1,2,101,NULL,'no',275,'2024-09-04 12:53:28','2024-09-04 12:53:28',NULL),(633,'teacher','مهنى محمد حامد العتيبي','1993291987','952218678293','testetertertrtrert@test.com',2,NULL,102,'1446-1447','yes',276,'2024-09-04 12:55:55','2024-09-04 12:55:55',NULL),(634,'adminstrative','tereteter','tretertet','545435454','teste@gmail.com',1,6,102,NULL,'no',277,'2024-09-04 12:57:26','2024-09-04 12:57:26',NULL),(640,'teacher','الناصر محمد بن قلاوون','678924715','1665123427','ahdmed1250@email.com',2,1,39,'1446-1447','yes',283,'2024-09-05 07:38:20','2024-10-28 08:09:04',NULL),(641,'teacher','تحتمس الثالث','6789244715','1665523427','pharoh11250@email.com',2,4,39,'1446-1447','yes',284,'2024-09-05 07:38:57','2024-10-28 08:09:11',NULL),(645,'teacher','مهنى محمد حامد العتيبي','1993291123','951111278111','yami@email.com',2,NULL,103,'1446-1447','yes',289,'2024-09-05 13:03:15','2024-09-05 13:03:15',NULL),(675,'teacher',' احمد محمد احمد العتيبي','1922801092','950408118262','islam@email.com',2,NULL,107,'1446-1447','yes',307,'2024-09-11 13:26:03','2024-09-11 13:26:03',NULL),(676,'teacher','أبو الشباب','1000096078','05558515551','dobb12@hotmail.com',2,7,105,'1446-1447','yes',308,'2024-09-11 13:26:30','2024-11-28 07:57:37',NULL),(677,'adminstrative','Manager Teacher','0000000000','553247547','managerteacher@laam.sa',1,2,105,'1446-1447','yes',184,'2024-09-11 13:35:52','2024-10-29 11:18:53',NULL),(680,'adminstrative','كاظم','0000000001','055555555','m@M.com',1,2,106,NULL,'no',184,'2024-09-12 09:24:13','2024-10-29 11:20:17',NULL),(681,'adminstrative','كاظم','11111111111','054555555','a@mail.com',6,2,106,NULL,'no',312,'2024-09-12 09:27:38','2024-09-12 09:27:38',NULL),(682,'adminstrative','messi','054555555','054655555','k@ma.dd',6,3,106,NULL,'no',313,'2024-09-12 09:28:07','2024-09-12 09:28:07',NULL),(683,'adminstrative','ronaldo','051255555','0555555513','M@mm.cc',1,2,106,NULL,'no',314,'2024-09-12 09:30:36','2024-09-12 09:30:36',NULL),(684,'adminstrative','بب','111','+9665532','11@1.1',2,2,106,NULL,'no',315,'2024-09-12 09:37:51','2024-09-12 09:37:51',NULL),(687,'teacher','مهنى محمد حامد العتيبي','1061995578','05558154161','mosataferwerwea@newmail.com',2,6,80,'1446-1447','yes',318,'2024-09-12 12:21:27','2024-11-28 07:57:37',NULL),(688,'adminstrative','Moder Mdrsa','0510090590','0510049090','Testertrett@gmail.com',1,3,80,NULL,'no',319,'2024-09-12 12:39:55','2024-09-12 12:39:55',NULL),(693,'teacher','مهنى محمد حامد العتيبي3','10631996078','055582112161','dd3oobb12@hotmail.com',2,NULL,112,'1446-1447','yes',329,'2024-09-27 18:12:19','2024-11-28 07:57:37',NULL),(694,'teacher','اداري جديد','4424242443','0544443455','ll@email.com',7,42,112,'1446-1447','yes',NULL,'2024-09-27 18:12:19','2024-11-28 16:32:29',NULL),(695,'teacher','اداري جديد','4424242443','0544443455','ll@email.com',7,42,112,'1446-1447','yes',NULL,'2024-09-27 18:12:19','2024-11-28 16:32:29',NULL),(696,'teacher','اداري جديد','4424242443','0544443455','ll@email.com',7,42,112,'1446-1447','yes',NULL,'2024-09-27 18:12:19','2024-11-28 16:32:29',NULL),(697,'teacher','اداري جديد','4424242443','0544443455','ll@email.com',7,42,112,'1446-1447','yes',NULL,'2024-09-27 18:12:19','2024-11-28 16:32:29',NULL),(698,'teacher','اداري جديد','4424242443','0544443455','ll@email.com',7,42,112,'1446-1447','yes',NULL,'2024-09-27 18:12:19','2024-11-28 16:32:29',NULL),(699,'teacher','اداري جديد','4424242443','0544443455','ll@email.com',7,42,112,'1446-1447','yes',NULL,'2024-09-27 18:12:19','2024-11-28 16:32:29',NULL),(700,'teacher','اداري جديد','4424242443','0544443455','ll@email.com',7,42,112,'1446-1447','yes',NULL,'2024-09-27 18:12:19','2024-11-28 16:32:29',NULL),(701,'teacher','اداري جديد','4424242443','0544443455','ll@email.com',7,42,112,'1446-1447','yes',NULL,'2024-09-27 18:12:19','2024-11-28 16:32:29',NULL),(702,'teacher','اداري جديد','4424242443','0544443455','ll@email.com',7,42,112,'1446-1447','yes',NULL,'2024-09-27 18:12:19','2024-11-28 16:32:29',NULL),(703,'teacher','اداري جديد','4424242443','0544443455','ll@email.com',7,42,112,'1446-1447','yes',NULL,'2024-09-27 18:12:19','2024-11-28 16:32:29',NULL),(704,'teacher','اداري جديد','4424242443','0544443455','ll@email.com',7,42,112,'1446-1447','yes',NULL,'2024-09-27 18:12:19','2024-11-28 16:32:29',NULL),(705,'teacher','اداري جديد','4424242443','0544443455','ll@email.com',7,42,112,'1446-1447','yes',NULL,'2024-09-27 18:12:19','2024-11-28 16:32:29',NULL),(706,'teacher','اداري جديد','4424242443','0544443455','ll@email.com',7,42,112,'1446-1447','yes',NULL,'2024-09-27 18:12:19','2024-11-28 16:32:29',NULL),(707,'teacher','اداري جديد','4424242443','0544443455','ll@email.com',7,42,112,'1446-1447','yes',NULL,'2024-09-27 18:12:19','2024-11-28 16:32:29',NULL),(708,'teacher','اداري جديد','4424242443','0544443455','ll@email.com',7,42,112,'1446-1447','yes',NULL,'2024-09-27 18:12:19','2024-11-28 16:32:29',NULL),(709,'teacher','اداري جديد','4424242443','0544443455','ll@email.com',7,42,112,'1446-1447','yes',NULL,'2024-09-27 18:12:19','2024-11-28 16:32:29',NULL),(710,'teacher','اداري جديد','4424242443','0544443455','ll@email.com',7,42,112,'1446-1447','yes',NULL,'2024-09-27 18:12:19','2024-11-28 16:32:29',NULL),(711,'teacher','اداري جديد','4424242443','0544443455','ll@email.com',7,42,112,'1446-1447','yes',NULL,'2024-09-27 18:12:19','2024-11-28 16:32:29',NULL),(712,'teacher','اداري جديد','4424242443','0544443455','ll@email.com',7,42,112,'1446-1447','yes',NULL,'2024-09-27 18:12:19','2024-11-28 16:32:29',NULL),(713,'teacher','اداري جديد','4424242443','0544443455','ll@email.com',7,42,112,'1446-1447','yes',NULL,'2024-09-27 18:12:19','2024-11-28 16:32:29',NULL),(714,'teacher','اداري جديد','4424242443','0544443455','ll@email.com',7,42,112,'1446-1447','yes',NULL,'2024-09-27 18:12:19','2024-11-28 16:32:29',NULL),(715,'teacher','اداري جديد','4424242443','0544443455','ll@email.com',7,42,112,'1446-1447','yes',NULL,'2024-09-27 18:12:19','2024-11-28 16:32:29',NULL),(716,'teacher','اداري جديد','4424242443','0544443455','ll@email.com',7,42,112,'1446-1447','yes',NULL,'2024-09-27 18:12:19','2024-11-28 16:32:29',NULL),(717,'teacher','اداري جديد','4424242443','0544443455','ll@email.com',7,42,112,'1446-1447','yes',NULL,'2024-09-27 18:12:19','2024-11-28 16:32:29',NULL),(718,'teacher','اداري جديد','4424242443','0544443455','ll@email.com',7,42,112,'1446-1447','yes',NULL,'2024-09-27 18:12:19','2024-11-28 16:32:29',NULL),(719,'teacher','اداري جديد','4424242443','0544443455','ll@email.com',7,42,112,'1446-1447','yes',NULL,'2024-09-27 18:12:19','2024-11-28 16:32:29',NULL),(720,'teacher','اداري جديد','4424242443','0544443455','ll@email.com',7,42,112,'1446-1447','yes',NULL,'2024-09-27 18:12:19','2024-11-28 16:32:29',NULL),(721,'teacher','اداري جديد','4424242443','0544443455','ll@email.com',7,42,112,'1446-1447','yes',NULL,'2024-09-27 18:12:19','2024-11-28 16:32:29',NULL),(722,'teacher','اداري جديد','4424242443','0544443455','ll@email.com',7,42,112,'1446-1447','yes',NULL,'2024-09-27 18:12:19','2024-11-28 16:32:29',NULL),(723,'teacher','اداري جديد','4424242443','0544443455','ll@email.com',7,42,112,'1446-1447','yes',NULL,'2024-09-27 18:12:19','2024-11-28 16:32:29',NULL),(724,'teacher','اداري جديد','4424242443','0544443455','ll@email.com',7,42,112,'1446-1447','yes',NULL,'2024-09-27 18:12:19','2024-11-28 16:32:29',NULL),(725,'teacher','اداري جديد','4424242443','0544443455','ll@email.com',7,42,112,'1446-1447','yes',NULL,'2024-09-27 18:12:19','2024-11-28 16:32:29',NULL),(726,'teacher','اداري جديد','4424242443','0544443455','ll@email.com',7,42,112,'1446-1447','yes',NULL,'2024-09-27 18:12:19','2024-11-28 16:32:29',NULL),(727,'teacher','اداري جديد','4424242443','0544443455','ll@email.com',7,42,112,'1446-1447','yes',NULL,'2024-09-27 18:12:19','2024-11-28 16:32:29',NULL),(728,'teacher','اداري جديد','4424242443','0544443455','ll@email.com',7,42,112,'1446-1447','yes',NULL,'2024-09-27 18:12:19','2024-11-28 16:32:29',NULL),(729,'teacher','اداري جديد','4424242443','0544443455','ll@email.com',7,42,112,'1446-1447','yes',NULL,'2024-09-27 18:12:19','2024-11-28 16:32:29',NULL),(730,'teacher','اداري جديد','4424242443','0544443455','ll@email.com',7,42,112,'1446-1447','yes',NULL,'2024-09-27 18:12:19','2024-11-28 16:32:29',NULL),(731,'teacher','اداري جديد','4424242443','0544443455','ll@email.com',7,42,112,'1446-1447','yes',NULL,'2024-09-27 18:12:19','2024-11-28 16:32:29',NULL),(732,'adminstrative','school manager','873624875242','0532234242422','AhmedAbobahsa@laam.com',1,1,112,NULL,'yes',331,'2024-09-27 18:13:31','2024-11-28 07:57:37',NULL),(733,'teacher','asdad','6770227110','51204561','asd@asd.com',3,3,81,'1446-1447','no',338,'2024-10-06 15:09:53','2024-10-06 15:09:53',NULL),(734,'adminstrative','SchoolDataTest',NULL,'050578789314','schooltest@test.com',1,NULL,NULL,NULL,'yes',339,'2024-10-08 07:17:19','2024-11-28 07:57:37',NULL),(735,'adminstrative','Dtest',NULL,'050578979231','Dtest@test.com',1,NULL,NULL,NULL,'yes',340,'2024-10-08 07:39:19','2024-11-28 07:57:37',NULL),(736,'adminstrative','new school manager',NULL,'050552674720','school100.manager.new @laam.com',1,NULL,NULL,NULL,'yes',341,'2024-10-09 06:57:34','2024-11-28 07:57:37',NULL),(737,'adminstrative','new school manager',NULL,'050552974720','school200.manager.new @laam.com',1,NULL,118,'1446','yes',342,'2024-10-09 07:27:54','2024-11-28 07:57:37',NULL),(738,'adminstrative','rtyrtytry',NULL,'050510090909','erkjtherjktherjkthe@gmail.com',1,NULL,NULL,NULL,'yes',343,'2024-10-09 08:03:38','2024-11-28 07:57:37',NULL),(739,'adminstrative','new school manager',NULL,'0505529747200','school290.manager.new @laam.com',1,NULL,NULL,NULL,'yes',344,'2024-10-09 08:42:34','2024-11-28 07:57:37',NULL),(740,'adminstrative','new school manager',NULL,'0505529746200','school250.manager.new @laam.com',1,NULL,NULL,NULL,'yes',346,'2024-10-09 08:51:42','2024-11-28 07:57:37',NULL),(741,'adminstrative','شريف الخولي','545687978154','050578945612','sherif.test@test.com',1,4,119,'1446-1447','yes',347,'2024-10-09 08:57:24','2024-11-28 07:57:37',NULL),(748,'adminstrative','ابانوب جميل','45448785213','0578787787','dsgsdg@affa.com',6,3,119,NULL,'no',351,'2024-10-09 09:50:19','2024-10-09 09:50:19',NULL),(749,'adminstrative','مصطف','45646454541','0571436795','mostf@test.com',8,6,119,NULL,'no',352,'2024-10-09 09:51:52','2024-10-09 09:51:52',NULL),(750,'adminstrative','tetetest',NULL,'050512345678','tetetest@test.com',1,NULL,NULL,NULL,'yes',353,'2024-10-09 11:23:43','2024-11-28 07:57:37',NULL),(751,'adminstrative','rtry',NULL,'050534905846','rtyrty@gmail.com',1,NULL,NULL,NULL,'yes',354,'2024-10-09 11:34:24','2024-11-28 07:57:37',NULL),(752,'adminstrative','Alaa Hamdy Manager','873624875245','050508237945','alaamanager@gmail.com',1,20,81,'1254','yes',229,'2024-09-27 18:13:31','2024-11-28 07:57:37',NULL),(753,'adminstrative','جميو جميو','8938945275','0517984621','jaimeo@gmail.com',1,6,121,'1446-1447','yes',355,'2024-10-15 11:06:35','2024-10-27 08:37:33',NULL),(854,'teacher','سعد عبيد شنبر ذوي طالب الشنبري','1166621962','0597797979','saaod.shanber@gmail.com',2,3,121,'1446-1447','yes',358,'2024-10-15 11:41:01','2024-10-27 08:29:40',NULL),(855,'adminstrative','شيتسوو','٤٥٥٦٦٨٧١٢٣','0548783277','dsfasdfas@dfaf',4,12,119,'1446-1447','no',359,'2024-10-17 10:01:37','2024-10-17 10:01:37',NULL),(857,'teacher','ميسي','111111111','0555555587','messi@messi.com',2,7,105,'1446-1447','no',361,'2024-10-20 10:28:41','2024-10-20 10:28:41',NULL),(858,'adminstrative','فلان','1111111111','0555555597','messi@messic.com',6,7,105,'1446-1447','no',362,'2024-10-20 10:36:24','2024-10-20 10:36:24',NULL),(859,'adminstrative','رائد','1111111158','0555555564','mail@dso.com',15,8,105,'1446-1447','no',363,'2024-10-21 09:11:02','2024-10-21 09:11:22',NULL),(958,'teacher','مهنى محمد حامد العتيبي3','10631136078','582112161','asdqw@asdawd.com',1,1,112,'1446-1447','no',364,'2024-10-21 19:32:07','2024-10-21 19:32:07',NULL),(959,'teacher','Teacher Laam','12345664343','01235456456','teacherLaam@gmail.com',2,5,98,'2023/2024','yes',327,'2024-10-27 08:15:37','2024-11-10 11:46:04',NULL),(960,'teacher','محمد نشأت','7878113478','507779913','adsfas@adfa',9,5,121,'1446-1447','no',415,'2024-10-27 08:32:54','2024-10-27 08:32:54',NULL),(961,'adminstrative','عبد الله على القحطاني','578676575','0578799464','afafa@jhjkuyy',19,6,121,'1446-1447','no',416,'2024-10-27 08:40:27','2024-10-27 08:40:28',NULL),(963,'adminstrative','Shrew2','2372567','0517967872','Shrew@twoo.com',1,NULL,39,'2024-2025','yes',29,'2024-10-28 07:41:32','2024-10-28 08:25:02',NULL),(968,'adminstrative','احمد علي','6776247288024','0551242459442','ahme4022@email.com',6,1,81,'1446-1447','no',417,'2024-10-30 10:56:12','2024-11-28 07:57:37',NULL),(969,'adminstrative','احمد علي','6770247288024','96851242459442','ahme44022@email.com',7,1,81,'1446-1447','yes',965,'2024-10-30 10:56:36','2024-11-27 14:51:04',NULL),(970,'adminstrative','Abobasha Admin',NULL,'05050290462003','ahmedabobasha@admin.com',1,NULL,NULL,NULL,'yes',419,'2024-11-01 11:01:45','2024-11-28 07:57:37',NULL),(971,'adminstrative','admin','997070377','0120','admin@gmail.com',1,NULL,176,'1446-1447','yes',420,'2024-11-02 10:50:07','2024-11-02 10:50:07',NULL),(973,'adminstrative','ShrfJamil',NULL,'050510009009','ShrfJamil@gmai.com',1,NULL,179,'1446-1447','yes',422,'2024-11-04 10:32:39','2024-11-28 07:57:37',NULL),(974,'adminstrative','Alaa Hamdy','8736248777245','05513090900','testTest12@gmail.com',1,20,98,'1254','yes',269,'2024-09-27 18:13:31','2024-11-28 12:51:26',NULL),(976,'teacher','احمد علي','67762472541','05512345674','ahmefdde@email.com',2,1,98,'1446-1447','yes',534,'2024-11-11 15:22:21','2024-11-28 07:57:37',NULL),(977,'adminstrative','ahmed school manager',NULL,'05526472938753','school9098.manager.new @laam.com',1,NULL,NULL,NULL,'yes',425,'2024-11-12 07:08:29','2024-11-28 07:57:37',NULL),(978,'adminstrative','ahmed school manager',NULL,'0552647298753','school9098.manager.new@laam.com',1,NULL,180,'1446-1447','yes',426,'2024-11-12 07:10:29','2024-11-28 07:57:37',NULL),(1018,'teacher','مهنى محمد حامد العتيبي','1061996078','05558112161','ddoobb12@hotmail.com',2,NULL,180,'1446-1447','yes',429,'2024-11-12 07:28:42','2024-11-28 07:57:37',NULL),(1020,'teacher','نواف بن عايض بن خريص المقاطي العتيبي','1032300582','05569167157','naw-a-f-14004@hotmail.com',2,NULL,180,'1446-1447','yes',431,'2024-11-12 07:28:42','2024-11-28 07:57:37',NULL),(1021,'teacher','عبدالعزيز غازي مصوي العتيبي','1013569783','05507524549','m555057796@hotmail.com',2,NULL,180,'1446-1447','yes',432,'2024-11-12 07:28:42','2024-11-28 07:57:37',NULL),(1022,'teacher','عادل سهل مبطي العتيبي','1080840828','05500719910','ksa51117@hotmail.com',2,NULL,180,'1446-1447','yes',433,'2024-11-12 07:28:42','2024-11-28 07:57:37',NULL),(1023,'teacher','خالد علي فايز القرشي','1023891631','05542222992','br6@live.com',2,NULL,180,'1446-1447','yes',434,'2024-11-12 07:28:42','2024-11-28 07:57:37',NULL),(1024,'teacher','عبده حسن عبده دغريري','1011922026','05504512145','abo.mahr9@hotmail.com',2,NULL,180,'1446-1447','yes',435,'2024-11-12 07:28:42','2024-11-28 07:57:37',NULL),(1025,'teacher','أحمد عيضه احمد المالكي','1062541410','05503776361','abueadhah@gmail.com',2,NULL,180,'1446-1447','yes',436,'2024-11-12 07:28:42','2024-11-28 07:57:37',NULL),(1026,'teacher','نواف عبدالرحمن عبدالله المنتشري','1066204718','05560062332','naa-2002@hotmail.com',2,NULL,180,'1446-1447','yes',437,'2024-11-12 07:28:42','2024-11-28 07:57:37',NULL),(1027,'teacher','فايز بريك غانم المطرفي','1017752666','05555547911','t253686@mkhb.moe.gov.sa',2,NULL,180,'1446-1447','yes',438,'2024-11-12 07:28:42','2024-11-28 07:57:37',NULL),(1028,'teacher','حسن بن عبدالله بن عطية المفضلي الزهراني','1011470331','05501581700','kk1kk22m@gmail.com',2,NULL,180,'1446-1447','yes',439,'2024-11-12 07:28:42','2024-11-28 07:57:37',NULL),(1029,'teacher','مساعد سعدي سعد الذبياني','1065755058','05566366222','m2005_2005@hotmail.com',2,NULL,180,'1446-1447','yes',440,'2024-11-12 07:28:42','2024-11-28 07:57:37',NULL),(1030,'teacher','احمد غرم الله احمد الزهراني','1011359328','05504532452','agaz666@hotmail.com',2,NULL,180,'1446-1447','yes',441,'2024-11-12 07:28:42','2024-11-28 07:57:37',NULL),(1031,'teacher','فهد بن نوار بن عباد المستورى السلمى','1003322664','05555524103','fahoody44@icloud.com',2,NULL,180,'1446-1447','yes',442,'2024-11-12 07:28:42','2024-11-28 07:57:37',NULL),(1032,'teacher','علي ناصر عبدالله الغامدي','1058623230','05504527210','alibb8787@gmail.com',2,NULL,180,'1446-1447','yes',443,'2024-11-12 07:28:42','2024-11-28 07:57:37',NULL),(1033,'teacher','براء بن عبدالله بن محمد بادويس','1046346167','05594318847','baraa-100@hotmail.com',2,NULL,180,'1446-1447','yes',444,'2024-11-12 07:28:42','2024-11-28 07:57:37',NULL),(1034,'teacher','محمد سعود محمد الجعيد','1006697484','05555515681','ab_oos@hotmail.com',2,NULL,180,'1446-1447','yes',445,'2024-11-12 07:28:42','2024-11-28 07:57:37',NULL),(1035,'teacher','سالم نوير عطيه الله الهذلي','1057730655','05595400051','salem.016@hotmail.com',2,NULL,180,'1446-1447','yes',446,'2024-11-12 07:28:42','2024-11-28 07:57:37',NULL),(1036,'teacher','محمد بن فؤاد بن حسن حموة','1008777292','05599968989','hamowh@hotmail.com',2,NULL,180,'1446-1447','yes',447,'2024-11-12 07:28:42','2024-11-28 07:57:37',NULL),(1037,'teacher','حسن بن جار الله بن احمد الصلاحي الزهراني','1073221762','05568689479','hasnsalahy@gmail.com',2,NULL,180,'1446-1447','yes',448,'2024-11-12 07:28:42','2024-11-28 07:57:37',NULL),(1038,'teacher','حسن عبدالله حامد المالكي','1048011082','05506546391','abo_malek2011@live.com',2,NULL,180,'1446-1447','yes',449,'2024-11-12 07:28:42','2024-11-28 07:57:37',NULL),(1039,'teacher','أحمد قاسم سلمان الجابري','1065259275','05543571179','ksa-07-sa@hotmail.com',2,NULL,180,'1446-1447','yes',450,'2024-11-12 07:28:42','2024-11-28 07:57:37',NULL),(1040,'teacher','احمد رشاد احمد صغير','1043118908','05506528005','ahmed.sagheer4224@gmail.com',2,NULL,180,'1446-1447','yes',451,'2024-11-12 07:28:42','2024-11-28 07:57:37',NULL),(1041,'teacher','ماجد غلاب مطلق الدعجاني','1057205187','05565333153','majedwe153@gmail.com',2,NULL,180,'1446-1447','yes',452,'2024-11-12 07:28:42','2024-11-28 07:57:37',NULL),(1042,'teacher','ماجد محمد أحمد حكمي','1069505921','05559369785','mj2007mj@hotmail.com',2,NULL,180,'1446-1447','yes',453,'2024-11-12 07:28:42','2024-11-28 07:57:37',NULL),(1043,'teacher','ياسر بن سليم بن مسفر الشريف','1088195191','05544401224','siralshareef@gmail.com',2,NULL,180,'1446-1447','yes',454,'2024-11-12 07:28:42','2024-11-28 07:57:37',NULL),(1044,'teacher','احمد بن مضحي بن مضحي الشهري','1025550821','05506512273','a12273@hotmail.com',2,NULL,180,'1446-1447','yes',455,'2024-11-12 07:28:42','2024-11-28 07:57:37',NULL),(1045,'teacher','عبدالله صالح عطيه القرشي','1030014235','05555549806','km660@yahoo.com',2,NULL,180,'1446-1447','yes',456,'2024-11-12 07:28:42','2024-11-28 07:57:37',NULL),(1046,'teacher','عناد فيحان محجي العتيبي','1031285404','05555553245','enadalotaibi2@gmail.com',2,NULL,180,'1446-1447','yes',457,'2024-11-12 07:28:42','2024-11-28 07:57:37',NULL),(1047,'teacher','غريب على محمد الحضريتي','1060968417','05561122307','gahreeb767@gmail.com',2,NULL,180,'1446-1447','yes',458,'2024-11-12 07:28:42','2024-11-28 07:57:37',NULL),(1048,'teacher','سمير عبدالله عبيد المالكي','1055136228','05509050168','abo.essay@gmail.com',2,NULL,180,'1446-1447','yes',459,'2024-11-12 07:28:42','2024-11-28 07:57:37',NULL),(1049,'teacher','عبد الله مسعود سعد المالكي','1064131111','05555570468','m9alki@gmail.com',2,NULL,180,'1446-1447','yes',460,'2024-11-12 07:28:42','2024-11-28 07:57:37',NULL),(1050,'teacher','صالح بن مصلح بن صالح الشميلي الفهمي','1043551777','05582502014','salh12396@gmail.com',2,NULL,180,'1446-1447','yes',461,'2024-11-12 07:28:42','2024-11-28 07:57:37',NULL),(1051,'teacher','رزق الله حسن رزق الله اليزيدي','1008149583','05502206794','aboretaj2995@gmail.com',2,NULL,180,'1446-1447','yes',462,'2024-11-12 07:28:42','2024-11-28 07:57:37',NULL),(1052,'teacher','حامد بن محمد بن حامد المطرفي','1001579612','05563989943','h0563989943@gmail.com',2,NULL,180,'1446-1447','yes',463,'2024-11-12 07:28:42','2024-11-28 07:57:37',NULL),(1053,'teacher','ابراهيم فهاد ابراهيم الدوسري','1027490786','05552299276','abofhhad1394@gmail.com',2,NULL,180,'1446-1447','yes',464,'2024-11-12 07:28:42','2024-11-28 07:57:37',NULL),(1054,'teacher','محمد منير مرزوق القثامي','1049557190','05502493588','mamnkh@hotmail.com',2,NULL,180,'1446-1447','yes',465,'2024-11-12 07:28:42','2024-11-28 07:57:37',NULL),(1055,'teacher','مشعل جمعان مطير المالكي','1048648081','05506040357','meshal.0208@gmail.com',2,NULL,180,'1446-1447','yes',466,'2024-11-12 07:28:42','2024-11-28 07:57:37',NULL),(1056,'teacher','محمد مقنع معيوض الثبيتي','1056269374','05505510812','aa.althobiti@gmail.com',2,NULL,180,'1446-1447','yes',467,'2024-11-12 07:28:42','2024-11-28 07:57:37',NULL),(1060,'adminstrative','school_educational_adminstrative','87366687524','053223424292','school_educational_adminstrative@laam.com',6,1,180,NULL,'yes',469,'2024-11-12 07:39:51','2024-11-28 07:57:37',NULL),(1061,'adminstrative','ahmed09 school manager',NULL,'0552647298753','school9008.manager.new@laam.com',1,NULL,181,'1446-1447','yes',471,'2024-11-13 14:15:01','2024-11-28 07:57:37',NULL),(1062,'adminstrative','التمساح الاصلع',NULL,'05556598158','3amoeltemsa7@gmail.com',1,NULL,182,'1446-1447','yes',472,'2024-11-13 16:43:41','2024-11-28 07:57:37',NULL),(1063,'adminstrative','التمساح الاصلع',NULL,'05556598158','3amoeltemsa7@gmail.com',1,NULL,183,'1446-1447','yes',472,'2024-11-13 16:43:41','2024-11-28 07:57:37',NULL),(1064,'adminstrative','yehia alfahrany',NULL,'05555565455','yehiaelshar2awy@gmail.com',1,NULL,184,'1446-1447','yes',473,'2024-11-13 16:58:29','2024-11-28 07:57:37',NULL),(1065,'adminstrative','ahmed-halim',NULL,'05512345437','ahmed-halim@email.com',1,NULL,185,'1446-1447','yes',474,'2024-11-13 17:24:26','2024-11-28 07:57:37',NULL),(1066,'teacher','سعد عبيد شنبر ذوي طالب الشنبري','1066621952','05502663961','saad.shanber@gmail.com',2,NULL,185,'1446-1447','yes',475,'2024-11-13 17:38:46','2024-11-28 07:57:37',NULL),(1067,'teacher','شاكر عبدالرزاق حمادي المطرفي','1063256869','05500518449','asd20044@hotmail.com',2,NULL,185,'1446-1447','yes',476,'2024-11-13 17:38:46','2024-11-28 07:57:37',NULL),(1068,'teacher','نايف حامد احمد الثقفي','1032874644','05506569320','m3_mmma@hotmail.com',2,NULL,185,'1446-1447','yes',477,'2024-11-13 17:38:46','2024-11-28 07:57:37',NULL),(1069,'teacher','محمد علي طفاف الزهراني','1058508662','05506109687','mod591065555@hotmai.com',2,NULL,185,'1446-1447','yes',478,'2024-11-13 17:38:46','2024-11-28 07:57:37',NULL),(1070,'teacher','سعيد علي محمد المسعودي','1050001575','05569115091','s.a.masoudi@hotmail.com',2,NULL,185,'1446-1447','yes',479,'2024-11-13 17:38:46','2024-11-28 07:57:37',NULL),(1071,'teacher','سامي بن محسن بن لافي السويهري','1034940724','05555564265','sami1z@yahoo.com',2,NULL,185,'1446-1447','yes',480,'2024-11-13 17:38:46','2024-11-28 07:57:37',NULL),(1072,'teacher','سعد بن حميدان بن حماد القرشي','1057275388','05504546373','ffkkllkk777@gmail.com',2,NULL,185,'1446-1447','yes',481,'2024-11-13 17:38:46','2024-11-28 07:57:37',NULL),(1073,'teacher','حمد بن مزيد بن سفر الشلوي','1077642732','05557772622','naaaaasham@gmail.com',2,NULL,185,'1446-1447','yes',482,'2024-11-13 17:38:46','2024-11-28 07:57:37',NULL),(1074,'teacher','بندر محسن سعيد الزهراني','1009303643','05555527978','sbmsz@msn.com',2,NULL,185,'1446-1447','yes',483,'2024-11-13 17:38:46','2024-11-28 07:57:37',NULL),(1075,'teacher','عبدالله بن رمزي بن سليم الزهراني','1038244651','05567799696','seelar56@gmail.com',2,NULL,185,'1446-1447','yes',484,'2024-11-13 17:38:46','2024-11-28 07:57:37',NULL),(1076,'teacher','محمد بن عمر بن محمد بابطين','1061355325','05504538901','zeero-one2010@hotmail.com',2,NULL,185,'1446-1447','yes',485,'2024-11-13 17:38:46','2024-11-28 07:57:37',NULL),(1077,'teacher','عارف رشيد زابن المقاطي','1077803250','05504763922','ariifotb@hotmail.com',2,NULL,185,'1446-1447','yes',486,'2024-11-13 17:38:46','2024-11-28 07:57:37',NULL),(1078,'teacher','ماجد بن عبدالغفور بن قاسم كفيه','1007164252','05504520129','maj20129@gmail.com',2,NULL,185,'1446-1447','yes',487,'2024-11-13 17:38:46','2024-11-28 07:57:37',NULL),(1079,'teacher','عبدالمحسن شاكر محسن الوادعي','1027062866','05504523590','awadee1@hotmail.com',2,NULL,185,'1446-1447','yes',488,'2024-11-13 17:38:46','2024-11-28 07:57:37',NULL),(1080,'teacher','عادل بن مرزوق بن محمد الحارثي','1060127709','05559425953','adel125963@gmail.com',2,NULL,185,'1446-1447','yes',489,'2024-11-13 17:38:46','2024-11-28 07:57:37',NULL),(1081,'teacher','محمد سالم مطلق الدعجاني','1015279647','05503537897','mohammad10@hotmail.com',2,NULL,185,'1446-1447','yes',490,'2024-11-13 17:38:46','2024-11-28 07:57:37',NULL),(1082,'teacher','نائف عبدالله بن سليم الزهراني','1066596410','05503749365','salimvia07@gmail.com',2,NULL,185,'1446-1447','yes',491,'2024-11-13 17:38:46','2024-11-28 07:57:37',NULL),(1083,'teacher','علي خلف حصن المسعودي','1063382723','05590557779','a.nm00@hotmail.com',2,NULL,185,'1446-1447','yes',492,'2024-11-13 17:38:46','2024-11-28 07:57:37',NULL),(1084,'teacher','فارس بن تركي بن امبارك العصيمي','1003803523','05505501630','f1003803523@gmail.com',2,NULL,185,'1446-1447','yes',493,'2024-11-13 17:38:46','2024-11-28 07:57:37',NULL),(1085,'teacher','عبدالكريم بن عويض بن عمر العتيبي','1048656605','05566698873','kareem1395@outlook.sa',2,NULL,185,'1446-1447','yes',494,'2024-11-13 17:38:46','2024-11-28 07:57:37',NULL),(1086,'teacher','رائد سعد عويض الهذلي','1056978487','05548898177','rsmt1019@gmail.com',2,NULL,185,'1446-1447','yes',495,'2024-11-13 17:38:46','2024-11-28 07:57:37',NULL),(1087,'teacher','زهير فهد محمد خوج','1068270881','05555529681','t509599@mkhb.moe.gov.sa',2,NULL,185,'1446-1447','yes',496,'2024-11-13 17:38:46','2024-11-28 07:57:37',NULL),(1088,'teacher','طلال بن عبيدالله بن عوض الله السيالي','1009060888','05506718343','s_talal@hotmail.com',2,NULL,185,'1446-1447','yes',497,'2024-11-13 17:38:46','2024-11-28 07:57:37',NULL),(1089,'teacher','محمد خنيفس رزيق الخالدي','1012782916','05505530309','mohammed30309@hotmail.com',2,NULL,185,'1446-1447','yes',498,'2024-11-13 17:38:46','2024-11-28 07:57:37',NULL),(1090,'teacher','عبدالله بن محمد بن أحمد الزهراني','1014762270','05544491600','t349805@mkhb.moe.gov.sa',2,NULL,185,'1446-1447','yes',499,'2024-11-13 17:38:46','2024-11-28 07:57:37',NULL),(1091,'teacher','وليد عطيه علي الثبيتي','1005564255','05506521924','walid565758@gmail.com',2,NULL,185,'1446-1447','yes',500,'2024-11-13 17:38:46','2024-11-28 07:57:37',NULL),(1092,'teacher','احمد مصلح رده الحتيرشي','1048395402','05597597666','ahmadbaarq@gmail.com',2,NULL,185,'1446-1447','yes',501,'2024-11-13 17:38:46','2024-11-28 07:57:37',NULL),(1093,'teacher','سامى بن سمير بن سالم شربتلى','1041523836','05530907559','t.sami1423@gmail.com',2,NULL,185,'1446-1447','yes',502,'2024-11-13 17:38:46','2024-11-28 07:57:37',NULL),(1094,'teacher','ياسر بن سويلم بن سليم الصعاقي القرشي','1037323894','05568742121','t246534@mkhb.moe.gov.sa',2,NULL,185,'1446-1447','yes',503,'2024-11-13 17:38:46','2024-11-28 07:57:37',NULL),(1095,'teacher','سالم مسلم سلمان القرشي','1014504623','05503567276','t202871@mkhb.moe.gov.sa',2,NULL,185,'1446-1447','yes',504,'2024-11-13 17:38:46','2024-11-28 07:57:37',NULL),(1096,'teacher','محمد سعد ناصر الشريف','1028960001','05504501460','t366702@mkhb.moe.gov.sa',2,NULL,185,'1446-1447','yes',505,'2024-11-13 17:38:46','2024-11-28 07:57:37',NULL),(1097,'teacher','سعيد محمد سعيد الشهري','1022823924','05506637910','t617223@mkhb.moe.gov.sa',2,NULL,185,'1446-1447','yes',506,'2024-11-13 17:38:46','2024-11-28 07:57:37',NULL),(1098,'teacher','بدر عطيه الله عاطي الزهراني','1088907389','05552201622','br14101419@gmail.com',2,NULL,185,'1446-1447','yes',507,'2024-11-13 17:38:46','2024-11-28 07:57:37',NULL),(1099,'teacher','وليد بن خالد بن عثمان الغامدي','1057072322','05555579730','walid.ghamdi9@gmail.com',2,NULL,185,'1446-1447','yes',508,'2024-11-13 17:38:46','2024-11-28 07:57:37',NULL),(1100,'teacher','عابد عبيد سند الهذلي','1009920230','05503052098','abed2098@gmail.com',2,NULL,185,'1446-1447','yes',509,'2024-11-13 17:38:46','2024-11-28 07:57:37',NULL),(1101,'teacher','علي بن محمد علي الزهراني','1055090052','05598899122','t491805@mkhb.moe.gov.sa',2,NULL,185,'1446-1447','yes',510,'2024-11-13 17:38:46','2024-11-28 07:57:37',NULL),(1102,'teacher','علي ستر مرزوق المقاطي','1058237171','05542200060','sr.34@hotmail.com',2,NULL,185,'1446-1447','yes',511,'2024-11-13 17:38:46','2024-11-28 07:57:37',NULL),(1103,'teacher','احمد بن حميد بن حسن العفيفي','1042766731','05555565279','aa555565@hotmail.com',2,NULL,185,'1446-1447','yes',512,'2024-11-13 17:38:46','2024-11-28 07:57:37',NULL),(1104,'teacher','فواز بن فالح بن حامد الزويهري','1072470634','05500229111','fffz-2011@hotmail.com',2,NULL,185,'1446-1447','yes',513,'2024-11-13 17:38:46','2024-11-28 07:57:37',NULL),(1105,'teacher','حسن بن صالح بن حسن المنيفي الطلحي','1041464122','05502873325','t278903@mkhb.moe.gov.sa',2,NULL,185,'1446-1447','yes',514,'2024-11-13 17:38:46','2024-11-28 07:57:37',NULL),(1106,'teacher','عبدالله عبدالرزاق عبدالله الطويرقي','1035536570','05508743188','t532801@mkhb.moe.gov.sa',2,NULL,185,'1446-1447','yes',515,'2024-11-13 17:38:46','2024-11-28 07:57:37',NULL),(1107,'teacher','محمد بن مطلق بن دشين العصيمي','1028849774','05555572031','alesaar@hotmail.com',2,NULL,185,'1446-1447','yes',516,'2024-11-13 17:38:46','2024-11-28 07:57:37',NULL),(1108,'teacher','هاني عبد العزيز احمد النمري','1038962260','05550490347','hr2255@hotmail.com',2,NULL,185,'1446-1447','yes',517,'2024-11-13 17:38:46','2024-11-28 07:57:37',NULL),(1109,'teacher','ثامر محمد عطية الطلحي','1073976100','05500545573','thameer139@yahoo.com',2,NULL,185,'1446-1447','yes',518,'2024-11-13 17:38:46','2024-11-28 07:57:37',NULL),(1110,'teacher','عبدالرحمن بن ابراهيم بن عبدالغني البقارى القرشي','1024852442','05503599982','mokmog8@gmail.com',2,NULL,185,'1446-1447','yes',519,'2024-11-13 17:38:46','2024-11-28 07:57:37',NULL),(1111,'teacher','عيد بن عابد بن عواض الجعيد','1031772427','05500309040','eidvip3@hotmail.com',2,NULL,185,'1446-1447','yes',520,'2024-11-13 17:38:46','2024-11-28 07:57:37',NULL),(1112,'teacher','علي بن محمد بن عثمان العثمان الغامدي','1068347192','05504665699','ybc.co.i@hotmail.com',2,NULL,185,'1446-1447','yes',521,'2024-11-13 17:38:46','2024-11-28 07:57:37',NULL),(1113,'teacher','فاضل بن حسان بن محمد كعكي','1033557016','05540440480','gandut2005@gmail.com',2,NULL,185,'1446-1447','yes',522,'2024-11-13 17:38:46','2024-11-28 07:57:37',NULL),(1114,'teacher','حامد بن محمد بن حامد المطرفي','1001579612','05563989943','h0563989943@gmail.com',2,NULL,185,'1446-1447','yes',523,'2024-11-13 17:38:46','2024-11-28 07:57:37',NULL),(1115,'teacher','أحمد بن ناصر بن أحمد الغامدي','1058581214','05508558029','aas2030as@gmail.com',2,NULL,185,'1446-1447','yes',524,'2024-11-13 17:38:46','2024-11-28 07:57:37',NULL),(1116,'teacher','سعود محيميد براك النفيعي','1054160013','05553545813','saud1311@hotmail.com',2,NULL,185,'1446-1447','yes',525,'2024-11-13 17:38:46','2024-11-28 07:57:37',NULL),(1117,'teacher','منصور بن عبدالله بن بكر الشريف','1065769224','05555591264','mans47588@gmail.com',2,NULL,185,'1446-1447','yes',526,'2024-11-13 17:38:46','2024-11-28 07:57:37',NULL),(1118,'teacher','ناصر دخيل الله ناصر القرني','1026584738','05555542236','ndng111@hotmail.com',2,NULL,185,'1446-1447','yes',527,'2024-11-13 17:38:46','2024-11-28 07:57:37',NULL),(1119,'teacher','محمد سعيد أحمد الزهراني','1044971826','05504588813','mnlwo77@gmail.com',2,NULL,185,'1446-1447','yes',528,'2024-11-13 17:38:46','2024-11-28 07:57:37',NULL),(1120,'adminstrative','اداري جديد','4424242443','0544443455','ll@email.com',7,42,185,NULL,'no',NULL,'2024-11-13 17:42:24','2024-11-28 16:32:29',NULL),(1121,'adminstrative','s.Test',NULL,'050548921547','s.test@test.com',1,NULL,186,'1446-1447','yes',529,'2024-11-14 08:18:23','2024-11-28 07:57:37',NULL),(1123,'adminstrative','اداري جديد','4424242443','0544443455','ll@email.com',7,42,186,NULL,'no',NULL,'2024-11-14 08:57:03','2024-11-28 16:32:29',NULL),(1124,'adminstrative','ahmed00school manager',NULL,'0552647298750','school9808.manager.new@laam.com',1,NULL,NULL,NULL,'yes',531,'2024-11-14 09:05:16','2024-11-28 07:57:37',NULL),(1125,'adminstrative','shereef school manager',NULL,'05526472008750','shereef.new@laam.com',1,NULL,187,'1446-1447','yes',532,'2024-11-14 10:20:02','2024-11-28 07:57:37',NULL),(1126,'adminstrative','شريف',NULL,'050523232323','s.kholy@test.com',1,NULL,NULL,NULL,'yes',533,'2024-11-14 10:50:10','2024-11-28 07:57:37',NULL),(1127,'teacher','نايف حامد احمد الثقفي','1032874614','05505565320','m4_mma@hotmail.com',2,NULL,186,'1446-1447','yes',535,'2024-11-14 11:43:08','2024-11-28 07:57:37',NULL),(1128,'adminstrative','اداري جديد','4424242443','0544443455','ll@email.com',7,42,186,'1446-1447','no',NULL,'2024-11-14 11:47:07','2024-11-28 16:32:29',NULL),(1129,'adminstrative','shereef school manager',NULL,'05526472998750','shereef2.new@laam.com',1,NULL,NULL,NULL,'yes',536,'2024-11-15 11:28:11','2024-11-28 07:57:37',NULL),(1130,'adminstrative','shereef school manager',NULL,'055264729898750','shereei2.new@laam.com',1,NULL,NULL,NULL,'yes',537,'2024-11-15 11:30:21','2024-11-28 07:57:37',NULL),(1131,'adminstrative','shereef school manager',NULL,'0552640029898750','sherefi2.new@laam.com',1,NULL,NULL,NULL,'yes',538,'2024-11-15 12:15:35','2024-11-28 07:57:37',NULL),(1132,'adminstrative','Ahmed Ayman',NULL,'050510090946','moh.barakat.x6@gmail.com',1,NULL,188,'1446-1447','yes',539,'2024-11-15 12:15:48','2024-11-28 07:57:37',NULL),(1133,'adminstrative','shereef school manager',NULL,'055240029898750','shereti2.new@laam.com',1,NULL,NULL,NULL,'yes',540,'2024-11-15 12:22:46','2024-11-28 07:57:37',NULL),(1134,'adminstrative','fixBugs',NULL,'050510090945','fixbugs1@gmail.com',1,NULL,NULL,NULL,'yes',541,'2024-11-15 12:29:49','2024-11-28 07:57:37',NULL),(1135,'adminstrative','newAccount',NULL,'050510909090','accountNew@gmail.com',1,NULL,189,'1446-1447','yes',542,'2024-11-15 12:38:07','2024-11-28 07:57:37',NULL),(1136,'adminstrative','newAccount',NULL,'050510909090','accountNew@gmail.com',1,NULL,190,'1446-1447','yes',542,'2024-11-15 12:38:07','2024-11-28 07:57:37',NULL),(1137,'adminstrative','fixBugs',NULL,'050510090945','fixbugs@gmail.com',1,NULL,NULL,NULL,'yes',543,'2024-11-15 13:35:02','2024-11-28 07:57:37',NULL),(1138,'adminstrative','TestCycle','051525325','0520090995','cycleTest@gmail.com',1,6,191,'1446-1447','yes',544,'2024-11-17 09:11:58','2024-11-17 09:26:26',NULL),(1139,'teacher','سعد عبيد شنبر ذوي طالب الشنبري','1066621952','05502663961','saad.shanber@gmail.com',2,2,191,'1446-1447','yes',545,'2024-11-17 09:16:14','2024-11-28 07:57:37',NULL),(1140,'teacher','شاكر عبدالرزاق حمادي المطرفي','1063256869','05500518449','asd20044@hotmail.com',2,NULL,191,'1446-1447','yes',546,'2024-11-17 09:16:14','2024-11-28 07:57:37',NULL),(1141,'teacher','نايف حامد احمد الثقفي','1032874644','05506569320','m3_mmma@hotmail.com',2,NULL,191,'1446-1447','yes',547,'2024-11-17 09:16:14','2024-11-28 07:57:37',NULL),(1142,'teacher','محمد علي طفاف الزهراني','1058508662','05506109687','mod591065555@hotmai.com',2,NULL,191,'1446-1447','yes',548,'2024-11-17 09:16:14','2024-11-28 07:57:37',NULL),(1143,'teacher','سعيد علي محمد المسعودي','1050001575','05569115091','s.a.masoudi@hotmail.com',2,NULL,191,'1446-1447','yes',549,'2024-11-17 09:16:14','2024-11-28 07:57:37',NULL),(1144,'teacher','سامي بن محسن بن لافي السويهري','1034940724','05555564265','sami1z@yahoo.com',2,NULL,191,'1446-1447','yes',550,'2024-11-17 09:16:14','2024-11-28 07:57:37',NULL),(1145,'teacher','سعد بن حميدان بن حماد القرشي','1057275388','05504546373','ffkkllkk777@gmail.com',2,NULL,191,'1446-1447','yes',551,'2024-11-17 09:16:14','2024-11-28 07:57:37',NULL),(1146,'teacher','حمد بن مزيد بن سفر الشلوي','1077642732','05557772622','naaaaasham@gmail.com',2,NULL,191,'1446-1447','yes',552,'2024-11-17 09:16:14','2024-11-28 07:57:37',NULL),(1147,'teacher','بندر محسن سعيد الزهراني','1009303643','05555527978','sbmsz@msn.com',2,NULL,191,'1446-1447','yes',553,'2024-11-17 09:16:14','2024-11-28 07:57:37',NULL),(1148,'teacher','عبدالله بن رمزي بن سليم الزهراني','1038244651','05567799696','seelar56@gmail.com',2,NULL,191,'1446-1447','yes',554,'2024-11-17 09:16:14','2024-11-28 07:57:37',NULL),(1149,'teacher','محمد بن عمر بن محمد بابطين','1061355325','05504538901','zeero-one2010@hotmail.com',2,NULL,191,'1446-1447','yes',555,'2024-11-17 09:16:14','2024-11-28 07:57:37',NULL),(1150,'teacher','عارف رشيد زابن المقاطي','1077803250','05504763922','ariifotb@hotmail.com',2,NULL,191,'1446-1447','yes',556,'2024-11-17 09:16:14','2024-11-28 07:57:37',NULL),(1151,'teacher','ماجد بن عبدالغفور بن قاسم كفيه','1007164252','05504520129','maj20129@gmail.com',2,NULL,191,'1446-1447','yes',557,'2024-11-17 09:16:14','2024-11-28 07:57:37',NULL),(1152,'teacher','عبدالمحسن شاكر محسن الوادعي','1027062866','05504523590','awadee1@hotmail.com',2,NULL,191,'1446-1447','yes',558,'2024-11-17 09:16:14','2024-11-28 07:57:37',NULL),(1153,'teacher','عادل بن مرزوق بن محمد الحارثي','1060127709','05559425953','adel125963@gmail.com',2,NULL,191,'1446-1447','yes',559,'2024-11-17 09:16:14','2024-11-28 07:57:37',NULL),(1154,'teacher','محمد سالم مطلق الدعجاني','1015279647','05503537897','mohammad10@hotmail.com',2,NULL,191,'1446-1447','yes',560,'2024-11-17 09:16:14','2024-11-28 07:57:37',NULL),(1155,'teacher','نائف عبدالله بن سليم الزهراني','1066596410','05503749365','salimvia07@gmail.com',2,NULL,191,'1446-1447','yes',561,'2024-11-17 09:16:14','2024-11-28 07:57:37',NULL),(1156,'teacher','علي خلف حصن المسعودي','1063382723','05590557779','a.nm00@hotmail.com',2,NULL,191,'1446-1447','yes',562,'2024-11-17 09:16:14','2024-11-28 07:57:37',NULL),(1157,'teacher','فارس بن تركي بن امبارك العصيمي','1003803523','05505501630','f1003803523@gmail.com',2,NULL,191,'1446-1447','yes',563,'2024-11-17 09:16:14','2024-11-28 07:57:37',NULL),(1158,'teacher','عبدالكريم بن عويض بن عمر العتيبي','1048656605','05566698873','kareem1395@outlook.sa',2,NULL,191,'1446-1447','yes',564,'2024-11-17 09:16:14','2024-11-28 07:57:37',NULL),(1159,'teacher','رائد سعد عويض الهذلي','1056978487','05548898177','rsmt1019@gmail.com',2,NULL,191,'1446-1447','yes',565,'2024-11-17 09:16:14','2024-11-28 07:57:37',NULL),(1160,'teacher','زهير فهد محمد خوج','1068270881','05555529681','t509599@mkhb.moe.gov.sa',2,NULL,191,'1446-1447','yes',566,'2024-11-17 09:16:14','2024-11-28 07:57:37',NULL),(1161,'teacher','طلال بن عبيدالله بن عوض الله السيالي','1009060888','05506718343','s_talal@hotmail.com',2,NULL,191,'1446-1447','yes',567,'2024-11-17 09:16:14','2024-11-28 07:57:37',NULL),(1162,'teacher','محمد خنيفس رزيق الخالدي','1012782916','05505530309','mohammed30309@hotmail.com',2,NULL,191,'1446-1447','yes',568,'2024-11-17 09:16:14','2024-11-28 07:57:37',NULL),(1163,'teacher','عبدالله بن محمد بن أحمد الزهراني','1014762270','05544491600','t349805@mkhb.moe.gov.sa',2,NULL,191,'1446-1447','yes',569,'2024-11-17 09:16:14','2024-11-28 07:57:37',NULL),(1164,'teacher','وليد عطيه علي الثبيتي','1005564255','05506521924','walid565758@gmail.com',2,NULL,191,'1446-1447','yes',570,'2024-11-17 09:16:14','2024-11-28 07:57:37',NULL),(1165,'teacher','احمد مصلح رده الحتيرشي','1048395402','05597597666','ahmadbaarq@gmail.com',2,NULL,191,'1446-1447','yes',571,'2024-11-17 09:16:14','2024-11-28 07:57:37',NULL),(1166,'teacher','سامى بن سمير بن سالم شربتلى','1041523836','05530907559','t.sami1423@gmail.com',2,NULL,191,'1446-1447','yes',572,'2024-11-17 09:16:14','2024-11-28 07:57:37',NULL),(1167,'teacher','ياسر بن سويلم بن سليم الصعاقي القرشي','1037323894','05568742121','t246534@mkhb.moe.gov.sa',2,NULL,191,'1446-1447','yes',573,'2024-11-17 09:16:14','2024-11-28 07:57:37',NULL),(1168,'teacher','سالم مسلم سلمان القرشي','1014504623','05503567276','t202871@mkhb.moe.gov.sa',2,NULL,191,'1446-1447','yes',574,'2024-11-17 09:16:14','2024-11-28 07:57:37',NULL),(1169,'teacher','محمد سعد ناصر الشريف','1028960001','05504501460','t366702@mkhb.moe.gov.sa',2,NULL,191,'1446-1447','yes',575,'2024-11-17 09:16:14','2024-11-28 07:57:37',NULL),(1170,'teacher','سعيد محمد سعيد الشهري','1022823924','05506637910','t617223@mkhb.moe.gov.sa',2,NULL,191,'1446-1447','yes',576,'2024-11-17 09:16:14','2024-11-28 07:57:37',NULL),(1171,'teacher','بدر عطيه الله عاطي الزهراني','1088907389','05552201622','br14101419@gmail.com',2,NULL,191,'1446-1447','yes',577,'2024-11-17 09:16:14','2024-11-28 07:57:37',NULL),(1172,'teacher','وليد بن خالد بن عثمان الغامدي','1057072322','05555579730','walid.ghamdi9@gmail.com',2,NULL,191,'1446-1447','yes',578,'2024-11-17 09:16:14','2024-11-28 07:57:37',NULL),(1173,'teacher','عابد عبيد سند الهذلي','1009920230','05503052098','abed2098@gmail.com',2,NULL,191,'1446-1447','yes',579,'2024-11-17 09:16:14','2024-11-28 07:57:37',NULL),(1174,'teacher','علي بن محمد علي الزهراني','1055090052','05598899122','t491805@mkhb.moe.gov.sa',2,NULL,191,'1446-1447','yes',580,'2024-11-17 09:16:14','2024-11-28 07:57:37',NULL),(1175,'teacher','علي ستر مرزوق المقاطي','1058237171','05542200060','sr.34@hotmail.com',2,NULL,191,'1446-1447','yes',581,'2024-11-17 09:16:14','2024-11-28 07:57:37',NULL),(1176,'teacher','احمد بن حميد بن حسن العفيفي','1042766731','05555565279','aa555565@hotmail.com',2,NULL,191,'1446-1447','yes',582,'2024-11-17 09:16:14','2024-11-28 07:57:37',NULL),(1177,'teacher','فواز بن فالح بن حامد الزويهري','1072470634','05500229111','fffz-2011@hotmail.com',2,NULL,191,'1446-1447','yes',583,'2024-11-17 09:16:14','2024-11-28 07:57:37',NULL),(1178,'teacher','حسن بن صالح بن حسن المنيفي الطلحي','1041464122','05502873325','t278903@mkhb.moe.gov.sa',2,NULL,191,'1446-1447','yes',584,'2024-11-17 09:16:14','2024-11-28 07:57:37',NULL),(1179,'teacher','عبدالله عبدالرزاق عبدالله الطويرقي','1035536570','05508743188','t532801@mkhb.moe.gov.sa',2,NULL,191,'1446-1447','yes',585,'2024-11-17 09:16:14','2024-11-28 07:57:37',NULL),(1180,'teacher','محمد بن مطلق بن دشين العصيمي','1028849774','05555572031','alesaar@hotmail.com',2,NULL,191,'1446-1447','yes',586,'2024-11-17 09:16:14','2024-11-28 07:57:37',NULL),(1181,'teacher','هاني عبد العزيز احمد النمري','1038962260','05550490347','hr2255@hotmail.com',2,NULL,191,'1446-1447','yes',587,'2024-11-17 09:16:14','2024-11-28 07:57:37',NULL),(1182,'teacher','ثامر محمد عطية الطلحي','1073976100','05500545573','thameer139@yahoo.com',2,NULL,191,'1446-1447','yes',588,'2024-11-17 09:16:14','2024-11-28 07:57:37',NULL),(1183,'teacher','عبدالرحمن بن ابراهيم بن عبدالغني البقارى القرشي','1024852442','05503599982','mokmog8@gmail.com',2,NULL,191,'1446-1447','yes',589,'2024-11-17 09:16:14','2024-11-28 07:57:37',NULL),(1184,'teacher','عيد بن عابد بن عواض الجعيد','1031772427','05500309040','eidvip3@hotmail.com',2,NULL,191,'1446-1447','yes',590,'2024-11-17 09:16:14','2024-11-28 07:57:37',NULL),(1185,'teacher','علي بن محمد بن عثمان العثمان الغامدي','1068347192','05504665699','ybc.co.i@hotmail.com',2,NULL,191,'1446-1447','yes',591,'2024-11-17 09:16:14','2024-11-28 07:57:37',NULL),(1186,'teacher','فاضل بن حسان بن محمد كعكي','1033557016','05540440480','gandut2005@gmail.com',2,NULL,191,'1446-1447','yes',592,'2024-11-17 09:16:14','2024-11-28 07:57:37',NULL),(1187,'teacher','حامد بن محمد بن حامد المطرفي','1001579612','05563989943','h0563989943@gmail.com',2,NULL,191,'1446-1447','yes',593,'2024-11-17 09:16:14','2024-11-28 07:57:37',NULL),(1188,'teacher','أحمد بن ناصر بن أحمد الغامدي','1058581214','05508558029','aas2030as@gmail.com',2,NULL,191,'1446-1447','yes',594,'2024-11-17 09:16:14','2024-11-28 07:57:37',NULL),(1189,'teacher','سعود محيميد براك النفيعي','1054160013','05553545813','saud1311@hotmail.com',2,NULL,191,'1446-1447','yes',595,'2024-11-17 09:16:14','2024-11-28 07:57:37',NULL),(1190,'teacher','منصور بن عبدالله بن بكر الشريف','1065769224','05555591264','mans47588@gmail.com',2,NULL,191,'1446-1447','yes',596,'2024-11-17 09:16:14','2024-11-28 07:57:37',NULL),(1191,'teacher','ناصر دخيل الله ناصر القرني','1026584738','05555542236','ndng111@hotmail.com',2,NULL,191,'1446-1447','yes',597,'2024-11-17 09:16:14','2024-11-28 07:57:37',NULL),(1192,'teacher','محمد سعيد أحمد الزهراني','1044971826','05504588813','mnlwo77@gmail.com',2,NULL,191,'1446-1447','yes',598,'2024-11-17 09:16:14','2024-11-28 07:57:37',NULL),(1193,'adminstrative','new.shared','1234567654','0512343254','new.shared2025@gmail.com',1,1,192,'1446-1447','yes',599,'2024-11-17 20:36:46','2024-11-28 08:53:16',NULL),(1194,'adminstrative','new.shared','10588195191','050510000945','new.shared@gmail.com',1,1,192,'1446-1447','yes',599,'2024-11-17 20:36:46','2024-11-28 07:57:37',NULL),(1195,'teacher','مهنى محمد حامد العتيبي','1061996078','05558112161','ddoobb12@hotmail.com',2,NULL,192,'1446-1447','yes',600,'2024-11-17 20:39:02','2024-11-28 07:57:37',NULL),(1196,'teacher','عارف بن على بن سعد المنعمى','1089065971','05567666292','arifalis2004@gmail.com',2,NULL,192,'1446-1447','yes',601,'2024-11-17 20:39:02','2024-11-28 07:57:37',NULL),(1197,'teacher','نواف بن عايض بن خريص المقاطي العتيبي','1032300582','05569167157','naw-a-f-14004@hotmail.com',2,NULL,192,'1446-1447','yes',602,'2024-11-17 20:39:02','2024-11-28 07:57:37',NULL),(1198,'teacher','عبدالعزيز غازي مصوي العتيبي','1013569783','05507524549','m555057796@hotmail.com',2,NULL,192,'1446-1447','yes',603,'2024-11-17 20:39:02','2024-11-28 07:57:37',NULL),(1199,'teacher','عادل سهل مبطي العتيبي','1080840828','05500719910','ksa51117@hotmail.com',2,NULL,192,'1446-1447','yes',604,'2024-11-17 20:39:02','2024-11-28 07:57:37',NULL),(1200,'teacher','خالد علي فايز القرشي','1023891631','05542222992','br6@live.com',2,NULL,192,'1446-1447','yes',605,'2024-11-17 20:39:02','2024-11-28 07:57:37',NULL),(1201,'teacher','عبده حسن عبده دغريري','1011922026','05504512145','abo.mahr9@hotmail.com',2,NULL,192,'1446-1447','yes',606,'2024-11-17 20:39:02','2024-11-28 07:57:37',NULL),(1202,'teacher','أحمد عيضه احمد المالكي','1062541410','05503776361','abueadhah@gmail.com',2,NULL,192,'1446-1447','yes',607,'2024-11-17 20:39:02','2024-11-28 07:57:37',NULL),(1203,'teacher','نواف عبدالرحمن عبدالله المنتشري','1066204718','05560062332','naa-2002@hotmail.com',2,NULL,192,'1446-1447','yes',608,'2024-11-17 20:39:02','2024-11-28 07:57:37',NULL),(1204,'teacher','فايز بريك غانم المطرفي','1017752666','05555547911','t253686@mkhb.moe.gov.sa',2,NULL,192,'1446-1447','yes',609,'2024-11-17 20:39:02','2024-11-28 07:57:37',NULL),(1205,'teacher','حسن بن عبدالله بن عطية المفضلي الزهراني','1011470331','05501581700','kk1kk22m@gmail.com',2,NULL,192,'1446-1447','yes',610,'2024-11-17 20:39:02','2024-11-28 07:57:37',NULL),(1206,'teacher','مساعد سعدي سعد الذبياني','1065755058','05566366222','m2005_2005@hotmail.com',2,NULL,192,'1446-1447','yes',611,'2024-11-17 20:39:02','2024-11-28 07:57:37',NULL),(1207,'teacher','احمد غرم الله احمد الزهراني','1011359328','05504532452','agaz666@hotmail.com',2,NULL,192,'1446-1447','yes',612,'2024-11-17 20:39:02','2024-11-28 07:57:37',NULL),(1208,'teacher','فهد بن نوار بن عباد المستورى السلمى','1003322664','05555524103','fahoody44@icloud.com',2,NULL,192,'1446-1447','yes',613,'2024-11-17 20:39:02','2024-11-28 07:57:37',NULL),(1209,'teacher','علي ناصر عبدالله الغامدي','1058623230','05504527210','alibb8787@gmail.com',2,NULL,192,'1446-1447','yes',614,'2024-11-17 20:39:02','2024-11-28 07:57:37',NULL),(1210,'teacher','براء بن عبدالله بن محمد بادويس','1046346167','05594318847','baraa-100@hotmail.com',2,NULL,192,'1446-1447','yes',615,'2024-11-17 20:39:02','2024-11-28 07:57:37',NULL),(1211,'teacher','محمد سعود محمد الجعيد','1006697484','05555515681','ab_oos@hotmail.com',2,NULL,192,'1446-1447','yes',616,'2024-11-17 20:39:02','2024-11-28 07:57:37',NULL),(1212,'teacher','سالم نوير عطيه الله الهذلي','1057730655','05595400051','salem.016@hotmail.com',2,NULL,192,'1446-1447','yes',617,'2024-11-17 20:39:02','2024-11-28 07:57:37',NULL),(1213,'teacher','محمد بن فؤاد بن حسن حموة','1008777292','05599968989','hamowh@hotmail.com',2,NULL,192,'1446-1447','yes',618,'2024-11-17 20:39:02','2024-11-28 07:57:37',NULL),(1214,'teacher','حسن بن جار الله بن احمد الصلاحي الزهراني','1073221762','05568689479','hasnsalahy@gmail.com',2,NULL,192,'1446-1447','yes',619,'2024-11-17 20:39:02','2024-11-28 07:57:37',NULL),(1215,'teacher','حسن عبدالله حامد المالكي','1048011082','05506546391','abo_malek2011@live.com',2,NULL,192,'1446-1447','yes',620,'2024-11-17 20:39:02','2024-11-28 07:57:37',NULL),(1216,'teacher','أحمد قاسم سلمان الجابري','1065259275','05543571179','ksa-07-sa@hotmail.com',2,NULL,192,'1446-1447','yes',621,'2024-11-17 20:39:02','2024-11-28 07:57:37',NULL),(1217,'teacher','احمد رشاد احمد صغير','1043118908','05506528005','ahmed.sagheer4224@gmail.com',2,NULL,192,'1446-1447','yes',622,'2024-11-17 20:39:02','2024-11-28 07:57:37',NULL),(1218,'teacher','ماجد غلاب مطلق الدعجاني','1057205187','05565333153','majedwe153@gmail.com',2,NULL,192,'1446-1447','yes',623,'2024-11-17 20:39:02','2024-11-28 07:57:37',NULL),(1219,'teacher','ماجد محمد أحمد حكمي','1069505921','05559369785','mj2007mj@hotmail.com',2,NULL,192,'1446-1447','yes',624,'2024-11-17 20:39:02','2024-11-28 07:57:37',NULL),(1220,'teacher','ياسر بن سليم بن مسفر الشريف','1088195191','05544401224','siralshareef@gmail.com',2,NULL,192,'1446-1447','yes',625,'2024-11-17 20:39:02','2024-11-28 07:57:37',NULL),(1221,'teacher','احمد بن مضحي بن مضحي الشهري','1025550821','05506512273','a12273@hotmail.com',2,NULL,192,'1446-1447','yes',626,'2024-11-17 20:39:02','2024-11-28 07:57:37',NULL),(1222,'teacher','عبدالله صالح عطيه القرشي','1030014235','05555549806','km660@yahoo.com',2,NULL,192,'1446-1447','yes',627,'2024-11-17 20:39:02','2024-11-28 07:57:37',NULL),(1223,'teacher','عناد فيحان محجي العتيبي','1031285404','05555553245','enadalotaibi2@gmail.com',2,NULL,192,'1446-1447','yes',628,'2024-11-17 20:39:02','2024-11-28 07:57:37',NULL),(1224,'teacher','غريب على محمد الحضريتي','1060968417','05561122307','gahreeb767@gmail.com',2,NULL,192,'1446-1447','yes',629,'2024-11-17 20:39:02','2024-11-28 07:57:37',NULL),(1225,'teacher','سمير عبدالله عبيد المالكي','1055136228','05509050168','abo.essay@gmail.com',2,NULL,192,'1446-1447','yes',630,'2024-11-17 20:39:02','2024-11-28 07:57:37',NULL),(1226,'teacher','عبد الله مسعود سعد المالكي','1064131111','05555570468','m9alki@gmail.com',2,NULL,192,'1446-1447','yes',631,'2024-11-17 20:39:02','2024-11-28 07:57:37',NULL),(1227,'teacher','صالح بن مصلح بن صالح الشميلي الفهمي','1043551777','05582502014','salh12396@gmail.com',2,NULL,192,'1446-1447','yes',632,'2024-11-17 20:39:02','2024-11-28 07:57:37',NULL),(1228,'teacher','رزق الله حسن رزق الله اليزيدي','1008149583','05502206794','aboretaj2995@gmail.com',2,NULL,192,'1446-1447','yes',633,'2024-11-17 20:39:02','2024-11-28 07:57:37',NULL),(1229,'teacher','حامد بن محمد بن حامد المطرفي','1001579612','05563989943','h0563989943@gmail.com',2,NULL,192,'1446-1447','yes',634,'2024-11-17 20:39:02','2024-11-28 07:57:37',NULL),(1230,'teacher','ابراهيم فهاد ابراهيم الدوسري','1027490786','05552299276','abofhhad1394@gmail.com',2,NULL,192,'1446-1447','yes',635,'2024-11-17 20:39:02','2024-11-28 07:57:37',NULL),(1231,'teacher','محمد منير مرزوق القثامي','1049557190','05502493588','mamnkh@hotmail.com',2,NULL,192,'1446-1447','yes',636,'2024-11-17 20:39:02','2024-11-28 07:57:37',NULL),(1232,'teacher','مشعل جمعان مطير المالكي','1048648081','05506040357','meshal.0208@gmail.com',2,NULL,192,'1446-1447','yes',637,'2024-11-17 20:39:02','2024-11-28 07:57:37',NULL),(1233,'teacher','محمد مقنع معيوض الثبيتي','1056269374','05505510812','aa.althobiti@gmail.com',2,NULL,192,'1446-1447','yes',638,'2024-11-17 20:39:02','2024-11-28 07:57:37',NULL),(1234,'adminstrative','new.shared','10588195191','050510000945','new.shared@gmail.com',1,1,194,'1446-1447','yes',639,'2024-11-19 21:10:28','2024-11-28 07:57:37',NULL),(1235,'adminstrative','new.shared','10588195191','050510000945','new.shared@gmail.com',1,1,195,'1446-1447','yes',639,'2024-11-19 21:10:28','2024-11-28 07:57:37',NULL),(1236,'teacher','مهنى محمد حامد العتيبي','1061996078','05558112161','ddoobb12@hotmail.com',2,NULL,194,'1446-1447','yes',640,'2024-11-19 21:13:04','2024-11-28 07:57:37',NULL),(1237,'teacher','عارف بن على بن سعد المنعمى','1089065971','05567666292','arifalis2004@gmail.com',2,NULL,194,'1446-1447','yes',641,'2024-11-19 21:13:04','2024-11-28 07:57:37',NULL),(1238,'teacher','نواف بن عايض بن خريص المقاطي العتيبي','1032300582','05569167157','naw-a-f-14004@hotmail.com',2,NULL,194,'1446-1447','yes',642,'2024-11-19 21:13:04','2024-11-28 07:57:37',NULL),(1239,'teacher','عبدالعزيز غازي مصوي العتيبي','1013569783','05507524549','m555057796@hotmail.com',2,NULL,194,'1446-1447','yes',643,'2024-11-19 21:13:04','2024-11-28 07:57:37',NULL),(1240,'teacher','عادل سهل مبطي العتيبي','1080840828','05500719910','ksa51117@hotmail.com',2,NULL,194,'1446-1447','yes',644,'2024-11-19 21:13:04','2024-11-28 07:57:37',NULL),(1241,'teacher','خالد علي فايز القرشي','1023891631','05542222992','br6@live.com',2,NULL,194,'1446-1447','yes',645,'2024-11-19 21:13:04','2024-11-28 07:57:37',NULL),(1242,'teacher','عبده حسن عبده دغريري','1011922026','05504512145','abo.mahr9@hotmail.com',2,NULL,194,'1446-1447','yes',646,'2024-11-19 21:13:04','2024-11-28 07:57:37',NULL),(1243,'teacher','أحمد عيضه احمد المالكي','1062541410','05503776361','abueadhah@gmail.com',2,NULL,194,'1446-1447','yes',647,'2024-11-19 21:13:04','2024-11-28 07:57:37',NULL),(1244,'teacher','نواف عبدالرحمن عبدالله المنتشري','1066204718','05560062332','naa-2002@hotmail.com',2,NULL,194,'1446-1447','yes',648,'2024-11-19 21:13:04','2024-11-28 07:57:37',NULL),(1245,'teacher','فايز بريك غانم المطرفي','1017752666','05555547911','t253686@mkhb.moe.gov.sa',2,NULL,194,'1446-1447','yes',649,'2024-11-19 21:13:04','2024-11-28 07:57:37',NULL),(1246,'teacher','حسن بن عبدالله بن عطية المفضلي الزهراني','1011470331','05501581700','kk1kk22m@gmail.com',2,NULL,194,'1446-1447','yes',650,'2024-11-19 21:13:04','2024-11-28 07:57:37',NULL),(1247,'teacher','مساعد سعدي سعد الذبياني','1065755058','05566366222','m2005_2005@hotmail.com',2,NULL,194,'1446-1447','yes',651,'2024-11-19 21:13:04','2024-11-28 07:57:37',NULL),(1248,'teacher','احمد غرم الله احمد الزهراني','1011359328','05504532452','agaz666@hotmail.com',2,NULL,194,'1446-1447','yes',652,'2024-11-19 21:13:04','2024-11-28 07:57:37',NULL),(1249,'teacher','فهد بن نوار بن عباد المستورى السلمى','1003322664','05555524103','fahoody44@icloud.com',2,NULL,194,'1446-1447','yes',653,'2024-11-19 21:13:04','2024-11-28 07:57:37',NULL),(1250,'teacher','علي ناصر عبدالله الغامدي','1058623230','05504527210','alibb8787@gmail.com',2,NULL,194,'1446-1447','yes',654,'2024-11-19 21:13:04','2024-11-28 07:57:37',NULL),(1251,'teacher','براء بن عبدالله بن محمد بادويس','1046346167','05594318847','baraa-100@hotmail.com',2,NULL,194,'1446-1447','yes',655,'2024-11-19 21:13:04','2024-11-28 07:57:37',NULL),(1252,'teacher','محمد سعود محمد الجعيد','1006697484','05555515681','ab_oos@hotmail.com',2,NULL,194,'1446-1447','yes',656,'2024-11-19 21:13:04','2024-11-28 07:57:37',NULL),(1253,'teacher','سالم نوير عطيه الله الهذلي','1057730655','05595400051','salem.016@hotmail.com',2,NULL,194,'1446-1447','yes',657,'2024-11-19 21:13:04','2024-11-28 07:57:37',NULL),(1254,'teacher','محمد بن فؤاد بن حسن حموة','1008777292','05599968989','hamowh@hotmail.com',2,NULL,194,'1446-1447','yes',658,'2024-11-19 21:13:04','2024-11-28 07:57:37',NULL),(1255,'teacher','حسن بن جار الله بن احمد الصلاحي الزهراني','1073221762','05568689479','hasnsalahy@gmail.com',2,NULL,194,'1446-1447','yes',659,'2024-11-19 21:13:04','2024-11-28 07:57:37',NULL),(1256,'teacher','حسن عبدالله حامد المالكي','1048011082','05506546391','abo_malek2011@live.com',2,NULL,194,'1446-1447','yes',660,'2024-11-19 21:13:05','2024-11-28 07:57:37',NULL),(1257,'teacher','أحمد قاسم سلمان الجابري','1065259275','05543571179','ksa-07-sa@hotmail.com',2,NULL,194,'1446-1447','yes',661,'2024-11-19 21:13:05','2024-11-28 07:57:37',NULL),(1258,'teacher','احمد رشاد احمد صغير','1043118908','05506528005','ahmed.sagheer4224@gmail.com',2,NULL,194,'1446-1447','yes',662,'2024-11-19 21:13:05','2024-11-28 07:57:37',NULL),(1259,'teacher','ماجد غلاب مطلق الدعجاني','1057205187','05565333153','majedwe153@gmail.com',2,NULL,194,'1446-1447','yes',663,'2024-11-19 21:13:05','2024-11-28 07:57:37',NULL),(1260,'teacher','ماجد محمد أحمد حكمي','1069505921','05559369785','mj2007mj@hotmail.com',2,NULL,194,'1446-1447','yes',664,'2024-11-19 21:13:05','2024-11-28 07:57:37',NULL),(1261,'teacher','ياسر بن سليم بن مسفر الشريف','1088195191','05544401224','siralshareef@gmail.com',2,NULL,194,'1446-1447','yes',665,'2024-11-19 21:13:05','2024-11-28 07:57:37',NULL),(1262,'teacher','احمد بن مضحي بن مضحي الشهري','1025550821','05506512273','a12273@hotmail.com',2,NULL,194,'1446-1447','yes',666,'2024-11-19 21:13:05','2024-11-28 07:57:37',NULL),(1263,'teacher','عبدالله صالح عطيه القرشي','1030014235','05555549806','km660@yahoo.com',2,NULL,194,'1446-1447','yes',667,'2024-11-19 21:13:05','2024-11-28 07:57:37',NULL),(1264,'teacher','عناد فيحان محجي العتيبي','1031285404','05555553245','enadalotaibi2@gmail.com',2,NULL,194,'1446-1447','yes',668,'2024-11-19 21:13:05','2024-11-28 07:57:37',NULL),(1265,'teacher','غريب على محمد الحضريتي','1060968417','05561122307','gahreeb767@gmail.com',2,NULL,194,'1446-1447','yes',669,'2024-11-19 21:13:05','2024-11-28 07:57:37',NULL),(1266,'teacher','سمير عبدالله عبيد المالكي','1055136228','05509050168','abo.essay@gmail.com',2,NULL,194,'1446-1447','yes',670,'2024-11-19 21:13:05','2024-11-28 07:57:37',NULL),(1267,'teacher','عبد الله مسعود سعد المالكي','1064131111','05555570468','m9alki@gmail.com',2,NULL,194,'1446-1447','yes',671,'2024-11-19 21:13:05','2024-11-28 07:57:37',NULL),(1268,'teacher','صالح بن مصلح بن صالح الشميلي الفهمي','1043551777','05582502014','salh12396@gmail.com',2,NULL,194,'1446-1447','yes',672,'2024-11-19 21:13:05','2024-11-28 07:57:37',NULL),(1269,'teacher','رزق الله حسن رزق الله اليزيدي','1008149583','05502206794','aboretaj2995@gmail.com',2,NULL,194,'1446-1447','yes',673,'2024-11-19 21:13:05','2024-11-28 07:57:37',NULL),(1270,'teacher','حامد بن محمد بن حامد المطرفي','1001579612','05563989943','h0563989943@gmail.com',2,NULL,194,'1446-1447','yes',674,'2024-11-19 21:13:05','2024-11-28 07:57:37',NULL),(1271,'teacher','ابراهيم فهاد ابراهيم الدوسري','1027490786','05552299276','abofhhad1394@gmail.com',2,NULL,194,'1446-1447','yes',675,'2024-11-19 21:13:05','2024-11-28 07:57:37',NULL),(1272,'teacher','محمد منير مرزوق القثامي','1049557190','05502493588','mamnkh@hotmail.com',2,NULL,194,'1446-1447','yes',676,'2024-11-19 21:13:05','2024-11-28 07:57:37',NULL),(1273,'teacher','مشعل جمعان مطير المالكي','1048648081','05506040357','meshal.0208@gmail.com',2,NULL,194,'1446-1447','yes',677,'2024-11-19 21:13:05','2024-11-28 07:57:37',NULL),(1274,'teacher','محمد مقنع معيوض الثبيتي','1056269374','05505510812','aa.althobiti@gmail.com',2,NULL,194,'1446-1447','yes',678,'2024-11-19 21:13:05','2024-11-28 07:57:37',NULL),(1275,'adminstrative','TestManager','6969696969','0533333333','test55@test.com',1,5,196,'1446-1447','yes',679,'2024-11-21 07:22:10','2024-11-21 07:27:52',NULL),(1276,'adminstrative','TestManager','6969696969','0533333333','test55@test.com',1,5,197,'1446-1447','yes',679,'2024-11-21 07:22:10','2024-11-21 07:27:52',NULL),(1277,'teacher','سعد عبيد شنبر ذوي طالب الشنبري','1066621952','05502663961','saad.shanber@gmail.com',2,1,196,'1446-1447','yes',680,'2024-11-21 07:26:05','2024-11-28 07:57:37',NULL),(1278,'teacher','شاكر عبدالرزاق حمادي المطرفي','1063256869','05500518449','asd20044@hotmail.com',2,2,196,'1446-1447','yes',681,'2024-11-21 07:26:05','2024-11-28 07:57:37',NULL),(1279,'teacher','نايف حامد احمد الثقفي','1032874644','05506569320','m3_mmma@hotmail.com',2,3,196,'1446-1447','yes',682,'2024-11-21 07:26:05','2024-11-28 07:57:37',NULL),(1280,'teacher','محمد علي طفاف الزهراني','1058508662','05506109687','mod591065555@hotmai.com',2,4,196,'1446-1447','yes',683,'2024-11-21 07:26:05','2024-11-28 07:57:37',NULL),(1281,'teacher','سعيد علي محمد المسعودي','1050001575','05569115091','s.a.masoudi@hotmail.com',2,5,196,'1446-1447','yes',684,'2024-11-21 07:26:05','2024-11-28 07:57:37',NULL),(1282,'teacher','سامي بن محسن بن لافي السويهري','1034940724','05555564265','sami1z@yahoo.com',2,6,196,'1446-1447','yes',685,'2024-11-21 07:26:05','2024-11-28 07:57:37',NULL),(1283,'teacher','سعد بن حميدان بن حماد القرشي','1057275388','05504546373','ffkkllkk777@gmail.com',2,7,196,'1446-1447','yes',686,'2024-11-21 07:26:05','2024-11-28 07:57:37',NULL),(1284,'teacher','حمد بن مزيد بن سفر الشلوي','1077642732','05557772622','naaaaasham@gmail.com',2,8,196,'1446-1447','yes',687,'2024-11-21 07:26:05','2024-11-28 07:57:37',NULL),(1285,'teacher','بندر محسن سعيد الزهراني','1009303643','05555527978','sbmsz@msn.com',2,9,196,'1446-1447','yes',688,'2024-11-21 07:26:05','2024-11-28 07:57:37',NULL),(1286,'teacher','عبدالله بن رمزي بن سليم الزهراني','1038244651','05567799696','seelar56@gmail.com',2,10,196,'1446-1447','yes',689,'2024-11-21 07:26:05','2024-11-28 07:57:37',NULL),(1287,'teacher','محمد بن عمر بن محمد بابطين','1061355325','05504538901','zeero-one2010@hotmail.com',2,12,196,'1446-1447','yes',690,'2024-11-21 07:26:05','2024-11-28 07:57:37',NULL),(1288,'teacher','عارف رشيد زابن المقاطي','1077803250','05504763922','ariifotb@hotmail.com',2,13,196,'1446-1447','yes',691,'2024-11-21 07:26:05','2024-11-28 07:57:37',NULL),(1289,'teacher','ماجد بن عبدالغفور بن قاسم كفيه','1007164252','05504520129','maj20129@gmail.com',2,14,196,'1446-1447','yes',692,'2024-11-21 07:26:05','2024-11-28 07:57:37',NULL),(1290,'teacher','عبدالمحسن شاكر محسن الوادعي','1027062866','05504523590','awadee1@hotmail.com',2,15,196,'1446-1447','yes',693,'2024-11-21 07:26:05','2024-11-28 07:57:37',NULL),(1291,'teacher','عادل بن مرزوق بن محمد الحارثي','1060127709','05559425953','adel125963@gmail.com',2,16,196,'1446-1447','yes',694,'2024-11-21 07:26:05','2024-11-28 07:57:37',NULL),(1292,'teacher','محمد سالم مطلق الدعجاني','1015279647','05503537897','mohammad10@hotmail.com',2,3,196,'1446-1447','yes',695,'2024-11-21 07:26:05','2024-11-28 07:57:37',NULL),(1293,'teacher','نائف عبدالله بن سليم الزهراني','1066596410','05503749365','salimvia07@gmail.com',2,NULL,196,'1446-1447','yes',696,'2024-11-21 07:26:05','2024-11-28 07:57:37',NULL),(1294,'teacher','علي خلف حصن المسعودي','1063382723','05590557779','a.nm00@hotmail.com',2,NULL,196,'1446-1447','yes',697,'2024-11-21 07:26:05','2024-11-28 07:57:37',NULL),(1295,'teacher','فارس بن تركي بن امبارك العصيمي','1003803523','05505501630','f1003803523@gmail.com',2,NULL,196,'1446-1447','yes',698,'2024-11-21 07:26:05','2024-11-28 07:57:37',NULL),(1296,'teacher','عبدالكريم بن عويض بن عمر العتيبي','1048656605','05566698873','kareem1395@outlook.sa',2,NULL,196,'1446-1447','yes',699,'2024-11-21 07:26:05','2024-11-28 07:57:37',NULL),(1297,'teacher','رائد سعد عويض الهذلي','1056978487','05548898177','rsmt1019@gmail.com',2,NULL,196,'1446-1447','yes',700,'2024-11-21 07:26:05','2024-11-28 07:57:37',NULL),(1298,'teacher','زهير فهد محمد خوج','1068270881','05555529681','t509599@mkhb.moe.gov.sa',2,NULL,196,'1446-1447','yes',701,'2024-11-21 07:26:05','2024-11-28 07:57:37',NULL),(1299,'teacher','طلال بن عبيدالله بن عوض الله السيالي','1009060888','05506718343','s_talal@hotmail.com',2,NULL,196,'1446-1447','yes',702,'2024-11-21 07:26:05','2024-11-28 07:57:37',NULL),(1300,'teacher','محمد خنيفس رزيق الخالدي','1012782916','05505530309','mohammed30309@hotmail.com',2,NULL,196,'1446-1447','yes',703,'2024-11-21 07:26:05','2024-11-28 07:57:37',NULL),(1301,'teacher','عبدالله بن محمد بن أحمد الزهراني','1014762270','05544491600','t349805@mkhb.moe.gov.sa',2,NULL,196,'1446-1447','yes',704,'2024-11-21 07:26:05','2024-11-28 07:57:37',NULL),(1302,'teacher','وليد عطيه علي الثبيتي','1005564255','05506521924','walid565758@gmail.com',2,NULL,196,'1446-1447','yes',705,'2024-11-21 07:26:05','2024-11-28 07:57:37',NULL),(1303,'teacher','احمد مصلح رده الحتيرشي','1048395402','05597597666','ahmadbaarq@gmail.com',2,NULL,196,'1446-1447','yes',706,'2024-11-21 07:26:05','2024-11-28 07:57:37',NULL),(1304,'teacher','سامى بن سمير بن سالم شربتلى','1041523836','05530907559','t.sami1423@gmail.com',2,NULL,196,'1446-1447','yes',707,'2024-11-21 07:26:05','2024-11-28 07:57:37',NULL),(1305,'teacher','ياسر بن سويلم بن سليم الصعاقي القرشي','1037323894','05568742121','t246534@mkhb.moe.gov.sa',2,NULL,196,'1446-1447','yes',708,'2024-11-21 07:26:05','2024-11-28 07:57:37',NULL),(1306,'teacher','سالم مسلم سلمان القرشي','1014504623','05503567276','t202871@mkhb.moe.gov.sa',2,NULL,196,'1446-1447','yes',709,'2024-11-21 07:26:05','2024-11-28 07:57:37',NULL),(1307,'teacher','محمد سعد ناصر الشريف','1028960001','05504501460','t366702@mkhb.moe.gov.sa',2,NULL,196,'1446-1447','yes',710,'2024-11-21 07:26:05','2024-11-28 07:57:37',NULL),(1308,'teacher','سعيد محمد سعيد الشهري','1022823924','05506637910','t617223@mkhb.moe.gov.sa',2,NULL,196,'1446-1447','yes',711,'2024-11-21 07:26:05','2024-11-28 07:57:37',NULL),(1309,'teacher','بدر عطيه الله عاطي الزهراني','1088907389','05552201622','br14101419@gmail.com',2,NULL,196,'1446-1447','yes',712,'2024-11-21 07:26:05','2024-11-28 07:57:37',NULL),(1310,'teacher','وليد بن خالد بن عثمان الغامدي','1057072322','05555579730','walid.ghamdi9@gmail.com',2,NULL,196,'1446-1447','yes',713,'2024-11-21 07:26:05','2024-11-28 07:57:37',NULL),(1311,'teacher','عابد عبيد سند الهذلي','1009920230','05503052098','abed2098@gmail.com',2,NULL,196,'1446-1447','yes',714,'2024-11-21 07:26:05','2024-11-28 07:57:37',NULL),(1312,'teacher','علي بن محمد علي الزهراني','1055090052','05598899122','t491805@mkhb.moe.gov.sa',2,NULL,196,'1446-1447','yes',715,'2024-11-21 07:26:05','2024-11-28 07:57:37',NULL),(1313,'teacher','علي ستر مرزوق المقاطي','1058237171','05542200060','sr.34@hotmail.com',2,NULL,196,'1446-1447','yes',716,'2024-11-21 07:26:05','2024-11-28 07:57:37',NULL),(1314,'teacher','احمد بن حميد بن حسن العفيفي','1042766731','05555565279','aa555565@hotmail.com',2,NULL,196,'1446-1447','yes',717,'2024-11-21 07:26:05','2024-11-28 07:57:37',NULL),(1315,'teacher','فواز بن فالح بن حامد الزويهري','1072470634','05500229111','fffz-2011@hotmail.com',2,NULL,196,'1446-1447','yes',718,'2024-11-21 07:26:05','2024-11-28 07:57:37',NULL),(1316,'teacher','حسن بن صالح بن حسن المنيفي الطلحي','1041464122','05502873325','t278903@mkhb.moe.gov.sa',2,NULL,196,'1446-1447','yes',719,'2024-11-21 07:26:05','2024-11-28 07:57:37',NULL),(1317,'teacher','عبدالله عبدالرزاق عبدالله الطويرقي','1035536570','05508743188','t532801@mkhb.moe.gov.sa',2,NULL,196,'1446-1447','yes',720,'2024-11-21 07:26:05','2024-11-28 07:57:37',NULL),(1318,'teacher','محمد بن مطلق بن دشين العصيمي','1028849774','05555572031','alesaar@hotmail.com',2,NULL,196,'1446-1447','yes',721,'2024-11-21 07:26:05','2024-11-28 07:57:37',NULL),(1319,'teacher','هاني عبد العزيز احمد النمري','1038962260','05550490347','hr2255@hotmail.com',2,NULL,196,'1446-1447','yes',722,'2024-11-21 07:26:05','2024-11-28 07:57:37',NULL),(1320,'teacher','ثامر محمد عطية الطلحي','1073976100','05500545573','thameer139@yahoo.com',2,NULL,196,'1446-1447','yes',723,'2024-11-21 07:26:05','2024-11-28 07:57:37',NULL),(1321,'teacher','عبدالرحمن بن ابراهيم بن عبدالغني البقارى القرشي','1024852442','05503599982','mokmog8@gmail.com',2,NULL,196,'1446-1447','yes',724,'2024-11-21 07:26:05','2024-11-28 07:57:37',NULL),(1322,'teacher','عيد بن عابد بن عواض الجعيد','1031772427','05500309040','eidvip3@hotmail.com',2,NULL,196,'1446-1447','yes',725,'2024-11-21 07:26:05','2024-11-28 07:57:37',NULL),(1323,'teacher','علي بن محمد بن عثمان العثمان الغامدي','1068347192','05504665699','ybc.co.i@hotmail.com',2,NULL,196,'1446-1447','yes',726,'2024-11-21 07:26:05','2024-11-28 07:57:37',NULL),(1324,'teacher','فاضل بن حسان بن محمد كعكي','1033557016','05540440480','gandut2005@gmail.com',2,NULL,196,'1446-1447','yes',727,'2024-11-21 07:26:05','2024-11-28 07:57:37',NULL),(1325,'teacher','حامد بن محمد بن حامد المطرفي','1001579612','05563989943','h0563989943@gmail.com',2,NULL,196,'1446-1447','yes',728,'2024-11-21 07:26:05','2024-11-28 07:57:37',NULL),(1326,'teacher','أحمد بن ناصر بن أحمد الغامدي','1058581214','05508558029','aas2030as@gmail.com',2,NULL,196,'1446-1447','yes',729,'2024-11-21 07:26:05','2024-11-28 07:57:37',NULL),(1327,'teacher','سعود محيميد براك النفيعي','1054160013','05553545813','saud1311@hotmail.com',2,NULL,196,'1446-1447','yes',730,'2024-11-21 07:26:05','2024-11-28 07:57:37',NULL),(1328,'teacher','منصور بن عبدالله بن بكر الشريف','1065769224','05555591264','mans47588@gmail.com',2,NULL,196,'1446-1447','yes',731,'2024-11-21 07:26:05','2024-11-28 07:57:37',NULL),(1329,'teacher','ناصر دخيل الله ناصر القرني','1026584738','05555542236','ndng111@hotmail.com',2,NULL,196,'1446-1447','yes',732,'2024-11-21 07:26:05','2024-11-28 07:57:37',NULL),(1330,'teacher','محمد سعيد أحمد الزهراني','1044971826','05504588813','mnlwo77@gmail.com',2,NULL,196,'1446-1447','yes',733,'2024-11-21 07:26:05','2024-11-28 07:57:37',NULL),(1331,'adminstrative','اداري جديد','4424242443','0544443455','ll@email.com',7,42,196,NULL,'no',NULL,'2024-11-21 07:45:51','2024-11-28 16:32:29',NULL),(1332,'adminstrative','اداري جديد','4424242443','0544443455','ll@email.com',7,42,196,NULL,'no',NULL,'2024-11-21 07:46:31','2024-11-28 16:32:29',NULL),(1333,'adminstrative','اداري جديد','4424242443','0544443455','ll@email.com',7,42,196,NULL,'no',NULL,'2024-11-21 07:47:17','2024-11-28 16:32:29',NULL),(1334,'adminstrative','اداري جديد','4424242443','0544443455','ll@email.com',7,42,196,NULL,'no',NULL,'2024-11-21 07:47:49','2024-11-28 16:32:29',NULL),(1335,'adminstrative','اداري جديد','4424242443','0544443455','ll@email.com',7,42,194,'1446-1447','yes',NULL,'2024-11-21 08:01:43','2024-11-28 16:32:29',NULL),(1336,'adminstrative','اداري جديد','4424242443','0544443455','ll@email.com',7,42,194,'1446-1447','yes',NULL,'2024-11-21 08:02:12','2024-11-28 16:32:29',NULL),(1337,'adminstrative','اداري جديد','4424242443','0544443455','ll@email.com',7,42,194,'1446-1447','yes',NULL,'2024-11-21 08:02:37','2024-11-28 16:32:29',NULL),(1338,'adminstrative','dsagdsag',NULL,'050579797977','bigdog@test.com',1,NULL,198,'1446-1447','yes',734,'2024-11-21 08:57:07','2024-11-28 07:57:37',NULL),(1339,'adminstrative','Test','0945454545','0510909094','TestingJamio@jmao.jm',1,2,199,'1446-1447','yes',735,'2024-11-21 12:14:52','2024-11-21 12:53:24',NULL),(1340,'adminstrative','NewEdary','5455454545','0510909090','tertterte@gmail.com',1,8,200,'1446-1447','yes',735,'2024-11-21 12:14:52','2024-11-21 15:44:37',NULL),(1341,'teacher','سعد عبيد شنبر ذوي طالب الشنبري','1066621952','05502663961','saad.shanber@gmail.com',2,6,199,'1446-1447','yes',736,'2024-11-21 12:38:17','2024-11-28 07:57:37',NULL),(1342,'teacher','شاكر عبدالرزاق حمادي المطرفي','1063256869','05500518449','asd20044@hotmail.com',2,4,199,'1446-1447','yes',737,'2024-11-21 12:38:17','2024-11-28 07:57:37',NULL),(1343,'teacher','نايف حامد احمد الثقفي','1032874644','05506569320','m3_mmma@hotmail.com',2,2,199,'1446-1447','yes',738,'2024-11-21 12:38:17','2024-11-28 07:57:37',NULL),(1344,'teacher','محمد علي طفاف الزهراني','1058508662','05506109687','mod591065555@hotmai.com',2,1,199,'1446-1447','yes',739,'2024-11-21 12:38:17','2024-11-28 07:57:37',NULL),(1345,'teacher','سعيد علي محمد المسعودي','1050001575','05569115091','s.a.masoudi@hotmail.com',2,NULL,199,'1446-1447','yes',740,'2024-11-21 12:38:17','2024-11-28 07:57:37',NULL),(1346,'teacher','سامي بن محسن بن لافي السويهري','1034940724','05555564265','sami1z@yahoo.com',2,NULL,199,'1446-1447','yes',741,'2024-11-21 12:38:17','2024-11-28 07:57:37',NULL),(1347,'teacher','سعد بن حميدان بن حماد القرشي','1057275388','05504546373','ffkkllkk777@gmail.com',2,NULL,199,'1446-1447','yes',742,'2024-11-21 12:38:17','2024-11-28 07:57:37',NULL),(1348,'teacher','حمد بن مزيد بن سفر الشلوي','1077642732','05557772622','naaaaasham@gmail.com',2,NULL,199,'1446-1447','yes',743,'2024-11-21 12:38:17','2024-11-28 07:57:37',NULL),(1349,'teacher','بندر محسن سعيد الزهراني','1009303643','05555527978','sbmsz@msn.com',2,NULL,199,'1446-1447','yes',744,'2024-11-21 12:38:17','2024-11-28 07:57:37',NULL),(1350,'teacher','عبدالله بن رمزي بن سليم الزهراني','1038244651','05567799696','seelar56@gmail.com',2,NULL,199,'1446-1447','yes',745,'2024-11-21 12:38:17','2024-11-28 07:57:37',NULL),(1351,'teacher','محمد بن عمر بن محمد بابطين','1061355325','05504538901','zeero-one2010@hotmail.com',2,NULL,199,'1446-1447','yes',746,'2024-11-21 12:38:17','2024-11-28 07:57:37',NULL),(1352,'teacher','عارف رشيد زابن المقاطي','1077803250','05504763922','ariifotb@hotmail.com',2,NULL,199,'1446-1447','yes',747,'2024-11-21 12:38:17','2024-11-28 07:57:37',NULL),(1353,'teacher','ماجد بن عبدالغفور بن قاسم كفيه','1007164252','05504520129','maj20129@gmail.com',2,NULL,199,'1446-1447','yes',748,'2024-11-21 12:38:17','2024-11-28 07:57:37',NULL),(1354,'teacher','عبدالمحسن شاكر محسن الوادعي','1027062866','05504523590','awadee1@hotmail.com',2,NULL,199,'1446-1447','yes',749,'2024-11-21 12:38:17','2024-11-28 07:57:37',NULL),(1355,'teacher','عادل بن مرزوق بن محمد الحارثي','1060127709','05559425953','adel125963@gmail.com',2,NULL,199,'1446-1447','yes',750,'2024-11-21 12:38:17','2024-11-28 07:57:37',NULL),(1356,'teacher','محمد سالم مطلق الدعجاني','1015279647','05503537897','mohammad10@hotmail.com',2,NULL,199,'1446-1447','yes',751,'2024-11-21 12:38:17','2024-11-28 07:57:37',NULL),(1357,'teacher','نائف عبدالله بن سليم الزهراني','1066596410','05503749365','salimvia07@gmail.com',2,NULL,199,'1446-1447','yes',752,'2024-11-21 12:38:17','2024-11-28 07:57:37',NULL),(1358,'teacher','علي خلف حصن المسعودي','1063382723','05590557779','a.nm00@hotmail.com',2,2,199,'1446-1447','yes',753,'2024-11-21 12:38:17','2024-11-28 07:57:37',NULL),(1359,'teacher','فارس بن تركي بن امبارك العصيمي','1003803523','05505501630','f1003803523@gmail.com',2,NULL,199,'1446-1447','yes',754,'2024-11-21 12:38:17','2024-11-28 07:57:37',NULL),(1360,'teacher','عبدالكريم بن عويض بن عمر العتيبي','1048656605','05566698873','kareem1395@outlook.sa',2,NULL,199,'1446-1447','yes',755,'2024-11-21 12:38:17','2024-11-28 07:57:37',NULL),(1361,'teacher','رائد سعد عويض الهذلي','1056978487','05548898177','rsmt1019@gmail.com',2,NULL,199,'1446-1447','yes',756,'2024-11-21 12:38:17','2024-11-28 07:57:37',NULL),(1362,'teacher','زهير فهد محمد خوج','1068270881','05555529681','t509599@mkhb.moe.gov.sa',2,NULL,199,'1446-1447','yes',757,'2024-11-21 12:38:17','2024-11-28 07:57:37',NULL),(1363,'teacher','طلال بن عبيدالله بن عوض الله السيالي','1009060888','05506718343','s_talal@hotmail.com',2,NULL,199,'1446-1447','yes',758,'2024-11-21 12:38:17','2024-11-28 07:57:37',NULL),(1364,'teacher','محمد خنيفس رزيق الخالدي','1012782916','05505530309','mohammed30309@hotmail.com',2,NULL,199,'1446-1447','yes',759,'2024-11-21 12:38:17','2024-11-28 07:57:37',NULL),(1365,'teacher','عبدالله بن محمد بن أحمد الزهراني','1014762270','05544491600','t349805@mkhb.moe.gov.sa',2,NULL,199,'1446-1447','yes',760,'2024-11-21 12:38:17','2024-11-28 07:57:37',NULL),(1366,'teacher','وليد عطيه علي الثبيتي','1005564255','05506521924','walid565758@gmail.com',2,NULL,199,'1446-1447','yes',761,'2024-11-21 12:38:17','2024-11-28 07:57:37',NULL),(1367,'teacher','احمد مصلح رده الحتيرشي','1048395402','05597597666','ahmadbaarq@gmail.com',2,NULL,199,'1446-1447','yes',762,'2024-11-21 12:38:17','2024-11-28 07:57:37',NULL),(1368,'teacher','سامى بن سمير بن سالم شربتلى','1041523836','05530907559','t.sami1423@gmail.com',2,NULL,199,'1446-1447','yes',763,'2024-11-21 12:38:17','2024-11-28 07:57:37',NULL),(1369,'teacher','ياسر بن سويلم بن سليم الصعاقي القرشي','1037323894','05568742121','t246534@mkhb.moe.gov.sa',2,NULL,199,'1446-1447','yes',764,'2024-11-21 12:38:17','2024-11-28 07:57:37',NULL),(1370,'teacher','سالم مسلم سلمان القرشي','1014504623','05503567276','t202871@mkhb.moe.gov.sa',2,NULL,199,'1446-1447','yes',765,'2024-11-21 12:38:17','2024-11-28 07:57:37',NULL),(1371,'teacher','محمد سعد ناصر الشريف','1028960001','05504501460','t366702@mkhb.moe.gov.sa',2,NULL,199,'1446-1447','yes',766,'2024-11-21 12:38:17','2024-11-28 07:57:37',NULL),(1372,'teacher','سعيد محمد سعيد الشهري','1022823924','05506637910','t617223@mkhb.moe.gov.sa',2,NULL,199,'1446-1447','yes',767,'2024-11-21 12:38:17','2024-11-28 07:57:37',NULL),(1373,'teacher','بدر عطيه الله عاطي الزهراني','1088907389','05552201622','br14101419@gmail.com',2,NULL,199,'1446-1447','yes',768,'2024-11-21 12:38:17','2024-11-28 07:57:37',NULL),(1374,'teacher','وليد بن خالد بن عثمان الغامدي','1057072322','05555579730','walid.ghamdi9@gmail.com',2,NULL,199,'1446-1447','yes',769,'2024-11-21 12:38:17','2024-11-28 07:57:37',NULL),(1375,'teacher','عابد عبيد سند الهذلي','1009920230','05503052098','abed2098@gmail.com',2,NULL,199,'1446-1447','yes',770,'2024-11-21 12:38:17','2024-11-28 07:57:37',NULL),(1376,'teacher','علي بن محمد علي الزهراني','1055090052','05598899122','t491805@mkhb.moe.gov.sa',2,NULL,199,'1446-1447','yes',771,'2024-11-21 12:38:17','2024-11-28 07:57:37',NULL),(1377,'teacher','علي ستر مرزوق المقاطي','1058237171','05542200060','sr.34@hotmail.com',2,NULL,199,'1446-1447','yes',772,'2024-11-21 12:38:17','2024-11-28 07:57:37',NULL),(1378,'teacher','احمد بن حميد بن حسن العفيفي','1042766731','05555565279','aa555565@hotmail.com',2,NULL,199,'1446-1447','yes',773,'2024-11-21 12:38:17','2024-11-28 07:57:37',NULL),(1379,'teacher','فواز بن فالح بن حامد الزويهري','1072470634','05500229111','fffz-2011@hotmail.com',2,NULL,199,'1446-1447','yes',774,'2024-11-21 12:38:17','2024-11-28 07:57:37',NULL),(1380,'teacher','حسن بن صالح بن حسن المنيفي الطلحي','1041464122','05502873325','t278903@mkhb.moe.gov.sa',2,NULL,199,'1446-1447','yes',775,'2024-11-21 12:38:17','2024-11-28 07:57:37',NULL),(1381,'teacher','عبدالله عبدالرزاق عبدالله الطويرقي','1035536570','05508743188','t532801@mkhb.moe.gov.sa',2,NULL,199,'1446-1447','yes',776,'2024-11-21 12:38:17','2024-11-28 07:57:37',NULL),(1382,'teacher','محمد بن مطلق بن دشين العصيمي','1028849774','05555572031','alesaar@hotmail.com',2,NULL,199,'1446-1447','yes',777,'2024-11-21 12:38:17','2024-11-28 07:57:37',NULL),(1383,'teacher','هاني عبد العزيز احمد النمري','1038962260','05550490347','hr2255@hotmail.com',2,NULL,199,'1446-1447','yes',778,'2024-11-21 12:38:17','2024-11-28 07:57:37',NULL),(1384,'teacher','ثامر محمد عطية الطلحي','1073976100','05500545573','thameer139@yahoo.com',2,NULL,199,'1446-1447','yes',779,'2024-11-21 12:38:17','2024-11-28 07:57:37',NULL),(1385,'teacher','عبدالرحمن بن ابراهيم بن عبدالغني البقارى القرشي','1024852442','05503599982','mokmog8@gmail.com',2,NULL,199,'1446-1447','yes',780,'2024-11-21 12:38:17','2024-11-28 07:57:37',NULL),(1386,'teacher','عيد بن عابد بن عواض الجعيد','1031772427','05500309040','eidvip3@hotmail.com',2,NULL,199,'1446-1447','yes',781,'2024-11-21 12:38:17','2024-11-28 07:57:37',NULL),(1387,'teacher','علي بن محمد بن عثمان العثمان الغامدي','1068347192','05504665699','ybc.co.i@hotmail.com',2,NULL,199,'1446-1447','yes',782,'2024-11-21 12:38:17','2024-11-28 07:57:37',NULL),(1388,'teacher','فاضل بن حسان بن محمد كعكي','1033557016','05540440480','gandut2005@gmail.com',2,NULL,199,'1446-1447','yes',783,'2024-11-21 12:38:17','2024-11-28 07:57:37',NULL),(1389,'teacher','حامد بن محمد بن حامد المطرفي','1001579612','05563989943','h0563989943@gmail.com',2,NULL,199,'1446-1447','yes',784,'2024-11-21 12:38:17','2024-11-28 07:57:37',NULL),(1390,'teacher','أحمد بن ناصر بن أحمد الغامدي','1058581214','05508558029','aas2030as@gmail.com',2,NULL,199,'1446-1447','yes',785,'2024-11-21 12:38:17','2024-11-28 07:57:37',NULL),(1391,'teacher','سعود محيميد براك النفيعي','1054160013','05553545813','saud1311@hotmail.com',2,NULL,199,'1446-1447','yes',786,'2024-11-21 12:38:17','2024-11-28 07:57:37',NULL),(1392,'teacher','منصور بن عبدالله بن بكر الشريف','1065769224','05555591264','mans47588@gmail.com',2,NULL,199,'1446-1447','yes',787,'2024-11-21 12:38:17','2024-11-28 07:57:37',NULL),(1393,'teacher','ناصر دخيل الله ناصر القرني','1026584738','05555542236','ndng111@hotmail.com',2,NULL,199,'1446-1447','yes',788,'2024-11-21 12:38:17','2024-11-28 07:57:37',NULL),(1394,'teacher','محمد سعيد أحمد الزهراني','1044971826','05504588813','mnlwo77@gmail.com',2,NULL,199,'1446-1447','yes',789,'2024-11-21 12:38:17','2024-11-28 07:57:37',NULL),(1395,'adminstrative','اداري جديد','4424242443','0544443455','ll@email.com',7,42,199,NULL,'no',NULL,'2024-11-21 14:08:49','2024-11-28 16:32:29',NULL),(1396,'adminstrative','اداري جديد','4424242443','0544443455','ll@email.com',7,42,199,NULL,'no',NULL,'2024-11-21 14:15:54','2024-11-28 16:32:29',NULL),(1399,'teacher','سعد عبيد شنبر ذوي طالب الشنبري','1066621952','05502663961','saad.shanber@gmail.com',2,6,200,'1446-1447','yes',790,'2024-11-21 15:44:05','2024-11-28 07:57:37',NULL),(1400,'teacher','شاكر عبدالرزاق حمادي المطرفي','1063256869','05500518449','asd20044@hotmail.com',2,NULL,200,'1446-1447','yes',791,'2024-11-21 15:44:05','2024-11-28 07:57:37',NULL),(1401,'teacher','نايف حامد احمد الثقفي','1032874644','05506569320','m3_mmma@hotmail.com',2,NULL,200,'1446-1447','yes',792,'2024-11-21 15:44:05','2024-11-28 07:57:37',NULL),(1402,'teacher','محمد علي طفاف الزهراني','1058508662','05506109687','mod591065555@hotmai.com',2,NULL,200,'1446-1447','yes',793,'2024-11-21 15:44:05','2024-11-28 07:57:37',NULL),(1403,'teacher','سعيد علي محمد المسعودي','1050001575','05569115091','s.a.masoudi@hotmail.com',2,NULL,200,'1446-1447','yes',794,'2024-11-21 15:44:05','2024-11-28 07:57:37',NULL),(1404,'teacher','سامي بن محسن بن لافي السويهري','1034940724','05555564265','sami1z@yahoo.com',2,NULL,200,'1446-1447','yes',795,'2024-11-21 15:44:05','2024-11-28 07:57:37',NULL),(1405,'teacher','سعد بن حميدان بن حماد القرشي','1057275388','05504546373','ffkkllkk777@gmail.com',2,NULL,200,'1446-1447','yes',796,'2024-11-21 15:44:05','2024-11-28 07:57:37',NULL),(1406,'teacher','حمد بن مزيد بن سفر الشلوي','1077642732','05557772622','naaaaasham@gmail.com',2,NULL,200,'1446-1447','yes',797,'2024-11-21 15:44:05','2024-11-28 07:57:37',NULL),(1407,'teacher','بندر محسن سعيد الزهراني','1009303643','05555527978','sbmsz@msn.com',2,NULL,200,'1446-1447','yes',798,'2024-11-21 15:44:05','2024-11-28 07:57:37',NULL),(1408,'teacher','عبدالله بن رمزي بن سليم الزهراني','1038244651','05567799696','seelar56@gmail.com',2,NULL,200,'1446-1447','yes',799,'2024-11-21 15:44:05','2024-11-28 07:57:37',NULL),(1409,'teacher','محمد بن عمر بن محمد بابطين','1061355325','05504538901','zeero-one2010@hotmail.com',2,NULL,200,'1446-1447','yes',800,'2024-11-21 15:44:05','2024-11-28 07:57:37',NULL),(1410,'teacher','عارف رشيد زابن المقاطي','1077803250','05504763922','ariifotb@hotmail.com',2,NULL,200,'1446-1447','yes',801,'2024-11-21 15:44:05','2024-11-28 07:57:37',NULL),(1411,'teacher','ماجد بن عبدالغفور بن قاسم كفيه','1007164252','05504520129','maj20129@gmail.com',2,NULL,200,'1446-1447','yes',802,'2024-11-21 15:44:05','2024-11-28 07:57:37',NULL),(1412,'teacher','عبدالمحسن شاكر محسن الوادعي','1027062866','05504523590','awadee1@hotmail.com',2,NULL,200,'1446-1447','yes',803,'2024-11-21 15:44:05','2024-11-28 07:57:37',NULL),(1413,'teacher','عادل بن مرزوق بن محمد الحارثي','1060127709','05559425953','adel125963@gmail.com',2,NULL,200,'1446-1447','yes',804,'2024-11-21 15:44:05','2024-11-28 07:57:37',NULL),(1414,'teacher','محمد سالم مطلق الدعجاني','1015279647','05503537897','mohammad10@hotmail.com',2,NULL,200,'1446-1447','yes',805,'2024-11-21 15:44:05','2024-11-28 07:57:37',NULL),(1415,'teacher','نائف عبدالله بن سليم الزهراني','1066596410','05503749365','salimvia07@gmail.com',2,NULL,200,'1446-1447','yes',806,'2024-11-21 15:44:05','2024-11-28 07:57:37',NULL),(1416,'teacher','علي خلف حصن المسعودي','1063382723','05590557779','a.nm00@hotmail.com',2,NULL,200,'1446-1447','yes',807,'2024-11-21 15:44:05','2024-11-28 07:57:37',NULL),(1417,'teacher','فارس بن تركي بن امبارك العصيمي','1003803523','05505501630','f1003803523@gmail.com',2,NULL,200,'1446-1447','yes',808,'2024-11-21 15:44:05','2024-11-28 07:57:37',NULL),(1418,'teacher','عبدالكريم بن عويض بن عمر العتيبي','1048656605','05566698873','kareem1395@outlook.sa',2,NULL,200,'1446-1447','yes',809,'2024-11-21 15:44:05','2024-11-28 07:57:37',NULL),(1419,'teacher','رائد سعد عويض الهذلي','1056978487','05548898177','rsmt1019@gmail.com',2,NULL,200,'1446-1447','yes',810,'2024-11-21 15:44:05','2024-11-28 07:57:37',NULL),(1420,'teacher','زهير فهد محمد خوج','1068270881','05555529681','t509599@mkhb.moe.gov.sa',2,NULL,200,'1446-1447','yes',811,'2024-11-21 15:44:05','2024-11-28 07:57:37',NULL),(1421,'teacher','طلال بن عبيدالله بن عوض الله السيالي','1009060888','05506718343','s_talal@hotmail.com',2,NULL,200,'1446-1447','yes',812,'2024-11-21 15:44:05','2024-11-28 07:57:37',NULL),(1422,'teacher','محمد خنيفس رزيق الخالدي','1012782916','05505530309','mohammed30309@hotmail.com',2,NULL,200,'1446-1447','yes',813,'2024-11-21 15:44:05','2024-11-28 07:57:37',NULL),(1423,'teacher','عبدالله بن محمد بن أحمد الزهراني','1014762270','05544491600','t349805@mkhb.moe.gov.sa',2,NULL,200,'1446-1447','yes',814,'2024-11-21 15:44:05','2024-11-28 07:57:37',NULL),(1424,'teacher','وليد عطيه علي الثبيتي','1005564255','05506521924','walid565758@gmail.com',2,NULL,200,'1446-1447','yes',815,'2024-11-21 15:44:05','2024-11-28 07:57:37',NULL),(1425,'teacher','احمد مصلح رده الحتيرشي','1048395402','05597597666','ahmadbaarq@gmail.com',2,NULL,200,'1446-1447','yes',816,'2024-11-21 15:44:05','2024-11-28 07:57:37',NULL),(1426,'teacher','سامى بن سمير بن سالم شربتلى','1041523836','05530907559','t.sami1423@gmail.com',2,NULL,200,'1446-1447','yes',817,'2024-11-21 15:44:05','2024-11-28 07:57:37',NULL),(1427,'teacher','ياسر بن سويلم بن سليم الصعاقي القرشي','1037323894','05568742121','t246534@mkhb.moe.gov.sa',2,NULL,200,'1446-1447','yes',818,'2024-11-21 15:44:05','2024-11-28 07:57:37',NULL),(1428,'teacher','سالم مسلم سلمان القرشي','1014504623','05503567276','t202871@mkhb.moe.gov.sa',2,NULL,200,'1446-1447','yes',819,'2024-11-21 15:44:05','2024-11-28 07:57:37',NULL),(1429,'teacher','محمد سعد ناصر الشريف','1028960001','05504501460','t366702@mkhb.moe.gov.sa',2,NULL,200,'1446-1447','yes',820,'2024-11-21 15:44:05','2024-11-28 07:57:37',NULL),(1430,'teacher','سعيد محمد سعيد الشهري','1022823924','05506637910','t617223@mkhb.moe.gov.sa',2,NULL,200,'1446-1447','yes',821,'2024-11-21 15:44:05','2024-11-28 07:57:37',NULL),(1431,'teacher','بدر عطيه الله عاطي الزهراني','1088907389','05552201622','br14101419@gmail.com',2,NULL,200,'1446-1447','yes',822,'2024-11-21 15:44:05','2024-11-28 07:57:37',NULL),(1432,'teacher','وليد بن خالد بن عثمان الغامدي','1057072322','05555579730','walid.ghamdi9@gmail.com',2,NULL,200,'1446-1447','yes',823,'2024-11-21 15:44:05','2024-11-28 07:57:37',NULL),(1433,'teacher','عابد عبيد سند الهذلي','1009920230','05503052098','abed2098@gmail.com',2,NULL,200,'1446-1447','yes',824,'2024-11-21 15:44:05','2024-11-28 07:57:37',NULL),(1434,'teacher','علي بن محمد علي الزهراني','1055090052','05598899122','t491805@mkhb.moe.gov.sa',2,NULL,200,'1446-1447','yes',825,'2024-11-21 15:44:05','2024-11-28 07:57:37',NULL),(1435,'teacher','علي ستر مرزوق المقاطي','1058237171','05542200060','sr.34@hotmail.com',2,NULL,200,'1446-1447','yes',826,'2024-11-21 15:44:05','2024-11-28 07:57:37',NULL),(1436,'teacher','احمد بن حميد بن حسن العفيفي','1042766731','05555565279','aa555565@hotmail.com',2,NULL,200,'1446-1447','yes',827,'2024-11-21 15:44:05','2024-11-28 07:57:37',NULL),(1437,'teacher','فواز بن فالح بن حامد الزويهري','1072470634','05500229111','fffz-2011@hotmail.com',2,NULL,200,'1446-1447','yes',828,'2024-11-21 15:44:05','2024-11-28 07:57:37',NULL),(1438,'teacher','حسن بن صالح بن حسن المنيفي الطلحي','1041464122','05502873325','t278903@mkhb.moe.gov.sa',2,NULL,200,'1446-1447','yes',829,'2024-11-21 15:44:05','2024-11-28 07:57:37',NULL),(1439,'teacher','عبدالله عبدالرزاق عبدالله الطويرقي','1035536570','05508743188','t532801@mkhb.moe.gov.sa',2,NULL,200,'1446-1447','yes',830,'2024-11-21 15:44:05','2024-11-28 07:57:37',NULL),(1440,'teacher','محمد بن مطلق بن دشين العصيمي','1028849774','05555572031','alesaar@hotmail.com',2,NULL,200,'1446-1447','yes',831,'2024-11-21 15:44:05','2024-11-28 07:57:37',NULL),(1441,'teacher','هاني عبد العزيز احمد النمري','1038962260','05550490347','hr2255@hotmail.com',2,NULL,200,'1446-1447','yes',832,'2024-11-21 15:44:05','2024-11-28 07:57:37',NULL),(1442,'teacher','ثامر محمد عطية الطلحي','1073976100','05500545573','thameer139@yahoo.com',2,NULL,200,'1446-1447','yes',833,'2024-11-21 15:44:05','2024-11-28 07:57:37',NULL),(1443,'teacher','عبدالرحمن بن ابراهيم بن عبدالغني البقارى القرشي','1024852442','05503599982','mokmog8@gmail.com',2,NULL,200,'1446-1447','yes',834,'2024-11-21 15:44:05','2024-11-28 07:57:37',NULL),(1444,'teacher','عيد بن عابد بن عواض الجعيد','1031772427','05500309040','eidvip3@hotmail.com',2,NULL,200,'1446-1447','yes',835,'2024-11-21 15:44:05','2024-11-28 07:57:37',NULL),(1445,'teacher','علي بن محمد بن عثمان العثمان الغامدي','1068347192','05504665699','ybc.co.i@hotmail.com',2,NULL,200,'1446-1447','yes',836,'2024-11-21 15:44:05','2024-11-28 07:57:37',NULL),(1446,'teacher','فاضل بن حسان بن محمد كعكي','1033557016','05540440480','gandut2005@gmail.com',2,NULL,200,'1446-1447','yes',837,'2024-11-21 15:44:05','2024-11-28 07:57:37',NULL),(1447,'teacher','حامد بن محمد بن حامد المطرفي','1001579612','05563989943','h0563989943@gmail.com',2,NULL,200,'1446-1447','yes',838,'2024-11-21 15:44:05','2024-11-28 07:57:37',NULL),(1448,'teacher','أحمد بن ناصر بن أحمد الغامدي','1058581214','05508558029','aas2030as@gmail.com',2,NULL,200,'1446-1447','yes',839,'2024-11-21 15:44:05','2024-11-28 07:57:37',NULL),(1449,'teacher','سعود محيميد براك النفيعي','1054160013','05553545813','saud1311@hotmail.com',2,NULL,200,'1446-1447','yes',840,'2024-11-21 15:44:05','2024-11-28 07:57:37',NULL),(1450,'teacher','منصور بن عبدالله بن بكر الشريف','1065769224','05555591264','mans47588@gmail.com',2,NULL,200,'1446-1447','yes',841,'2024-11-21 15:44:05','2024-11-28 07:57:37',NULL),(1451,'teacher','ناصر دخيل الله ناصر القرني','1026584738','05555542236','ndng111@hotmail.com',2,NULL,200,'1446-1447','yes',842,'2024-11-21 15:44:05','2024-11-28 07:57:37',NULL),(1452,'teacher','محمد سعيد أحمد الزهراني','1044971826','05504588813','mnlwo77@gmail.com',2,NULL,200,'1446-1447','yes',843,'2024-11-21 15:44:05','2024-11-28 07:57:37',NULL),(1453,'adminstrative','ShrfJamio',NULL,'050545454545','JamioShrfJdn@jmaio.jmio',1,NULL,201,'1446-1447','yes',844,'2024-11-24 10:31:18','2024-11-28 07:57:37',NULL),(1454,'adminstrative','ShrfJamio',NULL,'050545454545','JamioShrfJdn@jmaio.jmio',1,NULL,202,'1446-1447','yes',844,'2024-11-24 10:31:18','2024-11-28 07:57:37',NULL),(1455,'adminstrative','Mostafa Amr update',NULL,'05513090999','mostafamr@laam.com',1,NULL,203,'1446-1447','yes',845,'2024-11-24 11:22:07','2024-11-28 07:57:37',NULL),(1456,'teacher','سعد عبيد شنبر ذوي طالب الشنبري','1066621952','05502663961','saad.shanber@gmail.com',2,NULL,203,'1446-1447','yes',846,'2024-11-24 11:29:44','2024-11-28 07:57:37',NULL),(1457,'teacher','شاكر عبدالرزاق حمادي المطرفي','1063256869','05500518449','asd20044@hotmail.com',2,NULL,203,'1446-1447','yes',847,'2024-11-24 11:29:44','2024-11-28 07:57:37',NULL),(1458,'teacher','نايف حامد احمد الثقفي','1032874644','05506569320','m3_mmma@hotmail.com',2,NULL,203,'1446-1447','yes',848,'2024-11-24 11:29:44','2024-11-28 07:57:37',NULL),(1459,'teacher','محمد علي طفاف الزهراني','1058508662','05506109687','mod591065555@hotmai.com',2,NULL,203,'1446-1447','yes',849,'2024-11-24 11:29:44','2024-11-28 07:57:37',NULL),(1460,'teacher','سعيد علي محمد المسعودي','1050001575','05569115091','s.a.masoudi@hotmail.com',2,NULL,203,'1446-1447','yes',850,'2024-11-24 11:29:44','2024-11-28 07:57:37',NULL),(1461,'teacher','سامي بن محسن بن لافي السويهري','1034940724','05555564265','sami1z@yahoo.com',2,NULL,203,'1446-1447','yes',851,'2024-11-24 11:29:44','2024-11-28 07:57:37',NULL),(1462,'teacher','سعد بن حميدان بن حماد القرشي','1057275388','05504546373','ffkkllkk777@gmail.com',2,NULL,203,'1446-1447','yes',852,'2024-11-24 11:29:44','2024-11-28 07:57:37',NULL),(1463,'teacher','حمد بن مزيد بن سفر الشلوي','1077642732','05557772622','naaaaasham@gmail.com',2,NULL,203,'1446-1447','yes',853,'2024-11-24 11:29:44','2024-11-28 07:57:37',NULL),(1464,'teacher','بندر محسن سعيد الزهراني','1009303643','05555527978','sbmsz@msn.com',2,NULL,203,'1446-1447','yes',854,'2024-11-24 11:29:44','2024-11-28 07:57:37',NULL),(1465,'teacher','عبدالله بن رمزي بن سليم الزهراني','1038244651','05567799696','seelar56@gmail.com',2,NULL,203,'1446-1447','yes',855,'2024-11-24 11:29:44','2024-11-28 07:57:37',NULL),(1466,'teacher','محمد بن عمر بن محمد بابطين','1061355325','05504538901','zeero-one2010@hotmail.com',2,NULL,203,'1446-1447','yes',856,'2024-11-24 11:29:44','2024-11-28 07:57:37',NULL),(1467,'teacher','عارف رشيد زابن المقاطي','1077803250','05504763922','ariifotb@hotmail.com',2,NULL,203,'1446-1447','yes',857,'2024-11-24 11:29:44','2024-11-28 07:57:37',NULL),(1468,'teacher','ماجد بن عبدالغفور بن قاسم كفيه','1007164252','05504520129','maj20129@gmail.com',2,NULL,203,'1446-1447','yes',858,'2024-11-24 11:29:44','2024-11-28 07:57:37',NULL),(1469,'teacher','عبدالمحسن شاكر محسن الوادعي','1027062866','05504523590','awadee1@hotmail.com',2,NULL,203,'1446-1447','yes',859,'2024-11-24 11:29:44','2024-11-28 07:57:37',NULL),(1470,'teacher','عادل بن مرزوق بن محمد الحارثي','1060127709','05559425953','adel125963@gmail.com',2,NULL,203,'1446-1447','yes',860,'2024-11-24 11:29:44','2024-11-28 07:57:37',NULL),(1473,'teacher','علي خلف حصن المسعودي','1063382723','05590557779','a.nm00@hotmail.com',2,NULL,203,'1446-1447','yes',863,'2024-11-24 11:29:44','2024-11-28 07:57:37',NULL),(1474,'teacher','فارس بن تركي بن امبارك العصيمي','1003803523','05505501630','f1003803523@gmail.com',2,NULL,203,'1446-1447','yes',864,'2024-11-24 11:29:44','2024-11-28 07:57:37',NULL),(1475,'teacher','عبدالكريم بن عويض بن عمر العتيبي','1048656605','05566698873','kareem1395@outlook.sa',2,NULL,203,'1446-1447','yes',865,'2024-11-24 11:29:44','2024-11-28 07:57:37',NULL),(1476,'teacher','رائد سعد عويض الهذلي','1056978487','05548898177','rsmt1019@gmail.com',2,NULL,203,'1446-1447','yes',866,'2024-11-24 11:29:44','2024-11-28 07:57:37',NULL),(1477,'teacher','زهير فهد محمد خوج','1068270881','05555529681','t509599@mkhb.moe.gov.sa',2,NULL,203,'1446-1447','yes',867,'2024-11-24 11:29:44','2024-11-28 07:57:37',NULL),(1478,'teacher','طلال بن عبيدالله بن عوض الله السيالي','1009060888','05506718343','s_talal@hotmail.com',2,NULL,203,'1446-1447','yes',868,'2024-11-24 11:29:44','2024-11-28 07:57:37',NULL),(1479,'teacher','محمد خنيفس رزيق الخالدي','1012782916','05505530309','mohammed30309@hotmail.com',2,NULL,203,'1446-1447','yes',869,'2024-11-24 11:29:44','2024-11-28 07:57:37',NULL),(1480,'teacher','عبدالله بن محمد بن أحمد الزهراني','1014762270','05544491600','t349805@mkhb.moe.gov.sa',2,NULL,203,'1446-1447','yes',870,'2024-11-24 11:29:44','2024-11-28 07:57:37',NULL),(1481,'teacher','وليد عطيه علي الثبيتي','1005564255','05506521924','walid565758@gmail.com',2,NULL,203,'1446-1447','yes',871,'2024-11-24 11:29:44','2024-11-28 07:57:37',NULL),(1482,'teacher','احمد مصلح رده الحتيرشي','1048395402','05597597666','ahmadbaarq@gmail.com',2,NULL,203,'1446-1447','yes',872,'2024-11-24 11:29:44','2024-11-28 07:57:37',NULL),(1483,'teacher','سامى بن سمير بن سالم شربتلى','1041523836','05530907559','t.sami1423@gmail.com',2,NULL,203,'1446-1447','yes',873,'2024-11-24 11:29:44','2024-11-28 07:57:37',NULL),(1484,'teacher','ياسر بن سويلم بن سليم الصعاقي القرشي','1037323894','05568742121','t246534@mkhb.moe.gov.sa',2,NULL,203,'1446-1447','yes',874,'2024-11-24 11:29:44','2024-11-28 07:57:37',NULL),(1485,'teacher','سالم مسلم سلمان القرشي','1014504623','05503567276','t202871@mkhb.moe.gov.sa',2,NULL,203,'1446-1447','yes',875,'2024-11-24 11:29:44','2024-11-28 07:57:37',NULL),(1486,'teacher','محمد سعد ناصر الشريف','1028960001','05504501460','t366702@mkhb.moe.gov.sa',2,NULL,203,'1446-1447','yes',876,'2024-11-24 11:29:44','2024-11-28 07:57:37',NULL),(1487,'teacher','سعيد محمد سعيد الشهري','1022823924','05506637910','t617223@mkhb.moe.gov.sa',2,NULL,203,'1446-1447','yes',877,'2024-11-24 11:29:44','2024-11-28 07:57:37',NULL),(1488,'teacher','بدر عطيه الله عاطي الزهراني','1088907389','05552201622','br14101419@gmail.com',2,NULL,203,'1446-1447','yes',878,'2024-11-24 11:29:44','2024-11-28 07:57:37',NULL),(1489,'teacher','وليد بن خالد بن عثمان الغامدي','1057072322','05555579730','walid.ghamdi9@gmail.com',2,NULL,203,'1446-1447','yes',879,'2024-11-24 11:29:44','2024-11-28 07:57:37',NULL),(1490,'teacher','عابد عبيد سند الهذلي','1009920230','05503052098','abed2098@gmail.com',2,NULL,203,'1446-1447','yes',880,'2024-11-24 11:29:44','2024-11-28 07:57:37',NULL),(1491,'teacher','علي بن محمد علي الزهراني','1055090052','05598899122','t491805@mkhb.moe.gov.sa',2,NULL,203,'1446-1447','yes',881,'2024-11-24 11:29:44','2024-11-28 07:57:37',NULL),(1492,'teacher','علي ستر مرزوق المقاطي','1058237171','05542200060','sr.34@hotmail.com',2,NULL,203,'1446-1447','yes',882,'2024-11-24 11:29:44','2024-11-28 07:57:37',NULL),(1493,'teacher','احمد بن حميد بن حسن العفيفي','1042766731','05555565279','aa555565@hotmail.com',2,NULL,203,'1446-1447','yes',883,'2024-11-24 11:29:44','2024-11-28 07:57:37',NULL),(1494,'teacher','فواز بن فالح بن حامد الزويهري','1072470634','05500229111','fffz-2011@hotmail.com',2,NULL,203,'1446-1447','yes',884,'2024-11-24 11:29:44','2024-11-28 07:57:37',NULL),(1495,'teacher','حسن بن صالح بن حسن المنيفي الطلحي','1041464122','05502873325','t278903@mkhb.moe.gov.sa',2,NULL,203,'1446-1447','yes',885,'2024-11-24 11:29:44','2024-11-28 07:57:37',NULL),(1496,'teacher','عبدالله عبدالرزاق عبدالله الطويرقي','1035536570','05508743188','t532801@mkhb.moe.gov.sa',2,NULL,203,'1446-1447','yes',886,'2024-11-24 11:29:44','2024-11-28 07:57:37',NULL),(1497,'teacher','محمد بن مطلق بن دشين العصيمي','1028849774','05555572031','alesaar@hotmail.com',2,NULL,203,'1446-1447','yes',887,'2024-11-24 11:29:44','2024-11-28 07:57:37',NULL),(1498,'teacher','هاني عبد العزيز احمد النمري','1038962260','05550490347','hr2255@hotmail.com',2,NULL,203,'1446-1447','yes',888,'2024-11-24 11:29:44','2024-11-28 07:57:37',NULL),(1499,'teacher','ثامر محمد عطية الطلحي','1073976100','05500545573','thameer139@yahoo.com',2,NULL,203,'1446-1447','yes',889,'2024-11-24 11:29:44','2024-11-28 07:57:37',NULL),(1500,'teacher','عبدالرحمن بن ابراهيم بن عبدالغني البقارى القرشي','1024852442','05503599982','mokmog8@gmail.com',2,NULL,203,'1446-1447','yes',890,'2024-11-24 11:29:44','2024-11-28 07:57:37',NULL),(1501,'teacher','عيد بن عابد بن عواض الجعيد','1031772427','05500309040','eidvip3@hotmail.com',2,NULL,203,'1446-1447','yes',891,'2024-11-24 11:29:44','2024-11-28 07:57:37',NULL),(1502,'teacher','علي بن محمد بن عثمان العثمان الغامدي','1068347192','05504665699','ybc.co.i@hotmail.com',2,NULL,203,'1446-1447','yes',892,'2024-11-24 11:29:44','2024-11-28 07:57:37',NULL),(1503,'teacher','فاضل بن حسان بن محمد كعكي','1033557016','05540440480','gandut2005@gmail.com',2,NULL,203,'1446-1447','yes',893,'2024-11-24 11:29:44','2024-11-28 07:57:37',NULL),(1504,'teacher','حامد بن محمد بن حامد المطرفي','1001579612','05563989943','h0563989943@gmail.com',2,NULL,203,'1446-1447','yes',894,'2024-11-24 11:29:44','2024-11-28 07:57:37',NULL),(1505,'teacher','أحمد بن ناصر بن أحمد الغامدي','1058581214','05508558029','aas2030as@gmail.com',2,NULL,203,'1446-1447','yes',895,'2024-11-24 11:29:44','2024-11-28 07:57:37',NULL),(1506,'teacher','سعود محيميد براك النفيعي','1054160013','05553545813','saud1311@hotmail.com',2,NULL,203,'1446-1447','yes',896,'2024-11-24 11:29:44','2024-11-28 07:57:37',NULL),(1507,'teacher','منصور بن عبدالله بن بكر الشريف','1065769224','05555591264','mans47588@gmail.com',2,NULL,203,'1446-1447','yes',897,'2024-11-24 11:29:44','2024-11-28 07:57:37',NULL),(1508,'teacher','ناصر دخيل الله ناصر القرني','1026584738','05555542236','ndng111@hotmail.com',2,NULL,203,'1446-1447','yes',898,'2024-11-24 11:29:44','2024-11-28 07:57:37',NULL),(1509,'teacher','محمد سعيد أحمد الزهراني','1044971826','05504588813','mnlwo77@gmail.com',2,NULL,203,'1446-1447','yes',899,'2024-11-24 11:29:44','2024-11-28 07:57:37',NULL),(1511,'adminstrative','subscriptionTest',NULL,'05513090999','subscriptionTest@gmail.com',1,NULL,204,'1446-1447','yes',900,'2024-11-24 18:10:30','2024-11-28 07:57:37',NULL),(1512,'adminstrative','R2etJdn','0510154878','0515343454','updatejamil@jmail.com',1,7,205,'1446-1447','yes',902,'2024-11-25 14:19:17','2024-11-25 14:25:08',NULL),(1513,'teacher','سعد عبيد شنبر ذوي طالب الشنبري','1066621952','05502663961','saad.shanber@gmail.com',2,2,205,'1446-1447','yes',903,'2024-11-25 14:24:23','2024-11-28 07:57:37',NULL),(1514,'teacher','شاكر عبدالرزاق حمادي المطرفي','1063256869','05500518449','asd20044@hotmail.com',2,NULL,205,'1446-1447','yes',904,'2024-11-25 14:24:23','2024-11-28 07:57:37',NULL),(1515,'teacher','نايف حامد احمد الثقفي','1032874644','05506569320','m3_mmma@hotmail.com',2,NULL,205,'1446-1447','yes',905,'2024-11-25 14:24:23','2024-11-28 07:57:37',NULL),(1516,'teacher','محمد علي طفاف الزهراني','1058508662','05506109687','mod591065555@hotmai.com',2,NULL,205,'1446-1447','yes',906,'2024-11-25 14:24:23','2024-11-28 07:57:37',NULL),(1517,'teacher','سعيد علي محمد المسعودي','1050001575','05569115091','s.a.masoudi@hotmail.com',2,NULL,205,'1446-1447','yes',907,'2024-11-25 14:24:23','2024-11-28 07:57:37',NULL),(1518,'teacher','سامي بن محسن بن لافي السويهري','1034940724','05555564265','sami1z@yahoo.com',2,NULL,205,'1446-1447','yes',908,'2024-11-25 14:24:23','2024-11-28 07:57:37',NULL),(1519,'teacher','سعد بن حميدان بن حماد القرشي','1057275388','05504546373','ffkkllkk777@gmail.com',2,NULL,205,'1446-1447','yes',909,'2024-11-25 14:24:23','2024-11-28 07:57:37',NULL),(1520,'teacher','حمد بن مزيد بن سفر الشلوي','1077642732','05557772622','naaaaasham@gmail.com',2,NULL,205,'1446-1447','yes',910,'2024-11-25 14:24:23','2024-11-28 07:57:37',NULL),(1521,'teacher','بندر محسن سعيد الزهراني','1009303643','05555527978','sbmsz@msn.com',2,NULL,205,'1446-1447','yes',911,'2024-11-25 14:24:23','2024-11-28 07:57:37',NULL),(1522,'teacher','عبدالله بن رمزي بن سليم الزهراني','1038244651','05567799696','seelar56@gmail.com',2,NULL,205,'1446-1447','yes',912,'2024-11-25 14:24:23','2024-11-28 07:57:37',NULL),(1523,'teacher','محمد بن عمر بن محمد بابطين','1061355325','05504538901','zeero-one2010@hotmail.com',2,NULL,205,'1446-1447','yes',913,'2024-11-25 14:24:23','2024-11-28 07:57:37',NULL),(1524,'teacher','عارف رشيد زابن المقاطي','1077803250','05504763922','ariifotb@hotmail.com',2,NULL,205,'1446-1447','yes',914,'2024-11-25 14:24:23','2024-11-28 07:57:37',NULL),(1525,'teacher','ماجد بن عبدالغفور بن قاسم كفيه','1007164252','05504520129','maj20129@gmail.com',2,NULL,205,'1446-1447','yes',915,'2024-11-25 14:24:23','2024-11-28 07:57:37',NULL),(1526,'teacher','عبدالمحسن شاكر محسن الوادعي','1027062866','05504523590','awadee1@hotmail.com',2,NULL,205,'1446-1447','yes',916,'2024-11-25 14:24:23','2024-11-28 07:57:37',NULL),(1527,'teacher','عادل بن مرزوق بن محمد الحارثي','1060127709','05559425953','adel125963@gmail.com',2,NULL,205,'1446-1447','yes',917,'2024-11-25 14:24:23','2024-11-28 07:57:37',NULL),(1528,'teacher','محمد سالم مطلق الدعجاني','1015279647','05503537897','mohammad10@hotmail.com',2,NULL,205,'1446-1447','yes',918,'2024-11-25 14:24:23','2024-11-28 07:57:37',NULL),(1529,'teacher','نائف عبدالله بن سليم الزهراني','1066596410','05503749365','salimvia07@gmail.com',2,NULL,205,'1446-1447','yes',919,'2024-11-25 14:24:23','2024-11-28 07:57:37',NULL),(1530,'teacher','علي خلف حصن المسعودي','1063382723','05590557779','a.nm00@hotmail.com',2,NULL,205,'1446-1447','yes',920,'2024-11-25 14:24:23','2024-11-28 07:57:37',NULL),(1531,'teacher','فارس بن تركي بن امبارك العصيمي','1003803523','05505501630','f1003803523@gmail.com',2,NULL,205,'1446-1447','yes',921,'2024-11-25 14:24:23','2024-11-28 07:57:37',NULL),(1532,'teacher','عبدالكريم بن عويض بن عمر العتيبي','1048656605','05566698873','kareem1395@outlook.sa',2,NULL,205,'1446-1447','yes',922,'2024-11-25 14:24:23','2024-11-28 07:57:37',NULL),(1533,'teacher','رائد سعد عويض الهذلي','1056978487','05548898177','rsmt1019@gmail.com',2,NULL,205,'1446-1447','yes',923,'2024-11-25 14:24:23','2024-11-28 07:57:37',NULL),(1534,'teacher','زهير فهد محمد خوج','1068270881','05555529681','t509599@mkhb.moe.gov.sa',2,NULL,205,'1446-1447','yes',924,'2024-11-25 14:24:23','2024-11-28 07:57:37',NULL),(1535,'teacher','طلال بن عبيدالله بن عوض الله السيالي','1009060888','05506718343','s_talal@hotmail.com',2,NULL,205,'1446-1447','yes',925,'2024-11-25 14:24:23','2024-11-28 07:57:37',NULL),(1536,'teacher','محمد خنيفس رزيق الخالدي','1012782916','05505530309','mohammed30309@hotmail.com',2,NULL,205,'1446-1447','yes',926,'2024-11-25 14:24:23','2024-11-28 07:57:37',NULL),(1537,'teacher','عبدالله بن محمد بن أحمد الزهراني','1014762270','05544491600','t349805@mkhb.moe.gov.sa',2,NULL,205,'1446-1447','yes',927,'2024-11-25 14:24:23','2024-11-28 07:57:37',NULL),(1538,'teacher','وليد عطيه علي الثبيتي','1005564255','05506521924','walid565758@gmail.com',2,NULL,205,'1446-1447','yes',928,'2024-11-25 14:24:23','2024-11-28 07:57:37',NULL),(1539,'teacher','احمد مصلح رده الحتيرشي','1048395402','05597597666','ahmadbaarq@gmail.com',2,NULL,205,'1446-1447','yes',929,'2024-11-25 14:24:23','2024-11-28 07:57:37',NULL),(1540,'teacher','سامى بن سمير بن سالم شربتلى','1041523836','05530907559','t.sami1423@gmail.com',2,NULL,205,'1446-1447','yes',930,'2024-11-25 14:24:23','2024-11-28 07:57:37',NULL),(1541,'teacher','ياسر بن سويلم بن سليم الصعاقي القرشي','1037323894','05568742121','t246534@mkhb.moe.gov.sa',2,NULL,205,'1446-1447','yes',931,'2024-11-25 14:24:23','2024-11-28 07:57:37',NULL),(1542,'teacher','سالم مسلم سلمان القرشي','1014504623','05503567276','t202871@mkhb.moe.gov.sa',2,NULL,205,'1446-1447','yes',932,'2024-11-25 14:24:23','2024-11-28 07:57:37',NULL),(1543,'teacher','محمد سعد ناصر الشريف','1028960001','05504501460','t366702@mkhb.moe.gov.sa',2,NULL,205,'1446-1447','yes',933,'2024-11-25 14:24:23','2024-11-28 07:57:37',NULL),(1544,'teacher','سعيد محمد سعيد الشهري','1022823924','05506637910','t617223@mkhb.moe.gov.sa',2,NULL,205,'1446-1447','yes',934,'2024-11-25 14:24:23','2024-11-28 07:57:37',NULL),(1545,'teacher','بدر عطيه الله عاطي الزهراني','1088907389','05552201622','br14101419@gmail.com',2,NULL,205,'1446-1447','yes',935,'2024-11-25 14:24:23','2024-11-28 07:57:37',NULL),(1546,'teacher','وليد بن خالد بن عثمان الغامدي','1057072322','05555579730','walid.ghamdi9@gmail.com',2,NULL,205,'1446-1447','yes',936,'2024-11-25 14:24:23','2024-11-28 07:57:37',NULL),(1547,'teacher','عابد عبيد سند الهذلي','1009920230','05503052098','abed2098@gmail.com',2,NULL,205,'1446-1447','yes',937,'2024-11-25 14:24:23','2024-11-28 07:57:37',NULL),(1548,'teacher','علي بن محمد علي الزهراني','1055090052','05598899122','t491805@mkhb.moe.gov.sa',2,NULL,205,'1446-1447','yes',938,'2024-11-25 14:24:23','2024-11-28 07:57:37',NULL),(1549,'teacher','علي ستر مرزوق المقاطي','1058237171','05542200060','sr.34@hotmail.com',2,NULL,205,'1446-1447','yes',939,'2024-11-25 14:24:23','2024-11-28 07:57:37',NULL),(1550,'teacher','احمد بن حميد بن حسن العفيفي','1042766731','05555565279','aa555565@hotmail.com',2,NULL,205,'1446-1447','yes',940,'2024-11-25 14:24:23','2024-11-28 07:57:37',NULL),(1551,'teacher','فواز بن فالح بن حامد الزويهري','1072470634','05500229111','fffz-2011@hotmail.com',2,NULL,205,'1446-1447','yes',941,'2024-11-25 14:24:23','2024-11-28 07:57:37',NULL),(1552,'teacher','حسن بن صالح بن حسن المنيفي الطلحي','1041464122','05502873325','t278903@mkhb.moe.gov.sa',2,NULL,205,'1446-1447','yes',942,'2024-11-25 14:24:23','2024-11-28 07:57:37',NULL),(1553,'teacher','عبدالله عبدالرزاق عبدالله الطويرقي','1035536570','05508743188','t532801@mkhb.moe.gov.sa',2,NULL,205,'1446-1447','yes',943,'2024-11-25 14:24:23','2024-11-28 07:57:37',NULL),(1554,'teacher','محمد بن مطلق بن دشين العصيمي','1028849774','05555572031','alesaar@hotmail.com',2,NULL,205,'1446-1447','yes',944,'2024-11-25 14:24:23','2024-11-28 07:57:37',NULL),(1555,'teacher','هاني عبد العزيز احمد النمري','1038962260','05550490347','hr2255@hotmail.com',2,NULL,205,'1446-1447','yes',945,'2024-11-25 14:24:23','2024-11-28 07:57:37',NULL),(1556,'teacher','ثامر محمد عطية الطلحي','1073976100','05500545573','thameer139@yahoo.com',2,NULL,205,'1446-1447','yes',946,'2024-11-25 14:24:23','2024-11-28 07:57:37',NULL),(1557,'teacher','عبدالرحمن بن ابراهيم بن عبدالغني البقارى القرشي','1024852442','05503599982','mokmog8@gmail.com',2,NULL,205,'1446-1447','yes',947,'2024-11-25 14:24:23','2024-11-28 07:57:37',NULL),(1558,'teacher','عيد بن عابد بن عواض الجعيد','1031772427','05500309040','eidvip3@hotmail.com',2,NULL,205,'1446-1447','yes',948,'2024-11-25 14:24:23','2024-11-28 07:57:37',NULL),(1559,'teacher','علي بن محمد بن عثمان العثمان الغامدي','1068347192','05504665699','ybc.co.i@hotmail.com',2,NULL,205,'1446-1447','yes',949,'2024-11-25 14:24:23','2024-11-28 07:57:37',NULL),(1560,'teacher','فاضل بن حسان بن محمد كعكي','1033557016','05540440480','gandut2005@gmail.com',2,NULL,205,'1446-1447','yes',950,'2024-11-25 14:24:23','2024-11-28 07:57:37',NULL),(1561,'teacher','حامد بن محمد بن حامد المطرفي','1001579612','05563989943','h0563989943@gmail.com',2,NULL,205,'1446-1447','yes',951,'2024-11-25 14:24:23','2024-11-28 07:57:37',NULL),(1562,'teacher','أحمد بن ناصر بن أحمد الغامدي','1058581214','05508558029','aas2030as@gmail.com',2,NULL,205,'1446-1447','yes',952,'2024-11-25 14:24:23','2024-11-28 07:57:37',NULL),(1563,'teacher','سعود محيميد براك النفيعي','1054160013','05553545813','saud1311@hotmail.com',2,NULL,205,'1446-1447','yes',953,'2024-11-25 14:24:23','2024-11-28 07:57:37',NULL),(1564,'teacher','منصور بن عبدالله بن بكر الشريف','1065769224','05555591264','mans47588@gmail.com',2,NULL,205,'1446-1447','yes',954,'2024-11-25 14:24:23','2024-11-28 07:57:37',NULL),(1565,'teacher','ناصر دخيل الله ناصر القرني','1026584738','05555542236','ndng111@hotmail.com',2,NULL,205,'1446-1447','yes',955,'2024-11-25 14:24:23','2024-11-28 07:57:37',NULL),(1566,'teacher','محمد سعيد أحمد الزهراني','1044971826','05504588813','mnlwo77@gmail.com',2,NULL,205,'1446-1447','yes',956,'2024-11-25 14:24:23','2024-11-28 07:57:37',NULL),(1567,'adminstrative','testoy','5454142423','0513132227','testest@testo.com',1,14,206,'1446-1447','yes',957,'2024-11-26 12:20:29','2024-11-26 12:23:47',NULL),(1568,'adminstrative','testoy','5454142423','0513132227','testest@testo.com',1,14,207,'1446-1447','yes',957,'2024-11-26 12:20:29','2024-11-26 12:23:47',NULL),(1569,'teacher','سعد عبيد شنبر ذوي طالب الشنبري','1066621962','05502763961','saaod.shanber@gmail.com',2,4,206,'1446-1447','yes',958,'2024-11-26 12:23:25','2024-11-28 07:57:37',NULL),(1570,'adminstrative','اداري جديد','4424242443','0544443455','ll@email.com',7,42,206,NULL,'no',NULL,'2024-11-26 12:24:14','2024-11-28 16:32:29',NULL),(1571,'adminstrative','اداري جديد','4424242443','0544443455','ll@email.com',7,42,206,NULL,'no',NULL,'2024-11-26 12:24:39','2024-11-28 16:32:29',NULL),(1572,'adminstrative','اداري جديد','4424242443','0544443455','ll@email.com',7,42,206,NULL,'no',NULL,'2024-11-26 12:25:29','2024-11-28 16:32:29',NULL),(1573,'adminstrative','اداري جديد','4424242443','0544443455','ll@email.com',7,42,206,NULL,'no',NULL,'2024-11-26 12:26:42','2024-11-28 16:32:29',NULL),(1574,'adminstrative','اداري جديد','4424242443','0544443455','ll@email.com',7,42,206,NULL,'no',NULL,'2024-11-26 12:28:35','2024-11-28 16:32:29',NULL),(1575,'adminstrative','اداري جديد','4424242443','0544443455','ll@email.com',7,42,206,NULL,'no',NULL,'2024-11-26 12:30:38','2024-11-28 16:32:29',NULL),(1576,'adminstrative','اداري جديد','4424242443','0544443455','ll@email.com',7,42,121,'1446-1447','no',NULL,'2024-11-26 14:07:20','2024-11-28 16:32:29',NULL),(1577,'adminstrative','اداري جديد','4424242443','0544443455','ll@email.com',7,42,121,'1446-1447','no',NULL,'2024-11-26 14:16:10','2024-11-28 16:32:29',NULL),(1581,'adminstrative','new.shared',NULL,'0505111100945','new.shared62@gmail.com',1,NULL,NULL,NULL,'yes',962,'2024-11-27 12:34:27','2024-11-28 07:57:37',NULL),(1582,'adminstrative','new.shared',NULL,'0512345678','new.shared628@gmail.com',1,NULL,NULL,NULL,'yes',963,'2024-11-27 12:38:21','2024-11-27 12:50:40',NULL),(1583,'adminstrative','ahmed halim',NULL,'0503039818','ahmed.halim@email.com',1,NULL,NULL,NULL,'yes',964,'2024-11-27 13:13:34','2024-11-27 13:13:34',NULL),(1584,'adminstrative','laam',NULL,'0532323232','laam@test.sa',1,NULL,208,'1446-1447','yes',967,'2024-11-27 14:59:46','2024-11-27 15:00:50',NULL),(1585,'adminstrative','laam',NULL,'0532323232','laam@test.sa',1,NULL,209,'1446-1447','yes',967,'2024-11-27 11:59:46','2024-11-27 12:00:50',NULL),(1586,'adminstrative','Alaa Hamdy Manager','43424242','050508237945','alaamanager@gmail.com',1,1,81,NULL,'yes',229,'2024-11-28 13:27:05','2024-11-28 13:29:05',NULL),(1685,'adminstrative','jaimeo',NULL,'0517984621','jaimeeo@gmail.com',1,NULL,NULL,NULL,'yes',1066,'2024-11-28 11:36:13','2024-11-28 11:36:13',NULL),(1686,'adminstrative','halimjamieo',NULL,'0522222222','halim.jamieo@test.com',1,NULL,NULL,NULL,'yes',1067,'2024-11-28 11:47:29','2024-11-28 11:47:29',NULL),(1687,'adminstrative','halim.jamieo',NULL,'0537080386','halim.jamieeo@test.com',1,NULL,NULL,NULL,'yes',1068,'2024-11-28 11:50:44','2024-11-28 11:50:44',NULL),(1688,'adminstrative','Laaaam',NULL,'0566611133','laam@testo.com',1,NULL,212,'1446-1447','yes',1069,'2024-11-28 11:56:19','2024-11-28 11:57:01',NULL),(1689,'adminstrative','Laaaam',NULL,'0566611133','laam@testo.com',1,NULL,213,'1446-1447','yes',1069,'2024-11-28 08:56:19','2024-11-28 08:57:01',NULL),(1690,'teacher','نايف حامد احمد الثقفي','1032874614','0505565320','m4_mma@hotmail.com',2,NULL,212,'1446-1447','yes',1070,'2024-11-28 12:04:10','2024-11-28 12:04:10',NULL),(1691,'adminstrative','TestingJamil',NULL,'0510909094','r2e3jamil@jamil.com',1,NULL,214,'1446-1447','yes',1071,'2024-11-28 14:01:28','2024-11-28 14:06:48',NULL),(1692,'adminstrative','Ramzy','1212121221','0512018341','ramzy@gmail.com',1,43,215,'1446-1447','yes',1072,'2024-11-28 14:14:11','2024-11-28 13:49:57',NULL),(1693,'adminstrative','Ramzy','1212121221','0512018341','ramzy@gmail.com',1,43,216,'1446-1447','yes',1072,'2024-11-28 11:14:11','2024-11-28 13:50:02',NULL),(1694,'teacher','سعد عبيد شنبر ذوي طالب الشنبري','1066621952','0502663961','saad.shanber@gmail.com',2,NULL,215,'1446-1447','yes',1073,'2024-11-28 14:52:05','2024-11-28 14:52:05',NULL),(1695,'teacher','شاكر عبدالرزاق حمادي المطرفي','1063256869','0500518449','asd20044@hotmail.com',2,NULL,215,'1446-1447','yes',1074,'2024-11-28 14:52:05','2024-11-28 14:52:05',NULL),(1696,'teacher','نايف حامد احمد الثقفي','1032874644','0506569320','m3_mmma@hotmail.com',2,NULL,215,'1446-1447','yes',1075,'2024-11-28 14:52:05','2024-11-28 14:52:05',NULL),(1697,'teacher','محمد علي طفاف الزهراني','1058508662','0506109687','mod591065555@hotmai.com',2,NULL,215,'1446-1447','yes',1076,'2024-11-28 14:52:05','2024-11-28 14:52:05',NULL),(1698,'teacher','سعيد علي محمد المسعودي','1050001575','0569115091','s.a.masoudi@hotmail.com',2,NULL,215,'1446-1447','yes',1077,'2024-11-28 14:52:05','2024-11-28 14:52:05',NULL),(1699,'teacher','سامي بن محسن بن لافي السويهري','1034940724','0555564265','sami1z@yahoo.com',2,NULL,215,'1446-1447','yes',1078,'2024-11-28 14:52:05','2024-11-28 14:52:05',NULL),(1700,'teacher','سعد بن حميدان بن حماد القرشي','1057275388','0504546373','ffkkllkk777@gmail.com',2,NULL,215,'1446-1447','yes',1079,'2024-11-28 14:52:05','2024-11-28 14:52:05',NULL),(1701,'teacher','حمد بن مزيد بن سفر الشلوي','1077642732','0557772622','naaaaasham@gmail.com',2,NULL,215,'1446-1447','yes',1080,'2024-11-28 14:52:05','2024-11-28 14:52:05',NULL),(1702,'teacher','بندر محسن سعيد الزهراني','1009303643','0555527978','sbmsz@msn.com',2,NULL,215,'1446-1447','yes',1081,'2024-11-28 14:52:05','2024-11-28 14:52:05',NULL),(1703,'teacher','عبدالله بن رمزي بن سليم الزهراني','1038244651','0567799696','seelar56@gmail.com',2,NULL,215,'1446-1447','yes',1082,'2024-11-28 14:52:05','2024-11-28 14:52:05',NULL),(1704,'teacher','محمد بن عمر بن محمد بابطين','1061355325','0504538901','zeero-one2010@hotmail.com',2,NULL,215,'1446-1447','yes',1083,'2024-11-28 14:52:05','2024-11-28 14:52:05',NULL),(1705,'teacher','عارف رشيد زابن المقاطي','1077803250','0504763922','ariifotb@hotmail.com',2,NULL,215,'1446-1447','yes',1084,'2024-11-28 14:52:05','2024-11-28 14:52:05',NULL),(1706,'teacher','ماجد بن عبدالغفور بن قاسم كفيه','1007164252','0504520129','maj20129@gmail.com',2,NULL,215,'1446-1447','yes',1085,'2024-11-28 14:52:05','2024-11-28 14:52:06',NULL),(1707,'teacher','عبدالمحسن شاكر محسن الوادعي','1027062866','0504523590','awadee1@hotmail.com',2,NULL,215,'1446-1447','yes',1086,'2024-11-28 14:52:05','2024-11-28 14:52:06',NULL),(1708,'teacher','عادل بن مرزوق بن محمد الحارثي','1060127709','0559425953','adel125963@gmail.com',2,NULL,215,'1446-1447','yes',1087,'2024-11-28 14:52:05','2024-11-28 14:52:06',NULL),(1709,'teacher','محمد سالم مطلق الدعجاني','1015279647','0503537897','mohammad10@hotmail.com',2,NULL,215,'1446-1447','yes',1088,'2024-11-28 14:52:05','2024-11-28 14:52:06',NULL),(1710,'teacher','نائف عبدالله بن سليم الزهراني','1066596410','0503749365','salimvia07@gmail.com',2,NULL,215,'1446-1447','yes',1089,'2024-11-28 14:52:05','2024-11-28 14:52:06',NULL),(1711,'teacher','علي خلف حصن المسعودي','1063382723','0590557779','a.nm00@hotmail.com',2,NULL,215,'1446-1447','yes',1090,'2024-11-28 14:52:05','2024-11-28 14:52:06',NULL),(1712,'teacher','فارس بن تركي بن امبارك العصيمي','1003803523','0505501630','f1003803523@gmail.com',2,NULL,215,'1446-1447','yes',1091,'2024-11-28 14:52:05','2024-11-28 14:52:06',NULL),(1713,'teacher','عبدالكريم بن عويض بن عمر العتيبي','1048656605','0566698873','kareem1395@outlook.sa',2,NULL,215,'1446-1447','yes',1092,'2024-11-28 14:52:05','2024-11-28 14:52:06',NULL),(1714,'teacher','رائد سعد عويض الهذلي','1056978487','0548898177','rsmt1019@gmail.com',2,NULL,215,'1446-1447','yes',1093,'2024-11-28 14:52:05','2024-11-28 14:52:06',NULL),(1715,'teacher','زهير فهد محمد خوج','1068270881','0555529681','t509599@mkhb.moe.gov.sa',2,NULL,215,'1446-1447','yes',1094,'2024-11-28 14:52:05','2024-11-28 14:52:06',NULL),(1716,'teacher','طلال بن عبيدالله بن عوض الله السيالي','1009060888','0506718343','s_talal@hotmail.com',2,NULL,215,'1446-1447','yes',1095,'2024-11-28 14:52:05','2024-11-28 14:52:06',NULL),(1717,'teacher','محمد خنيفس رزيق الخالدي','1012782916','0505530309','mohammed30309@hotmail.com',2,NULL,215,'1446-1447','yes',1096,'2024-11-28 14:52:05','2024-11-28 14:52:06',NULL),(1718,'teacher','عبدالله بن محمد بن أحمد الزهراني','1014762270','0544491600','t349805@mkhb.moe.gov.sa',2,NULL,215,'1446-1447','yes',1097,'2024-11-28 14:52:05','2024-11-28 14:52:06',NULL),(1719,'teacher','وليد عطيه علي الثبيتي','1005564255','0506521924','walid565758@gmail.com',2,NULL,215,'1446-1447','yes',1098,'2024-11-28 14:52:05','2024-11-28 14:52:06',NULL),(1720,'teacher','احمد مصلح رده الحتيرشي','1048395402','0597597666','ahmadbaarq@gmail.com',2,NULL,215,'1446-1447','yes',1099,'2024-11-28 14:52:05','2024-11-28 14:52:06',NULL),(1721,'teacher','سامى بن سمير بن سالم شربتلى','1041523836','0530907559','t.sami1423@gmail.com',2,NULL,215,'1446-1447','yes',1100,'2024-11-28 14:52:05','2024-11-28 14:52:07',NULL),(1722,'teacher','ياسر بن سويلم بن سليم الصعاقي القرشي','1037323894','0568742121','t246534@mkhb.moe.gov.sa',2,NULL,215,'1446-1447','yes',1101,'2024-11-28 14:52:05','2024-11-28 14:52:07',NULL),(1723,'teacher','سالم مسلم سلمان القرشي','1014504623','0503567276','t202871@mkhb.moe.gov.sa',2,NULL,215,'1446-1447','yes',1102,'2024-11-28 14:52:05','2024-11-28 14:52:07',NULL),(1724,'teacher','محمد سعد ناصر الشريف','1028960001','0504501460','t366702@mkhb.moe.gov.sa',2,NULL,215,'1446-1447','yes',1103,'2024-11-28 14:52:05','2024-11-28 14:52:07',NULL),(1725,'teacher','سعيد محمد سعيد الشهري','1022823924','0506637910','t617223@mkhb.moe.gov.sa',2,NULL,215,'1446-1447','yes',1104,'2024-11-28 14:52:05','2024-11-28 14:52:07',NULL),(1726,'teacher','بدر عطيه الله عاطي الزهراني','1088907389','0552201622','br14101419@gmail.com',2,NULL,215,'1446-1447','yes',1105,'2024-11-28 14:52:05','2024-11-28 14:52:07',NULL),(1727,'teacher','وليد بن خالد بن عثمان الغامدي','1057072322','0555579730','walid.ghamdi9@gmail.com',2,NULL,215,'1446-1447','yes',1106,'2024-11-28 14:52:05','2024-11-28 14:52:07',NULL),(1728,'teacher','عابد عبيد سند الهذلي','1009920230','0503052098','abed2098@gmail.com',2,NULL,215,'1446-1447','yes',1107,'2024-11-28 14:52:05','2024-11-28 14:52:07',NULL),(1729,'teacher','علي بن محمد علي الزهراني','1055090052','0598899122','t491805@mkhb.moe.gov.sa',2,NULL,215,'1446-1447','yes',1108,'2024-11-28 14:52:05','2024-11-28 14:52:07',NULL),(1730,'teacher','علي ستر مرزوق المقاطي','1058237171','0542200060','sr.34@hotmail.com',2,NULL,215,'1446-1447','yes',1109,'2024-11-28 14:52:05','2024-11-28 14:52:07',NULL),(1731,'teacher','احمد بن حميد بن حسن العفيفي','1042766731','0555565279','aa555565@hotmail.com',2,NULL,215,'1446-1447','yes',1110,'2024-11-28 14:52:05','2024-11-28 14:52:07',NULL),(1732,'teacher','فواز بن فالح بن حامد الزويهري','1072470634','0500229111','fffz-2011@hotmail.com',2,NULL,215,'1446-1447','yes',1111,'2024-11-28 14:52:05','2024-11-28 14:52:07',NULL),(1733,'teacher','حسن بن صالح بن حسن المنيفي الطلحي','1041464122','0502873325','t278903@mkhb.moe.gov.sa',2,NULL,215,'1446-1447','yes',1112,'2024-11-28 14:52:05','2024-11-28 14:52:07',NULL),(1734,'teacher','عبدالله عبدالرزاق عبدالله الطويرقي','1035536570','0508743188','t532801@mkhb.moe.gov.sa',2,NULL,215,'1446-1447','yes',1113,'2024-11-28 14:52:05','2024-11-28 14:52:07',NULL),(1735,'teacher','محمد بن مطلق بن دشين العصيمي','1028849774','0555572031','alesaar@hotmail.com',2,NULL,215,'1446-1447','yes',1114,'2024-11-28 14:52:05','2024-11-28 14:52:07',NULL),(1736,'teacher','هاني عبد العزيز احمد النمري','1038962260','0550490347','hr2255@hotmail.com',2,NULL,215,'1446-1447','yes',1115,'2024-11-28 14:52:05','2024-11-28 14:52:08',NULL),(1737,'teacher','ثامر محمد عطية الطلحي','1073976100','0500545573','thameer139@yahoo.com',2,NULL,215,'1446-1447','yes',1116,'2024-11-28 14:52:05','2024-11-28 14:52:08',NULL),(1738,'teacher','عبدالرحمن بن ابراهيم بن عبدالغني البقارى القرشي','1024852442','0503599982','mokmog8@gmail.com',2,NULL,215,'1446-1447','yes',1117,'2024-11-28 14:52:05','2024-11-28 14:52:08',NULL),(1739,'teacher','عيد بن عابد بن عواض الجعيد','1031772427','0500309040','eidvip3@hotmail.com',2,NULL,215,'1446-1447','yes',1118,'2024-11-28 14:52:05','2024-11-28 14:52:08',NULL),(1740,'teacher','علي بن محمد بن عثمان العثمان الغامدي','1068347192','0504665699','ybc.co.i@hotmail.com',2,NULL,215,'1446-1447','yes',1119,'2024-11-28 14:52:05','2024-11-28 14:52:08',NULL),(1741,'teacher','فاضل بن حسان بن محمد كعكي','1033557016','0540440480','gandut2005@gmail.com',2,NULL,215,'1446-1447','yes',1120,'2024-11-28 14:52:05','2024-11-28 14:52:08',NULL),(1742,'teacher','حامد بن محمد بن حامد المطرفي','1001579612','0563989943','h0563989943@gmail.com',2,NULL,215,'1446-1447','yes',1121,'2024-11-28 14:52:05','2024-11-28 14:52:08',NULL),(1743,'teacher','أحمد بن ناصر بن أحمد الغامدي','1058581214','0508558029','aas2030as@gmail.com',2,NULL,215,'1446-1447','yes',1122,'2024-11-28 14:52:05','2024-11-28 14:52:08',NULL),(1744,'teacher','سعود محيميد براك النفيعي','1054160013','0553545813','saud1311@hotmail.com',2,NULL,215,'1446-1447','yes',1123,'2024-11-28 14:52:05','2024-11-28 14:52:08',NULL),(1745,'teacher','منصور بن عبدالله بن بكر الشريف','1065769224','0555591264','mans47588@gmail.com',2,NULL,215,'1446-1447','yes',1124,'2024-11-28 14:52:05','2024-11-28 14:52:08',NULL),(1746,'teacher','ناصر دخيل الله ناصر القرني','1026584738','0555542236','ndng111@hotmail.com',2,NULL,215,'1446-1447','yes',1125,'2024-11-28 14:52:05','2024-11-28 14:52:08',NULL),(1747,'teacher','محمد سعيد أحمد الزهراني','1044971826','0504588813','mnlwo77@gmail.com',2,NULL,215,'1446-1447','yes',1126,'2024-11-28 14:52:05','2024-11-28 14:52:08',NULL),(1748,'teacher','سعد عبيد شنبر ذوي طالب الشنبري','1066621952','0502663961','saad.shanber@gmail.com',2,NULL,214,'1446-1447','yes',1127,'2024-11-28 15:05:22','2024-11-28 15:05:22',NULL),(1749,'teacher','شاكر عبدالرزاق حمادي المطرفي','1063256869','0500518449','asd20044@hotmail.com',2,NULL,214,'1446-1447','yes',1128,'2024-11-28 15:05:22','2024-11-28 15:05:22',NULL),(1750,'teacher','نايف حامد احمد الثقفي','1032874644','0506569320','m3_mmma@hotmail.com',2,NULL,214,'1446-1447','yes',1129,'2024-11-28 15:05:22','2024-11-28 15:05:22',NULL),(1751,'teacher','محمد علي طفاف الزهراني','1058508662','0506109687','mod591065555@hotmai.com',2,NULL,214,'1446-1447','yes',1130,'2024-11-28 15:05:22','2024-11-28 15:05:22',NULL),(1752,'teacher','سعيد علي محمد المسعودي','1050001575','0569115091','s.a.masoudi@hotmail.com',2,NULL,214,'1446-1447','yes',1131,'2024-11-28 15:05:22','2024-11-28 15:05:22',NULL),(1753,'teacher','سامي بن محسن بن لافي السويهري','1034940724','0555564265','sami1z@yahoo.com',2,NULL,214,'1446-1447','yes',1132,'2024-11-28 15:05:22','2024-11-28 15:05:22',NULL),(1754,'teacher','سعد بن حميدان بن حماد القرشي','1057275388','0504546373','ffkkllkk777@gmail.com',2,NULL,214,'1446-1447','yes',1133,'2024-11-28 15:05:22','2024-11-28 15:05:22',NULL),(1755,'teacher','حمد بن مزيد بن سفر الشلوي','1077642732','0557772622','naaaaasham@gmail.com',2,NULL,214,'1446-1447','yes',1134,'2024-11-28 15:05:22','2024-11-28 15:05:22',NULL),(1756,'teacher','بندر محسن سعيد الزهراني','1009303643','0555527978','sbmsz@msn.com',2,NULL,214,'1446-1447','yes',1135,'2024-11-28 15:05:22','2024-11-28 15:05:22',NULL),(1757,'teacher','عبدالله بن رمزي بن سليم الزهراني','1038244651','0567799696','seelar56@gmail.com',2,NULL,214,'1446-1447','yes',1136,'2024-11-28 15:05:22','2024-11-28 15:05:22',NULL),(1758,'teacher','محمد بن عمر بن محمد بابطين','1061355325','0504538901','zeero-one2010@hotmail.com',2,NULL,214,'1446-1447','yes',1137,'2024-11-28 15:05:22','2024-11-28 15:05:22',NULL),(1759,'teacher','عارف رشيد زابن المقاطي','1077803250','0504763922','ariifotb@hotmail.com',2,NULL,214,'1446-1447','yes',1138,'2024-11-28 15:05:22','2024-11-28 15:05:22',NULL),(1760,'teacher','ماجد بن عبدالغفور بن قاسم كفيه','1007164252','0504520129','maj20129@gmail.com',2,NULL,214,'1446-1447','yes',1139,'2024-11-28 15:05:22','2024-11-28 15:05:22',NULL),(1761,'teacher','عبدالمحسن شاكر محسن الوادعي','1027062866','0504523590','awadee1@hotmail.com',2,NULL,214,'1446-1447','yes',1140,'2024-11-28 15:05:22','2024-11-28 15:05:23',NULL),(1762,'teacher','عادل بن مرزوق بن محمد الحارثي','1060127709','0559425953','adel125963@gmail.com',2,NULL,214,'1446-1447','yes',1141,'2024-11-28 15:05:22','2024-11-28 15:05:23',NULL),(1763,'teacher','محمد سالم مطلق الدعجاني','1015279647','0503537897','mohammad10@hotmail.com',2,NULL,214,'1446-1447','yes',1142,'2024-11-28 15:05:22','2024-11-28 15:05:23',NULL),(1764,'teacher','نائف عبدالله بن سليم الزهراني','1066596410','0503749365','salimvia07@gmail.com',2,NULL,214,'1446-1447','yes',1143,'2024-11-28 15:05:22','2024-11-28 15:05:23',NULL),(1765,'teacher','علي خلف حصن المسعودي','1063382723','0590557779','a.nm00@hotmail.com',2,NULL,214,'1446-1447','yes',1144,'2024-11-28 15:05:22','2024-11-28 15:05:23',NULL),(1766,'teacher','فارس بن تركي بن امبارك العصيمي','1003803523','0505501630','f1003803523@gmail.com',2,NULL,214,'1446-1447','yes',1145,'2024-11-28 15:05:22','2024-11-28 15:05:23',NULL),(1767,'teacher','عبدالكريم بن عويض بن عمر العتيبي','1048656605','0566698873','kareem1395@outlook.sa',2,NULL,214,'1446-1447','yes',1146,'2024-11-28 15:05:22','2024-11-28 15:05:23',NULL),(1768,'teacher','رائد سعد عويض الهذلي','1056978487','0548898177','rsmt1019@gmail.com',2,NULL,214,'1446-1447','yes',1147,'2024-11-28 15:05:22','2024-11-28 15:05:23',NULL),(1769,'teacher','زهير فهد محمد خوج','1068270881','0555529681','t509599@mkhb.moe.gov.sa',2,NULL,214,'1446-1447','yes',1148,'2024-11-28 15:05:22','2024-11-28 15:05:23',NULL),(1770,'teacher','طلال بن عبيدالله بن عوض الله السيالي','1009060888','0506718343','s_talal@hotmail.com',2,NULL,214,'1446-1447','yes',1149,'2024-11-28 15:05:22','2024-11-28 15:05:23',NULL),(1771,'teacher','محمد خنيفس رزيق الخالدي','1012782916','0505530309','mohammed30309@hotmail.com',2,NULL,214,'1446-1447','yes',1150,'2024-11-28 15:05:22','2024-11-28 15:05:23',NULL),(1772,'teacher','عبدالله بن محمد بن أحمد الزهراني','1014762270','0544491600','t349805@mkhb.moe.gov.sa',2,NULL,214,'1446-1447','yes',1151,'2024-11-28 15:05:22','2024-11-28 15:05:23',NULL),(1773,'teacher','وليد عطيه علي الثبيتي','1005564255','0506521924','walid565758@gmail.com',2,NULL,214,'1446-1447','yes',1152,'2024-11-28 15:05:22','2024-11-28 15:05:23',NULL),(1774,'teacher','احمد مصلح رده الحتيرشي','1048395402','0597597666','ahmadbaarq@gmail.com',2,NULL,214,'1446-1447','yes',1153,'2024-11-28 15:05:22','2024-11-28 15:05:23',NULL),(1775,'teacher','سامى بن سمير بن سالم شربتلى','1041523836','0530907559','t.sami1423@gmail.com',2,NULL,214,'1446-1447','yes',1154,'2024-11-28 15:05:22','2024-11-28 15:05:23',NULL),(1776,'teacher','ياسر بن سويلم بن سليم الصعاقي القرشي','1037323894','0568742121','t246534@mkhb.moe.gov.sa',2,NULL,214,'1446-1447','yes',1155,'2024-11-28 15:05:22','2024-11-28 15:05:24',NULL),(1777,'teacher','سالم مسلم سلمان القرشي','1014504623','0503567276','t202871@mkhb.moe.gov.sa',2,NULL,214,'1446-1447','yes',1156,'2024-11-28 15:05:22','2024-11-28 15:05:24',NULL),(1778,'teacher','محمد سعد ناصر الشريف','1028960001','0504501460','t366702@mkhb.moe.gov.sa',2,NULL,214,'1446-1447','yes',1157,'2024-11-28 15:05:22','2024-11-28 15:05:24',NULL),(1779,'teacher','سعيد محمد سعيد الشهري','1022823924','0506637910','t617223@mkhb.moe.gov.sa',2,NULL,214,'1446-1447','yes',1158,'2024-11-28 15:05:22','2024-11-28 15:05:24',NULL),(1780,'teacher','بدر عطيه الله عاطي الزهراني','1088907389','0552201622','br14101419@gmail.com',2,NULL,214,'1446-1447','yes',1159,'2024-11-28 15:05:22','2024-11-28 15:05:24',NULL),(1781,'teacher','وليد بن خالد بن عثمان الغامدي','1057072322','0555579730','walid.ghamdi9@gmail.com',2,NULL,214,'1446-1447','yes',1160,'2024-11-28 15:05:22','2024-11-28 15:05:24',NULL),(1782,'teacher','عابد عبيد سند الهذلي','1009920230','0503052098','abed2098@gmail.com',2,NULL,214,'1446-1447','yes',1161,'2024-11-28 15:05:22','2024-11-28 15:05:24',NULL),(1783,'teacher','علي بن محمد علي الزهراني','1055090052','0598899122','t491805@mkhb.moe.gov.sa',2,NULL,214,'1446-1447','yes',1162,'2024-11-28 15:05:22','2024-11-28 15:05:24',NULL),(1784,'teacher','علي ستر مرزوق المقاطي','1058237171','0542200060','sr.34@hotmail.com',2,NULL,214,'1446-1447','yes',1163,'2024-11-28 15:05:22','2024-11-28 15:05:24',NULL),(1785,'teacher','احمد بن حميد بن حسن العفيفي','1042766731','0555565279','aa555565@hotmail.com',2,NULL,214,'1446-1447','yes',1164,'2024-11-28 15:05:22','2024-11-28 15:05:24',NULL),(1786,'teacher','فواز بن فالح بن حامد الزويهري','1072470634','0500229111','fffz-2011@hotmail.com',2,NULL,214,'1446-1447','yes',1165,'2024-11-28 15:05:22','2024-11-28 15:05:24',NULL),(1787,'teacher','حسن بن صالح بن حسن المنيفي الطلحي','1041464122','0502873325','t278903@mkhb.moe.gov.sa',2,NULL,214,'1446-1447','yes',1166,'2024-11-28 15:05:22','2024-11-28 15:05:24',NULL),(1788,'teacher','عبدالله عبدالرزاق عبدالله الطويرقي','1035536570','0508743188','t532801@mkhb.moe.gov.sa',2,NULL,214,'1446-1447','yes',1167,'2024-11-28 15:05:22','2024-11-28 15:05:24',NULL),(1789,'teacher','محمد بن مطلق بن دشين العصيمي','1028849774','0555572031','alesaar@hotmail.com',2,NULL,214,'1446-1447','yes',1168,'2024-11-28 15:05:22','2024-11-28 15:05:24',NULL),(1790,'teacher','هاني عبد العزيز احمد النمري','1038962260','0550490347','hr2255@hotmail.com',2,NULL,214,'1446-1447','yes',1169,'2024-11-28 15:05:22','2024-11-28 15:05:24',NULL),(1791,'teacher','ثامر محمد عطية الطلحي','1073976100','0500545573','thameer139@yahoo.com',2,NULL,214,'1446-1447','yes',1170,'2024-11-28 15:05:22','2024-11-28 15:05:25',NULL),(1792,'teacher','عبدالرحمن بن ابراهيم بن عبدالغني البقارى القرشي','1024852442','0503599982','mokmog8@gmail.com',2,NULL,214,'1446-1447','yes',1171,'2024-11-28 15:05:22','2024-11-28 15:05:25',NULL),(1793,'teacher','عيد بن عابد بن عواض الجعيد','1031772427','0500309040','eidvip3@hotmail.com',2,NULL,214,'1446-1447','yes',1172,'2024-11-28 15:05:22','2024-11-28 15:05:25',NULL),(1794,'teacher','علي بن محمد بن عثمان العثمان الغامدي','1068347192','0504665699','ybc.co.i@hotmail.com',2,NULL,214,'1446-1447','yes',1173,'2024-11-28 15:05:22','2024-11-28 15:05:25',NULL),(1795,'teacher','فاضل بن حسان بن محمد كعكي','1033557016','0540440480','gandut2005@gmail.com',2,NULL,214,'1446-1447','yes',1174,'2024-11-28 15:05:22','2024-11-28 15:05:25',NULL),(1796,'teacher','حامد بن محمد بن حامد المطرفي','1001579612','0563989943','h0563989943@gmail.com',2,NULL,214,'1446-1447','yes',1175,'2024-11-28 15:05:22','2024-11-28 15:05:25',NULL),(1797,'teacher','أحمد بن ناصر بن أحمد الغامدي','1058581214','0508558029','aas2030as@gmail.com',2,NULL,214,'1446-1447','yes',1176,'2024-11-28 15:05:22','2024-11-28 15:05:25',NULL),(1798,'teacher','سعود محيميد براك النفيعي','1054160013','0553545813','saud1311@hotmail.com',2,NULL,214,'1446-1447','yes',1177,'2024-11-28 15:05:22','2024-11-28 15:05:25',NULL),(1799,'teacher','منصور بن عبدالله بن بكر الشريف','1065769224','0555591264','mans47588@gmail.com',2,NULL,214,'1446-1447','yes',1178,'2024-11-28 15:05:22','2024-11-28 15:05:25',NULL),(1800,'teacher','ناصر دخيل الله ناصر القرني','1026584738','0555542236','ndng111@hotmail.com',2,NULL,214,'1446-1447','yes',1179,'2024-11-28 15:05:22','2024-11-28 15:05:25',NULL),(1801,'teacher','محمد سعيد أحمد الزهراني','1044971826','0504588813','mnlwo77@gmail.com',2,NULL,214,'1446-1447','yes',1180,'2024-11-28 15:05:22','2024-11-28 15:05:25',NULL),(1802,'adminstrative','اداري جديد','4424242443','0544443455','ll@email.com',7,42,214,'1446-1447','no',NULL,'2024-11-28 15:13:15','2024-11-28 16:32:29',NULL),(1803,'teacher','سعد عبيد شنبر ذوي طالب الشنبري','1066621952','0502663961','saad.shanber@gmail.com',2,NULL,216,'1446-1447','yes',1181,'2024-11-28 15:26:40','2024-11-28 15:26:40',NULL),(1804,'teacher','شاكر عبدالرزاق حمادي المطرفي','1063256869','0500518449','asd20044@hotmail.com',2,NULL,216,'1446-1447','yes',1182,'2024-11-28 15:26:40','2024-11-28 15:26:40',NULL),(1805,'teacher','نايف حامد احمد الثقفي','1032874644','0506569320','m3_mmma@hotmail.com',2,NULL,216,'1446-1447','yes',1183,'2024-11-28 15:26:40','2024-11-28 15:26:40',NULL),(1806,'teacher','محمد علي طفاف الزهراني','1058508662','0506109687','mod591065555@hotmai.com',2,NULL,216,'1446-1447','yes',1184,'2024-11-28 15:26:40','2024-11-28 15:26:40',NULL),(1807,'teacher','سعيد علي محمد المسعودي','1050001575','0569115091','s.a.masoudi@hotmail.com',2,NULL,216,'1446-1447','yes',1185,'2024-11-28 15:26:40','2024-11-28 15:26:40',NULL),(1808,'teacher','سامي بن محسن بن لافي السويهري','1034940724','0555564265','sami1z@yahoo.com',2,NULL,216,'1446-1447','yes',1186,'2024-11-28 15:26:40','2024-11-28 15:26:40',NULL),(1809,'teacher','سعد بن حميدان بن حماد القرشي','1057275388','0504546373','ffkkllkk777@gmail.com',2,NULL,216,'1446-1447','yes',1187,'2024-11-28 15:26:40','2024-11-28 15:26:40',NULL),(1810,'teacher','حمد بن مزيد بن سفر الشلوي','1077642732','0557772622','naaaaasham@gmail.com',2,NULL,216,'1446-1447','yes',1188,'2024-11-28 15:26:40','2024-11-28 15:26:40',NULL),(1811,'teacher','بندر محسن سعيد الزهراني','1009303643','0555527978','sbmsz@msn.com',2,NULL,216,'1446-1447','yes',1189,'2024-11-28 15:26:40','2024-11-28 15:26:40',NULL),(1812,'teacher','عبدالله بن رمزي بن سليم الزهراني','1038244651','0567799696','seelar56@gmail.com',2,NULL,216,'1446-1447','yes',1190,'2024-11-28 15:26:40','2024-11-28 15:26:40',NULL),(1813,'teacher','محمد بن عمر بن محمد بابطين','1061355325','0504538901','zeero-one2010@hotmail.com',2,NULL,216,'1446-1447','yes',1191,'2024-11-28 15:26:40','2024-11-28 15:26:40',NULL),(1814,'teacher','عارف رشيد زابن المقاطي','1077803250','0504763922','ariifotb@hotmail.com',2,NULL,216,'1446-1447','yes',1192,'2024-11-28 15:26:40','2024-11-28 15:26:41',NULL),(1815,'teacher','ماجد بن عبدالغفور بن قاسم كفيه','1007164252','0504520129','maj20129@gmail.com',2,NULL,216,'1446-1447','yes',1193,'2024-11-28 15:26:40','2024-11-28 15:26:41',NULL),(1816,'teacher','عبدالمحسن شاكر محسن الوادعي','1027062866','0504523590','awadee1@hotmail.com',2,NULL,216,'1446-1447','yes',1194,'2024-11-28 15:26:40','2024-11-28 15:26:41',NULL),(1817,'teacher','عادل بن مرزوق بن محمد الحارثي','1060127709','0559425953','adel125963@gmail.com',2,NULL,216,'1446-1447','yes',1195,'2024-11-28 15:26:40','2024-11-28 15:26:41',NULL),(1818,'teacher','محمد سالم مطلق الدعجاني','1015279647','0503537897','mohammad10@hotmail.com',2,NULL,216,'1446-1447','yes',1196,'2024-11-28 15:26:40','2024-11-28 15:26:41',NULL),(1819,'teacher','نائف عبدالله بن سليم الزهراني','1066596410','0503749365','salimvia07@gmail.com',2,NULL,216,'1446-1447','yes',1197,'2024-11-28 15:26:40','2024-11-28 15:26:41',NULL),(1820,'teacher','علي خلف حصن المسعودي','1063382723','0590557779','a.nm00@hotmail.com',2,NULL,216,'1446-1447','yes',1198,'2024-11-28 15:26:40','2024-11-28 15:26:41',NULL),(1821,'teacher','فارس بن تركي بن امبارك العصيمي','1003803523','0505501630','f1003803523@gmail.com',2,NULL,216,'1446-1447','yes',1199,'2024-11-28 15:26:40','2024-11-28 15:26:41',NULL),(1822,'teacher','عبدالكريم بن عويض بن عمر العتيبي','1048656605','0566698873','kareem1395@outlook.sa',2,NULL,216,'1446-1447','yes',1200,'2024-11-28 15:26:40','2024-11-28 15:26:41',NULL),(1823,'teacher','رائد سعد عويض الهذلي','1056978487','0548898177','rsmt1019@gmail.com',2,NULL,216,'1446-1447','yes',1201,'2024-11-28 15:26:40','2024-11-28 15:26:41',NULL),(1824,'teacher','زهير فهد محمد خوج','1068270881','0555529681','t509599@mkhb.moe.gov.sa',2,NULL,216,'1446-1447','yes',1202,'2024-11-28 15:26:40','2024-11-28 15:26:41',NULL),(1825,'teacher','طلال بن عبيدالله بن عوض الله السيالي','1009060888','0506718343','s_talal@hotmail.com',2,NULL,216,'1446-1447','yes',1203,'2024-11-28 15:26:40','2024-11-28 15:26:41',NULL),(1826,'teacher','محمد خنيفس رزيق الخالدي','1012782916','0505530309','mohammed30309@hotmail.com',2,NULL,216,'1446-1447','yes',1204,'2024-11-28 15:26:40','2024-11-28 15:26:41',NULL),(1827,'teacher','عبدالله بن محمد بن أحمد الزهراني','1014762270','0544491600','t349805@mkhb.moe.gov.sa',2,NULL,216,'1446-1447','yes',1205,'2024-11-28 15:26:40','2024-11-28 15:26:41',NULL),(1828,'teacher','وليد عطيه علي الثبيتي','1005564255','0506521924','walid565758@gmail.com',2,NULL,216,'1446-1447','yes',1206,'2024-11-28 15:26:40','2024-11-28 15:26:41',NULL),(1829,'teacher','احمد مصلح رده الحتيرشي','1048395402','0597597666','ahmadbaarq@gmail.com',2,NULL,216,'1446-1447','yes',1207,'2024-11-28 15:26:40','2024-11-28 15:26:42',NULL),(1830,'teacher','سامى بن سمير بن سالم شربتلى','1041523836','0530907559','t.sami1423@gmail.com',2,NULL,216,'1446-1447','yes',1208,'2024-11-28 15:26:40','2024-11-28 15:26:42',NULL),(1831,'teacher','ياسر بن سويلم بن سليم الصعاقي القرشي','1037323894','0568742121','t246534@mkhb.moe.gov.sa',2,NULL,216,'1446-1447','yes',1209,'2024-11-28 15:26:40','2024-11-28 15:26:42',NULL),(1832,'teacher','سالم مسلم سلمان القرشي','1014504623','0503567276','t202871@mkhb.moe.gov.sa',2,NULL,216,'1446-1447','yes',1210,'2024-11-28 15:26:40','2024-11-28 15:26:42',NULL),(1833,'teacher','محمد سعد ناصر الشريف','1028960001','0504501460','t366702@mkhb.moe.gov.sa',2,NULL,216,'1446-1447','yes',1211,'2024-11-28 15:26:40','2024-11-28 15:26:42',NULL),(1834,'teacher','سعيد محمد سعيد الشهري','1022823924','0506637910','t617223@mkhb.moe.gov.sa',2,NULL,216,'1446-1447','yes',1212,'2024-11-28 15:26:40','2024-11-28 15:26:42',NULL),(1835,'teacher','بدر عطيه الله عاطي الزهراني','1088907389','0552201622','br14101419@gmail.com',2,NULL,216,'1446-1447','yes',1213,'2024-11-28 15:26:40','2024-11-28 15:26:42',NULL),(1836,'teacher','وليد بن خالد بن عثمان الغامدي','1057072322','0555579730','walid.ghamdi9@gmail.com',2,NULL,216,'1446-1447','yes',1214,'2024-11-28 15:26:40','2024-11-28 15:26:42',NULL),(1837,'teacher','عابد عبيد سند الهذلي','1009920230','0503052098','abed2098@gmail.com',2,NULL,216,'1446-1447','yes',1215,'2024-11-28 15:26:40','2024-11-28 15:26:42',NULL),(1838,'teacher','علي بن محمد علي الزهراني','1055090052','0598899122','t491805@mkhb.moe.gov.sa',2,NULL,216,'1446-1447','yes',1216,'2024-11-28 15:26:40','2024-11-28 15:26:42',NULL),(1839,'teacher','علي ستر مرزوق المقاطي','1058237171','0542200060','sr.34@hotmail.com',2,NULL,216,'1446-1447','yes',1217,'2024-11-28 15:26:40','2024-11-28 15:26:42',NULL),(1840,'teacher','احمد بن حميد بن حسن العفيفي','1042766731','0555565279','aa555565@hotmail.com',2,NULL,216,'1446-1447','yes',1218,'2024-11-28 15:26:40','2024-11-28 15:26:42',NULL),(1841,'teacher','فواز بن فالح بن حامد الزويهري','1072470634','0500229111','fffz-2011@hotmail.com',2,NULL,216,'1446-1447','yes',1219,'2024-11-28 15:26:40','2024-11-28 15:26:42',NULL),(1842,'teacher','حسن بن صالح بن حسن المنيفي الطلحي','1041464122','0502873325','t278903@mkhb.moe.gov.sa',2,NULL,216,'1446-1447','yes',1220,'2024-11-28 15:26:40','2024-11-28 15:26:42',NULL),(1843,'teacher','عبدالله عبدالرزاق عبدالله الطويرقي','1035536570','0508743188','t532801@mkhb.moe.gov.sa',2,NULL,216,'1446-1447','yes',1221,'2024-11-28 15:26:40','2024-11-28 15:26:42',NULL),(1844,'teacher','محمد بن مطلق بن دشين العصيمي','1028849774','0555572031','alesaar@hotmail.com',2,NULL,216,'1446-1447','yes',1222,'2024-11-28 15:26:40','2024-11-28 15:26:42',NULL),(1845,'teacher','هاني عبد العزيز احمد النمري','1038962260','0550490347','hr2255@hotmail.com',2,NULL,216,'1446-1447','yes',1223,'2024-11-28 15:26:40','2024-11-28 15:26:43',NULL),(1846,'teacher','ثامر محمد عطية الطلحي','1073976100','0500545573','thameer139@yahoo.com',2,NULL,216,'1446-1447','yes',1224,'2024-11-28 15:26:40','2024-11-28 15:26:43',NULL),(1847,'teacher','عبدالرحمن بن ابراهيم بن عبدالغني البقارى القرشي','1024852442','0503599982','mokmog8@gmail.com',2,NULL,216,'1446-1447','yes',1225,'2024-11-28 15:26:40','2024-11-28 15:26:43',NULL),(1848,'teacher','عيد بن عابد بن عواض الجعيد','1031772427','0500309040','eidvip3@hotmail.com',2,NULL,216,'1446-1447','yes',1226,'2024-11-28 15:26:40','2024-11-28 15:26:43',NULL),(1849,'teacher','علي بن محمد بن عثمان العثمان الغامدي','1068347192','0504665699','ybc.co.i@hotmail.com',2,NULL,216,'1446-1447','yes',1227,'2024-11-28 15:26:40','2024-11-28 15:26:43',NULL),(1850,'teacher','فاضل بن حسان بن محمد كعكي','1033557016','0540440480','gandut2005@gmail.com',2,NULL,216,'1446-1447','yes',1228,'2024-11-28 15:26:40','2024-11-28 15:26:43',NULL),(1851,'teacher','حامد بن محمد بن حامد المطرفي','1001579612','0563989943','h0563989943@gmail.com',2,NULL,216,'1446-1447','yes',1229,'2024-11-28 15:26:40','2024-11-28 15:26:43',NULL),(1852,'teacher','أحمد بن ناصر بن أحمد الغامدي','1058581214','0508558029','aas2030as@gmail.com',2,NULL,216,'1446-1447','yes',1230,'2024-11-28 15:26:40','2024-11-28 15:26:43',NULL),(1853,'teacher','سعود محيميد براك النفيعي','1054160013','0553545813','saud1311@hotmail.com',2,NULL,216,'1446-1447','yes',1231,'2024-11-28 15:26:40','2024-11-28 15:26:43',NULL),(1854,'teacher','منصور بن عبدالله بن بكر الشريف','1065769224','0555591264','mans47588@gmail.com',2,NULL,216,'1446-1447','yes',1232,'2024-11-28 15:26:40','2024-11-28 15:26:43',NULL),(1855,'teacher','ناصر دخيل الله ناصر القرني','1026584738','0555542236','ndng111@hotmail.com',2,NULL,216,'1446-1447','yes',1233,'2024-11-28 15:26:40','2024-11-28 15:26:43',NULL),(1856,'teacher','محمد سعيد أحمد الزهراني','1044971826','0504588813','mnlwo77@gmail.com',2,NULL,216,'1446-1447','yes',1234,'2024-11-28 15:26:40','2024-11-28 15:26:43',NULL),(1857,'adminstrative','ahmedhalim','0510090909','0543454524','ahmed.halim44@email.com',1,39,217,'1446-1447','yes',1235,'2024-11-28 15:45:29','2024-11-28 15:58:10',NULL),(1858,'adminstrative','ahmedhalim','0510090909','0543454524','ahmed.halim44@email.com',1,39,218,'1446-1447','yes',1235,'2024-11-28 12:45:29','2024-11-28 16:07:45',NULL),(1859,'teacher','سعد عبيد شنبر ذوي طالب الشنبري','1066621952','0502663961','saad.shanber@gmail.com',2,39,217,'1446-1447','yes',1236,'2024-11-28 15:56:53','2024-11-28 15:57:03',NULL),(1860,'teacher','شاكر عبدالرزاق حمادي المطرفي','1063256869','0500518449','asd20044@hotmail.com',2,39,217,'1446-1447','yes',1237,'2024-11-28 15:56:53','2024-11-28 15:57:05',NULL),(1861,'teacher','نايف حامد احمد الثقفي','1032874644','0506569320','m3_mmma@hotmail.com',2,NULL,217,'1446-1447','yes',1238,'2024-11-28 15:56:53','2024-11-28 15:56:53',NULL),(1862,'teacher','محمد علي طفاف الزهراني','1058508662','0506109687','mod591065555@hotmai.com',2,NULL,217,'1446-1447','yes',1239,'2024-11-28 15:56:53','2024-11-28 15:56:54',NULL),(1863,'teacher','سعيد علي محمد المسعودي','1050001575','0569115091','s.a.masoudi@hotmail.com',2,NULL,217,'1446-1447','yes',1240,'2024-11-28 15:56:53','2024-11-28 15:56:54',NULL),(1864,'teacher','سامي بن محسن بن لافي السويهري','1034940724','0555564265','sami1z@yahoo.com',2,NULL,217,'1446-1447','yes',1241,'2024-11-28 15:56:53','2024-11-28 15:56:54',NULL),(1865,'teacher','سعد بن حميدان بن حماد القرشي','1057275388','0504546373','ffkkllkk777@gmail.com',2,NULL,217,'1446-1447','yes',1242,'2024-11-28 15:56:53','2024-11-28 15:56:54',NULL),(1866,'teacher','حمد بن مزيد بن سفر الشلوي','1077642732','0557772622','naaaaasham@gmail.com',2,NULL,217,'1446-1447','yes',1243,'2024-11-28 15:56:53','2024-11-28 15:56:54',NULL),(1867,'teacher','بندر محسن سعيد الزهراني','1009303643','0555527978','sbmsz@msn.com',2,NULL,217,'1446-1447','yes',1244,'2024-11-28 15:56:53','2024-11-28 15:56:54',NULL),(1868,'teacher','عبدالله بن رمزي بن سليم الزهراني','1038244651','0567799696','seelar56@gmail.com',2,NULL,217,'1446-1447','yes',1245,'2024-11-28 15:56:53','2024-11-28 15:56:54',NULL),(1869,'teacher','محمد بن عمر بن محمد بابطين','1061355325','0504538901','zeero-one2010@hotmail.com',2,NULL,217,'1446-1447','yes',1246,'2024-11-28 15:56:53','2024-11-28 15:56:54',NULL),(1870,'teacher','عارف رشيد زابن المقاطي','1077803250','0504763922','ariifotb@hotmail.com',2,NULL,217,'1446-1447','yes',1247,'2024-11-28 15:56:53','2024-11-28 15:56:54',NULL),(1871,'teacher','ماجد بن عبدالغفور بن قاسم كفيه','1007164252','0504520129','maj20129@gmail.com',2,NULL,217,'1446-1447','yes',1248,'2024-11-28 15:56:53','2024-11-28 15:56:54',NULL),(1872,'teacher','عبدالمحسن شاكر محسن الوادعي','1027062866','0504523590','awadee1@hotmail.com',2,NULL,217,'1446-1447','yes',1249,'2024-11-28 15:56:53','2024-11-28 15:56:54',NULL),(1873,'teacher','عادل بن مرزوق بن محمد الحارثي','1060127709','0559425953','adel125963@gmail.com',2,NULL,217,'1446-1447','yes',1250,'2024-11-28 15:56:53','2024-11-28 15:56:54',NULL),(1874,'teacher','محمد سالم مطلق الدعجاني','1015279647','0503537897','mohammad10@hotmail.com',2,NULL,217,'1446-1447','yes',1251,'2024-11-28 15:56:53','2024-11-28 15:56:54',NULL),(1875,'teacher','نائف عبدالله بن سليم الزهراني','1066596410','0503749365','salimvia07@gmail.com',2,NULL,217,'1446-1447','yes',1252,'2024-11-28 15:56:53','2024-11-28 15:56:54',NULL),(1876,'teacher','علي خلف حصن المسعودي','1063382723','0590557779','a.nm00@hotmail.com',2,NULL,217,'1446-1447','yes',1253,'2024-11-28 15:56:53','2024-11-28 15:56:54',NULL),(1877,'teacher','فارس بن تركي بن امبارك العصيمي','1003803523','0505501630','f1003803523@gmail.com',2,NULL,217,'1446-1447','yes',1254,'2024-11-28 15:56:53','2024-11-28 15:56:54',NULL),(1878,'teacher','عبدالكريم بن عويض بن عمر العتيبي','1048656605','0566698873','kareem1395@outlook.sa',2,NULL,217,'1446-1447','yes',1255,'2024-11-28 15:56:53','2024-11-28 15:56:55',NULL),(1879,'teacher','رائد سعد عويض الهذلي','1056978487','0548898177','rsmt1019@gmail.com',2,NULL,217,'1446-1447','yes',1256,'2024-11-28 15:56:53','2024-11-28 15:56:55',NULL),(1880,'teacher','زهير فهد محمد خوج','1068270881','0555529681','t509599@mkhb.moe.gov.sa',2,NULL,217,'1446-1447','yes',1257,'2024-11-28 15:56:53','2024-11-28 15:56:55',NULL),(1881,'teacher','طلال بن عبيدالله بن عوض الله السيالي','1009060888','0506718343','s_talal@hotmail.com',2,NULL,217,'1446-1447','yes',1258,'2024-11-28 15:56:53','2024-11-28 15:56:55',NULL),(1882,'teacher','محمد خنيفس رزيق الخالدي','1012782916','0505530309','mohammed30309@hotmail.com',2,NULL,217,'1446-1447','yes',1259,'2024-11-28 15:56:53','2024-11-28 15:56:55',NULL),(1883,'teacher','عبدالله بن محمد بن أحمد الزهراني','1014762270','0544491600','t349805@mkhb.moe.gov.sa',2,NULL,217,'1446-1447','yes',1260,'2024-11-28 15:56:53','2024-11-28 15:56:55',NULL),(1884,'teacher','وليد عطيه علي الثبيتي','1005564255','0506521924','walid565758@gmail.com',2,NULL,217,'1446-1447','yes',1261,'2024-11-28 15:56:53','2024-11-28 15:56:55',NULL),(1885,'teacher','احمد مصلح رده الحتيرشي','1048395402','0597597666','ahmadbaarq@gmail.com',2,NULL,217,'1446-1447','yes',1262,'2024-11-28 15:56:53','2024-11-28 15:56:55',NULL),(1886,'teacher','سامى بن سمير بن سالم شربتلى','1041523836','0530907559','t.sami1423@gmail.com',2,NULL,217,'1446-1447','yes',1263,'2024-11-28 15:56:53','2024-11-28 15:56:55',NULL),(1887,'teacher','ياسر بن سويلم بن سليم الصعاقي القرشي','1037323894','0568742121','t246534@mkhb.moe.gov.sa',2,NULL,217,'1446-1447','yes',1264,'2024-11-28 15:56:53','2024-11-28 15:56:55',NULL),(1888,'teacher','سالم مسلم سلمان القرشي','1014504623','0503567276','t202871@mkhb.moe.gov.sa',2,NULL,217,'1446-1447','yes',1265,'2024-11-28 15:56:53','2024-11-28 15:56:55',NULL),(1889,'teacher','محمد سعد ناصر الشريف','1028960001','0504501460','t366702@mkhb.moe.gov.sa',2,NULL,217,'1446-1447','yes',1266,'2024-11-28 15:56:53','2024-11-28 15:56:55',NULL),(1890,'teacher','سعيد محمد سعيد الشهري','1022823924','0506637910','t617223@mkhb.moe.gov.sa',2,NULL,217,'1446-1447','yes',1267,'2024-11-28 15:56:53','2024-11-28 15:56:55',NULL),(1891,'teacher','بدر عطيه الله عاطي الزهراني','1088907389','0552201622','br14101419@gmail.com',2,NULL,217,'1446-1447','yes',1268,'2024-11-28 15:56:53','2024-11-28 15:56:55',NULL),(1892,'teacher','وليد بن خالد بن عثمان الغامدي','1057072322','0555579730','walid.ghamdi9@gmail.com',2,NULL,217,'1446-1447','yes',1269,'2024-11-28 15:56:53','2024-11-28 15:56:55',NULL),(1893,'teacher','عابد عبيد سند الهذلي','1009920230','0503052098','abed2098@gmail.com',2,NULL,217,'1446-1447','yes',1270,'2024-11-28 15:56:53','2024-11-28 15:56:56',NULL),(1894,'teacher','علي بن محمد علي الزهراني','1055090052','0598899122','t491805@mkhb.moe.gov.sa',2,NULL,217,'1446-1447','yes',1271,'2024-11-28 15:56:53','2024-11-28 15:56:56',NULL),(1895,'teacher','علي ستر مرزوق المقاطي','1058237171','0542200060','sr.34@hotmail.com',2,NULL,217,'1446-1447','yes',1272,'2024-11-28 15:56:53','2024-11-28 15:56:56',NULL),(1896,'teacher','احمد بن حميد بن حسن العفيفي','1042766731','0555565279','aa555565@hotmail.com',2,NULL,217,'1446-1447','yes',1273,'2024-11-28 15:56:53','2024-11-28 15:56:56',NULL),(1897,'teacher','فواز بن فالح بن حامد الزويهري','1072470634','0500229111','fffz-2011@hotmail.com',2,NULL,217,'1446-1447','yes',1274,'2024-11-28 15:56:53','2024-11-28 15:56:56',NULL),(1898,'teacher','حسن بن صالح بن حسن المنيفي الطلحي','1041464122','0502873325','t278903@mkhb.moe.gov.sa',2,NULL,217,'1446-1447','yes',1275,'2024-11-28 15:56:53','2024-11-28 15:56:56',NULL),(1899,'teacher','عبدالله عبدالرزاق عبدالله الطويرقي','1035536570','0508743188','t532801@mkhb.moe.gov.sa',2,NULL,217,'1446-1447','yes',1276,'2024-11-28 15:56:53','2024-11-28 15:56:56',NULL),(1900,'teacher','محمد بن مطلق بن دشين العصيمي','1028849774','0555572031','alesaar@hotmail.com',2,NULL,217,'1446-1447','yes',1277,'2024-11-28 15:56:53','2024-11-28 15:56:56',NULL),(1901,'teacher','هاني عبد العزيز احمد النمري','1038962260','0550490347','hr2255@hotmail.com',2,NULL,217,'1446-1447','yes',1278,'2024-11-28 15:56:53','2024-11-28 15:56:56',NULL),(1902,'teacher','ثامر محمد عطية الطلحي','1073976100','0500545573','thameer139@yahoo.com',2,NULL,217,'1446-1447','yes',1279,'2024-11-28 15:56:53','2024-11-28 15:56:56',NULL),(1903,'teacher','عبدالرحمن بن ابراهيم بن عبدالغني البقارى القرشي','1024852442','0503599982','mokmog8@gmail.com',2,NULL,217,'1446-1447','yes',1280,'2024-11-28 15:56:53','2024-11-28 15:56:56',NULL),(1904,'teacher','عيد بن عابد بن عواض الجعيد','1031772427','0500309040','eidvip3@hotmail.com',2,NULL,217,'1446-1447','yes',1281,'2024-11-28 15:56:53','2024-11-28 15:56:56',NULL),(1905,'teacher','علي بن محمد بن عثمان العثمان الغامدي','1068347192','0504665699','ybc.co.i@hotmail.com',2,NULL,217,'1446-1447','yes',1282,'2024-11-28 15:56:53','2024-11-28 15:56:56',NULL),(1906,'teacher','فاضل بن حسان بن محمد كعكي','1033557016','0540440480','gandut2005@gmail.com',2,NULL,217,'1446-1447','yes',1283,'2024-11-28 15:56:53','2024-11-28 15:56:56',NULL),(1907,'teacher','حامد بن محمد بن حامد المطرفي','1001579612','0563989943','h0563989943@gmail.com',2,NULL,217,'1446-1447','yes',1284,'2024-11-28 15:56:53','2024-11-28 15:56:56',NULL),(1908,'teacher','أحمد بن ناصر بن أحمد الغامدي','1058581214','0508558029','aas2030as@gmail.com',2,NULL,217,'1446-1447','yes',1285,'2024-11-28 15:56:53','2024-11-28 15:56:57',NULL),(1909,'teacher','سعود محيميد براك النفيعي','1054160013','0553545813','saud1311@hotmail.com',2,NULL,217,'1446-1447','yes',1286,'2024-11-28 15:56:53','2024-11-28 15:56:57',NULL),(1910,'teacher','منصور بن عبدالله بن بكر الشريف','1065769224','0555591264','mans47588@gmail.com',2,NULL,217,'1446-1447','yes',1287,'2024-11-28 15:56:53','2024-11-28 15:56:57',NULL),(1911,'teacher','ناصر دخيل الله ناصر القرني','1026584738','0555542236','ndng111@hotmail.com',2,NULL,217,'1446-1447','yes',1288,'2024-11-28 15:56:53','2024-11-28 15:56:57',NULL),(1912,'teacher','محمد سعيد أحمد الزهراني','1044971826','0504588813','mnlwo77@gmail.com',2,NULL,217,'1446-1447','yes',1289,'2024-11-28 15:56:53','2024-11-28 15:56:57',NULL),(1913,'adminstrative','اداري جديد','4424242443','0544443455','ll@email.com',7,42,217,'1446-1447','no',NULL,'2024-11-28 16:08:34','2024-11-28 16:32:29',NULL),(1914,'teacher','سعد عبيد شنبر ذوي طالب الشنبري','1066621952','0502663961','saad.shanber@gmail.com',2,NULL,218,'1446-1447','yes',1290,'2024-11-28 16:38:38','2024-11-28 16:38:38',NULL),(1915,'teacher','شاكر عبدالرزاق حمادي المطرفي','1063256869','0500518449','asd20044@hotmail.com',2,NULL,218,'1446-1447','yes',1291,'2024-11-28 16:38:38','2024-11-28 16:38:38',NULL),(1916,'teacher','نايف حامد احمد الثقفي','1032874644','0506569320','m3_mmma@hotmail.com',2,NULL,218,'1446-1447','yes',1292,'2024-11-28 16:38:38','2024-11-28 16:38:38',NULL),(1917,'teacher','محمد علي طفاف الزهراني','1058508662','0506109687','mod591065555@hotmai.com',2,NULL,218,'1446-1447','yes',1293,'2024-11-28 16:38:38','2024-11-28 16:38:38',NULL),(1918,'teacher','سعيد علي محمد المسعودي','1050001575','0569115091','s.a.masoudi@hotmail.com',2,NULL,218,'1446-1447','yes',1294,'2024-11-28 16:38:38','2024-11-28 16:38:38',NULL),(1919,'teacher','سامي بن محسن بن لافي السويهري','1034940724','0555564265','sami1z@yahoo.com',2,NULL,218,'1446-1447','yes',1295,'2024-11-28 16:38:38','2024-11-28 16:38:38',NULL),(1920,'teacher','سعد بن حميدان بن حماد القرشي','1057275388','0504546373','ffkkllkk777@gmail.com',2,NULL,218,'1446-1447','yes',1296,'2024-11-28 16:38:38','2024-11-28 16:38:38',NULL),(1921,'teacher','حمد بن مزيد بن سفر الشلوي','1077642732','0557772622','naaaaasham@gmail.com',2,NULL,218,'1446-1447','yes',1297,'2024-11-28 16:38:38','2024-11-28 16:38:38',NULL),(1922,'teacher','بندر محسن سعيد الزهراني','1009303643','0555527978','sbmsz@msn.com',2,NULL,218,'1446-1447','yes',1298,'2024-11-28 16:38:38','2024-11-28 16:38:38',NULL),(1923,'teacher','عبدالله بن رمزي بن سليم الزهراني','1038244651','0567799696','seelar56@gmail.com',2,NULL,218,'1446-1447','yes',1299,'2024-11-28 16:38:38','2024-11-28 16:38:39',NULL),(1924,'teacher','محمد بن عمر بن محمد بابطين','1061355325','0504538901','zeero-one2010@hotmail.com',2,NULL,218,'1446-1447','yes',1300,'2024-11-28 16:38:38','2024-11-28 16:38:39',NULL),(1925,'teacher','عارف رشيد زابن المقاطي','1077803250','0504763922','ariifotb@hotmail.com',2,NULL,218,'1446-1447','yes',1301,'2024-11-28 16:38:38','2024-11-28 16:38:39',NULL),(1926,'teacher','ماجد بن عبدالغفور بن قاسم كفيه','1007164252','0504520129','maj20129@gmail.com',2,NULL,218,'1446-1447','yes',1302,'2024-11-28 16:38:38','2024-11-28 16:38:39',NULL),(1927,'teacher','عبدالمحسن شاكر محسن الوادعي','1027062866','0504523590','awadee1@hotmail.com',2,NULL,218,'1446-1447','yes',1303,'2024-11-28 16:38:38','2024-11-28 16:38:39',NULL),(1928,'teacher','عادل بن مرزوق بن محمد الحارثي','1060127709','0559425953','adel125963@gmail.com',2,NULL,218,'1446-1447','yes',1304,'2024-11-28 16:38:38','2024-11-28 16:38:39',NULL),(1929,'teacher','محمد سالم مطلق الدعجاني','1015279647','0503537897','mohammad10@hotmail.com',2,NULL,218,'1446-1447','yes',1305,'2024-11-28 16:38:38','2024-11-28 16:38:39',NULL),(1930,'teacher','نائف عبدالله بن سليم الزهراني','1066596410','0503749365','salimvia07@gmail.com',2,NULL,218,'1446-1447','yes',1306,'2024-11-28 16:38:38','2024-11-28 16:38:39',NULL),(1931,'teacher','علي خلف حصن المسعودي','1063382723','0590557779','a.nm00@hotmail.com',2,NULL,218,'1446-1447','yes',1307,'2024-11-28 16:38:38','2024-11-28 16:38:39',NULL),(1932,'teacher','فارس بن تركي بن امبارك العصيمي','1003803523','0505501630','f1003803523@gmail.com',2,NULL,218,'1446-1447','yes',1308,'2024-11-28 16:38:38','2024-11-28 16:38:39',NULL),(1933,'teacher','عبدالكريم بن عويض بن عمر العتيبي','1048656605','0566698873','kareem1395@outlook.sa',2,NULL,218,'1446-1447','yes',1309,'2024-11-28 16:38:38','2024-11-28 16:38:39',NULL),(1934,'teacher','رائد سعد عويض الهذلي','1056978487','0548898177','rsmt1019@gmail.com',2,NULL,218,'1446-1447','yes',1310,'2024-11-28 16:38:38','2024-11-28 16:38:39',NULL),(1935,'teacher','زهير فهد محمد خوج','1068270881','0555529681','t509599@mkhb.moe.gov.sa',2,NULL,218,'1446-1447','yes',1311,'2024-11-28 16:38:38','2024-11-28 16:38:39',NULL),(1936,'teacher','طلال بن عبيدالله بن عوض الله السيالي','1009060888','0506718343','s_talal@hotmail.com',2,NULL,218,'1446-1447','yes',1312,'2024-11-28 16:38:38','2024-11-28 16:38:39',NULL),(1937,'teacher','محمد خنيفس رزيق الخالدي','1012782916','0505530309','mohammed30309@hotmail.com',2,NULL,218,'1446-1447','yes',1313,'2024-11-28 16:38:38','2024-11-28 16:38:39',NULL),(1938,'teacher','عبدالله بن محمد بن أحمد الزهراني','1014762270','0544491600','t349805@mkhb.moe.gov.sa',2,NULL,218,'1446-1447','yes',1314,'2024-11-28 16:38:38','2024-11-28 16:38:39',NULL),(1939,'teacher','وليد عطيه علي الثبيتي','1005564255','0506521924','walid565758@gmail.com',2,NULL,218,'1446-1447','yes',1315,'2024-11-28 16:38:38','2024-11-28 16:38:40',NULL),(1940,'teacher','احمد مصلح رده الحتيرشي','1048395402','0597597666','ahmadbaarq@gmail.com',2,NULL,218,'1446-1447','yes',1316,'2024-11-28 16:38:38','2024-11-28 16:38:40',NULL),(1941,'teacher','سامى بن سمير بن سالم شربتلى','1041523836','0530907559','t.sami1423@gmail.com',2,NULL,218,'1446-1447','yes',1317,'2024-11-28 16:38:38','2024-11-28 16:38:40',NULL),(1942,'teacher','ياسر بن سويلم بن سليم الصعاقي القرشي','1037323894','0568742121','t246534@mkhb.moe.gov.sa',2,NULL,218,'1446-1447','yes',1318,'2024-11-28 16:38:38','2024-11-28 16:38:40',NULL),(1943,'teacher','سالم مسلم سلمان القرشي','1014504623','0503567276','t202871@mkhb.moe.gov.sa',2,NULL,218,'1446-1447','yes',1319,'2024-11-28 16:38:38','2024-11-28 16:38:40',NULL),(1944,'teacher','محمد سعد ناصر الشريف','1028960001','0504501460','t366702@mkhb.moe.gov.sa',2,NULL,218,'1446-1447','yes',1320,'2024-11-28 16:38:38','2024-11-28 16:38:40',NULL),(1945,'teacher','سعيد محمد سعيد الشهري','1022823924','0506637910','t617223@mkhb.moe.gov.sa',2,NULL,218,'1446-1447','yes',1321,'2024-11-28 16:38:38','2024-11-28 16:38:40',NULL),(1946,'teacher','بدر عطيه الله عاطي الزهراني','1088907389','0552201622','br14101419@gmail.com',2,NULL,218,'1446-1447','yes',1322,'2024-11-28 16:38:38','2024-11-28 16:38:40',NULL),(1947,'teacher','وليد بن خالد بن عثمان الغامدي','1057072322','0555579730','walid.ghamdi9@gmail.com',2,NULL,218,'1446-1447','yes',1323,'2024-11-28 16:38:38','2024-11-28 16:38:40',NULL),(1948,'teacher','عابد عبيد سند الهذلي','1009920230','0503052098','abed2098@gmail.com',2,NULL,218,'1446-1447','yes',1324,'2024-11-28 16:38:38','2024-11-28 16:38:40',NULL),(1949,'teacher','علي بن محمد علي الزهراني','1055090052','0598899122','t491805@mkhb.moe.gov.sa',2,NULL,218,'1446-1447','yes',1325,'2024-11-28 16:38:38','2024-11-28 16:38:40',NULL),(1950,'teacher','علي ستر مرزوق المقاطي','1058237171','0542200060','sr.34@hotmail.com',2,NULL,218,'1446-1447','yes',1326,'2024-11-28 16:38:38','2024-11-28 16:38:40',NULL),(1951,'teacher','احمد بن حميد بن حسن العفيفي','1042766731','0555565279','aa555565@hotmail.com',2,NULL,218,'1446-1447','yes',1327,'2024-11-28 16:38:38','2024-11-28 16:38:40',NULL),(1952,'teacher','فواز بن فالح بن حامد الزويهري','1072470634','0500229111','fffz-2011@hotmail.com',2,NULL,218,'1446-1447','yes',1328,'2024-11-28 16:38:38','2024-11-28 16:38:40',NULL),(1953,'teacher','حسن بن صالح بن حسن المنيفي الطلحي','1041464122','0502873325','t278903@mkhb.moe.gov.sa',2,NULL,218,'1446-1447','yes',1329,'2024-11-28 16:38:38','2024-11-28 16:38:40',NULL),(1954,'teacher','عبدالله عبدالرزاق عبدالله الطويرقي','1035536570','0508743188','t532801@mkhb.moe.gov.sa',2,NULL,218,'1446-1447','yes',1330,'2024-11-28 16:38:38','2024-11-28 16:38:41',NULL),(1955,'teacher','محمد بن مطلق بن دشين العصيمي','1028849774','0555572031','alesaar@hotmail.com',2,NULL,218,'1446-1447','yes',1331,'2024-11-28 16:38:38','2024-11-28 16:38:41',NULL),(1956,'teacher','هاني عبد العزيز احمد النمري','1038962260','0550490347','hr2255@hotmail.com',2,NULL,218,'1446-1447','yes',1332,'2024-11-28 16:38:38','2024-11-28 16:38:41',NULL),(1957,'teacher','ثامر محمد عطية الطلحي','1073976100','0500545573','thameer139@yahoo.com',2,NULL,218,'1446-1447','yes',1333,'2024-11-28 16:38:38','2024-11-28 16:38:41',NULL),(1958,'teacher','عبدالرحمن بن ابراهيم بن عبدالغني البقارى القرشي','1024852442','0503599982','mokmog8@gmail.com',2,NULL,218,'1446-1447','yes',1334,'2024-11-28 16:38:38','2024-11-28 16:38:41',NULL),(1959,'teacher','عيد بن عابد بن عواض الجعيد','1031772427','0500309040','eidvip3@hotmail.com',2,NULL,218,'1446-1447','yes',1335,'2024-11-28 16:38:38','2024-11-28 16:38:41',NULL),(1960,'teacher','علي بن محمد بن عثمان العثمان الغامدي','1068347192','0504665699','ybc.co.i@hotmail.com',2,NULL,218,'1446-1447','yes',1336,'2024-11-28 16:38:38','2024-11-28 16:38:41',NULL),(1961,'teacher','فاضل بن حسان بن محمد كعكي','1033557016','0540440480','gandut2005@gmail.com',2,NULL,218,'1446-1447','yes',1337,'2024-11-28 16:38:38','2024-11-28 16:38:41',NULL),(1962,'teacher','حامد بن محمد بن حامد المطرفي','1001579612','0563989943','h0563989943@gmail.com',2,NULL,218,'1446-1447','yes',1338,'2024-11-28 16:38:38','2024-11-28 16:38:41',NULL),(1963,'teacher','أحمد بن ناصر بن أحمد الغامدي','1058581214','0508558029','aas2030as@gmail.com',2,NULL,218,'1446-1447','yes',1339,'2024-11-28 16:38:38','2024-11-28 16:38:41',NULL),(1964,'teacher','سعود محيميد براك النفيعي','1054160013','0553545813','saud1311@hotmail.com',2,NULL,218,'1446-1447','yes',1340,'2024-11-28 16:38:38','2024-11-28 16:38:41',NULL),(1965,'teacher','منصور بن عبدالله بن بكر الشريف','1065769224','0555591264','mans47588@gmail.com',2,NULL,218,'1446-1447','yes',1341,'2024-11-28 16:38:38','2024-11-28 16:38:41',NULL),(1966,'teacher','ناصر دخيل الله ناصر القرني','1026584738','0555542236','ndng111@hotmail.com',2,NULL,218,'1446-1447','yes',1342,'2024-11-28 16:38:38','2024-11-28 16:38:41',NULL),(1967,'teacher','محمد سعيد أحمد الزهراني','1044971826','0504588813','mnlwo77@gmail.com',2,NULL,218,'1446-1447','yes',1343,'2024-11-28 16:38:38','2024-11-28 16:38:41',NULL),(1968,'adminstrative','اداري جديد','0510599094','0510090909','edary@email.co',7,42,218,'1446-1447','no',NULL,'2024-11-28 16:45:46','2024-11-28 16:45:46',NULL);

--
