-- Table structure for table `meetings`
--

CREATE TABLE `meetings` (
  `id` bigint unsigned NOT NULL AUTO_INCREMENT,
  `namazeg_version_id` bigint unsigned DEFAULT NULL,
  `semester_id` bigint unsigned DEFAULT NULL,
  `school_id` int DEFAULT NULL,
  `name` varchar(191) COLLATE utf8mb4_unicode_ci DEFAULT NULL,
  `model_type` enum('committees','teams') COLLATE utf8mb4_unicode_ci DEFAULT NULL,
  `model_id` int DEFAULT NULL,
  `meeting_type` enum('urgent','periodic') COLLATE utf8mb4_unicode_ci DEFAULT NULL,
  `date` varchar(191) COLLATE utf8mb4_unicode_ci DEFAULT NULL,
  `date_type` enum('coptic','hijri') COLLATE utf8mb4_unicode_ci DEFAULT NULL,
  `start_time` varchar(191) COLLATE utf8mb4_unicode_ci DEFAULT NULL,
  `end_time` varchar(191) COLLATE utf8mb4_unicode_ci DEFAULT NULL,
  `place` varchar(191) COLLATE utf8mb4_unicode_ci DEFAULT NULL,
  `attendances_count` int DEFAULT NULL,
  `target_audience` varchar(191) COLLATE utf8mb4_unicode_ci DEFAULT NULL,
  `meeting_status` enum('completed','not_completed','drafted') COLLATE utf8mb4_unicode_ci DEFAULT NULL,
  `created_at` timestamp NULL DEFAULT NULL,
  `updated_at` timestamp NULL DEFAULT NULL,
  `deleted_at` timestamp NULL DEFAULT NULL,
  PRIMARY KEY (`id`),
  KEY `meetings_semester_id_foreign` (`semester_id`),
  KEY `meetings_namazeg_version_id_foreign` (`namazeg_version_id`),
  CONSTRAINT `meetings_namazeg_version_id_foreign` FOREIGN KEY (`namazeg_version_id`) REFERENCES `namazeg_versions` (`id`) ON DELETE CASCADE,
  CONSTRAINT `meetings_semester_id_foreign` FOREIGN KEY (`semester_id`) REFERENCES `semesters` (`id`)
) ENGINE=InnoDB AUTO_INCREMENT=217 DEFAULT CHARSET=utf8mb4 COLLATE=utf8mb4_unicode_ci;

--
-- Dumping data for table `meetings`
--

INSERT INTO `meetings` (`id`, `namazeg_version_id`, `semester_id`, `school_id`, `name`, `model_type`, `model_id`, `meeting_type`, `date`, `date_type`, `start_time`, `end_time`, `place`, `attendances_count`, `target_audience`, `meeting_status`, `created_at`, `updated_at`, `deleted_at`) VALUES (18,NULL,1,17,'Meeting Name','committees',18,'periodic','27/11/2024','coptic','10:00 AM','11:00 PM','Place',15,'people','not_completed','2024-09-02 11:16:33','2024-11-26 08:33:37',NULL),(19,NULL,4,39,'testooo','committees',2,'urgent','03/09/2024','coptic','16:28',NULL,'asd',NULL,NULL,'not_completed','2024-09-02 11:29:54','2024-09-02 11:29:54',NULL),(22,NULL,4,39,'testooo','committees',2,'periodic','02/09/2024','coptic','17:13',NULL,'sdfghjkl',NULL,NULL,'not_completed','2024-09-02 12:15:18','2024-09-02 12:15:18',NULL),(30,NULL,1,39,'testooo','committees',3,'periodic','03/10/2024','coptic','13:37','13:47','999999999',50,'asdas','not_completed','2024-09-04 08:37:36','2024-09-29 08:48:08',NULL),(32,NULL,4,39,'اجتماع جديد 2','committees',2,'periodic','06/09/2024','coptic','11:00 PM',NULL,'any place',NULL,NULL,'not_completed','2024-09-05 09:56:04','2024-09-05 09:56:04',NULL),(33,NULL,1,1,'Meeting Name','committees',1,'periodic','22/11/2024','coptic','10:00 AM','11:00 PM','Place',15,'people','completed','2024-09-05 10:09:14','2024-11-21 18:38:34',NULL),(35,NULL,4,39,'testooo','committees',1,'urgent','01/10/2024','coptic','15:35','20:00','النادي',3,'المسافرين','completed','2024-09-05 10:36:30','2024-09-05 10:37:18',NULL),(36,NULL,4,39,'testooo','committees',1,'periodic','06/09/2024','coptic','16:05','16:08','test',2,'kl;','completed','2024-09-05 11:08:04','2024-09-05 11:10:10',NULL),(38,NULL,4,39,'testooo','committees',1,'periodic','06/09/2024','coptic','16:51',NULL,'hj',NULL,NULL,'not_completed','2024-09-05 11:56:07','2024-09-05 11:56:07',NULL),(39,NULL,4,39,'testooo','committees',1,'periodic','06/09/2024','coptic','17:05',NULL,'jjjj',NULL,NULL,'not_completed','2024-09-05 12:09:28','2024-09-05 12:09:28',NULL),(41,NULL,4,39,'اجتماع جديد 2','committees',2,'periodic','09/09/2024','coptic','11:00 PM',NULL,'any place',NULL,NULL,'not_completed','2024-09-08 08:04:44','2024-09-08 08:04:44',NULL),(42,NULL,4,39,'testooo','committees',1,'periodic','09/09/2024','coptic','13:46','07:00','Matrouh',5,NULL,'not_completed','2024-09-08 08:47:11','2024-09-08 08:49:10',NULL),(43,NULL,4,39,'NewTesto','teams',1,'periodic','09/09/2024','coptic','15:20','15:24','nnnnnnn',8,'llll','completed','2024-09-08 10:24:45','2024-09-08 10:25:41',NULL),(44,NULL,4,39,'NewTesto','teams',1,'urgent','09/09/2024','coptic','15:46',NULL,'nnmm',NULL,NULL,'not_completed','2024-09-08 10:46:30','2024-09-08 10:46:30',NULL),(45,NULL,1,39,'NewTesto','teams',1,'periodic','26/09/2024','coptic','10:46','10:48','QQQ',123,'DDDDDD','not_completed','2024-09-09 05:48:01','2024-09-25 07:27:07',NULL),(46,NULL,4,39,'NewTesto','committees',1,'periodic','23/09/2024','coptic','14:15','14:15','grrrrrrrrrrrr',NULL,NULL,'not_completed','2024-09-09 09:15:36','2024-09-09 09:15:40',NULL),(94,NULL,4,81,'NewTesto','committees',1,'urgent','30/09/2024','coptic','12:00','Invalid Date','asdasd',NULL,NULL,'not_completed','2024-09-25 18:55:26','2024-09-25 18:55:55',NULL),(95,NULL,4,81,'NewTesto','committees',1,'urgent','06/10/2024','coptic','05:00','01:00','dfgdfg',1,'dfgdfg','completed','2024-09-25 19:01:44','2024-09-25 19:03:10',NULL),(96,NULL,4,81,'NewTesto','committees',1,'urgent','29/09/2024','coptic','09:00','Invalid Date','qwedqwdqwd',NULL,NULL,'not_completed','2024-09-25 19:03:53','2024-09-25 19:03:56',NULL),(97,NULL,4,81,'NewTesto','committees',2,'urgent','26/09/2024','coptic','06:00','03:00','cxzxcsac',1,'wqdqwd','completed','2024-09-25 19:04:25','2024-09-25 19:08:01',NULL),(98,NULL,4,81,'NewTesto','committees',3,'urgent','26/09/2024','coptic','10:00','01:00','asdasdasd',1,'qwe','completed','2024-09-25 19:17:14','2024-09-25 19:18:00',NULL),(99,NULL,4,81,'NewTesto','committees',6,'urgent','26/09/2024','coptic','06:00','03:00','nbvmbv',2,'gjhg','completed','2024-09-25 19:23:21','2024-09-25 19:25:58',NULL),(100,NULL,4,81,'NewTesto','committees',4,'urgent','26/09/2024','coptic','06:00','04:00','asdasdasd',1,'cbvc','completed','2024-09-25 19:30:16','2024-09-25 19:34:45',NULL),(101,NULL,4,81,'NewTesto','teams',1,'urgent','26/09/2024','coptic','07:00','02:01','casd',5,'fafd','completed','2024-09-25 19:35:14','2024-10-08 17:51:45','2024-10-08 17:51:45'),(102,NULL,4,81,'NewTesto','teams',2,'urgent','26/09/2024','coptic','06:00','03:00','xasasx',6,'dasdasd','completed','2024-09-25 19:37:02','2024-09-25 19:37:53',NULL),(197,NULL,1,121,'NewTesto','committees',1,'urgent','28/10/2024','coptic','19:39 م','19:39 م','546',852,'dsasd','completed','2024-10-28 15:39:43','2024-10-28 15:40:07',NULL),(198,NULL,1,121,'NewTesto','committees',1,'urgent','28/10/2024','coptic','20:00 م',NULL,'صصصص',NULL,NULL,'not_completed','2024-10-28 16:01:02','2024-10-28 16:01:02',NULL),(199,NULL,1,121,'NewTesto','committees',1,'urgent','28/10/2024','coptic','20:00 م','Invalid Date','صصصص',NULL,NULL,'not_completed','2024-10-28 16:01:09','2024-10-28 16:01:19',NULL),(200,NULL,1,121,'NewTesto','committees',1,'urgent','28/10/2024','coptic','20:02 م','20:03 م','يسشي',213,'سشي','completed','2024-10-28 16:02:55','2024-10-28 16:04:34',NULL),(204,NULL,1,81,'NewTesto','committees',1,'urgent','30/10/2024','coptic','11:03 ص',NULL,'Cairo',NULL,NULL,'not_completed','2024-10-30 07:03:48','2024-10-30 07:03:48',NULL),(207,11917,1,112,'NewTesto','committees',1,'urgent','11/11/2024','coptic','16:04 م','05:06 ص','qweqwe',2,'qweeqweqeqew','completed','2024-11-10 22:39:33','2024-11-10 22:40:36',NULL),(208,11918,1,112,'NewTesto','committees',4,'urgent','11/11/2024','coptic','00:02 ص',NULL,'12يشصيض',NULL,NULL,'not_completed','2024-11-10 22:46:15','2024-11-10 22:46:15',NULL),(209,11919,1,112,'NewTesto','teams',1,'urgent','11/11/2024','coptic','10:05 ص','00:02 ص','12edr',1,'dqwqwdqwd','completed','2024-11-10 22:47:32','2024-11-10 22:47:54',NULL),(210,11920,1,112,'NewTesto','teams',2,'urgent','11/11/2024','coptic','01:00 ص','00:01 ص','asdasdasd',2,'dasasd','completed','2024-11-10 22:48:16','2024-11-10 22:48:46',NULL),(211,11921,1,112,'NewTesto','teams',2,'urgent','11/11/2024','coptic','00:09 ص','00:01 ص','dd11d2',1,'1212','completed','2024-11-10 22:50:20','2024-11-10 22:50:40',NULL),(212,12065,1,81,'NewTesto','committees',1,'urgent','12/11/2024','coptic','00:07 ص',NULL,'test',NULL,NULL,'not_completed','2024-11-12 16:56:07','2024-11-12 16:56:07',NULL),(213,NULL,1,112,'الأجتماع الأول','committees',1,'periodic','12/10/2024','coptic',NULL,NULL,'any Place',NULL,NULL,'not_completed','2024-11-17 18:04:49','2024-11-17 18:04:49',NULL),(214,12764,1,1,'اجتماع 1','committees',1,'periodic','20/11/2024','coptic','11:00 PM','11:00 PM','any place',15,'people','not_completed','2024-11-19 16:24:23','2024-11-19 16:25:38',NULL),(215,13043,1,203,'NewTesto','committees',1,'urgent','26/11/2024','coptic','13:00 م','Invalid Date','sadasd',NULL,NULL,'not_completed','2024-11-26 09:00:23','2024-11-26 09:02:49',NULL),(216,13044,1,203,'NewTesto','committees',2,'urgent','26/11/2024','coptic','13:03 م','Invalid Date','dasdas',NULL,NULL,'not_completed','2024-11-26 09:03:51','2024-11-26 09:03:57',NULL);

--
-- Table structure for table `messages`
--

CREATE TABLE `messages` (
  `id` bigint unsigned NOT NULL AUTO_INCREMENT,
  `message` longtext COLLATE utf8mb4_unicode_ci NOT NULL,
  `type` enum('handy','sms') COLLATE utf8mb4_unicode_ci NOT NULL,
  `created_at` timestamp NULL DEFAULT NULL,
  `updated_at` timestamp NULL DEFAULT NULL,
  `deleted_at` timestamp NULL DEFAULT NULL,
  `school_id` int NOT NULL,
  PRIMARY KEY (`id`)
) ENGINE=InnoDB AUTO_INCREMENT=95 DEFAULT CHARSET=utf8mb4 COLLATE=utf8mb4_unicode_ci;

--
-- Dumping data for table `messages`
--

INSERT INTO `messages` (`id`, `message`, `type`, `created_at`, `updated_at`, `deleted_at`, `school_id`) VALUES (1,'Helllo Man','handy','2024-08-21 09:12:25','2024-08-21 09:12:25',NULL,1),(2,'Helllo Man','handy','2024-08-21 09:13:54','2024-08-21 09:13:54',NULL,1),(3,'Helllo Man','handy','2024-08-21 09:14:39','2024-08-21 09:14:39',NULL,1),(4,'Helllo Man','handy','2024-08-27 06:06:26','2024-08-27 06:06:26',NULL,1),(5,'Helllo Man...','handy','2024-08-27 06:09:49','2024-08-27 06:09:49',NULL,1),(6,'Helllo Man12312','handy','2024-08-27 09:10:22','2024-08-27 09:10:22',NULL,1),(7,'TOday test','handy','2024-08-27 10:34:27','2024-08-27 10:34:27',NULL,1),(8,'TOday test','handy','2024-08-27 10:35:13','2024-08-27 10:35:13',NULL,2),(9,'Helllo Man','handy','2024-08-28 06:25:01','2024-08-28 06:25:01',NULL,1),(10,'Helllo Man Again','handy','2024-09-03 18:49:29','2024-09-03 18:49:29',NULL,1),(11,'Ay 7aga','handy','2024-09-03 18:56:52','2024-09-03 18:56:52',NULL,1),(12,'Ay 7aga','handy','2024-09-03 18:57:02','2024-09-03 18:57:02',NULL,39),(13,'Ay 7aga','handy','2024-09-03 18:57:22','2024-09-03 18:57:22',NULL,39),(15,'testo','handy','2024-09-10 13:15:02','2024-09-10 13:15:02',NULL,98),(16,'Ay 7aga','handy','2024-09-10 13:21:59','2024-09-10 13:21:59',NULL,98),(17,'Testooooooooo','handy','2024-09-10 13:28:05','2024-09-10 13:28:05',NULL,98),(18,'After Spinner and required testooo','handy','2024-09-10 13:35:01','2024-09-10 13:35:01',NULL,98),(19,'KKK','handy','2024-09-11 15:28:58','2024-09-11 15:28:58',NULL,98),(20,'WW','handy','2024-09-11 15:30:53','2024-09-11 15:30:53',NULL,98),(22,'RFV','handy','2024-09-11 16:24:59','2024-09-11 16:24:59',NULL,98),(24,'نص الرسالة نص الرسالة نص الرسالة نص الرسالة نص الرسالة نص الرسالة','handy','2024-09-12 08:54:40','2024-09-12 08:54:40',NULL,98),(25,'نص الرسالة نص الرسالة نص الرسالة','handy','2024-09-12 08:54:58','2024-09-12 08:54:58',NULL,98),(28,'852000','handy','2024-09-12 12:06:37','2024-09-12 12:06:37',NULL,98),(34,'Testo message for students','handy','2024-09-16 11:04:04','2024-09-16 11:04:04',NULL,98),(36,'qwe','handy','2024-09-16 11:09:45','2024-09-16 11:09:45',NULL,98),(39,'852','handy','2024-09-17 08:36:49','2024-09-17 08:36:49',NULL,98),(42,'520','handy','2024-09-18 08:05:05','2024-09-18 08:05:05',NULL,98),(44,'Testo message for students','handy','2024-09-18 08:06:49','2024-09-18 08:06:49',NULL,98),(45,'hkjhkjhk','handy','2024-09-18 09:33:27','2024-09-18 09:33:27',NULL,98),(49,'tgasedtgfgasdfasda','handy','2024-09-19 11:44:37','2024-09-19 11:44:37',NULL,81),(50,'test','handy','2024-09-19 12:08:56','2024-09-19 12:08:56',NULL,81),(51,'فثسف','handy','2024-09-19 12:10:41','2024-09-19 12:10:41',NULL,81),(52,'ق','handy','2024-09-19 12:15:35','2024-09-19 12:15:35',NULL,81),(53,'fghjk','handy','2024-09-22 09:38:04','2024-09-22 09:38:04',NULL,98),(54,'asdad','handy','2024-09-22 09:49:05','2024-09-22 09:49:05',NULL,98),(55,'asdad','handy','2024-09-22 09:51:59','2024-09-22 09:51:59',NULL,98),(56,'afadfafasfasfasfasdffasd','handy','2024-09-24 06:31:18','2024-09-24 06:31:18',NULL,98),(57,'asd','handy','2024-09-25 02:39:59','2024-09-25 02:39:59',NULL,98),(58,'asd','handy','2024-09-25 02:43:05','2024-09-25 02:43:05',NULL,98),(59,'sad','handy','2024-09-25 02:43:30','2024-09-25 02:43:30',NULL,98),(60,'asdsa','handy','2024-09-25 03:04:58','2024-09-25 03:04:58',NULL,98),(61,'asd','handy','2024-09-25 03:19:12','2024-09-25 03:19:12',NULL,98),(62,'s','handy','2024-09-25 03:26:11','2024-09-25 03:26:11',NULL,98),(63,'q','handy','2024-09-25 03:26:22','2024-09-25 03:26:22',NULL,98),(64,'dsafdsfadsfdasf','handy','2024-09-25 06:19:03','2024-09-25 06:19:03',NULL,98),(65,'شيتساوي','handy','2024-09-25 06:20:42','2024-09-25 06:20:42',NULL,98),(66,'شيتساوي','handy','2024-09-25 06:22:17','2024-09-25 06:22:17',NULL,98),(67,'ليه ظاهرة في الاخر','handy','2024-09-25 06:24:04','2024-09-25 06:24:04',NULL,98),(68,'456','handy','2024-09-26 07:53:09','2024-09-26 07:53:09',NULL,98),(69,'415','handy','2024-09-26 07:54:11','2024-09-26 07:54:11',NULL,98),(70,'ee','handy','2024-09-26 07:56:07','2024-09-26 07:56:07',NULL,98),(71,'Boyzooooo','handy','2024-09-26 08:45:43','2024-09-26 08:45:43',NULL,98),(72,'يعطيكم العافية على شغلكم ذا','handy','2024-09-29 10:29:43','2024-09-29 10:29:43',NULL,105),(73,'يعطيكم العافية على شغلكم ذا','handy','2024-09-30 08:44:50','2024-09-30 08:44:50',NULL,105),(74,'تجربة','handy','2024-09-30 08:48:57','2024-09-30 08:48:57',NULL,105),(75,'تجربة 2','handy','2024-09-30 08:50:17','2024-09-30 08:50:17',NULL,105),(76,'تجربة 3','handy','2024-09-30 08:50:29','2024-09-30 08:50:29',NULL,105),(77,'ابنك غائب','handy','2024-09-30 08:53:29','2024-09-30 08:53:29',NULL,105),(78,'ببببببب','handy','2024-10-15 10:28:27','2024-10-15 10:28:27',NULL,105),(79,'test','handy','2024-10-16 09:57:47','2024-10-16 09:57:47',NULL,98),(80,'asdsa','handy','2024-10-28 15:38:07','2024-10-28 15:38:07',NULL,121),(81,'4515415','handy','2024-10-30 07:06:16','2024-10-30 07:06:16',NULL,98),(82,'Helllo Man','handy','2024-11-15 19:43:00','2024-11-15 19:43:00',NULL,98),(83,'Helllo Man','handy','2024-11-15 19:43:36','2024-11-15 19:43:36',NULL,98),(84,'Helllo Man','handy','2024-11-15 19:48:57','2024-11-15 19:48:57',NULL,98),(85,'Helllo Man','handy','2024-11-15 19:49:52','2024-11-15 19:49:52',NULL,98),(86,'Helllo Man','handy','2024-11-15 19:54:30','2024-11-15 19:54:30',NULL,98),(87,'Test','handy','2024-11-24 07:47:53','2024-11-24 07:47:53',NULL,98),(88,'Test','handy','2024-11-24 07:48:34','2024-11-24 07:48:34',NULL,98),(89,'Test','handy','2024-11-24 07:48:47','2024-11-24 07:48:47',NULL,98),(90,'Test','handy','2024-11-24 07:49:18','2024-11-24 07:49:18',NULL,98),(91,'Test','handy','2024-11-24 07:49:40','2024-11-24 07:49:40',NULL,98),(92,'Test','handy','2024-11-24 07:49:48','2024-11-24 07:49:48',NULL,98),(93,'tEST','handy','2024-11-24 07:50:59','2024-11-24 07:50:59',NULL,98),(94,'TestJamio','handy','2024-11-24 08:09:55','2024-11-24 08:09:55',NULL,98);

--
-- Table structure for table `messages_recieves`
--

CREATE TABLE `messages_recieves` (
  `id` bigint unsigned NOT NULL AUTO_INCREMENT,
  `message_id` bigint unsigned NOT NULL,
  `user_id` int NOT NULL,
  `created_at` timestamp NULL DEFAULT NULL,
  `updated_at` timestamp NULL DEFAULT NULL,
  `user_type` enum('student','employee') COLLATE utf8mb4_unicode_ci NOT NULL,
  PRIMARY KEY (`id`),
  KEY `notifications_recieves_message_id_foreign` (`message_id`),
  CONSTRAINT `notifications_recieves_message_id_foreign` FOREIGN KEY (`message_id`) REFERENCES `messages` (`id`) ON DELETE CASCADE
) ENGINE=InnoDB AUTO_INCREMENT=248 DEFAULT CHARSET=utf8mb4 COLLATE=utf8mb4_unicode_ci;

--
-- Dumping data for table `messages_recieves`
--

INSERT INTO `messages_recieves` (`id`, `message_id`, `user_id`, `created_at`, `updated_at`, `user_type`) VALUES (1,1,3,'2024-08-21 09:12:25','2024-08-21 09:12:25','student'),(2,1,4,'2024-08-21 09:12:25','2024-08-21 09:12:25','student'),(3,2,3,'2024-08-21 09:13:54','2024-08-21 09:13:54','student'),(4,2,4,'2024-08-21 09:13:54','2024-08-21 09:13:54','student'),(5,3,3,'2024-08-21 09:14:39','2024-08-21 09:14:39','student'),(6,3,4,'2024-08-21 09:14:39','2024-08-21 09:14:39','student'),(7,4,3,'2024-08-27 06:06:26','2024-08-27 06:06:26','student'),(8,4,4,'2024-08-27 06:06:26','2024-08-27 06:06:26','student'),(9,5,3,'2024-08-27 06:09:49','2024-08-27 06:09:49','student'),(10,5,4,'2024-08-27 06:09:49','2024-08-27 06:09:49','student'),(11,6,3,'2024-08-27 09:10:22','2024-08-27 09:10:22','student'),(12,6,4,'2024-08-27 09:10:22','2024-08-27 09:10:22','student'),(13,7,3,'2024-08-27 10:34:27','2024-08-27 10:34:27','student'),(14,7,4,'2024-08-27 10:34:27','2024-08-27 10:34:27','student'),(15,8,3,'2024-08-27 10:35:13','2024-08-27 10:35:13','student'),(16,8,4,'2024-08-27 10:35:13','2024-08-27 10:35:13','student'),(17,9,1,'2024-08-28 06:25:02','2024-08-28 06:25:02','student'),(18,9,2,'2024-08-28 06:25:02','2024-08-28 06:25:02','student'),(19,10,3,'2024-09-03 18:49:29','2024-09-03 18:49:29','student'),(20,10,4,'2024-09-03 18:49:29','2024-09-03 18:49:29','student'),(21,11,4,'2024-09-03 18:56:53','2024-09-03 18:56:53','student'),(22,12,4,'2024-09-03 18:57:02','2024-09-03 18:57:02','student'),(23,13,3,'2024-09-03 18:57:22','2024-09-03 18:57:22','student'),(25,15,630,'2024-09-10 13:15:02','2024-09-10 13:15:02','employee'),(26,16,630,'2024-09-10 13:21:59','2024-09-10 13:21:59','employee'),(27,17,630,'2024-09-10 13:28:05','2024-09-10 13:28:05','employee'),(28,17,629,'2024-09-10 13:28:05','2024-09-10 13:28:05','employee'),(29,18,630,'2024-09-10 13:35:01','2024-09-10 13:35:01','employee'),(30,19,630,'2024-09-11 15:28:58','2024-09-11 15:28:58','employee'),(31,20,630,'2024-09-11 15:30:53','2024-09-11 15:30:53','employee'),(32,20,629,'2024-09-11 15:30:53','2024-09-11 15:30:53','employee'),(35,22,629,'2024-09-11 16:24:59','2024-09-11 16:24:59','employee'),(36,22,630,'2024-09-11 16:24:59','2024-09-11 16:24:59','employee'),(38,24,629,'2024-09-12 08:54:40','2024-09-12 08:54:40','employee'),(39,25,630,'2024-09-12 08:54:58','2024-09-12 08:54:58','employee'),(40,25,629,'2024-09-12 08:54:58','2024-09-12 08:54:58','employee'),(43,28,630,'2024-09-12 12:06:37','2024-09-12 12:06:37','employee'),(63,34,71753,'2024-09-16 11:04:04','2024-09-16 11:04:04','student'),(64,34,71754,'2024-09-16 11:04:04','2024-09-16 11:04:04','student'),(65,34,71755,'2024-09-16 11:04:04','2024-09-16 11:04:04','student'),(67,36,71775,'2024-09-16 11:09:45','2024-09-16 11:09:45','student'),(68,36,71776,'2024-09-16 11:09:45','2024-09-16 11:09:45','student'),(69,36,71777,'2024-09-16 11:09:45','2024-09-16 11:09:45','student'),(70,36,71778,'2024-09-16 11:09:45','2024-09-16 11:09:45','student'),(71,36,71779,'2024-09-16 11:09:45','2024-09-16 11:09:45','student'),(72,36,71780,'2024-09-16 11:09:45','2024-09-16 11:09:45','student'),(73,36,71781,'2024-09-16 11:09:45','2024-09-16 11:09:45','student'),(74,36,71782,'2024-09-16 11:09:45','2024-09-16 11:09:45','student'),(75,36,71783,'2024-09-16 11:09:45','2024-09-16 11:09:45','student'),(76,36,71784,'2024-09-16 11:09:45','2024-09-16 11:09:45','student'),(77,36,71785,'2024-09-16 11:09:45','2024-09-16 11:09:45','student'),(78,36,71786,'2024-09-16 11:09:45','2024-09-16 11:09:45','student'),(79,36,71787,'2024-09-16 11:09:45','2024-09-16 11:09:45','student'),(80,36,71788,'2024-09-16 11:09:45','2024-09-16 11:09:45','student'),(81,36,71789,'2024-09-16 11:09:45','2024-09-16 11:09:45','student'),(82,36,71790,'2024-09-16 11:09:45','2024-09-16 11:09:45','student'),(83,36,71791,'2024-09-16 11:09:45','2024-09-16 11:09:45','student'),(84,36,71792,'2024-09-16 11:09:45','2024-09-16 11:09:45','student'),(85,36,71793,'2024-09-16 11:09:45','2024-09-16 11:09:45','student'),(86,36,71794,'2024-09-16 11:09:45','2024-09-16 11:09:45','student'),(87,36,71795,'2024-09-16 11:09:45','2024-09-16 11:09:45','student'),(88,36,71796,'2024-09-16 11:09:45','2024-09-16 11:09:45','student'),(89,36,71797,'2024-09-16 11:09:45','2024-09-16 11:09:45','student'),(90,36,71798,'2024-09-16 11:09:45','2024-09-16 11:09:45','student'),(91,36,71799,'2024-09-16 11:09:45','2024-09-16 11:09:45','student'),(92,36,71800,'2024-09-16 11:09:45','2024-09-16 11:09:45','student'),(93,36,71801,'2024-09-16 11:09:45','2024-09-16 11:09:45','student'),(94,36,71802,'2024-09-16 11:09:45','2024-09-16 11:09:45','student'),(95,36,71803,'2024-09-16 11:09:45','2024-09-16 11:09:45','student'),(98,39,630,'2024-09-17 08:36:49','2024-09-17 08:36:49','employee'),(102,42,630,'2024-09-18 08:05:05','2024-09-18 08:05:05','employee'),(103,42,629,'2024-09-18 08:05:05','2024-09-18 08:05:05','employee'),(105,44,71755,'2024-09-18 08:06:49','2024-09-18 08:06:49','student'),(106,44,71757,'2024-09-18 08:06:49','2024-09-18 08:06:49','student'),(107,45,71610,'2024-09-18 09:33:27','2024-09-18 09:33:27','student'),(108,45,71611,'2024-09-18 09:33:27','2024-09-18 09:33:27','student'),(109,45,71612,'2024-09-18 09:33:27','2024-09-18 09:33:27','student'),(110,45,71613,'2024-09-18 09:33:27','2024-09-18 09:33:27','student'),(120,49,61465,'2024-09-19 11:44:38','2024-09-19 11:44:38','student'),(121,49,61468,'2024-09-19 11:44:38','2024-09-19 11:44:38','student'),(122,50,61441,'2024-09-19 12:08:57','2024-09-19 12:08:57','student'),(123,51,61636,'2024-09-19 12:10:41','2024-09-19 12:10:41','student'),(124,51,61637,'2024-09-19 12:10:42','2024-09-19 12:10:42','student'),(125,51,61638,'2024-09-19 12:10:42','2024-09-19 12:10:42','student'),(126,51,61639,'2024-09-19 12:10:42','2024-09-19 12:10:42','student'),(127,51,61640,'2024-09-19 12:10:42','2024-09-19 12:10:42','student'),(128,51,61641,'2024-09-19 12:10:43','2024-09-19 12:10:43','student'),(129,51,61642,'2024-09-19 12:10:43','2024-09-19 12:10:43','student'),(130,51,61643,'2024-09-19 12:10:43','2024-09-19 12:10:43','student'),(131,51,61644,'2024-09-19 12:10:43','2024-09-19 12:10:43','student'),(132,51,61645,'2024-09-19 12:10:44','2024-09-19 12:10:44','student'),(133,51,61646,'2024-09-19 12:10:44','2024-09-19 12:10:44','student'),(134,51,61647,'2024-09-19 12:10:44','2024-09-19 12:10:44','student'),(135,51,61648,'2024-09-19 12:10:44','2024-09-19 12:10:44','student'),(136,51,61649,'2024-09-19 12:10:44','2024-09-19 12:10:44','student'),(137,51,61650,'2024-09-19 12:10:45','2024-09-19 12:10:45','student'),(138,51,61651,'2024-09-19 12:10:45','2024-09-19 12:10:45','student'),(139,51,61652,'2024-09-19 12:10:45','2024-09-19 12:10:45','student'),(140,51,61653,'2024-09-19 12:10:45','2024-09-19 12:10:45','student'),(141,52,61443,'2024-09-19 12:15:35','2024-09-19 12:15:35','student'),(142,52,61444,'2024-09-19 12:15:36','2024-09-19 12:15:36','student'),(143,52,61445,'2024-09-19 12:15:36','2024-09-19 12:15:36','student'),(144,52,61446,'2024-09-19 12:15:36','2024-09-19 12:15:36','student'),(145,52,61447,'2024-09-19 12:15:36','2024-09-19 12:15:36','student'),(146,52,61448,'2024-09-19 12:15:37','2024-09-19 12:15:37','student'),(147,52,61449,'2024-09-19 12:15:37','2024-09-19 12:15:37','student'),(148,52,61450,'2024-09-19 12:15:37','2024-09-19 12:15:37','student'),(149,52,61451,'2024-09-19 12:15:37','2024-09-19 12:15:37','student'),(150,52,61452,'2024-09-19 12:15:37','2024-09-19 12:15:37','student'),(151,52,61453,'2024-09-19 12:15:38','2024-09-19 12:15:38','student'),(152,52,61454,'2024-09-19 12:15:38','2024-09-19 12:15:38','student'),(153,52,61455,'2024-09-19 12:15:38','2024-09-19 12:15:38','student'),(154,52,61456,'2024-09-19 12:15:38','2024-09-19 12:15:38','student'),(155,52,61457,'2024-09-19 12:15:39','2024-09-19 12:15:39','student'),(156,52,61458,'2024-09-19 12:15:39','2024-09-19 12:15:39','student'),(157,52,61459,'2024-09-19 12:15:39','2024-09-19 12:15:39','student'),(158,52,61460,'2024-09-19 12:15:39','2024-09-19 12:15:39','student'),(159,52,61461,'2024-09-19 12:15:40','2024-09-19 12:15:40','student'),(160,52,61462,'2024-09-19 12:15:40','2024-09-19 12:15:40','student'),(161,52,61463,'2024-09-19 12:15:40','2024-09-19 12:15:40','student'),(162,52,61464,'2024-09-19 12:15:40','2024-09-19 12:15:40','student'),(163,53,72006,'2024-09-22 09:38:04','2024-09-22 09:38:04','student'),(164,54,630,'2024-09-22 09:49:05','2024-09-22 09:49:05','employee'),(165,54,629,'2024-09-22 09:49:05','2024-09-22 09:49:05','employee'),(166,55,630,'2024-09-22 09:51:59','2024-09-22 09:51:59','employee'),(167,56,630,'2024-09-24 06:31:18','2024-09-24 06:31:18','employee'),(168,56,629,'2024-09-24 06:31:18','2024-09-24 06:31:18','employee'),(169,57,630,'2024-09-25 02:39:59','2024-09-25 02:39:59','employee'),(170,58,629,'2024-09-25 02:43:05','2024-09-25 02:43:05','employee'),(171,59,630,'2024-09-25 02:43:30','2024-09-25 02:43:30','employee'),(172,60,630,'2024-09-25 03:04:58','2024-09-25 03:04:58','employee'),(173,61,72006,'2024-09-25 03:19:12','2024-09-25 03:19:12','student'),(174,62,630,'2024-09-25 03:26:11','2024-09-25 03:26:11','employee'),(175,62,629,'2024-09-25 03:26:11','2024-09-25 03:26:11','employee'),(176,63,72006,'2024-09-25 03:26:22','2024-09-25 03:26:22','student'),(177,64,630,'2024-09-25 06:19:03','2024-09-25 06:19:03','employee'),(178,64,629,'2024-09-25 06:19:03','2024-09-25 06:19:03','employee'),(179,65,72006,'2024-09-25 06:20:42','2024-09-25 06:20:42','student'),(180,66,72006,'2024-09-25 06:22:17','2024-09-25 06:22:17','student'),(181,67,630,'2024-09-25 06:24:04','2024-09-25 06:24:04','employee'),(182,67,629,'2024-09-25 06:24:04','2024-09-25 06:24:04','employee'),(183,68,629,'2024-09-26 07:53:09','2024-09-26 07:53:09','employee'),(184,68,630,'2024-09-26 07:53:09','2024-09-26 07:53:09','employee'),(185,69,630,'2024-09-26 07:54:11','2024-09-26 07:54:11','employee'),(186,69,629,'2024-09-26 07:54:11','2024-09-26 07:54:11','employee'),(187,70,72006,'2024-09-26 07:56:07','2024-09-26 07:56:07','student'),(188,71,630,'2024-09-26 08:45:43','2024-09-26 08:45:43','employee'),(189,71,630,'2024-09-26 08:45:43','2024-09-26 08:45:43','employee'),(190,71,630,'2024-09-26 08:45:43','2024-09-26 08:45:43','employee'),(191,71,629,'2024-09-26 08:45:43','2024-09-26 08:45:43','employee'),(192,72,677,'2024-09-29 10:29:43','2024-09-29 10:29:43','employee'),(193,73,677,'2024-09-30 08:44:50','2024-09-30 08:44:50','employee'),(194,73,676,'2024-09-30 08:44:50','2024-09-30 08:44:50','employee'),(195,74,677,'2024-09-30 08:48:57','2024-09-30 08:48:57','employee'),(196,74,676,'2024-09-30 08:48:57','2024-09-30 08:48:57','employee'),(197,75,676,'2024-09-30 08:50:17','2024-09-30 08:50:17','employee'),(198,76,677,'2024-09-30 08:50:29','2024-09-30 08:50:29','employee'),(199,76,676,'2024-09-30 08:50:29','2024-09-30 08:50:29','employee'),(200,77,69886,'2024-09-30 08:53:29','2024-09-30 08:53:29','student'),(201,77,69887,'2024-09-30 08:53:29','2024-09-30 08:53:29','student'),(202,77,69888,'2024-09-30 08:53:29','2024-09-30 08:53:29','student'),(203,77,69889,'2024-09-30 08:53:29','2024-09-30 08:53:29','student'),(204,77,69890,'2024-09-30 08:53:29','2024-09-30 08:53:29','student'),(205,77,69891,'2024-09-30 08:53:29','2024-09-30 08:53:29','student'),(206,77,69892,'2024-09-30 08:53:29','2024-09-30 08:53:29','student'),(207,77,69893,'2024-09-30 08:53:29','2024-09-30 08:53:29','student'),(208,77,69894,'2024-09-30 08:53:29','2024-09-30 08:53:29','student'),(209,77,69895,'2024-09-30 08:53:29','2024-09-30 08:53:29','student'),(210,77,69896,'2024-09-30 08:53:29','2024-09-30 08:53:29','student'),(211,77,69897,'2024-09-30 08:53:29','2024-09-30 08:53:29','student'),(212,77,69898,'2024-09-30 08:53:29','2024-09-30 08:53:29','student'),(213,77,69899,'2024-09-30 08:53:29','2024-09-30 08:53:29','student'),(214,77,69900,'2024-09-30 08:53:29','2024-09-30 08:53:29','student'),(215,77,69901,'2024-09-30 08:53:29','2024-09-30 08:53:29','student'),(216,77,69902,'2024-09-30 08:53:29','2024-09-30 08:53:29','student'),(217,77,69903,'2024-09-30 08:53:29','2024-09-30 08:53:29','student'),(218,77,69904,'2024-09-30 08:53:30','2024-09-30 08:53:30','student'),(219,77,69905,'2024-09-30 08:53:30','2024-09-30 08:53:30','student'),(220,77,69906,'2024-09-30 08:53:30','2024-09-30 08:53:30','student'),(221,77,69907,'2024-09-30 08:53:30','2024-09-30 08:53:30','student'),(222,77,69908,'2024-09-30 08:53:30','2024-09-30 08:53:30','student'),(223,77,69909,'2024-09-30 08:53:30','2024-09-30 08:53:30','student'),(224,77,69910,'2024-09-30 08:53:30','2024-09-30 08:53:30','student'),(225,77,69911,'2024-09-30 08:53:30','2024-09-30 08:53:30','student'),(226,77,69912,'2024-09-30 08:53:30','2024-09-30 08:53:30','student'),(227,78,677,'2024-10-15 10:28:27','2024-10-15 10:28:27','employee'),(228,79,73498,'2024-10-16 09:57:47','2024-10-16 09:57:47','student'),(229,79,73499,'2024-10-16 09:57:47','2024-10-16 09:57:47','student'),(230,79,73500,'2024-10-16 09:57:47','2024-10-16 09:57:47','student'),(231,79,73501,'2024-10-16 09:57:47','2024-10-16 09:57:47','student'),(232,80,753,'2024-10-28 15:38:07','2024-10-28 15:38:07','employee'),(233,81,630,'2024-10-30 07:06:16','2024-10-30 07:06:16','employee'),(234,81,962,'2024-10-30 07:06:16','2024-10-30 07:06:16','employee'),(235,82,4,'2024-11-15 19:43:00','2024-11-15 19:43:00','student'),(236,83,61672,'2024-11-15 19:43:36','2024-11-15 19:43:36','student'),(237,84,61672,'2024-11-15 19:48:57','2024-11-15 19:48:57','student'),(238,85,61672,'2024-11-15 19:49:52','2024-11-15 19:49:52','student'),(239,86,61672,'2024-11-15 19:54:30','2024-11-15 19:54:30','student'),(240,87,974,'2024-11-24 07:47:53','2024-11-24 07:47:53','employee'),(241,88,974,'2024-11-24 07:48:34','2024-11-24 07:48:34','employee'),(242,89,974,'2024-11-24 07:48:47','2024-11-24 07:48:47','employee'),(243,90,974,'2024-11-24 07:49:18','2024-11-24 07:49:18','employee'),(244,91,959,'2024-11-24 07:49:40','2024-11-24 07:49:40','employee'),(245,92,974,'2024-11-24 07:49:48','2024-11-24 07:49:48','employee'),(246,93,106908,'2024-11-24 07:50:59','2024-11-24 07:50:59','student'),(247,94,106908,'2024-11-24 08:09:55','2024-11-24 08:09:55','student');

--
-- Table structure for table `migrations`
--

CREATE TABLE `migrations` (
  `id` int unsigned NOT NULL AUTO_INCREMENT,
  `migration` varchar(191) CHARACTER SET utf8mb4 COLLATE utf8mb4_unicode_ci NOT NULL,
  `batch` int NOT NULL,
  PRIMARY KEY (`id`)
) ENGINE=InnoDB AUTO_INCREMENT=403 DEFAULT CHARSET=utf8mb4 COLLATE=utf8mb4_unicode_ci;

--
-- Dumping data for table `migrations`
--

INSERT INTO `migrations` (`id`, `migration`, `batch`) VALUES (1,'2019_12_14_000001_create_personal_access_tokens_table',1),(2,'2024_07_13_175226_create_areas_table',1),(3,'2024_07_13_175226_create_violation_names_table',1),(4,'2024_07_14_134016_create_educational_departments_table',1),(5,'2024_07_14_145334_create_educational_offices_table',1),(6,'2024_07_14_153833_create_cities_table',1),(7,'2024_07_14_190034_create_school_grades_table',1),(8,'2024_07_15_181453_create_users_table',1),(9,'2024_07_16_172455_create_schools_table',1),(11,'2024_07_18_121023_create_specializations_table',1),(12,'2024_07_18_121134_create_current_works_table',1),(13,'2024_07_18_154744_create_class_names_table',1),(14,'2024_07_18_154755_create_school_classes_table',1),(15,'2024_07_18_165859_create_categories_table',1),(16,'2024_07_18_180501_create_school_facilities_table',1),(17,'2024_07_18_180713_create_school_references_table',1),(18,'2024_07_18_180956_create_school_students_table',1),(19,'2024_07_18_181252_create_school_employees_table',1),(20,'2024_07_19_143451_create_violation_punishment_form_table',1),(21,'2024_07_20_071350_create_external_systems_table',1),(22,'2024_07_20_085859_create_procedure_names_table',1),(23,'2024_07_21_105840_create_absence_procedures_forms_table',1),(24,'2024_07_21_125354_create_late_procedures_forms_table',1),(25,'2024_07_21_143642_create_absence_procedures_table',1),(27,'2024_07_22_161325_create_late_procedures_table',1),(29,'2024_07_22_172700_create_notifications_table',1),(30,'2024_07_22_172727_create_notification_receptors_table',1),(31,'2024_07_25_111920_create_coupons_table',1),(32,'2024_07_25_175350_create_products_table',1),(33,'2024_07_25_181249_coupon_product',1),(34,'2024_07_26_103511_create_proceeds_table',1),(35,'2024_07_26_104537_create_proceed_users_table',1),(36,'2024_07_26_140021_create_letters_table',1),(37,'2024_07_26_142142_create_events_table',1),(38,'2024_07_26_142433_create_pages_table',1),(39,'2024_07_26_142630_create_sliders_table',1),(40,'2024_07_26_143050_create_violations_table',1),(41,'2024_07_26_143342_create_violation_grades_table',1),(42,'2024_07_26_144215_create_violation_titles_table',1),(43,'2024_07_26_144346_create_violation_types_table',1),(44,'2024_07_26_144453_create_violation_punishments_table',1),(45,'2024_07_27_091847_create_alerts_table',1),(46,'2024_07_27_095807_create_alert_notes_table',1),(47,'2024_07_27_112454_create_weeks_table',1),(48,'2024_07_27_232345_create_semesters_table',1),(49,'2024_07_28_154755_create_days_table',1),(50,'2024_07_28_154755_create_floors_table',1),(51,'2024_07_28_154755_create_subjects_table',1),(52,'2024_07_28_154755_create_videos_table',1),(53,'2024_07_29_164755_create_school_subject_teachers_table',1),(54,'2024_07_29_215302_create_semester_week_days_table',1),(55,'2024_07_30_111347_create_periods_table',1),(58,'2024_07_31_144115_create_supervision_schedules_table',1),(59,'2024_07_31_144115_create_supervisors_table',1),(60,'2024_07_31_144116_create_teacher_schedules_table',1),(61,'2024_07_31_144117_create_teacher_schedul_data_table',1),(62,'2024_08_03_122652_create_classroom_visits_table',1),(63,'2024_08_03_234757_create_semester_vacations_table',1),(64,'2024_08_03_235552_create_guides_and_regulations_table',1),(65,'2024_08_03_235936_create_guides_and_regulations_files_table',1),(66,'2024_08_04_001232_create_teams_table',1),(67,'2024_08_04_001325_create_committees_table',1),(68,'2024_08_04_001500_create_meetings_table',1),(69,'2024_08_04_002030_create_meeting_recommendations_table',1),(70,'2024_08_04_002416_create_meeting_scheduals_table',1),(71,'2024_08_04_002542_create_internal_circulars_table',1),(72,'2024_08_04_002932_create_internal_circulars_teachers_table',1),(73,'2024_08_04_003237_create_student_general_circulars_table',1),(74,'2024_08_04_003541_create_student_general_circulars_students_table',1),(75,'2024_08_04_003931_create_teacher_general_circulars_table',1),(76,'2024_08_04_004053_create_teacher_general_circulars_teachers_table',1),(77,'2024_08_04_190207_create_permission_tables',1),(79,'2024_08_12_085627_create_committee_forms_table',1),(80,'2024_08_12_085700_create_committee_supervisors_table',1),(81,'2024_08_12_124146_create_violation_assigns__table',1),(82,'2024_08_12_133644_create_notifications_messages_table',1),(83,'2024_08_12_133657_create_notifications_recieves_table',1),(84,'2024_08_14_143116_create_barcode_table',1),(85,'2024_08_14_143131_create_trip_videos_table',1),(86,'2024_08_16_075518_add_new_column_to_notifications_table',1),(90,'2024_08_17_091147_create_namazeg_categories_table',1),(91,'2024_08_20_075519_add_column_school_id_to_notifications_messages_table',1),(92,'2024_08_20_075519_add_column_user_type_to_notifications_recieves_table',1),(93,'2024_08_21_071502_create_activity_log_table',1),(94,'2024_08_21_071503_add_event_column_to_activity_log_table',1),(95,'2024_08_21_071504_add_batch_uuid_column_to_activity_log_table',1),(96,'2024_07_21_205820_create_absence_forms_table',2),(97,'2024_07_22_165933_create_late_forms_table',2),(98,'2024_08_21_071504_add_school_id_column_to_proceeds_table',3),(99,'2024_08_22_153227_create_trashed_records_table',3),(100,'2024_08_22_163531_create_jobs_table',3),(101,'2024_08_22_172547_add_foreign_key_to_school_employees',3),(103,'2024_08_23_163559_create_visit_methods_table',4),(106,'2024_08_23_172956_create_class_visit_needs_table',4),(107,'2024_08_24_095804_modify_date_type_column_in_notifications_table',4),(108,'2024_08_24_134525_add_column_to_school_references_table',5),(109,'2024_08_24_152242_add_column_to_schools_table',5),(110,'2024_08_24_165926_add_column_to_school_facilities_table',6),(111,'2024_08_10_124430_create_class_room_visit_sessions_table',7),(112,'2024_08_23_100059_create_visit_methods_table',8),(113,'2024_08_23_104341_create_class_visit_cards_table',8),(114,'2024_08_26_212753_create_shift_schedules_table',8),(115,'2024_08_26_213101_create_shift_schedule_days_table',8),(116,'2024_08_26_213232_create_shift_teachers_table',8),(117,'2024_08_28_004752_add_column_school_id_to_meetings_table',8),(118,'2024_08_28_004805_add_column_school_id_to_committees_table',8),(119,'2024_08_28_004817_add_column_school_id_to_teams_table',8),(120,'2024_08_28_123644_rename_notifications_messages_to_messages',8),(121,'2024_08_23_164528_create_class_visit_rates_table',9),(122,'2024_08_23_172704_create_class_visit_recommendations_table',10),(123,'2024_08_28_135754_update_notification_receptors_table',11),(127,'2024_08_29_150717_add_column_semester_id_to_meetings_table',13),(134,'2024_08_30_140817_add_column_name_to_table_shift_teachers',14),(135,'2024_08_31_110826_add_cascade_delete_to_proceed_users',14),(136,'2024_09_02_110817_add_column_internal_external_to_table_namazeg',14),(137,'2024_09_03_181607_create_namazeg_versions_table',14),(138,'2024_09_03_210323_create_namazeg_circular_attendances_table',14),(139,'2024_09_03_211158_create_namazeg_manager_planes_table',14),(140,'2024_09_03_215403_create_namazeg_manager_plane_details_table',14),(141,'2024_09_04_090156_create_namazeg_teacher_performance_follows_table',14),(142,'2024_09_04_092516_create_namazeg_assign_professional_communities_table',14),(143,'2024_09_04_093458_create_namazeg_assign_professional_communities_employees_table',14),(144,'2024_09_04_095457_create_namazeg_questionings_table',14),(145,'2024_09_04_095813_create_namazeg_school_commitments_table',14),(146,'2024_09_04_105200_create_namazeg_class_plan_activities_table',14),(147,'2024_09_04_110442_create_namazeg_final_report_class_activities_table',14),(148,'2024_09_04_111409_create_namazeg_accept_students_table',14),(149,'2024_09_04_112934_create_namazeg_transform_quran_students_table',14),(150,'2024_09_04_114103_create_namazeg_student_data_table',14),(151,'2024_09_04_114952_create_namazeg_books_deliveries_table',14),(152,'2024_09_04_115339_create_namazeg_student_follows_table',14),(153,'2024_09_04_123055_create_namazeg_employee_leaving_records_table',14),(154,'2024_09_04_124416_create_namazeg_absence_questionings_table',14),(155,'2024_09_04_124724_create_namazeg_absence_descion_confirms_table',14),(156,'2024_09_04_125534_create_namazeg_notify_late_leavings_table',14),(157,'2024_09_04_130355_create_namazeg_descion_sumhours_lateleavings_table',14),(158,'2024_09_04_130728_create_namazeg_monitoring_late_absence_teachers_table',14),(159,'2024_09_04_131016_create_namazeg_lab_inventory_records_table',14),(160,'2024_09_04_131155_create_namazeg_experment_excution_records_table',14),(161,'2024_09_04_131343_create_namazeg_chemist_lab_inventory_records_table',14),(162,'2024_09_04_131511_create_namazeg_excess_damage_records_table',14),(163,'2024_09_04_131641_create_namazeg_reciept_records_table',14),(164,'2024_09_04_131801_create_table_exams_table',14),(165,'2024_09_04_133552_add_column_school_id_to_letters_table',14),(166,'2024_09_04_135614_create_table_exam_days_table',14),(167,'2024_09_04_135619_add_column_school_id_to_alerts_table',14),(168,'2024_09_04_135721_create_namazeg_guardian_trans_froms_table',14),(169,'2024_09_04_135931_create_namazeg_experments_plans_table',14),(170,'2024_09_04_140033_create_namazeg_maintenance_forms_table',14),(171,'2024_09_04_141921_create_namazeg_evacuation_plan_reports_table',14),(172,'2024_09_04_142246_create_namazeg_evacuation_plan_images_table',14),(173,'2024_09_04_142938_create_namazeg_teacher_excuses_table',14),(174,'2024_07_19_143451_create_namazeg_table',15),(175,'2024_09_05_103243_create_school_employee_attendance_table',15),(176,'2024_09_05_135619_add_column_code_to_namazeg_circular_attendance_table',15),(177,'2024_09_06_135619_remove and rename_column_code_to_namazeg_commitment_table',15),(178,'2024_09_07_110837_update_type_column_in_namazeg_student_data_table',15),(180,'2024_09_07_145619_change_column_type_to_namazeg_Accept_student_table',16),(181,'2024_09_07_155619_change_column_type_in_namazeg_Book_Delivery_table',16),(182,'2024_09_07_221752_add_column_data_to_namazeg_table',16),(183,'2024_09_07_135619_add_column_type_to_supervisors_table',17),(184,'2024_09_07_221752_alter_category_id_to_allow_null_in_namazeg_table',18),(185,'2024_09_08_185706_add_semester_id_to_shift_schedule_days_table',18),(186,'2024_09_08_210744_add_start_time_and_end_time_to_table_exam_days',18),(187,'2024_09_08_210924_add_leave_time_to_table_exam',18),(188,'2024_09_08_221752_alter_data_to_beText_in_namazeg_table',18),(189,'2024_09_09_184212_add_title_to_table_exams',18),(190,'2024_09_10_125415_add_columns_to_class_visit_rates_table',18),(191,'2024_08_16_075518_add_new_column_to_violation_punishment_form_table',19),(192,'2024_09_10_190253_add_soft_deletes_to_namazeg_tables',20),(193,'2024_09_13_144837_create_waiting_periods_schedules_table',20),(194,'2024_09_13_144933_create_waiting_periods_schedule_data_table',20),(195,'2024_09_14_120542_add_fields_to_namazeg_transform_quran_students_table',20),(199,'2024_09_15_152648_add_duration_and_safty_man_to_namazeg_evacuation_plan_reports_table',20),(200,'2024_09_15_164805_alter_table_student_general_circulars_table',20),(202,'2024_09_17_173557_add_namazeg_version_id_to_supervision_schedules_table',21),(205,'2024_09_20_173557_rename_violations_violation_title_id_to_grade_id_table',23),(206,'2024_09_22_174634_create_related_violations_table',23),(207,'2024_09_22_183557_add_has_related_to_violation_titles_table',23),(208,'2024_09_22_205700_add_absent_periods_count_to_waiting_periods_schedules_table',23),(209,'2024_09_23_101741_add_name_ar_to_roles_table',23),(210,'2024_09_23_101922_add_name_ar_to_permissions_table',23),(211,'2024_09_24_062837_add_round_to_table_exams_table',23),(212,'2024_09_24_063057_add_date_and_date_type_to_table_exam_days_table',23),(213,'2024_09_24_115817_make_semester_week_day_id_nullable_in_table_exam_days',23),(214,'2024_09_24_194634_create_violation_students_table',24),(215,'2024_09_24_194635_create_violation_student_punishments_table',24),(216,'2024_09_25_131526_add_type_to_school_employee_attendance_table',24),(217,'2024_09_26_183346_add_custom_name_to_related_violations_table',25),(218,'2024_07_17_112507_create_assignments_categories_table',26),(219,'2024_08_16_124840_create_assignments_table',26),(220,'2024_08_16_135849_create_assignment_employees_table',26),(221,'2024_08_29_144255_create_assignment_committees_table',26),(222,'2024_08_29_150012_create_assignment_committee_members_table',26),(223,'2024_08_29_180043_create_assignment_teams_table',26),(224,'2024_08_29_180854_create_assignment_team_members_table',26),(225,'2024_08_30_114021_create_assignment_general_durations_table',26),(226,'2024_08_30_123850_create_assignments_general_table',26),(227,'2024_08_30_132310_create_assignment_general_employees_table',26),(228,'2024_09_25_190708_add_icon_column_to_guides_and_regulations_table',27),(229,'2024_09_24_194635_create_violation_student_titles_table',28),(230,'2024_09_24_194636_create_violation_student_punishments_table',29),(231,'2024_09_28_094951_create_students_attendance_table',29),(232,'2024_09_28_113139_create_report_categories_table',29),(233,'2024_09_28_120637_create_exam_supervision_committees_table',29),(234,'2024_09_28_124036_create_namazeg_violation_proceeds_table',29),(235,'2024_09_28_165523_create_exams_supervision_assignments_table',29),(236,'2024_09_28_165539_create_exams_supervision_assignment_members_table',29),(237,'2024_09_28_165621_create_exams_correction_committee_assignments_table',29),(238,'2024_09_28_165631_create_exams_correction_committee_assignments_members_table',29),(239,'2024_09_29_070807_add_remember_me_to_users_table',30),(241,'2024_09_30_124038_create_namazeg_destructions_proceeds_table',30),(242,'2024_09_30_124039_create_namazeg_department_procedures_forms_table',30),(243,'2024_09_30_124039_create_procedures_form_options_table',30),(244,'2024_09_30_124039_create_student_violation_degress_table',30),(245,'2024_09_30_181712_add_unique_constraint_to_code_column_in_coupons_table',31),(247,'2024_09_30_191547_create_students_lateness_table',31),(257,'2024_10_01_095207_add_value_column_to_violation_punishments_table',32),(258,'2024_10_01_205620_create_absence_questioning_options_table',33),(259,'2024_10_01_205629_create_absence_questioning_actions_table',33),(260,'2024_10_02_095207_add_week_column_to_manager_planes_table',34),(264,'2024_10_02_211901_create_namazeg_incident_proceeds_table',35),(265,'2024_10_03_075245_create_namazeg_incident_proceed_witnesses_table',35),(266,'2024_10_03_115946_create_namazeg_minus_student_descions_table',35),(267,'2024_10_03_122914_update_maintenance_type_in_namazeg_maintenance_forms_table',35),(268,'2024_09_28_170415_create_exams_namazeg_teacher_question_assignments_table',36),(269,'2024_09_28_171754_create_exams_namazeg_teacher_question_assignment_subjects_table',36),(270,'2024_10_04_071600_create_namazeg_father_notiy_student_moves_table',36),(271,'2024_10_04_084703_create_namazeg_safety_calls_table',36),(272,'2024_10_04_093201_create_namazeg_guidance_committee_meetings_table',36),(273,'2024_10_04_100820_create_namazeg_redirecet_guidances_table',36),(274,'2024_10_04_125816_create_namazeg_father_notifies_table',36),(275,'2024_10_04_132056_create_namazeg_maintenance_destruction_students_table',36),(276,'2024_10_04_295207_add_status_column_to_violation_student_titles_table',37),(277,'2024_10_05_112243_create_tasks_table',37),(278,'2024_10_05_165924_create_period_students_attendance_table',37),(279,'2024_10_05_194226_create_teacher_curriculum_declarations_table',37),(280,'2024_10_05_195207_add_vioaltions_realtions_columns_to_vioaltion_student_degress_table',37),(281,'2024_10_05_220045_add_semester_id_column_to_students_attendance_table',37),(282,'2024_10_05_220119_add_semester_id_column_to_students_lateness_table',37),(283,'2024_10_05_224515_add_user_id_column_to_waiting_periods_schedules_table',37),(284,'2024_10_05_225715_add_user_id_column_to_alerts_table',37),(287,'2024_10_06_112555_add_user_id_column_to_supervision_schedules_table',37),(288,'2024_10_06_204118_create_exams_namazeg_answer_sheet_progress_table',37),(289,'2024_10_06_204919_add_column_semester_id_to_table_alerts',37),(290,'2024_10_07_395207_add_semester_id_column_to_tasks_table',38),(291,'2024_10_07_212016_create_media_suggestions_table',39),(292,'2024_10_01_192540_create_exams_student_committees_table',40),(293,'2024_10_02_151321_create_exams_student_committee_data_table',40),(294,'2024_10_02_183512_create_exams_student_committee_seating_numbers_table',40),(295,'2024_10_06_103118_create_exams_namazeg_monitor_distribution_assignments_table',40),(296,'2024_10_06_103231_create_exams_namazeg_distribution_assignment_monitors_table',40),(297,'2024_10_07_151026_create_exams_namazeg_daily_observers_table',40),(298,'2024_10_08_395207_add_task_id_column_to_namazeg_manager_details_table',40),(299,'2024_10_10_395207_add_new_updates_to_events_table',40),(300,'2024_10_10_495207_add_type_column_to_tasks_table',40),(301,'2024_10_12_081113_create_basic_relative_punishments_table',41),(302,'2024_10_13_200243_add_firebase_token_to_users_table',41),(303,'2024_10_14_183551_add_last_token_to_users_table',41),(304,'2024_10_15_112521_create_students_absence_procedures_table',42),(305,'2024_10_15_112555_create_std_absence_procedures_main_items_table',42),(306,'2024_10_15_112614_create_std_absence_procedures_sub_items_table',42),(307,'2024_10_16_083755_add_class_id_to_class_names_table',42),(308,'2024_10_16_132237_create_students_lateness_procedures_table',42),(309,'2024_10_16_132315_create_std_lateness_procedures_main_items_table',42),(310,'2024_10_16_132353_create_std_lateness_procedures_sub_items_table',42),(311,'2024_10_18_000259_add_deleted_at_column_to_exams_supervision_assignments_table',43),(312,'2024_10_18_000315_add_deleted_at_column_to_namazeg_department_procedures_forms_table',43),(313,'2024_10_18_000415_add_deleted_at_column_to_namazeg_destruction_proceeds_table',43),(314,'2024_10_18_000517_add_deleted_at_column_to_namazeg_manager_planes_table',43),(315,'2024_10_18_000635_add_deleted_at_column_to_namazeg_violation_proceeds_table',43),(316,'2024_10_18_000725_add_deleted_at_column_to_student_violation_degrees_table',43),(317,'2024_10_18_001018_add_deleted_at_column_to_exams_correction_committee_assignments_table',43),(318,'2024_10_18_011800_add_school_id_column_to_trashed_records_table',44),(319,'2024_10_19_093922_add_type_coulmn_to_notifications_table',45),(320,'2024_10_19_164239_add_namazeg_version_id_column_to_trashed_records_table',45),(321,'2024_10_22_065239_add_data_id_column_to_notifications_table',46),(322,'2024_10_22_090643_change_school_employee_id_in_shift_teachers_table',46),(323,'2024_10_23_130815_add_user_id_to_namazeg_questionings_table',46),(324,'2024_10_23_130824_add_user_id_to_namazeg_absence_questionings_table',46),(325,'2024_10_23_130857_add_user_id_to_namazeg_notify_late_leavings_table',46),(326,'2024_10_23_152512_add_namazeg_version_id_column_to_waiting_periods_schedules_table',46),(328,'2024_10_26_105927_add_namazeg_version_id_to_class_room_visit_sessions_table',48),(329,'2024_10_28_144524_make_column_nullable_in_table_name',49),(330,'2024_10_28_144551_make_column_nullable_in_table_name',49),(331,'2024_09_30_184930_create_report_school_status_statistics_table',50),(332,'2024_10_01_065005_create_report_absent_late_table',50),(333,'2024_10_01_075232_create_report_administrative_works_table',50),(334,'2024_10_01_075303_create_report_educational_adminstrative_works_table',50),(335,'2024_10_01_075336_create_report_educational_adminstrative_class_visits_table',50),(336,'2024_10_01_093153_create_report_educational_adminstrative_alerts_table',50),(337,'2024_10_01_093433_create_report_school_adminstrative_works_table',50),(338,'2024_10_01_093654_create_report_school_adminstrative_absent_lates_table',50),(339,'2024_10_01_093925_create_report_student_adminstrative_works_table',50),(340,'2024_10_01_093950_create_report_student_adminstrative_absent_lates_table',50),(341,'2024_10_25_140121_create_report_committees_meetings_table',50),(342,'2024_10_29_092452_create_subjects_names_table',50),(343,'2024_10_29_111112_modify_tqa_assignment_id_in_exams_namazeg_teacher_question_assignment_subjects',51),(345,'2024_10_29_190430_add_namazeg_incident_proceed_id_constraint_to_namazeg_incident_proceed_witnesses',51),(347,'2024_10_29_193235_add_namazeg_manager_plane_id_constraint_to_namazeg_manager_plane_details',53),(348,'2024_10_30_142604_create_notification_settings_table',53),(349,'2024_10_30_142829_create_notification_school_settings_table',53),(350,'2024_10_31_084138_add_school_id_to_meetings_table',53),(351,'2024_10_31_160835_create_otp_verifications_table',53),(353,'2024_11_2_085138_add_namazeg_version_id_to_violation_students_table',54),(359,'2024_11_04_211832_add_namozeg_version_id_to_teams_table',55),(360,'2024_11_04_211853_add_namozeg_version_id_to_committees_table',55),(361,'2024_11_04_211832_add_namozeg_version_id_to_meetings_table',56),(362,'2024_11_05_213026_add_password_reseted_to_users_table',56),(363,'2024_11_05_611853_dissability_to_notification_school_settings_table',56),(378,'2024_11_12_135954_create_table_exam_instructions_table',58),(379,'2024_11_14_115857_add_data_imported_column_to_class_names_table',59),(380,'2024_11_14_115910_add_data_imported_column_to_school_classes_table',59),(381,'2024_11_14_141700_add_parent_id_column_to_permissions_table',60),(382,'2024_11_15_113218_add_namazeg_version_id_letters_table',60),(383,'2024_11_15_133110_add_namazeg_version_id_alerts_table',60),(384,'2024_11_15_195315_add_column_start_date_type_to_table_exams_table_after_start_date',61),(385,'2024_11_18_161403_add_subject_id_to_class_room_visit_sessions_table',62),(386,'2024_11_19_162335_update_type_enum_in_school_employee_attendance',63),(387,'2024_11_02_122601_create_subscriptions_table',64),(388,'2024_11_03_095555_create_business_account_data_table',64),(389,'2024_11_04_152408_create_bank_accounts_table',64),(390,'2024_11_04_210912_create_transaction_bank_data_table',64),(391,'2024_11_09_214045_create_transaction_payment_gateway_data_table',64),(392,'2024_11_10_153833_add_last_seen_to_users_table',64),(393,'2024_11_11_135230_create_subscription_details_retrieval_table',64),(394,'2024_11_26_261403_add_note_enum_id_to_notifications_table',65),(395,'2024_11_25_152401_drop_permission_groups_table',66),(396,'2024_11_25_152553_drop_permission_group_id_from_permissions',67),(397,'2024_11_25_153042_add_type_to_permissions_table',67),(398,'2024_11_26_095318_add_namozeg_version_id_column_to_internal_circulars_table',67),(399,'2024_11_26_095413_add_namozeg_version_id_column_to_student_general_circulars_table',67),(400,'2024_11_26_095429_add_namozeg_version_id_column_to_teacher_general_circulars_table',67),(402,'2024_11_27_160155_add_columns_to_specializations_table',68);

--
-- Table structure for table `model_has_permissions`
--

CREATE TABLE `model_has_permissions` (
  `permission_id` bigint unsigned NOT NULL,
  `model_type` varchar(191) COLLATE utf8mb4_unicode_ci NOT NULL,
  `model_id` bigint unsigned NOT NULL,
  PRIMARY KEY (`permission_id`,`model_id`,`model_type`),
  KEY `model_has_permissions_model_id_model_type_index` (`model_id`,`model_type`),
  CONSTRAINT `model_has_permissions_permission_id_foreign` FOREIGN KEY (`permission_id`) REFERENCES `permissions` (`id`) ON DELETE CASCADE
) ENGINE=InnoDB DEFAULT CHARSET=utf8mb4 COLLATE=utf8mb4_unicode_ci;

--
-- Dumping data for table `model_has_permissions`
--

INSERT INTO `model_has_permissions` (`permission_id`, `model_type`, `model_id`) VALUES (36,'App\\Models\\User',269),(49,'App\\Models\\User',269),(50,'App\\Models\\User',269),(51,'App\\Models\\User',269),(52,'App\\Models\\User',269),(53,'App\\Models\\User',269),(54,'App\\Models\\User',269),(55,'App\\Models\\User',269),(56,'App\\Models\\User',269),(57,'App\\Models\\User',269),(58,'App\\Models\\User',269),(59,'App\\Models\\User',327),(50,'App\\Models\\User',845),(52,'App\\Models\\User',845),(54,'App\\Models\\User',845),(56,'App\\Models\\User',845),(57,'App\\Models\\User',845),(58,'App\\Models\\User',845),(74,'App\\Models\\User',845),(75,'App\\Models\\User',845),(76,'App\\Models\\User',845),(53,'App\\Models\\User',846),(55,'App\\Models\\User',846),(59,'App\\Models\\User',847);

--
-- Table structure for table `model_has_roles`
--

CREATE TABLE `model_has_roles` (
  `role_id` bigint unsigned NOT NULL,
  `model_type` varchar(191) COLLATE utf8mb4_unicode_ci NOT NULL,
  `model_id` bigint unsigned NOT NULL,
  PRIMARY KEY (`role_id`,`model_id`,`model_type`),
  KEY `model_has_roles_model_id_model_type_index` (`model_id`,`model_type`),
  CONSTRAINT `model_has_roles_role_id_foreign` FOREIGN KEY (`role_id`) REFERENCES `roles` (`id`) ON DELETE CASCADE
) ENGINE=InnoDB DEFAULT CHARSET=utf8mb4 COLLATE=utf8mb4_unicode_ci;

--
-- Dumping data for table `model_has_roles`
--

INSERT INTO `model_has_roles` (`role_id`, `model_type`, `model_id`) VALUES (2,'App\\Models\\User',537),(2,'App\\Models\\User',538),(2,'App\\Models\\User',541),(2,'App\\Models\\User',542),(2,'App\\Models\\User',543),(2,'App\\Models\\User',544),(2,'App\\Models\\User',599),(2,'App\\Models\\User',639),(2,'App\\Models\\User',679),(2,'App\\Models\\User',734),(2,'App\\Models\\User',735),(2,'App\\Models\\User',844),(2,'App\\Models\\User',845),(2,'App\\Models\\User',900),(1,'App\\Models\\User',901),(2,'App\\Models\\User',902),(2,'App\\Models\\User',957),(2,'App\\Models\\User',959),(2,'App\\Models\\User',960),(2,'App\\Models\\User',961),(2,'App\\Models\\User',962),(2,'App\\Models\\User',963),(2,'App\\Models\\User',964),(2,'App\\Models\\User',967),(2,'App\\Models\\User',970),(2,'App\\Models\\User',1066),(2,'App\\Models\\User',1067),(2,'App\\Models\\User',1068),(2,'App\\Models\\User',1069),(2,'App\\Models\\User',1071),(2,'App\\Models\\User',1072),(2,'App\\Models\\User',1235);

--
-- Table structure for table `namazeg`
--

CREATE TABLE `namazeg` (
  `id` bigint unsigned NOT NULL AUTO_INCREMENT,
  `form_number` int NOT NULL,
  `name` varchar(150) COLLATE utf8mb4_unicode_ci DEFAULT NULL,
  `details` text COLLATE utf8mb4_unicode_ci,
  `data` text COLLATE utf8mb4_unicode_ci,
  `type` enum('procedures','violations','others') COLLATE utf8mb4_unicode_ci NOT NULL DEFAULT 'others',
  `internal_extenral` enum('internal','external') COLLATE utf8mb4_unicode_ci NOT NULL DEFAULT 'internal',
  `deleted_at` timestamp NULL DEFAULT NULL,
  `created_at` timestamp NULL DEFAULT NULL,
  `updated_at` timestamp NULL DEFAULT NULL,
  `namozeg_category_id` varchar(191) CHARACTER SET utf8mb4 COLLATE utf8mb4_unicode_ci DEFAULT NULL,
  PRIMARY KEY (`id`),
  UNIQUE KEY `form_number` (`form_number`)
) ENGINE=InnoDB AUTO_INCREMENT=169 DEFAULT CHARSET=utf8mb4 COLLATE=utf8mb4_unicode_ci;

--
-- Dumping data for table `namazeg`
--

INSERT INTO `namazeg` (`id`, `form_number`, `name`, `details`, `data`, `type`, `internal_extenral`, `deleted_at`, `created_at`, `updated_at`, `namozeg_category_id`) VALUES (1,181,'سجل المشكلات السلوكية','سجل المشكلات السلوكية','{\"basic_models\":[{\"table\":\"schools\",\"select\":[\"current_school_year\"],\"method\":\"first\"}]}','others','internal',NULL,'2024-11-25 13:24:38','2024-11-25 13:24:38',NULL),(2,180,'سجل الزائد و الناقص و التالف','سجل الزائد و الناقص و التالف','{\"basic_models\":[{\"table\":\"schools\",\"select\":[\"current_school_year\"],\"method\":\"first\"},{\"table\":\"school_employees\",\"where\":[{\"attr\":\"current_work_id\",\"operator\":\"=\",\"value\":1}],\"select\":[\"name\"],\"method\":\"first\",\"withkeys\":[\"manager_name\"]},{\"table\":\"school_employees\",\"where\":[{\"attr\":\"current_work_id\",\"operator\":\"=\",\"value\":8}],\"select\":[\"name\"],\"method\":\"first\",\"withkeys\":[\"supervisor_name\"]}],\"helper\":[{\"method\":\"getCurrentSchoolSemester\",\"attr\":\"name\",\"withkeys\":[\"semester\"]}]}','others','internal',NULL,'2024-11-25 13:24:38','2024-11-25 13:24:38',NULL),(3,179,'سجل جرد المختبر و المواد الكيميائية','سجل جرد المختبر و المواد الكيميائية','{\"basic_models\":[{\"table\":\"schools\",\"select\":[\"current_school_year\"],\"method\":\"first\"},{\"table\":\"school_employees\",\"where\":[{\"attr\":\"current_work_id\",\"operator\":\"=\",\"value\":1}],\"select\":[\"name\"],\"method\":\"first\",\"withkeys\":[\"manager_name\"]},{\"table\":\"school_employees\",\"where\":[{\"attr\":\"current_work_id\",\"operator\":\"=\",\"value\":8}],\"select\":[\"name\"],\"method\":\"first\",\"withkeys\":[\"supervisor_name\"]}],\"helper\":[{\"method\":\"getCurrentSchoolSemester\",\"attr\":\"name\",\"withkeys\":[\"semester\"]}]}','others','internal',NULL,'2024-11-25 13:24:38','2024-11-25 13:24:38',NULL),(4,177,'سجل رصد غياب وتأخر الموظفين','سجل رصد غياب وتأخر الموظفين','{\"basic_models\":[{\"table\":\"schools\",\"select\":[\"current_school_year\"],\"method\":\"first\"},{\"table\":\"school_employees\",\"where\":[{\"attr\":\"current_work_id\",\"operator\":\"=\",\"value\":1}],\"select\":[\"name\"],\"method\":\"first\",\"withkeys\":[\"manager_name\"]}]}','others','internal',NULL,'2024-11-25 13:24:38','2024-11-25 13:24:38',NULL),(5,176,'سجل استعارة كتب للموظفين','سجل استعارة كتب للموظفين','{\"basic_models\":[{\"table\":\"schools\",\"select\":[\"current_school_year\"],\"method\":\"first\"},{\"table\":\"school_employees\",\"where\":[{\"attr\":\"current_work_id\",\"operator\":\"=\",\"value\":1}],\"select\":[\"name\"],\"method\":\"first\",\"withkeys\":[\"manager_name\"]},{\"table\":\"school_employees\",\"where\":[{\"attr\":\"current_work_id\",\"operator\":\"=\",\"value\":8}],\"select\":[\"name\"],\"method\":\"first\",\"withkeys\":[\"supervisor_name\"]},{\"table\":\"school_employees\",\"where\":[{\"attr\":\"current_work_id\",\"operator\":\"=\",\"value\":12}],\"select\":[\"name\"],\"method\":\"first\",\"withkeys\":[\"learning_source_employee\"]}],\"helper\":[{\"method\":\"getCurrentSchoolSemester\",\"attr\":\"name\",\"withkeys\":[\"semester\"]}]}','others','internal',NULL,'2024-11-25 13:24:38','2024-11-25 13:24:38',NULL),(6,175,'سجل استعارة كتب للطلاب','سجل استعارة كتب للطلاب','{\"basic_models\":[{\"table\":\"schools\",\"select\":[\"current_school_year\"],\"method\":\"first\"},{\"table\":\"school_employees\",\"where\":[{\"attr\":\"current_work_id\",\"operator\":\"=\",\"value\":1}],\"select\":[\"name\"],\"method\":\"first\",\"withkeys\":[\"manager_name\"]},{\"table\":\"school_employees\",\"where\":[{\"attr\":\"current_work_id\",\"operator\":\"=\",\"value\":8}],\"select\":[\"name\"],\"method\":\"first\",\"withkeys\":[\"supervisor_name\"]},{\"table\":\"school_employees\",\"where\":[{\"attr\":\"current_work_id\",\"operator\":\"=\",\"value\":12}],\"select\":[\"name\"],\"method\":\"first\",\"withkeys\":[\"learning_source_employee\"]}],\"helper\":[{\"method\":\"getCurrentSchoolSemester\",\"attr\":\"name\",\"withkeys\":[\"semester\"]}]}','others','internal',NULL,'2024-11-25 13:24:38','2024-11-25 13:24:38',NULL),(7,174,'سجل التردد اليومى','سجل التردد اليومى','{\"basic_models\":[{\"table\":\"schools\",\"select\":[\"current_school_year\"],\"method\":\"first\"},{\"table\":\"school_employees\",\"where\":[{\"attr\":\"current_work_id\",\"operator\":\"=\",\"value\":1}],\"select\":[\"name\"],\"method\":\"first\",\"withkeys\":[\"manager_name\"]},{\"table\":\"school_employees\",\"where\":[{\"attr\":\"current_work_id\",\"operator\":\"=\",\"value\":8}],\"select\":[\"name\"],\"method\":\"first\",\"withkeys\":[\"supervisor_name\"]},{\"table\":\"school_employees\",\"where\":[{\"attr\":\"current_work_id\",\"operator\":\"=\",\"value\":12}],\"select\":[\"name\"],\"method\":\"first\",\"withkeys\":[\"learning_source_employee\"]}],\"helper\":[{\"method\":\"getCurrentSchoolSemester\",\"attr\":\"name\",\"withkeys\":[\"semester\"]}]}','others','internal',NULL,'2024-11-25 13:24:38','2024-11-25 13:24:38',NULL),(8,173,'سجل زيارات الفصول','سجل زيارات الفصول','{\"basic_models\":[{\"table\":\"schools\",\"select\":[\"current_school_year\"],\"method\":\"first\"},{\"table\":\"school_employees\",\"where\":[{\"attr\":\"current_work_id\",\"operator\":\"=\",\"value\":1}],\"select\":[\"name\"],\"method\":\"first\",\"withkeys\":[\"manager_name\"]},{\"table\":\"school_employees\",\"where\":[{\"attr\":\"current_work_id\",\"operator\":\"=\",\"value\":8}],\"select\":[\"name\"],\"method\":\"first\",\"withkeys\":[\"supervisor_name\"]},{\"table\":\"school_employees\",\"where\":[{\"attr\":\"current_work_id\",\"operator\":\"=\",\"value\":12}],\"select\":[\"name\"],\"method\":\"first\",\"withkeys\":[\"learning_source_employee\"]}],\"helper\":[{\"method\":\"getCurrentSchoolSemester\",\"attr\":\"name\",\"withkeys\":[\"semester\"]}]}','others','internal',NULL,'2024-11-25 13:24:38','2024-11-25 13:24:38',NULL),(9,168,'سجل استئذان الموظفة أثناء الدوام','سجل استئذان الموظفة أثناء الدوام','{\"basic_models\":[{\"table\":\"schools\",\"select\":[\"current_school_year\"],\"method\":\"first\"},{\"table\":\"school_employees\",\"where\":[{\"attr\":\"current_work_id\",\"operator\":\"=\",\"value\":1}],\"select\":[\"name\"],\"method\":\"first\",\"withkeys\":[\"manager_name\"]},{\"table\":\"school_employees\",\"where\":[{\"attr\":\"current_work_id\",\"operator\":\"=\",\"value\":8}],\"select\":[\"name\"],\"method\":\"first\",\"withkeys\":[\"supervisor_name\"]}],\"helper\":[{\"method\":\"getCurrentSchoolSemester\",\"attr\":\"name\",\"withkeys\":[\"semester\"]}]}','others','internal',NULL,'2024-11-25 13:24:38','2024-11-25 13:24:38',NULL),(10,166,'سجل تنفيذ التجارب العلمية','سجل تنفيذ التجارب العلمية','{\"basic_models\":[{\"table\":\"schools\",\"select\":[\"current_school_year\"],\"method\":\"first\"},{\"table\":\"school_employees\",\"where\":[{\"attr\":\"current_work_id\",\"operator\":\"=\",\"value\":1}],\"select\":[\"name\"],\"method\":\"first\",\"withkeys\":[\"manager_name\"]},{\"table\":\"school_employees\",\"where\":[{\"attr\":\"current_work_id\",\"operator\":\"=\",\"value\":8}],\"select\":[\"name\"],\"method\":\"first\",\"withkeys\":[\"supervisor_name\"]}],\"helper\":[{\"method\":\"getCurrentSchoolSemester\",\"attr\":\"name\",\"withkeys\":[\"semester\"]}]}','others','internal',NULL,'2024-11-25 13:24:38','2024-11-25 13:24:38',NULL),(11,165,'الخطة الفصلية للتجارب العلمية','الخطة الفصلية للتجارب العلمية','{\"basic_models\":[{\"table\":\"schools\",\"select\":[\"current_school_year\"],\"method\":\"first\"},{\"table\":\"school_employees\",\"where\":[{\"attr\":\"current_work_id\",\"operator\":\"=\",\"value\":1}],\"select\":[\"name\"],\"method\":\"first\",\"withkeys\":[\"manager_name\"]},{\"table\":\"school_employees\",\"where\":[{\"attr\":\"current_work_id\",\"operator\":\"=\",\"value\":8}],\"select\":[\"name\"],\"method\":\"first\",\"withkeys\":[\"supervisor_name\"]}],\"helper\":[{\"method\":\"getCurrentSchoolSemester\",\"attr\":\"name\",\"withkeys\":[\"semester\"]}]}','others','internal',NULL,'2024-11-25 13:24:38','2024-11-25 13:24:38',NULL),(12,164,'سجل جرد المعامل','سجل جرد المعامل','{\"basic_models\":[{\"table\":\"schools\",\"select\":[\"current_school_year\"],\"method\":\"first\"},{\"table\":\"school_employees\",\"where\":[{\"attr\":\"current_work_id\",\"operator\":\"=\",\"value\":1}],\"select\":[\"name\"],\"method\":\"first\",\"withkeys\":[\"manager_name\"]},{\"table\":\"school_employees\",\"where\":[{\"attr\":\"current_work_id\",\"operator\":\"=\",\"value\":8}],\"select\":[\"name\"],\"method\":\"first\",\"withkeys\":[\"supervisor_name\"]}],\"helper\":[{\"method\":\"getCurrentSchoolSemester\",\"attr\":\"name\",\"withkeys\":[\"semester\"]}]}','others','internal',NULL,'2024-11-25 13:24:38','2024-11-25 13:24:38',NULL),(13,163,'سجل استلام عهدة','سجل استلام عهدة','{\"basic_models\":[{\"table\":\"schools\",\"select\":[\"name\",\"current_school_year\"],\"method\":\"first\"},{\"table\":\"school_employees\",\"where\":[{\"attr\":\"current_work_id\",\"operator\":\"=\",\"value\":1}],\"select\":[\"name\"],\"method\":\"first\",\"withkeys\":[\"manager_name\"]},{\"table\":\"school_employees\",\"where\":[{\"attr\":\"current_work_id\",\"operator\":\"=\",\"value\":8}],\"select\":[\"name\"],\"method\":\"first\",\"withkeys\":[\"supervisor_name\"]},{\"table\":\"educational_departments\",\"select\":[\"name\"],\"method\":\"first\",\"withkeys\":[\"department_name\"],\"belongsTo\":{\"model\":\"schools\",\"attr\":\"education_department_id\",\"method\":\"first\"}},{\"table\":\"educational_offices\",\"select\":[\"name\"],\"method\":\"first\",\"withkeys\":[\"office_name\"],\"belongsTo\":{\"model\":\"schools\",\"attr\":\"educational_office_id\",\"method\":\"first\"}}]}','others','internal',NULL,'2024-11-25 13:24:38','2024-11-25 13:24:38',NULL),(14,135,'سجل متابعة آداء المعلمة','سجل متابعة آداء المعلمة','{\"basic_models\":[{\"table\":\"schools\",\"select\":[\"current_school_year\"],\"method\":\"first\"}]}','others','internal',NULL,'2024-11-25 13:24:38','2024-11-25 13:24:38',NULL),(15,133,'سجل العمل الرسمى','سجل العمل الرسمى','{\"basic_models\":[{\"table\":\"schools\",\"select\":[\"current_school_year\"],\"method\":\"first\"},{\"table\":\"school_employees\",\"where\":[{\"attr\":\"current_work_id\",\"operator\":\"=\",\"value\":1}],\"select\":[\"name\"],\"method\":\"first\",\"withkeys\":[\"manager_name\"]},{\"table\":\"school_employees\",\"where\":[{\"attr\":\"current_work_id\",\"operator\":\"=\",\"value\":8}],\"select\":[\"name\"],\"method\":\"first\",\"withkeys\":[\"supervisor_name\"]}],\"helper\":[{\"method\":\"getCurrentSchoolSemester\",\"attr\":\"name\",\"withkeys\":[\"semester\"]}]}','others','internal',NULL,'2024-11-25 13:24:38','2024-11-25 13:24:38',NULL),(16,129,'بيان إطلاع الموظفات على التعاميم','بيان إطلاع الموظفات على التعاميم','{\"basic_models\":[{\"table\":\"schools\",\"select\":[\"current_school_year\"],\"method\":\"first\"},{\"table\":\"school_employees\",\"where\":[{\"attr\":\"current_work_id\",\"operator\":\"=\",\"value\":1}],\"select\":[\"name\"],\"method\":\"first\",\"withkeys\":[\"manager_name\"]},{\"table\":\"school_employees\",\"where\":[{\"attr\":\"current_work_id\",\"operator\":\"=\",\"value\":8}],\"select\":[\"name\"],\"method\":\"first\",\"withkeys\":[\"supervisor_name\"]}],\"helper\":[{\"method\":\"getCurrentSchoolSemester\",\"attr\":\"name\",\"withkeys\":[\"semester\"]}]}','others','internal',NULL,'2024-11-25 13:24:38','2024-11-25 13:24:38',NULL),(17,127,'سجل الصادر','سجل الصادر','{\"basic_models\":[{\"table\":\"schools\",\"select\":[\"current_school_year\"],\"method\":\"first\"},{\"table\":\"school_employees\",\"where\":[{\"attr\":\"current_work_id\",\"operator\":\"=\",\"value\":1}],\"select\":[\"name\"],\"method\":\"first\",\"withkeys\":[\"manager_name\"]},{\"table\":\"school_employees\",\"where\":[{\"attr\":\"current_work_id\",\"operator\":\"=\",\"value\":8}],\"select\":[\"name\"],\"method\":\"first\",\"withkeys\":[\"supervisor_name\"]}],\"helper\":[{\"method\":\"getCurrentSchoolSemester\",\"attr\":\"name\",\"withkeys\":[\"semester\"]}]}','others','internal',NULL,'2024-11-25 13:24:38','2024-11-25 13:24:38',NULL),(18,128,'سجل الوارد','سجل الوارد','{\"basic_models\":[{\"table\":\"schools\",\"select\":[\"current_school_year\"],\"method\":\"first\"},{\"table\":\"school_employees\",\"where\":[{\"attr\":\"current_work_id\",\"operator\":\"=\",\"value\":1}],\"select\":[\"name\"],\"method\":\"first\",\"withkeys\":[\"manager_name\"]},{\"table\":\"school_employees\",\"where\":[{\"attr\":\"current_work_id\",\"operator\":\"=\",\"value\":8}],\"select\":[\"name\"],\"method\":\"first\",\"withkeys\":[\"supervisor_name\"]}],\"helper\":[{\"method\":\"getCurrentSchoolSemester\",\"attr\":\"name\",\"withkeys\":[\"semester\"]}]}','others','internal',NULL,'2024-11-25 13:24:38','2024-11-25 13:24:38',NULL),(19,130,'سجل توديع المعاملات','سجل توديع المعاملات','{\"basic_models\":[{\"table\":\"schools\",\"select\":[\"current_school_year\"],\"method\":\"first\"},{\"table\":\"school_employees\",\"where\":[{\"attr\":\"current_work_id\",\"operator\":\"=\",\"value\":1}],\"select\":[\"name\"],\"method\":\"first\",\"withkeys\":[\"manager_name\"]},{\"table\":\"school_employees\",\"where\":[{\"attr\":\"current_work_id\",\"operator\":\"=\",\"value\":8}],\"select\":[\"name\"],\"method\":\"first\",\"withkeys\":[\"supervisor_name\"]}],\"helper\":[{\"method\":\"getCurrentSchoolSemester\",\"attr\":\"name\",\"withkeys\":[\"semester\"]}]}','others','internal',NULL,'2024-11-25 13:24:38','2024-11-25 13:24:38',NULL),(20,134,'بيان استلام المعلمين للجدول','بيان استلام المعلمين للجدول','{\"basic_models\":[{\"table\":\"school_employees\",\"where\":[{\"attr\":\"current_work_id\",\"operator\":\"!=\",\"value\":1}],\"select\":[\"name\",\"ssn\"],\"method\":\"get\"},{\"table\":\"school_employees\",\"where\":[{\"attr\":\"current_work_id\",\"operator\":\"=\",\"value\":1}],\"select\":[\"name\"],\"method\":\"first\",\"withkeys\":[\"manager_name\"]}]}','others','internal',NULL,'2024-11-25 13:24:38','2024-11-25 13:24:38',NULL),(21,187,'متابعة تعلم الطلبة في حصص الاتقان','متابعة تعلم الطلبة في حصص الاتقان','{\"basic_models\":[{\"table\":\"schools\",\"select\":[\"name\"],\"method\":\"first\"},{\"table\":\"educational_departments\",\"select\":[\"name\"],\"method\":\"first\",\"withkeys\":[\"department_name\"],\"belongsTo\":{\"model\":\"schools\",\"attr\":\"education_department_id\",\"method\":\"first\"}}]}','others','internal',NULL,'2024-11-25 13:24:38','2024-11-25 13:24:38',NULL),(22,197,'البرامج الإرشادية المقدمة للطالب','البرامج الإرشادية المقدمة للطالب','{\"basic_models\":[{\"table\":\"schools\",\"select\":[\"current_school_year\"],\"method\":\"first\"}]}','others','internal',NULL,'2024-11-25 13:24:38','2024-11-25 13:24:38',NULL),(23,199,'سجل حضور الطلاب لمجالات النشاط','سجل حضور الطلاب لمجالات النشاط','{\"basic_models\":[{\"table\":\"schools\",\"select\":[\"current_school_year\"],\"method\":\"first\"}],\"helper\":[{\"method\":\"getCurrentSchoolSemester\",\"attr\":\"name\",\"withkeys\":[\"semester\"]}]}','others','internal',NULL,'2024-11-25 13:24:38','2024-11-25 13:24:38',NULL),(24,200,'موافقة ولي امر الطالبة لمشاركة ابنته في نشاط مدرسي','موافقة ولي امر الطالبة لمشاركة ابنته في نشاط مدرسي','{\"basic_models\":[{\"table\":\"schools\",\"select\":[\"current_school_year\"],\"method\":\"first\"}]}','others','internal',NULL,'2024-11-25 13:24:38','2024-11-25 13:24:38',NULL),(25,131,'خطة المدير',NULL,NULL,'others','internal',NULL,'2024-11-25 13:24:38','2024-11-25 13:24:38',NULL),(26,136,'تكليف فريق مجتمعات التعلم المهنية',NULL,NULL,'others','internal',NULL,'2024-11-25 13:24:38','2024-11-25 13:24:38',NULL),(27,137,'مساءلة',NULL,NULL,'others','internal',NULL,'2024-11-25 13:24:38','2024-11-25 13:24:38',NULL),(28,144,'نموذج الالتزام المدرس',NULL,NULL,'others','internal',NULL,'2024-11-25 13:24:38','2024-11-25 13:24:38',NULL),(29,186,'الخطة العامة لأنشطة حصص الاتقان للعام الدراسي',NULL,NULL,'others','internal',NULL,'2024-11-25 13:24:38','2024-11-25 13:24:38',NULL),(30,188,'التقرير الختامي لحصص الاتقان للعام الدراسي',NULL,NULL,'others','internal',NULL,'2024-11-25 13:24:38','2024-11-25 13:24:38',NULL),(31,158,'قبول طالبة',NULL,NULL,'others','internal',NULL,'2024-11-25 13:24:38','2024-11-25 13:24:38',NULL),(32,191,'استمارة البيانات الشخصية للطالبة',NULL,NULL,'others','internal',NULL,'2024-11-25 13:24:38','2024-11-25 13:24:38',NULL),(33,192,'كشف تسليم الكتب المقررة',NULL,NULL,'others','internal',NULL,'2024-11-25 13:24:38','2024-11-25 13:24:38',NULL),(34,169,'مساءلة غياب',NULL,NULL,'others','internal',NULL,'2024-11-25 13:24:38','2024-11-25 13:24:38',NULL),(35,170,'قرار حسم غياب',NULL,NULL,'others','internal',NULL,'2024-11-25 13:24:38','2024-11-25 13:24:38',NULL),(36,171,'تنبيه عن تأخر / انصراف',NULL,NULL,'others','internal',NULL,'2024-11-25 13:24:38','2024-11-25 13:24:38',NULL),(37,172,'قرار حسم مجموع ساعات تأخر و خروج مبكر',NULL,NULL,'others','internal',NULL,'2024-11-25 13:24:38','2024-11-25 13:24:38',NULL),(38,167,'استمارة موافقة ولي أمر الطالبة للاشتراك في النقل المدرسي',NULL,NULL,'others','internal',NULL,'2024-11-25 13:24:38','2024-11-25 13:24:38',NULL),(39,162,'طلب صيانة',NULL,NULL,'others','internal',NULL,'2024-11-25 13:24:38','2024-11-25 13:24:38',NULL),(40,189,'تقرير خطة الإخلاء',NULL,NULL,'others','internal',NULL,'2024-11-25 13:24:38','2024-11-25 13:24:38',NULL),(41,230,'استئذان معلمة أثناء الدوام الرسمي',NULL,NULL,'others','internal',NULL,'2024-11-25 13:24:38','2024-11-25 13:24:38',NULL),(42,49,'جدول الاشراف',NULL,NULL,'others','internal',NULL,'2024-11-25 13:24:38','2024-11-25 13:24:38',NULL),(43,43,'محضر اتلاف',NULL,NULL,'others','internal',NULL,'2024-11-25 13:24:38','2024-11-25 13:24:38',NULL),(44,44,'محضر فقدان',NULL,NULL,'others','internal',NULL,'2024-11-25 13:24:38','2024-11-25 13:24:38',NULL),(45,45,'محضر واقعة',NULL,NULL,'others','internal',NULL,'2024-11-25 13:24:38','2024-11-25 13:24:38',NULL),(46,46,'محضر عام',NULL,NULL,'others','internal',NULL,'2024-11-25 13:24:38','2024-11-25 13:24:38',NULL),(47,190,'طلب تحويل من مدارس تحفيظ القرآن الكريم و المعاهد العلمية للتعليم العام',NULL,NULL,'others','internal',NULL,'2024-11-25 13:24:38','2024-11-25 13:24:38',NULL),(48,41,'خطاب رسمي',NULL,NULL,'others','internal',NULL,'2024-11-25 13:24:38','2024-11-25 13:24:38',NULL),(49,38,'تبليغ',NULL,NULL,'others','internal',NULL,'2024-11-25 13:24:38','2024-11-25 13:24:38',NULL),(50,40,'تنبيه شفهي',NULL,NULL,'others','internal',NULL,'2024-11-25 13:24:38','2024-11-25 13:24:38',NULL),(51,39,'تنبيه خطي',NULL,NULL,'others','internal',NULL,'2024-11-25 13:24:38','2024-11-25 13:24:38',NULL),(52,202,'خطة الزيارات الصفية لمدير المدرسة',NULL,NULL,'others','internal',NULL,'2024-11-25 13:24:38','2024-11-25 13:24:38',NULL),(53,3,'فريق عمل التربية الخاصة',NULL,NULL,'others','internal',NULL,'2024-11-25 13:24:38','2024-11-25 13:24:38',NULL),(54,4,'فريق عمل الصندوق المدرسي',NULL,NULL,'others','internal',NULL,'2024-11-25 13:24:38','2024-11-25 13:24:38',NULL),(55,9,'فريق عمل الامن والسلامة المدرسية',NULL,NULL,'others','internal',NULL,'2024-11-25 13:24:38','2024-11-25 13:24:38',NULL),(56,28,'مهام واختصاصات فريق عمل التربية الخاصة',NULL,NULL,'others','internal',NULL,'2024-11-25 13:24:38','2024-11-25 13:24:38',NULL),(57,29,'مهام واختصاصات فريق عمل الصندوق المدرسي',NULL,NULL,'others','internal',NULL,'2024-11-25 13:24:38','2024-11-25 13:24:38',NULL),(58,34,' مهام واختصاصات فريق عمل الامن والسلامة المدرسية',NULL,NULL,'others','internal',NULL,'2024-11-25 13:24:38','2024-11-25 13:24:38',NULL),(59,8,'لجنة الادارية للمدرسة',NULL,NULL,'others','internal',NULL,'2024-11-25 13:24:38','2024-11-25 13:24:38',NULL),(60,10,'لجنة التوجيه والإرشاد',NULL,NULL,'others','internal',NULL,'2024-11-25 13:24:38','2024-11-25 13:24:38',NULL),(61,5,'لجنة التحصيل الدراسي',NULL,NULL,'others','internal',NULL,'2024-11-25 13:24:38','2024-11-25 13:24:38',NULL),(62,6,'لجنة التميز',NULL,NULL,'others','internal',NULL,'2024-11-25 13:24:38','2024-11-25 13:24:38',NULL),(63,32,'مهام واختصاصات اللجنة الادارية للمدرسة',NULL,NULL,'others','internal',NULL,'2024-11-25 13:24:38','2024-11-25 13:24:38',NULL),(64,33,'مهام واختصاصات لجنة التوجية والارشاد',NULL,NULL,'others','internal',NULL,'2024-11-25 13:24:38','2024-11-25 13:24:38',NULL),(65,30,'مهام واختصاصات لجنة التحصيل الدراسي',NULL,NULL,'others','internal',NULL,'2024-11-25 13:24:38','2024-11-25 13:24:38',NULL),(66,31,'مهام واختصاصات لجنة التميز ',NULL,NULL,'others','internal',NULL,'2024-11-25 13:24:38','2024-11-25 13:24:38',NULL),(67,36,'لجنة الحالات الصحية الطارئة وتعزيز الصحة',NULL,NULL,'others','internal',NULL,'2024-11-25 13:24:38','2024-11-25 13:24:38',NULL),(68,183,'تكليف لجنة التحصيل المعرفي بالمدرسة',NULL,NULL,'others','internal',NULL,'2024-11-25 13:24:38','2024-11-25 13:24:38',NULL),(69,35,'قرار إداري',NULL,NULL,'others','internal',NULL,'2024-11-25 13:24:38','2024-11-25 13:24:38',NULL),(70,14,'تكليف مدير المدرسة',NULL,NULL,'others','internal',NULL,'2024-11-25 13:24:38','2024-11-25 13:24:38',NULL),(71,11,'تكليف وكيل الشؤون التعليمية',NULL,NULL,'others','internal',NULL,'2024-11-25 13:24:38','2024-11-25 13:24:38',NULL),(72,12,'تكليف وكيل شؤون الطلاب',NULL,NULL,'others','internal',NULL,'2024-11-25 13:24:38','2024-11-25 13:24:38',NULL),(73,13,'تكليف وكيل الشؤون المدرسية',NULL,NULL,'others','internal',NULL,'2024-11-25 13:24:38','2024-11-25 13:24:38',NULL),(74,18,'تكليف المعلمين',NULL,NULL,'others','internal',NULL,'2024-11-25 13:24:38','2024-11-25 13:24:38',NULL),(75,16,'تكليف معلمين التربية الخاصة',NULL,NULL,'others','internal',NULL,'2024-11-25 13:24:38','2024-11-25 13:24:38',NULL),(76,15,'تكليف معلم الموهوبين',NULL,NULL,'others','internal',NULL,'2024-11-25 13:24:38','2024-11-25 13:24:38',NULL),(77,17,'تكليف مساعد معلم التربية الخاصة',NULL,NULL,'others','internal',NULL,'2024-11-25 13:24:38','2024-11-25 13:24:38',NULL),(78,21,'تكليف الموجه الطلابي',NULL,NULL,'others','internal',NULL,'2024-11-25 13:24:38','2024-11-25 13:24:38',NULL),(79,26,'تكليف رائد النشاط',NULL,NULL,'others','internal',NULL,'2024-11-25 13:24:38','2024-11-25 13:24:38',NULL),(80,22,'تكليف أمين مصادر التعليم',NULL,NULL,'others','internal',NULL,'2024-11-25 13:24:38','2024-11-25 13:24:38',NULL),(81,19,'تكليف مساعد إداري',NULL,NULL,'others','internal',NULL,'2024-11-25 13:24:38','2024-11-25 13:24:38',NULL),(82,23,'تكليف محضر المختبر',NULL,NULL,'others','internal',NULL,'2024-11-25 13:24:38','2024-11-25 13:24:38',NULL),(83,20,'تكليف الموجه الصحي',NULL,NULL,'others','internal',NULL,'2024-11-25 13:24:38','2024-11-25 13:24:38',NULL),(84,24,'تكليف مسجل المعلومات',NULL,NULL,'others','internal',NULL,'2024-11-25 13:24:38','2024-11-25 13:24:38',NULL),(85,25,'تكليف الحارس',NULL,NULL,'others','internal',NULL,'2024-11-25 13:24:38','2024-11-25 13:24:38',NULL),(86,27,'تكليف عامل الخدمات',NULL,NULL,'others','internal',NULL,'2024-11-25 13:24:38','2024-11-25 13:24:38',NULL),(87,37,'تكليف عام',NULL,NULL,'others','internal',NULL,'2024-11-25 13:24:38','2024-11-25 13:24:38',NULL),(88,62,'قرار تشكل لجنة التحصيل الدراسي',NULL,NULL,'others','internal',NULL,'2024-11-25 13:24:38','2024-11-25 13:24:38','27'),(89,63,'قرار تشكل لجنة التحكم والضبط',NULL,NULL,'others','internal',NULL,'2024-11-25 13:24:38','2024-11-25 13:24:38','27'),(90,64,'لجنة الإشراف و الملاحظة قرار تشكيل ',NULL,NULL,'others','internal',NULL,'2024-11-25 13:24:38','2024-11-25 13:24:38','27'),(91,65,'لجنة التصحيح و المراجعة قرار تشكيل',NULL,NULL,'others','internal',NULL,'2024-11-25 13:24:38','2024-11-25 13:24:38','27'),(92,66,'لجنة الرصد و إخراج النتائج قرار تشكيل',NULL,NULL,'others','internal',NULL,'2024-11-25 13:24:38','2024-11-25 13:24:38','27'),(93,67,'لجنة التصحيح و المراجعة وفقا للتخصص قرار تشكيل',NULL,NULL,'others','internal',NULL,'2024-11-25 13:24:38','2024-11-25 13:24:38','27'),(94,61,'كشف بأسماء الطلبة وفق اللجان',NULL,NULL,'others','internal',NULL,'2024-11-25 13:24:38','2024-11-25 13:24:38','28'),(95,68,'قرار تكليف معلم باعداد الاسئلة ',NULL,NULL,'others','internal',NULL,'2024-11-25 13:24:38','2024-11-25 13:24:38','29'),(96,75,'اقرار معلم المادة  بانهاء المقررات الدراسية في وقتها المحدد',NULL,NULL,'others','internal',NULL,'2024-11-25 13:24:38','2024-11-25 13:24:38','29'),(97,81,'الجدول العام  لتوزيع الملاحظين على لجان الاختبارات',NULL,NULL,'others','internal',NULL,'2024-11-25 13:24:38','2024-11-25 13:24:38','29'),(98,98,'متابعة سير أوراق الاجابة',NULL,NULL,'others','internal',NULL,'2024-11-25 13:24:38','2024-11-25 13:24:38','29'),(99,82,'كشف بأسماء الملاحظين اليومي',NULL,NULL,'others','internal',NULL,'2024-11-25 13:24:38','2024-11-25 13:24:38','29'),(100,69,'متابعة تسليم و استلام اسئلة و نماذج الاجابة',NULL,NULL,'others','internal',NULL,'2024-11-25 13:24:38','2024-11-25 13:24:38','29'),(101,70,'البيانات الأولية لورقة الأسئلة',NULL,NULL,'others','internal',NULL,'2024-11-25 13:24:38','2024-11-25 13:24:38','29'),(102,71,'بطاقة نموذج الاحتياجات اللازمة للاختبارات',NULL,NULL,'others','internal',NULL,'2024-11-25 13:24:38','2024-11-25 13:24:38','29'),(103,72,'بطاقة متابعة الاستعدادات قبل الاختبارات',NULL,NULL,'others','internal',NULL,'2024-11-25 13:24:38','2024-11-25 13:24:38','29'),(104,73,'بطاقة متابعة الأعمال اثناء الاختبارات',NULL,NULL,'others','internal',NULL,'2024-11-25 13:24:38','2024-11-25 13:24:38','29'),(105,74,'بطاقة متابعة الأعمال بعد الاختبارات',NULL,NULL,'others','internal',NULL,'2024-11-25 13:24:38','2024-11-25 13:24:38','29'),(106,76,'متابعة تسليم المعلمين لسجلات متابعة تقويم الطلبة',NULL,NULL,'others','internal',NULL,'2024-11-25 13:24:38','2024-11-25 13:24:38','29'),(107,77,'ظرف أصل الأسئلة',NULL,NULL,'others','internal',NULL,'2024-11-25 13:24:38','2024-11-25 13:24:38','29'),(108,78,'ظرف أصل الاجابة',NULL,NULL,'others','internal',NULL,'2024-11-25 13:24:38','2024-11-25 13:24:38','29'),(109,79,'ظرف أسئلة الطلبة',NULL,NULL,'others','internal',NULL,'2024-11-25 13:24:38','2024-11-25 13:24:38','29'),(110,80,'أعداد الطلبة في الجان',NULL,NULL,'others','internal',NULL,'2024-11-25 13:24:38','2024-11-25 13:24:38','29'),(111,83,'محضر دخول معلم بديل',NULL,NULL,'others','internal',NULL,'2024-11-25 13:24:38','2024-11-25 13:24:38','29'),(112,84,'محضر فتح مظروف أسئلة',NULL,NULL,'others','internal',NULL,'2024-11-25 13:24:38','2024-11-25 13:24:38','29'),(113,85,'محضر الاخلال  بسرية الاسئلة',NULL,NULL,'others','internal',NULL,'2024-11-25 13:24:38','2024-11-25 13:24:38','29'),(114,86,'محضر الاخلال  بسير الاختبارات',NULL,NULL,'others','internal',NULL,'2024-11-25 13:24:38','2024-11-25 13:24:38','29'),(115,87,'تعهد طالب تأخر عن الاختبار بما لا يتجاوز خمس عشر دقيقة',NULL,NULL,'others','internal',NULL,'2024-11-25 13:24:38','2024-11-25 13:24:38','29'),(116,88,'بيان أسماء الطلبة المتأخرين بما لا يتجاوز خمس عشر دقيقة',NULL,NULL,'others','internal',NULL,'2024-11-25 13:24:38','2024-11-25 13:24:38','29'),(117,89,'محضر تأخر طالبا أكثر من  15 دقيقة و بما لا يتجاوز نصف الزمن ',NULL,NULL,'others','internal',NULL,'2024-11-25 13:24:38','2024-11-25 13:24:38','29'),(118,90,'بيان بأسماء الطلبة المتأخرين عن الاختبار أكثر من خمس عشرة دقيقة وبما لا يتجاوز نصف الزمن - تكرار تأخر ',NULL,NULL,'others','internal',NULL,'2024-11-25 13:24:38','2024-11-25 13:24:38','29'),(119,91,'محضر مخالفة الأنظمة و التعليمات',NULL,NULL,'others','internal',NULL,'2024-11-25 13:24:38','2024-11-25 13:24:38','29'),(120,92,'محضر غياب طالب عن الاختبار',NULL,NULL,'others','internal',NULL,'2024-11-25 13:24:38','2024-11-25 13:24:38','29'),(121,93,' كشف الغياب اليومي للطلبة أيام الاختبارات',NULL,NULL,'others','internal',NULL,'2024-11-25 13:24:38','2024-11-25 13:24:38','29'),(122,94,'بيان حصر الطلبة الغائبين',NULL,NULL,'others','internal',NULL,'2024-11-25 13:24:38','2024-11-25 13:24:38','29'),(123,95,'كفشف تسليم الطلبة أوراق الاجابة',NULL,NULL,'others','internal',NULL,'2024-11-25 13:24:38','2024-11-25 13:24:38','29'),(124,96,'كشف استلام اوراق الاجابة من اللجان ',NULL,NULL,'others','internal',NULL,'2024-11-25 13:24:38','2024-11-25 13:24:38','29'),(125,97,'ظروف أوراق اجابات  الطلبة',NULL,NULL,'others','internal',NULL,'2024-11-25 13:24:38','2024-11-25 13:24:38','29'),(126,99,'بيان بأسماء المصححين و المراجعين و المدققين',NULL,NULL,'others','internal',NULL,'2024-11-25 13:24:38','2024-11-25 13:24:38','29'),(127,100,'محضر اكتشاف الخطأ في الأسئلة',NULL,NULL,'others','internal',NULL,'2024-11-25 13:24:38','2024-11-25 13:24:38','29'),(128,101,'محضر اكتشاف خطأ في الإجابة النموذجية',NULL,NULL,'others','internal',NULL,'2024-11-25 13:24:38','2024-11-25 13:24:38','29'),(129,102,'ملاحظات لجنة التدقيق على أوراق إجابات الطلبة',NULL,NULL,'others','internal',NULL,'2024-11-25 13:24:38','2024-11-25 13:24:38','29'),(130,103,'تعديل درجة طالب في نظام نور  قبل إغلاق الدرجات',NULL,NULL,'others','internal',NULL,'2024-11-25 13:24:38','2024-11-25 13:24:38','29'),(131,104,'تعديل درجة طالب في نظام نور  بعد إغلاق الدرجات',NULL,NULL,'others','internal',NULL,'2024-11-25 13:24:38','2024-11-25 13:24:38','29'),(132,105,'طلب رصد درجة طالب غائب عن اختبار /بعذر في نظام نور',NULL,NULL,'others','internal',NULL,'2024-11-25 13:24:38','2024-11-25 13:24:38','29'),(133,106,'طلب مراجعة  ورقة طالب',NULL,NULL,'others','internal',NULL,'2024-11-25 13:24:38','2024-11-25 13:24:38','29'),(134,107,'دفتر رصد درجات أعمال السنة واختبار نهاية الفصول الدراسية',NULL,NULL,'others','internal',NULL,'2024-11-25 13:24:38','2024-11-25 13:24:38','29'),(135,1,'تقويم السلوك',NULL,NULL,'violations','internal',NULL,'2024-11-25 13:24:38','2024-11-25 13:24:38',NULL),(136,132,'استدعاء جهة امنية',NULL,NULL,'violations','internal',NULL,'2024-11-25 13:24:38','2024-11-25 13:24:38',NULL),(137,139,'الاتفاق السلوكى',NULL,NULL,'violations','internal',NULL,'2024-11-25 13:24:38','2024-11-25 13:24:38',NULL),(138,140,'خطة تعديل السلوك',NULL,NULL,'violations','internal',NULL,'2024-11-25 13:24:38','2024-11-25 13:24:38',NULL),(139,141,'محضر اصلاح ما افسده الطالب',NULL,NULL,'violations','internal',NULL,'2024-11-25 13:24:38','2024-11-25 13:24:38',NULL),(140,142,'محضر ضبط الواقعة',NULL,NULL,'violations','internal',NULL,'2024-11-25 13:24:38','2024-11-25 13:24:38',NULL),(141,143,'محضر مخالفة سلوكية',NULL,NULL,'violations','internal',NULL,'2024-11-25 13:24:38','2024-11-25 13:24:38',NULL),(142,145,'محضر اثبات واقعة',NULL,NULL,'violations','internal',NULL,'2024-11-25 13:24:38','2024-11-25 13:24:38',NULL),(143,146,'خطاب دعوة',NULL,NULL,'violations','internal',NULL,'2024-11-25 13:24:38','2024-11-25 13:24:38',NULL),(144,147,'اشعار ولى الامر',NULL,NULL,'violations','internal',NULL,'2024-11-25 13:24:38','2024-11-25 13:24:38',NULL),(145,148,'احالة اطلب للموجه الطلابى',NULL,NULL,'violations','internal',NULL,'2024-11-25 13:24:38','2024-11-25 13:24:38',NULL),(146,149,'اشعار حسم',NULL,NULL,'violations','internal',NULL,'2024-11-25 13:24:38','2024-11-25 13:24:38',NULL),(147,150,'احالة الى لجنة التوجية والارشاد فى المدرسة',NULL,NULL,'violations','internal',NULL,'2024-11-25 13:24:38','2024-11-25 13:24:38',NULL),(148,151,'اشعار ولى الامر بنقل الطالب من المدرسة',NULL,NULL,'violations','internal',NULL,'2024-11-25 13:24:38','2024-11-25 13:24:38',NULL),(149,152,'انذار نقل الطالب الى مدرسة اخرى',NULL,NULL,'violations','internal',NULL,'2024-11-25 13:24:38','2024-11-25 13:24:38',NULL),(150,154,'تعهد',NULL,NULL,'violations','internal',NULL,'2024-11-25 13:24:38','2024-11-25 13:24:38',NULL),(151,157,'محضر اتلاف',NULL,NULL,'violations','internal',NULL,'2024-11-25 13:24:38','2024-11-25 13:24:38',NULL),(152,159,'نموذج رصد السلوك المخالف',NULL,NULL,'violations','internal',NULL,'2024-11-25 13:24:38','2024-11-25 13:24:38',NULL),(153,160,'نموذج لاحالة لادارة قسم التوجيه الطلابى',NULL,NULL,'violations','internal',NULL,'2024-11-25 13:24:38','2024-11-25 13:24:38',NULL),(154,161,'محضر اجتماع لجنة التوجيه الطلابى بالمدرسة',NULL,NULL,'violations','internal',NULL,'2024-11-25 13:24:38','2024-11-25 13:24:38',NULL),(155,222,'انذار تحويل طالب الى انتساب',NULL,NULL,'violations','internal',NULL,'2024-11-25 13:24:38','2024-11-25 13:24:38',NULL),(156,228,'نموذج إجراءات إدارة التعليم (إشعار ولي الأمر)',NULL,NULL,'violations','internal',NULL,'2024-11-25 13:24:38','2024-11-25 13:24:38',NULL),(157,232,'اشعار ولى الامر بتحويل ابنه لانتساب',NULL,NULL,'violations','internal',NULL,'2024-11-25 13:24:38','2024-11-25 13:24:38',NULL),(158,108,'نموذج المخالفة الكاملة',NULL,NULL,'others','internal',NULL,'2024-11-25 13:24:38','2024-11-25 13:24:38',NULL),(159,2,'الإجراءات الواجب اتخاذها حيال غياب الطلاب',NULL,NULL,'procedures','internal',NULL,'2024-11-25 13:24:38','2024-11-25 13:24:38',NULL),(160,227,'الإجراءات الواجب اتخاذها حيال تأخير طلاب المرحلتين المتوسطة والثانوية',NULL,NULL,'procedures','internal',NULL,'2024-11-25 13:24:38','2024-11-25 13:24:38',NULL),(161,215,'إحالة طالب للموجه الطلابي',NULL,NULL,'procedures','internal',NULL,'2024-11-25 13:24:38','2024-11-25 13:24:38',NULL),(162,216,'إحالة طالب للموجه الطلابي',NULL,NULL,'procedures','internal',NULL,'2024-11-25 13:24:38','2024-11-25 13:24:38',NULL),(163,217,'إشعار ولي الأمر بنقل الطالب من المدرسة',NULL,NULL,'procedures','internal',NULL,'2024-11-25 13:24:38','2024-11-25 13:24:38',NULL),(164,260,'إنذار اول لطالب متكرر الغياب',NULL,NULL,'procedures','internal',NULL,'2024-11-25 13:24:38','2024-11-25 13:24:38',NULL),(165,261,'إنذار ثاني لطالب متكرر الغياب',NULL,NULL,'procedures','internal',NULL,'2024-11-25 13:24:38','2024-11-25 13:24:38',NULL),(166,262,'إنذار ثالث لطالب متكرر الغياب',NULL,NULL,'procedures','internal',NULL,'2024-11-25 13:24:38','2024-11-25 13:24:38',NULL),(167,263,'إشعار ولي أمر طالب متكرر الغياب',NULL,NULL,'procedures','internal',NULL,'2024-11-25 13:24:38','2024-11-25 13:24:38',NULL),(168,51,'جدول تأمين حصص الانتظار',NULL,NULL,'others','internal',NULL,'2024-11-25 13:24:38','2024-11-25 13:24:38',NULL);

--
-- Table structure for table `namazeg_absence_descion_confirms`
--

CREATE TABLE `namazeg_absence_descion_confirms` (
  `id` bigint unsigned NOT NULL AUTO_INCREMENT,
  `namazeg_version_id` bigint unsigned NOT NULL,
  `school_id` bigint unsigned NOT NULL,
  `employee_id` bigint unsigned NOT NULL,
  `n_days` int NOT NULL,
  `created_at` timestamp NULL DEFAULT NULL,
  `updated_at` timestamp NULL DEFAULT NULL,
  `deleted_at` timestamp NULL DEFAULT NULL,
  PRIMARY KEY (`id`),
  KEY `namazeg_absence_descion_confirms_employee_id_foreign` (`employee_id`),
  KEY `namazeg_absence_descion_confirms_namazeg_version_id_foreign` (`namazeg_version_id`),
  KEY `namazeg_absence_descion_confirms_school_id_foreign` (`school_id`),
  CONSTRAINT `namazeg_absence_descion_confirms_employee_id_foreign` FOREIGN KEY (`employee_id`) REFERENCES `school_employees` (`id`) ON DELETE CASCADE,
  CONSTRAINT `namazeg_absence_descion_confirms_namazeg_version_id_foreign` FOREIGN KEY (`namazeg_version_id`) REFERENCES `namazeg_versions` (`id`) ON DELETE CASCADE,
  CONSTRAINT `namazeg_absence_descion_confirms_school_id_foreign` FOREIGN KEY (`school_id`) REFERENCES `schools` (`id`) ON DELETE CASCADE
) ENGINE=InnoDB AUTO_INCREMENT=16 DEFAULT CHARSET=utf8mb4 COLLATE=utf8mb4_unicode_ci;

--
-- Dumping data for table `namazeg_absence_descion_confirms`
--

INSERT INTO `namazeg_absence_descion_confirms` (`id`, `namazeg_version_id`, `school_id`, `employee_id`, `n_days`, `created_at`, `updated_at`, `deleted_at`) VALUES (8,9376,81,178,10,'2024-10-02 08:35:51','2024-10-02 08:35:51',NULL),(9,9377,81,175,20,'2024-10-02 09:06:35','2024-10-02 09:06:35',NULL),(10,10339,81,177,8,'2024-10-02 13:15:40','2024-10-02 13:15:51',NULL),(11,10756,81,175,1,'2024-10-03 06:16:56','2024-10-03 06:16:56',NULL),(14,11197,81,177,4,'2024-10-03 11:43:40','2024-10-03 11:43:40',NULL),(15,11198,81,175,2,'2024-10-03 11:44:11','2024-10-03 11:44:21',NULL);

--
-- Table structure for table `namazeg_absence_questioning_actions`
--

CREATE TABLE `namazeg_absence_questioning_actions` (
  `id` bigint unsigned NOT NULL AUTO_INCREMENT,
  `absence_questioning_id` bigint unsigned NOT NULL,
  `absence_questioning_option_id` bigint unsigned NOT NULL,
  `serial_number` varchar(191) COLLATE utf8mb4_unicode_ci NOT NULL,
  `absence_descion_confirm_id` int DEFAULT NULL,
  `report_type` varchar(191) COLLATE utf8mb4_unicode_ci DEFAULT NULL,
  `n_days` varchar(191) COLLATE utf8mb4_unicode_ci DEFAULT NULL,
  `created_at` timestamp NULL DEFAULT NULL,
  `updated_at` timestamp NULL DEFAULT NULL,
  PRIMARY KEY (`id`)
) ENGINE=InnoDB AUTO_INCREMENT=12 DEFAULT CHARSET=utf8mb4 COLLATE=utf8mb4_unicode_ci;

--
-- Dumping data for table `namazeg_absence_questioning_actions`
--

INSERT INTO `namazeg_absence_questioning_actions` (`id`, `absence_questioning_id`, `absence_questioning_option_id`, `serial_number`, `absence_descion_confirm_id`, `report_type`, `n_days`, `created_at`, `updated_at`) VALUES (6,13,3,'46-19-13',11,NULL,'1','2024-10-03 06:16:56','2024-10-03 06:16:56'),(7,14,1,'46-19-14',NULL,'1',NULL,'2024-10-03 06:27:04','2024-10-03 06:27:04'),(8,15,2,'46-19-15',NULL,NULL,NULL,'2024-10-03 06:30:02','2024-10-03 06:30:02'),(9,16,2,'46-19-16',NULL,NULL,NULL,'2024-10-03 06:30:32','2024-10-03 08:28:09'),(11,17,3,'46-19-17',14,NULL,'4','2024-10-03 11:43:13','2024-10-03 11:43:40');

--
-- Table structure for table `namazeg_absence_questioning_options`
--

CREATE TABLE `namazeg_absence_questioning_options` (
  `id` bigint unsigned NOT NULL AUTO_INCREMENT,
  `name` varchar(191) COLLATE utf8mb4_unicode_ci NOT NULL,
  `created_at` timestamp NULL DEFAULT NULL,
  `updated_at` timestamp NULL DEFAULT NULL,
  PRIMARY KEY (`id`)
) ENGINE=InnoDB AUTO_INCREMENT=4 DEFAULT CHARSET=utf8mb4 COLLATE=utf8mb4_unicode_ci;

--
-- Dumping data for table `namazeg_absence_questioning_options`
--

INSERT INTO `namazeg_absence_questioning_options` (`id`, `name`, `created_at`, `updated_at`) VALUES (1,'تحتسب له أجازة مرضية بعد التأكد من نظامية التقارير','2024-10-01 20:32:26','2024-10-01 20:32:26'),(2,'يُحتسب غيابه من رصيده للإجازات الضرورية إذا كان رصيده يسمح، وإلا يُحسم عليه','2024-10-01 20:32:26','2024-10-01 20:32:26'),(3,'يعتمد الحسم لعدم قبول عذره','2024-10-01 20:32:26','2024-10-01 20:32:26');

--
-- Table structure for table `namazeg_absence_questionings`
--

CREATE TABLE `namazeg_absence_questionings` (
  `id` bigint unsigned NOT NULL AUTO_INCREMENT,
  `user_id` bigint unsigned DEFAULT NULL,
  `namazeg_version_id` bigint unsigned NOT NULL,
  `school_id` bigint unsigned NOT NULL,
  `employee_id` bigint unsigned NOT NULL,
  `absence_date` varchar(191) COLLATE utf8mb4_unicode_ci NOT NULL,
  `attendance_date` varchar(191) COLLATE utf8mb4_unicode_ci NOT NULL,
  `date` varchar(191) COLLATE utf8mb4_unicode_ci NOT NULL,
  `created_at` timestamp NULL DEFAULT NULL,
  `updated_at` timestamp NULL DEFAULT NULL,
  `deleted_at` timestamp NULL DEFAULT NULL,
  PRIMARY KEY (`id`),
  KEY `namazeg_absence_questionings_employee_id_foreign` (`employee_id`),
  KEY `namazeg_absence_questionings_namazeg_version_id_foreign` (`namazeg_version_id`),
  KEY `namazeg_absence_questionings_school_id_foreign` (`school_id`),
  KEY `namazeg_absence_questionings_user_id_foreign` (`user_id`),
  CONSTRAINT `namazeg_absence_questionings_employee_id_foreign` FOREIGN KEY (`employee_id`) REFERENCES `school_employees` (`id`) ON DELETE CASCADE,
  CONSTRAINT `namazeg_absence_questionings_namazeg_version_id_foreign` FOREIGN KEY (`namazeg_version_id`) REFERENCES `namazeg_versions` (`id`) ON DELETE CASCADE,
  CONSTRAINT `namazeg_absence_questionings_school_id_foreign` FOREIGN KEY (`school_id`) REFERENCES `schools` (`id`) ON DELETE CASCADE,
  CONSTRAINT `namazeg_absence_questionings_user_id_foreign` FOREIGN KEY (`user_id`) REFERENCES `users` (`id`) ON DELETE CASCADE
) ENGINE=InnoDB AUTO_INCREMENT=18 DEFAULT CHARSET=utf8mb4 COLLATE=utf8mb4_unicode_ci;

--
-- Dumping data for table `namazeg_absence_questionings`
--

INSERT INTO `namazeg_absence_questionings` (`id`, `user_id`, `namazeg_version_id`, `school_id`, `employee_id`, `absence_date`, `attendance_date`, `date`, `created_at`, `updated_at`, `deleted_at`) VALUES (13,417,10755,81,175,'10/10/2024','24/10/2024','12/04/1446','2024-10-03 06:16:39','2024-10-03 06:16:39',NULL),(17,NULL,10762,81,177,'03/10/2024','03/10/2024','30/03/1446','2024-10-03 07:02:07','2024-10-03 11:42:08',NULL);

--
-- Table structure for table `namazeg_assign_professional_communities`
--

CREATE TABLE `namazeg_assign_professional_communities` (
  `id` bigint unsigned NOT NULL AUTO_INCREMENT,
  `namazeg_version_id` bigint unsigned NOT NULL,
  `school_id` bigint unsigned NOT NULL,
  `specialize_id` bigint unsigned NOT NULL,
  `date` varchar(191) COLLATE utf8mb4_unicode_ci NOT NULL,
  `start_date` varchar(191) COLLATE utf8mb4_unicode_ci NOT NULL,
  `created_at` timestamp NULL DEFAULT NULL,
  `updated_at` timestamp NULL DEFAULT NULL,
  `deleted_at` timestamp NULL DEFAULT NULL,
  PRIMARY KEY (`id`),
  KEY `namazeg_assign_professional_communities_specialize_id_foreign` (`specialize_id`),
  KEY `delete_namazeg_version` (`namazeg_version_id`),
  KEY `namazeg_assign_professional_communities_school_id_foreign` (`school_id`),
  CONSTRAINT `delete_namazeg_version` FOREIGN KEY (`namazeg_version_id`) REFERENCES `namazeg_versions` (`id`) ON DELETE CASCADE,
  CONSTRAINT `namazeg_assign_professional_communities_school_id_foreign` FOREIGN KEY (`school_id`) REFERENCES `schools` (`id`) ON DELETE CASCADE,
  CONSTRAINT `namazeg_assign_professional_communities_specialize_id_foreign` FOREIGN KEY (`specialize_id`) REFERENCES `specializations` (`id`) ON DELETE CASCADE
) ENGINE=InnoDB AUTO_INCREMENT=18 DEFAULT CHARSET=utf8mb4 COLLATE=utf8mb4_unicode_ci;

--
-- Dumping data for table `namazeg_assign_professional_communities`
--

INSERT INTO `namazeg_assign_professional_communities` (`id`, `namazeg_version_id`, `school_id`, `specialize_id`, `date`, `start_date`, `created_at`, `updated_at`, `deleted_at`) VALUES (2,5365,1,1,'06/09/2024','06/09/2024','2024-09-25 12:00:28','2024-09-25 12:00:28',NULL),(3,5366,1,1,'06/09/2024','06/09/2024','2024-09-25 12:00:53','2024-09-25 12:00:53',NULL),(5,9345,1,1,'06/09/2024','06/09/2024','2024-10-01 06:55:41','2024-10-01 06:55:41',NULL);

--
-- Table structure for table `namazeg_assign_professional_communities_employees`
--

CREATE TABLE `namazeg_assign_professional_communities_employees` (
  `id` bigint unsigned NOT NULL AUTO_INCREMENT,
  `namazeg_assign_id` bigint unsigned NOT NULL,
  `emplyee_id` bigint unsigned NOT NULL,
  `assignment_details` varchar(191) COLLATE utf8mb4_unicode_ci NOT NULL,
  `class_teaching` varchar(191) COLLATE utf8mb4_unicode_ci NOT NULL,
  `created_at` timestamp NULL DEFAULT NULL,
  `updated_at` timestamp NULL DEFAULT NULL,
  `deleted_at` timestamp NULL DEFAULT NULL,
  PRIMARY KEY (`id`),
  KEY `delete_employee_id` (`emplyee_id`),
  KEY `delete_namazeg_assign` (`namazeg_assign_id`),
  CONSTRAINT `delete_namazeg_assign` FOREIGN KEY (`namazeg_assign_id`) REFERENCES `namazeg_assign_professional_communities` (`id`) ON DELETE CASCADE
) ENGINE=InnoDB AUTO_INCREMENT=66 DEFAULT CHARSET=utf8mb4 COLLATE=utf8mb4_unicode_ci;

--
-- Dumping data for table `namazeg_assign_professional_communities_employees`
--

INSERT INTO `namazeg_assign_professional_communities_employees` (`id`, `namazeg_assign_id`, `emplyee_id`, `assignment_details`, `class_teaching`, `created_at`, `updated_at`, `deleted_at`) VALUES (10,2,629,'very important','صفوفى المميزة','2024-09-25 12:00:28','2024-09-25 12:00:28',NULL),(11,3,629,'very important','صفوفى المميزة','2024-09-25 12:00:53','2024-09-25 12:00:53',NULL),(13,5,630,'very important','صفوفى المميزة','2024-10-01 06:55:41','2024-10-01 06:55:41',NULL),(14,5,630,'very important','صفوفى المميزة','2024-10-01 06:55:41','2024-10-01 06:55:41',NULL);

--
-- Table structure for table `namazeg_books_deliveries`
--

CREATE TABLE `namazeg_books_deliveries` (
  `id` bigint unsigned NOT NULL AUTO_INCREMENT,
  `namazeg_version_id` bigint unsigned NOT NULL,
  `school_id` bigint unsigned NOT NULL,
  `date` varchar(191) COLLATE utf8mb4_unicode_ci NOT NULL,
  `created_at` timestamp NULL DEFAULT NULL,
  `updated_at` timestamp NULL DEFAULT NULL,
  `class_id` bigint unsigned DEFAULT NULL,
  `deleted_at` timestamp NULL DEFAULT NULL,
  PRIMARY KEY (`id`),
  KEY `namazeg_books_deliveries_namazeg_version_id_foreign` (`namazeg_version_id`),
  KEY `namazeg_books_deliveries_school_id_foreign` (`school_id`),
  CONSTRAINT `namazeg_books_deliveries_namazeg_version_id_foreign` FOREIGN KEY (`namazeg_version_id`) REFERENCES `namazeg_versions` (`id`) ON DELETE CASCADE,
  CONSTRAINT `namazeg_books_deliveries_school_id_foreign` FOREIGN KEY (`school_id`) REFERENCES `schools` (`id`) ON DELETE CASCADE
) ENGINE=InnoDB AUTO_INCREMENT=801 DEFAULT CHARSET=utf8mb4 COLLATE=utf8mb4_unicode_ci;

--
-- Dumping data for table `namazeg_books_deliveries`
--

INSERT INTO `namazeg_books_deliveries` (`id`, `namazeg_version_id`, `school_id`, `date`, `created_at`, `updated_at`, `class_id`, `deleted_at`) VALUES (750,8734,81,'12/10/2024','2024-09-26 06:00:18','2024-09-26 06:00:18',2465,NULL),(751,8735,81,'12/10/2024','2024-09-26 06:00:19','2024-09-26 06:00:19',2466,NULL),(752,8736,81,'12/10/2024','2024-09-26 06:00:19','2024-09-26 06:00:19',2467,NULL),(753,8737,81,'12/10/2024','2024-09-26 06:00:19','2024-09-26 06:00:19',2468,NULL),(754,8738,81,'12/10/2024','2024-09-26 06:00:19','2024-09-26 06:00:19',2469,NULL),(755,8739,81,'12/10/2024','2024-09-26 06:00:19','2024-09-26 06:00:19',2470,NULL),(756,8740,81,'12/10/2024','2024-09-26 06:00:19','2024-09-26 06:00:19',2471,NULL),(757,8741,81,'12/10/2024','2024-09-26 06:00:19','2024-09-26 06:00:19',2472,NULL),(758,8742,81,'12/10/2024','2024-09-26 06:00:19','2024-09-26 06:00:19',2473,NULL),(759,8743,81,'12/10/2024','2024-09-26 06:00:19','2024-09-26 06:00:19',2474,NULL),(760,8744,81,'12/10/2024','2024-09-26 06:00:19','2024-09-26 06:00:19',2475,NULL),(761,8745,81,'12/10/2024','2024-09-26 06:00:19','2024-09-26 06:00:19',2476,NULL),(762,8746,81,'12/10/2024','2024-09-26 06:00:19','2024-09-26 06:00:19',2477,NULL),(763,10300,81,'10/10/2024','2024-10-02 13:06:36','2024-10-02 13:06:36',2462,NULL),(764,10301,81,'10/10/2024','2024-10-02 13:06:36','2024-10-02 13:06:36',2463,NULL),(765,10302,81,'10/10/2024','2024-10-02 13:06:36','2024-10-02 13:06:36',2464,NULL),(766,10303,81,'10/10/2024','2024-10-02 13:06:36','2024-10-02 13:06:36',2465,NULL),(767,10304,81,'10/10/2024','2024-10-02 13:06:36','2024-10-02 13:06:36',2466,NULL),(768,10305,81,'10/10/2024','2024-10-02 13:06:36','2024-10-02 13:06:36',2467,NULL),(769,10306,81,'10/10/2024','2024-10-02 13:06:36','2024-10-02 13:06:36',2468,NULL),(770,10307,81,'10/10/2024','2024-10-02 13:06:36','2024-10-02 13:06:36',2469,NULL),(771,10308,81,'10/10/2024','2024-10-02 13:06:36','2024-10-02 13:06:36',2470,NULL),(772,10309,81,'10/10/2024','2024-10-02 13:06:36','2024-10-02 13:06:36',2471,NULL),(773,10310,81,'10/10/2024','2024-10-02 13:06:36','2024-10-02 13:06:36',2472,NULL),(774,10311,81,'10/10/2024','2024-10-02 13:06:36','2024-10-02 13:06:36',2473,NULL),(775,10312,81,'10/10/2024','2024-10-02 13:06:36','2024-10-02 13:06:36',2474,NULL),(776,10313,81,'10/10/2024','2024-10-02 13:06:36','2024-10-02 13:06:36',2475,NULL),(777,10314,81,'10/10/2024','2024-10-02 13:06:36','2024-10-02 13:06:36',2476,NULL),(778,10315,81,'10/10/2024','2024-10-02 13:06:36','2024-10-02 13:06:36',2477,NULL),(779,10316,81,'12/10/2024','2024-10-02 13:07:46','2024-10-02 13:07:46',2462,NULL),(780,10317,81,'12/10/2024','2024-10-02 13:07:46','2024-10-02 13:07:46',2463,NULL),(781,10318,81,'12/10/2024','2024-10-02 13:07:46','2024-10-02 13:07:46',2464,NULL),(782,10319,81,'12/10/2024','2024-10-02 13:07:46','2024-10-02 13:07:46',2465,NULL),(783,10320,81,'12/10/2024','2024-10-02 13:07:46','2024-10-02 13:07:46',2466,NULL),(784,10321,81,'12/10/2024','2024-10-02 13:07:46','2024-10-02 13:07:46',2467,NULL),(785,10322,81,'12/10/2024','2024-10-02 13:07:46','2024-10-02 13:07:46',2468,NULL),(786,10323,81,'12/10/2024','2024-10-02 13:07:46','2024-10-02 13:07:46',2469,NULL),(787,10324,81,'12/10/2024','2024-10-02 13:07:46','2024-10-02 13:07:46',2470,NULL),(788,10325,81,'12/10/2024','2024-10-02 13:07:46','2024-10-02 13:07:46',2471,NULL),(789,10326,81,'12/10/2024','2024-10-02 13:07:46','2024-10-02 13:07:46',2472,NULL),(790,10327,81,'12/10/2024','2024-10-02 13:07:46','2024-10-02 13:07:46',2473,NULL),(791,10328,81,'12/10/2024','2024-10-02 13:07:46','2024-10-02 13:07:46',2474,NULL),(792,10329,81,'12/10/2024','2024-10-02 13:07:46','2024-10-02 13:07:46',2475,NULL),(793,10330,81,'12/10/2024','2024-10-02 13:07:46','2024-10-02 13:07:46',2476,NULL),(794,10331,81,'12/10/2024','2024-10-02 13:07:46','2024-10-02 13:07:46',2477,NULL),(795,10332,81,'02/10/2024','2024-10-02 13:08:08','2024-10-02 13:08:08',2467,NULL),(796,10333,81,'02/10/2024','2024-10-02 13:08:08','2024-10-02 13:08:08',2468,NULL),(797,10334,81,'02/10/2024','2024-10-02 13:08:08','2024-10-02 13:08:08',2469,NULL),(798,10335,81,'02/10/2024','2024-10-02 13:08:08','2024-10-02 13:08:08',2470,NULL),(799,10336,81,'02/10/2024','2024-10-02 13:08:08','2024-10-02 13:08:08',2471,NULL),(800,10715,81,'12/10/2024','2024-10-02 16:39:24','2024-10-02 16:39:24',2462,NULL);

--
-- Table structure for table `namazeg_categories`
--

CREATE TABLE `namazeg_categories` (
  `id` bigint unsigned NOT NULL AUTO_INCREMENT,
  `name` varchar(150) COLLATE utf8mb4_unicode_ci DEFAULT NULL,
  `parent_id` int unsigned DEFAULT NULL,
  `deleted_at` timestamp NULL DEFAULT NULL,
  `created_at` timestamp NULL DEFAULT NULL,
  `updated_at` timestamp NULL DEFAULT NULL,
  PRIMARY KEY (`id`)
) ENGINE=InnoDB AUTO_INCREMENT=175 DEFAULT CHARSET=utf8mb4 COLLATE=utf8mb4_unicode_ci;

--
-- Dumping data for table `namazeg_categories`
--

INSERT INTO `namazeg_categories` (`id`, `name`, `parent_id`, `deleted_at`, `created_at`, `updated_at`) VALUES (1,'الأدلة واللوائح',NULL,NULL,'2024-10-01 09:20:15','2024-10-01 09:20:15'),(2,'الأدلة الاجرائية',1,NULL,'2024-10-01 09:20:16','2024-10-01 09:20:16'),(3,'الادلة التعليمية نظام مسارات',1,NULL,'2024-10-01 09:20:16','2024-10-01 09:20:16'),(4,'الأدلة المنظمة للعمل',1,NULL,'2024-10-01 09:20:16','2024-10-01 09:20:16'),(5,'الأدلة التنظيمية',1,NULL,'2024-10-01 09:20:16','2024-10-01 09:20:16'),(6,'أدلة اخرى',1,NULL,'2024-10-01 09:20:16','2024-10-01 09:20:16'),(7,'دليل التقويم والاختبارات',1,NULL,'2024-10-01 09:20:16','2024-10-01 09:20:16'),(8,'اللوائح والادلة التعليمية',1,NULL,'2024-10-01 09:20:16','2024-10-01 09:20:16'),(9,'مديرة المدرسة',NULL,NULL,'2024-10-01 09:20:16','2024-10-01 09:20:16'),(10,'نماذج المدرسة',9,NULL,'2024-10-01 09:20:16','2024-10-01 09:20:16'),(11,'قسم الجودة',9,NULL,'2024-10-01 09:20:16','2024-10-01 09:20:16'),(12,'قضايا شاغلى التعليم',9,NULL,'2024-10-01 09:20:16','2024-10-01 09:20:16'),(13,'الشئون التعليمية',NULL,NULL,'2024-10-01 09:20:16','2024-10-01 09:20:16'),(14,'عام',13,NULL,'2024-10-01 09:20:16','2024-10-01 09:20:16'),(15,'سجلات المتابعة',13,NULL,'2024-10-01 09:20:16','2024-10-01 09:20:16'),(16,'شئون الطالبات',NULL,NULL,'2024-10-01 09:20:16','2024-10-01 09:20:16'),(17,'افادات وتعهدات',16,NULL,'2024-10-01 09:20:16','2024-10-01 09:20:16'),(18,'حصص الاتقان',16,NULL,'2024-10-01 09:20:16','2024-10-01 09:20:16'),(19,'عام',16,NULL,'2024-10-01 09:20:16','2024-10-01 09:20:16'),(20,'الشئون المدرسية',NULL,NULL,'2024-10-01 09:20:16','2024-10-01 09:20:16'),(21,'منسوبى المدرسة',20,NULL,'2024-10-01 09:20:16','2024-10-01 09:20:16'),(22,'سجلات',20,NULL,'2024-10-01 09:20:16','2024-10-01 09:20:16'),(23,'عام',20,NULL,'2024-10-01 09:20:16','2024-10-01 09:20:16'),(24,'أغلفة السجلات',NULL,NULL,'2024-10-01 09:20:16','2024-10-01 09:20:16'),(25,'كليشات',24,NULL,'2024-10-01 09:20:16','2024-10-01 09:20:16'),(26,'الإختبارات',NULL,NULL,'2024-10-01 09:20:16','2024-10-01 09:20:16'),(27,'تكليف لجان الإشراف على الإختبارات',26,NULL,'2024-10-01 09:20:16','2024-10-01 09:20:16'),(28,'لجان الاختبارات للطلاب',26,NULL,'2024-10-01 09:20:16','2024-10-01 09:20:16'),(29,'خطة الاختبارات',26,NULL,'2024-10-01 09:20:16','2024-10-01 09:20:16');

--
-- Table structure for table `namazeg_chemist_lab_inventory_records`
--

CREATE TABLE `namazeg_chemist_lab_inventory_records` (
  `id` bigint unsigned NOT NULL AUTO_INCREMENT,
  `namazeg_version_id` bigint unsigned NOT NULL,
  `school_id` bigint unsigned NOT NULL,
  `employee_id` bigint unsigned NOT NULL,
  `created_at` timestamp NULL DEFAULT NULL,
  `updated_at` timestamp NULL DEFAULT NULL,
  `deleted_at` timestamp NULL DEFAULT NULL,
  PRIMARY KEY (`id`),
  KEY `namazeg_chemist_lab_inventory_records_employee_id_foreign` (`employee_id`),
  KEY `namazeg_chemist_lab_inventory_records_namazeg_version_id_foreign` (`namazeg_version_id`),
  KEY `namazeg_chemist_lab_inventory_records_school_id_foreign` (`school_id`),
  CONSTRAINT `namazeg_chemist_lab_inventory_records_employee_id_foreign` FOREIGN KEY (`employee_id`) REFERENCES `school_employees` (`id`) ON DELETE CASCADE,
  CONSTRAINT `namazeg_chemist_lab_inventory_records_namazeg_version_id_foreign` FOREIGN KEY (`namazeg_version_id`) REFERENCES `namazeg_versions` (`id`) ON DELETE CASCADE,
  CONSTRAINT `namazeg_chemist_lab_inventory_records_school_id_foreign` FOREIGN KEY (`school_id`) REFERENCES `schools` (`id`) ON DELETE CASCADE
) ENGINE=InnoDB AUTO_INCREMENT=50 DEFAULT CHARSET=utf8mb4 COLLATE=utf8mb4_unicode_ci;

--
-- Dumping data for table `namazeg_chemist_lab_inventory_records`
--

INSERT INTO `namazeg_chemist_lab_inventory_records` (`id`, `namazeg_version_id`, `school_id`, `employee_id`, `created_at`, `updated_at`, `deleted_at`) VALUES (3,8854,81,174,'2024-09-29 15:17:51','2024-09-29 15:17:51',NULL),(4,8855,81,175,'2024-09-29 15:17:51','2024-09-29 15:17:51',NULL),(6,8857,81,174,'2024-09-29 15:17:58','2024-09-29 15:17:58',NULL),(7,8858,81,175,'2024-09-29 15:17:58','2024-09-29 15:17:58',NULL),(9,8860,81,174,'2024-09-29 15:18:04','2024-09-29 15:18:04',NULL),(10,8861,81,175,'2024-09-29 15:18:04','2024-09-29 15:18:04',NULL),(12,8863,81,174,'2024-09-29 15:18:09','2024-09-29 15:18:09',NULL),(13,8864,81,175,'2024-09-29 15:18:09','2024-09-29 15:18:09',NULL),(15,8866,81,174,'2024-09-29 15:18:15','2024-09-29 15:18:15',NULL),(16,8867,81,175,'2024-09-29 15:18:15','2024-09-29 15:18:15',NULL),(18,8869,81,174,'2024-09-29 15:18:21','2024-09-29 15:18:21',NULL),(19,8870,81,175,'2024-09-29 15:18:21','2024-09-29 15:18:21',NULL),(21,8872,81,174,'2024-09-29 15:18:26','2024-09-29 15:18:26',NULL),(22,8873,81,175,'2024-09-29 15:18:27','2024-09-29 15:18:27',NULL),(24,8875,81,174,'2024-09-29 15:18:32','2024-09-29 15:18:32',NULL),(25,8876,81,175,'2024-09-29 15:18:32','2024-09-29 15:18:32',NULL),(27,8878,81,174,'2024-09-29 15:18:39','2024-09-29 15:18:39',NULL),(28,8879,81,175,'2024-09-29 15:18:39','2024-09-29 15:18:39',NULL),(30,8881,81,174,'2024-09-29 15:18:45','2024-09-29 15:18:45',NULL),(31,8882,81,175,'2024-09-29 15:18:45','2024-09-29 15:18:45',NULL),(45,8896,81,174,'2024-09-29 15:19:36','2024-09-29 15:19:36',NULL),(46,8897,81,175,'2024-09-29 15:19:36','2024-09-29 15:19:36',NULL),(47,10799,81,174,'2024-10-03 10:44:32','2024-10-03 10:44:32',NULL),(48,10800,81,175,'2024-10-03 10:44:32','2024-10-03 10:44:32',NULL);

--
-- Table structure for table `namazeg_circular_attendances`
--

CREATE TABLE `namazeg_circular_attendances` (
  `id` bigint unsigned NOT NULL AUTO_INCREMENT,
  `namazeg_version_id` bigint unsigned NOT NULL,
  `school_id` bigint unsigned NOT NULL,
  `code` varchar(191) COLLATE utf8mb4_unicode_ci DEFAULT NULL,
  `date` varchar(191) COLLATE utf8mb4_unicode_ci NOT NULL,
  `issued_by` varchar(191) COLLATE utf8mb4_unicode_ci NOT NULL,
  `about` varchar(191) COLLATE utf8mb4_unicode_ci NOT NULL,
  `directed_to` enum('teachers','adminstrators','teachers_adminstrators') COLLATE utf8mb4_unicode_ci NOT NULL,
  `created_at` timestamp NULL DEFAULT NULL,
  `updated_at` timestamp NULL DEFAULT NULL,
  `deleted_at` timestamp NULL DEFAULT NULL,
  PRIMARY KEY (`id`),
  KEY `namazeg_circular_attendances_namazeg_version_id_foreign` (`namazeg_version_id`),
  KEY `namazeg_circular_attendances_school_id_foreign` (`school_id`),
  CONSTRAINT `namazeg_circular_attendances_namazeg_version_id_foreign` FOREIGN KEY (`namazeg_version_id`) REFERENCES `namazeg_versions` (`id`) ON DELETE CASCADE,
  CONSTRAINT `namazeg_circular_attendances_school_id_foreign` FOREIGN KEY (`school_id`) REFERENCES `schools` (`id`) ON DELETE CASCADE
) ENGINE=InnoDB AUTO_INCREMENT=18 DEFAULT CHARSET=utf8mb4 COLLATE=utf8mb4_unicode_ci;

--
-- Dumping data for table `namazeg_circular_attendances`
--

INSERT INTO `namazeg_circular_attendances` (`id`, `namazeg_version_id`, `school_id`, `code`, `date`, `issued_by`, `about`, `directed_to`, `created_at`, `updated_at`, `deleted_at`) VALUES (1,1,1,'66','20/08/2024','ٌRamzy','About World','teachers','2024-09-11 06:23:10','2024-09-11 06:23:10',NULL),(4,9378,1,'66','20/08/2024','ٌRamzy','About World','teachers','2024-10-02 09:13:52','2024-10-02 09:13:52',NULL),(11,11542,119,'22','15/10/2024','afdsfadsfasf','adsfasfa','adminstrators','2024-10-15 06:22:52','2024-10-15 06:22:52',NULL),(12,11543,119,'22','15/10/2024','sfadsf','afsdaf','adminstrators','2024-10-15 06:23:09','2024-10-15 06:23:09',NULL),(13,11544,119,'150','15/10/2024','dsfasf','adsfadsf','teachers','2024-10-15 06:25:37','2024-10-15 06:25:37',NULL),(17,11923,112,'1','11/11/2024','fasfs','dasd','adminstrators','2024-11-10 23:48:05','2024-11-10 23:48:05',NULL);

--
-- Table structure for table `namazeg_class_plan_activities`
--

CREATE TABLE `namazeg_class_plan_activities` (
  `id` bigint unsigned NOT NULL AUTO_INCREMENT,
  `namazeg_version_id` bigint unsigned NOT NULL,
  `school_id` bigint unsigned NOT NULL,
  `n_classes` varchar(100) COLLATE utf8mb4_unicode_ci NOT NULL,
  `emplyee_ids` varchar(191) COLLATE utf8mb4_unicode_ci NOT NULL,
  `specializations_ids` varchar(191) COLLATE utf8mb4_unicode_ci NOT NULL,
  `created_at` timestamp NULL DEFAULT NULL,
  `updated_at` timestamp NULL DEFAULT NULL,
  `deleted_at` timestamp NULL DEFAULT NULL,
  PRIMARY KEY (`id`),
  KEY `namazeg_class_plan_activities_namazeg_version_id_foreign` (`namazeg_version_id`),
  KEY `namazeg_class_plan_activities_school_id_foreign` (`school_id`),
  CONSTRAINT `namazeg_class_plan_activities_namazeg_version_id_foreign` FOREIGN KEY (`namazeg_version_id`) REFERENCES `namazeg_versions` (`id`) ON DELETE CASCADE,
  CONSTRAINT `namazeg_class_plan_activities_school_id_foreign` FOREIGN KEY (`school_id`) REFERENCES `schools` (`id`) ON DELETE CASCADE
) ENGINE=InnoDB AUTO_INCREMENT=29 DEFAULT CHARSET=utf8mb4 COLLATE=utf8mb4_unicode_ci;

--
-- Dumping data for table `namazeg_class_plan_activities`
--

INSERT INTO `namazeg_class_plan_activities` (`id`, `namazeg_version_id`, `school_id`, `n_classes`, `emplyee_ids`, `specializations_ids`, `created_at`, `updated_at`, `deleted_at`) VALUES (8,417,81,'2','[\"177\"]','[\"1\"]','2024-09-24 06:31:40','2024-09-24 06:31:40',NULL),(9,418,81,'2','[\"177\"]','[\"1\"]','2024-09-24 06:31:42','2024-09-24 06:31:42',NULL),(10,419,81,'2','[\"177\"]','[\"1\"]','2024-09-24 06:31:43','2024-09-24 06:31:43',NULL),(11,420,81,'2','[\"177\"]','[\"1\"]','2024-09-24 06:31:45','2024-09-24 06:31:45',NULL),(12,421,81,'2','[\"177\"]','[\"1\"]','2024-09-24 06:31:47','2024-09-24 06:31:47',NULL),(13,5233,81,'2','[\"173, 174\"]','[\"2, 3\"]','2024-09-24 11:13:56','2024-09-24 11:13:56',NULL),(14,5234,81,'2','[\"173\"]','[\"2\"]','2024-09-24 11:43:44','2024-09-24 11:43:44',NULL),(15,5254,81,'4','[173,174]','[19,18]','2024-09-24 13:18:50','2024-09-24 13:18:50',NULL),(16,8748,81,'5','[175,174]','[4,3,2]','2024-09-26 10:24:29','2024-09-26 10:24:29',NULL),(17,8749,81,'10','[\"173\",\"174\",\"175\"]','[\"1\",\"2\",\"3\",\"4\",\"5\"]','2024-09-26 10:27:41','2024-09-26 10:27:41',NULL),(18,8750,81,'2','[175,174]','[4,5,3,2]','2024-09-26 11:30:04','2024-09-26 11:30:04',NULL),(20,8765,81,'6','[\"173\",\"174\",\"175\"]','[\"1\",\"2\",\"3\",\"4\",\"5\",\"6\",\"7\",\"8\",\"9\",\"10\",\"12\",\"13\",\"14\",\"15\",\"16\",\"17\",\"18\",\"19\",\"20\",\"21\",\"22\",\"23\",\"24\",\"25\",\"26\",\"27\",\"28\",\"29\",\"30\",\"31\",\"32\",\"33\",\"34\"]','2024-09-27 10:37:23','2024-09-27 10:37:23',NULL),(21,9885,81,'2','[\"174\"]','[\"2\",\"3\",\"5\"]','2024-10-02 12:01:18','2024-10-02 12:03:47',NULL),(22,11540,112,'1','[\"693\",\"694\"]','[\"1\"]','2024-10-14 17:56:34','2024-10-14 17:56:34',NULL),(23,11541,112,'1','[\"695\"]','[\"3\"]','2024-10-14 17:56:45','2024-10-14 17:56:45',NULL),(24,11547,119,'3','[\"747\"]','[\"3\"]','2024-10-15 07:01:41','2024-10-15 07:01:41',NULL),(25,11548,119,'5','[\"747\"]','[\"1\"]','2024-10-15 07:02:06','2024-10-15 07:02:06',NULL),(26,11549,119,'25','[\"747\"]','[\"5\"]','2024-10-15 07:02:33','2024-10-15 07:02:33',NULL),(27,11550,119,'9','[\"747\"]','[\"9\"]','2024-10-15 07:02:55','2024-10-15 07:02:55',NULL),(28,11551,119,'30','[\"747\"]','[\"7\"]','2024-10-15 07:03:34','2024-10-15 07:03:34',NULL);

--
-- Table structure for table `namazeg_department_procedures_forms`
--

CREATE TABLE `namazeg_department_procedures_forms` (
  `id` bigint unsigned NOT NULL AUTO_INCREMENT,
  `v_student_punishment_id` bigint unsigned NOT NULL,
  `namazeg_version_id` bigint unsigned NOT NULL,
  `decision_number` int NOT NULL,
  `date` varchar(191) COLLATE utf8mb4_unicode_ci NOT NULL,
  `semester_id` bigint unsigned DEFAULT NULL,
  `class_id` bigint unsigned DEFAULT NULL,
  `new_school_name` varchar(191) COLLATE utf8mb4_unicode_ci DEFAULT NULL,
  `options` varchar(191) COLLATE utf8mb4_unicode_ci NOT NULL,
  `created_at` timestamp NULL DEFAULT NULL,
  `updated_at` timestamp NULL DEFAULT NULL,
  `deleted_at` timestamp NULL DEFAULT NULL,
  PRIMARY KEY (`id`),
  KEY `namazeg_department_procedures_forms_class_id_foreign` (`class_id`),
  KEY `delte semes` (`semester_id`),
  KEY `delete versi` (`namazeg_version_id`),
  KEY `delete v_s_punis` (`v_student_punishment_id`),
  CONSTRAINT `delete v_s_punis` FOREIGN KEY (`v_student_punishment_id`) REFERENCES `violation_student_punishments` (`id`) ON DELETE CASCADE,
  CONSTRAINT `delete versi` FOREIGN KEY (`namazeg_version_id`) REFERENCES `namazeg_versions` (`id`) ON DELETE CASCADE,
  CONSTRAINT `delte semes` FOREIGN KEY (`semester_id`) REFERENCES `semesters` (`id`) ON DELETE CASCADE,
  CONSTRAINT `namazeg_department_procedures_forms_class_id_foreign` FOREIGN KEY (`class_id`) REFERENCES `class_names` (`id`) ON DELETE CASCADE
) ENGINE=InnoDB AUTO_INCREMENT=6 DEFAULT CHARSET=utf8mb4 COLLATE=utf8mb4_unicode_ci;

--
-- Dumping data for table `namazeg_department_procedures_forms`
--

INSERT INTO `namazeg_department_procedures_forms` (`id`, `v_student_punishment_id`, `namazeg_version_id`, `decision_number`, `date`, `semester_id`, `class_id`, `new_school_name`, `options`, `created_at`, `updated_at`, `deleted_at`) VALUES (1,62,12075,2,'12/11/2024',NULL,NULL,'المتوسطة 121','[2]','2024-11-12 18:56:59','2024-11-12 18:56:59',NULL),(2,85,12104,4,'13/11/2024',1,NULL,'test','[1,2,3,4]','2024-11-13 14:04:35','2024-11-13 14:04:35',NULL),(3,36,12644,2,'27/11/2024',1,NULL,'test select all','[4]','2024-11-17 11:42:02','2024-11-17 12:45:11',NULL),(4,52,12673,1,'18/11/2024',1,NULL,NULL,'[1]','2024-11-18 08:12:29','2024-11-18 08:28:28',NULL),(5,71,12713,10,'20/11/2024',1,NULL,'مدرسة 73 بنات','[1,2]','2024-11-18 13:26:37','2024-11-18 13:27:37',NULL);

--
-- Table structure for table `namazeg_descion_sumhours_lateleavings`
--

CREATE TABLE `namazeg_descion_sumhours_lateleavings` (
  `id` bigint unsigned NOT NULL AUTO_INCREMENT,
  `namazeg_version_id` bigint unsigned NOT NULL,
  `school_id` bigint unsigned NOT NULL,
  `employee_id` bigint unsigned NOT NULL,
  `n_days` varchar(191) COLLATE utf8mb4_unicode_ci NOT NULL,
  `n_hours` varchar(191) COLLATE utf8mb4_unicode_ci NOT NULL,
  `created_at` timestamp NULL DEFAULT NULL,
  `updated_at` timestamp NULL DEFAULT NULL,
  `deleted_at` timestamp NULL DEFAULT NULL,
  PRIMARY KEY (`id`),
  KEY `namazeg_descion_sumhours_lateleavings_employee_id_foreign` (`employee_id`),
  KEY `namazeg_descion_sumhours_lateleavings_namazeg_version_id_foreign` (`namazeg_version_id`),
  KEY `namazeg_descion_sumhours_lateleavings_school_id_foreign` (`school_id`),
  CONSTRAINT `namazeg_descion_sumhours_lateleavings_employee_id_foreign` FOREIGN KEY (`employee_id`) REFERENCES `school_employees` (`id`) ON DELETE CASCADE,
  CONSTRAINT `namazeg_descion_sumhours_lateleavings_namazeg_version_id_foreign` FOREIGN KEY (`namazeg_version_id`) REFERENCES `namazeg_versions` (`id`) ON DELETE CASCADE,
  CONSTRAINT `namazeg_descion_sumhours_lateleavings_school_id_foreign` FOREIGN KEY (`school_id`) REFERENCES `schools` (`id`) ON DELETE CASCADE
) ENGINE=InnoDB AUTO_INCREMENT=12 DEFAULT CHARSET=utf8mb4 COLLATE=utf8mb4_unicode_ci;

--
-- Dumping data for table `namazeg_descion_sumhours_lateleavings`
--

INSERT INTO `namazeg_descion_sumhours_lateleavings` (`id`, `namazeg_version_id`, `school_id`, `employee_id`, `n_days`, `n_hours`, `created_at`, `updated_at`, `deleted_at`) VALUES (11,10777,81,177,'4','2','2024-10-03 10:28:30','2024-10-03 10:28:55',NULL);

--
-- Table structure for table `namazeg_destruction_proceeds`
--

CREATE TABLE `namazeg_destruction_proceeds` (
  `id` bigint unsigned NOT NULL AUTO_INCREMENT,
  `v_student_punishment_id` bigint unsigned NOT NULL,
  `namazeg_version_id` bigint unsigned NOT NULL,
  `decision_number` int NOT NULL,
  `meeting_date` varchar(191) COLLATE utf8mb4_unicode_ci NOT NULL,
  `destruction_date` varchar(191) COLLATE utf8mb4_unicode_ci NOT NULL,
  `invention_date` varchar(191) COLLATE utf8mb4_unicode_ci NOT NULL,
  `crime_time` varchar(191) COLLATE utf8mb4_unicode_ci NOT NULL,
  `details` text COLLATE utf8mb4_unicode_ci NOT NULL,
  `created_at` timestamp NULL DEFAULT NULL,
  `updated_at` timestamp NULL DEFAULT NULL,
  `deleted_at` timestamp NULL DEFAULT NULL,
  PRIMARY KEY (`id`),
  KEY `namazeg_destruction_proceeds_namazeg_version_id_foreign` (`namazeg_version_id`),
  KEY `namazeg_destruction_proceeds_v_student_punishment_id_foreign` (`v_student_punishment_id`),
  CONSTRAINT `namazeg_destruction_proceeds_namazeg_version_id_foreign` FOREIGN KEY (`namazeg_version_id`) REFERENCES `namazeg_versions` (`id`) ON DELETE CASCADE,
  CONSTRAINT `namazeg_destruction_proceeds_v_student_punishment_id_foreign` FOREIGN KEY (`v_student_punishment_id`) REFERENCES `violation_student_punishments` (`id`) ON DELETE CASCADE
) ENGINE=InnoDB AUTO_INCREMENT=6 DEFAULT CHARSET=utf8mb4 COLLATE=utf8mb4_unicode_ci;

--
-- Dumping data for table `namazeg_destruction_proceeds`
--

INSERT INTO `namazeg_destruction_proceeds` (`id`, `v_student_punishment_id`, `namazeg_version_id`, `decision_number`, `meeting_date`, `destruction_date`, `invention_date`, `crime_time`, `details`, `created_at`, `updated_at`, `deleted_at`) VALUES (1,55,12066,1,'12/11/2024','26/11/2024','04/12/2024','00:03 ص','[{\"desc\":\"test\",\"count\":1,\"type\":\"test\",\"note\":\"note\"},{\"desc\":null,\"count\":null,\"type\":null,\"note\":null},{\"desc\":null,\"count\":null,\"type\":null,\"note\":null},{\"desc\":null,\"count\":null,\"type\":null,\"note\":null}]','2024-11-12 17:14:12','2024-11-12 17:14:12',NULL),(3,35,12642,20,'19/11/2024','21/11/2024','01/12/2024','00:14 ص','[{\"desc\":\"test\",\"count\":5,\"type\":\"test\",\"note\":\"test\"},{\"desc\":\"test2\",\"count\":5,\"type\":\"test2\",\"note\":\"test2\"},{\"desc\":\"test3\",\"count\":5,\"type\":\"test3\",\"note\":\"test3\"}]','2024-11-17 10:17:44','2024-11-17 11:21:30',NULL),(4,49,12667,2,'18/11/2024','24/11/2024','01/12/2024','12:07 ص','[{\"desc\":\"test1\",\"count\":1,\"type\":\"test1\",\"note\":\"test1\"},{\"desc\":\"test2\",\"count\":2,\"type\":\"test2\",\"note\":\"test2\"}]','2024-11-18 07:56:51','2024-11-18 07:56:51',NULL),(5,50,12669,5,'24/11/2024','24/11/2024','24/11/2024','00:07 ص','[{\"desc\":\"test2\",\"count\":2,\"type\":\"test2\",\"note\":\"test2\"},{\"desc\":\"test2\",\"count\":3,\"type\":\"test2\",\"note\":\"test2\"},{\"desc\":\"|| reportForm ?\",\"count\":5,\"type\":\"|| reportForm ?\",\"note\":\"|| reportForm ?\"}]','2024-11-18 08:00:07','2024-11-18 08:03:32',NULL);

--
-- Table structure for table `namazeg_employee_leaving_records`
--

CREATE TABLE `namazeg_employee_leaving_records` (
  `id` bigint unsigned NOT NULL AUTO_INCREMENT,
  `namazeg_version_id` bigint unsigned NOT NULL,
  `school_id` bigint unsigned NOT NULL,
  `employee_id` bigint unsigned NOT NULL,
  `created_at` timestamp NULL DEFAULT NULL,
  `updated_at` timestamp NULL DEFAULT NULL,
  `deleted_at` timestamp NULL DEFAULT NULL,
  PRIMARY KEY (`id`),
  KEY `namazeg_employee_leaving_records_employee_id_foreign` (`employee_id`),
  KEY `namazeg_employee_leaving_records_namazeg_version_id_foreign` (`namazeg_version_id`),
  KEY `namazeg_employee_leaving_records_school_id_foreign` (`school_id`),
  CONSTRAINT `namazeg_employee_leaving_records_employee_id_foreign` FOREIGN KEY (`employee_id`) REFERENCES `school_employees` (`id`) ON DELETE CASCADE,
  CONSTRAINT `namazeg_employee_leaving_records_namazeg_version_id_foreign` FOREIGN KEY (`namazeg_version_id`) REFERENCES `namazeg_versions` (`id`) ON DELETE CASCADE,
  CONSTRAINT `namazeg_employee_leaving_records_school_id_foreign` FOREIGN KEY (`school_id`) REFERENCES `schools` (`id`) ON DELETE CASCADE
) ENGINE=InnoDB AUTO_INCREMENT=85 DEFAULT CHARSET=utf8mb4 COLLATE=utf8mb4_unicode_ci;

--
-- Dumping data for table `namazeg_employee_leaving_records`
--

INSERT INTO `namazeg_employee_leaving_records` (`id`, `namazeg_version_id`, `school_id`, `employee_id`, `created_at`, `updated_at`, `deleted_at`) VALUES (10,8780,81,174,'2024-09-29 07:10:07','2024-09-29 07:10:07',NULL),(11,8780,81,175,'2024-09-29 07:10:07','2024-09-29 07:10:07',NULL),(13,8781,81,174,'2024-09-29 07:10:14','2024-09-29 07:10:14',NULL),(14,8781,81,175,'2024-09-29 07:10:14','2024-09-29 07:10:14',NULL),(16,8782,81,174,'2024-09-29 07:10:21','2024-09-29 07:10:21',NULL),(20,8783,81,175,'2024-09-29 07:11:02','2024-09-29 07:11:02',NULL),(22,8784,81,174,'2024-09-29 07:11:11','2024-09-29 07:11:11',NULL),(23,8784,81,175,'2024-09-29 07:11:11','2024-09-29 07:11:11',NULL),(25,8785,81,174,'2024-09-29 07:11:17','2024-09-29 07:11:17',NULL),(26,8785,81,175,'2024-09-29 07:11:17','2024-09-29 07:11:17',NULL),(28,8786,81,174,'2024-09-29 07:11:22','2024-09-29 07:11:22',NULL),(29,8786,81,175,'2024-09-29 07:11:22','2024-09-29 07:11:22',NULL),(31,8787,81,174,'2024-09-29 07:11:28','2024-09-29 07:11:28',NULL),(32,8787,81,175,'2024-09-29 07:11:28','2024-09-29 07:11:28',NULL),(34,8788,81,174,'2024-09-29 07:11:33','2024-09-29 07:11:33',NULL),(35,8788,81,175,'2024-09-29 07:11:33','2024-09-29 07:11:33',NULL),(37,8789,81,174,'2024-09-29 07:11:43','2024-09-29 07:11:43',NULL),(38,8789,81,175,'2024-09-29 07:11:43','2024-09-29 07:11:43',NULL),(40,8812,81,174,'2024-09-29 12:03:49','2024-09-29 12:03:49',NULL),(41,8812,81,175,'2024-09-29 12:03:49','2024-09-29 12:03:49',NULL),(44,10338,81,175,'2024-10-02 13:14:54','2024-10-02 13:14:54',NULL),(46,11539,112,693,'2024-10-14 17:41:11','2024-10-14 17:41:11',NULL),(47,11539,112,694,'2024-10-14 17:41:11','2024-10-14 17:41:11',NULL),(48,11539,112,695,'2024-10-14 17:41:11','2024-10-14 17:41:11',NULL),(49,11539,112,696,'2024-10-14 17:41:11','2024-10-14 17:41:11',NULL),(50,11539,112,697,'2024-10-14 17:41:11','2024-10-14 17:41:11',NULL),(51,11539,112,698,'2024-10-14 17:41:11','2024-10-14 17:41:11',NULL),(52,11539,112,699,'2024-10-14 17:41:11','2024-10-14 17:41:11',NULL),(53,11539,112,700,'2024-10-14 17:41:11','2024-10-14 17:41:11',NULL),(54,11539,112,701,'2024-10-14 17:41:11','2024-10-14 17:41:11',NULL),(55,11539,112,702,'2024-10-14 17:41:11','2024-10-14 17:41:11',NULL),(56,11539,112,703,'2024-10-14 17:41:11','2024-10-14 17:41:11',NULL),(57,11539,112,704,'2024-10-14 17:41:11','2024-10-14 17:41:11',NULL),(58,11539,112,705,'2024-10-14 17:41:11','2024-10-14 17:41:11',NULL),(59,11539,112,706,'2024-10-14 17:41:11','2024-10-14 17:41:11',NULL),(60,11539,112,707,'2024-10-14 17:41:11','2024-10-14 17:41:11',NULL),(61,11539,112,708,'2024-10-14 17:41:11','2024-10-14 17:41:11',NULL),(62,11539,112,709,'2024-10-14 17:41:11','2024-10-14 17:41:11',NULL),(63,11539,112,710,'2024-10-14 17:41:11','2024-10-14 17:41:11',NULL),(64,11539,112,711,'2024-10-14 17:41:11','2024-10-14 17:41:11',NULL),(65,11539,112,712,'2024-10-14 17:41:11','2024-10-14 17:41:11',NULL),(66,11539,112,713,'2024-10-14 17:41:11','2024-10-14 17:41:11',NULL),(67,11539,112,714,'2024-10-14 17:41:11','2024-10-14 17:41:11',NULL),(68,11539,112,715,'2024-10-14 17:41:11','2024-10-14 17:41:11',NULL),(69,11539,112,716,'2024-10-14 17:41:11','2024-10-14 17:41:11',NULL),(70,11539,112,717,'2024-10-14 17:41:11','2024-10-14 17:41:11',NULL),(71,11539,112,718,'2024-10-14 17:41:11','2024-10-14 17:41:11',NULL),(72,11539,112,719,'2024-10-14 17:41:11','2024-10-14 17:41:11',NULL),(73,11539,112,720,'2024-10-14 17:41:11','2024-10-14 17:41:11',NULL),(74,11539,112,721,'2024-10-14 17:41:11','2024-10-14 17:41:11',NULL),(75,11539,112,722,'2024-10-14 17:41:11','2024-10-14 17:41:11',NULL),(76,11539,112,723,'2024-10-14 17:41:11','2024-10-14 17:41:11',NULL),(77,11539,112,724,'2024-10-14 17:41:11','2024-10-14 17:41:11',NULL),(78,11539,112,725,'2024-10-14 17:41:11','2024-10-14 17:41:11',NULL),(79,11539,112,726,'2024-10-14 17:41:11','2024-10-14 17:41:11',NULL),(80,11539,112,727,'2024-10-14 17:41:11','2024-10-14 17:41:11',NULL),(81,11539,112,728,'2024-10-14 17:41:11','2024-10-14 17:41:11',NULL),(82,11539,112,729,'2024-10-14 17:41:11','2024-10-14 17:41:11',NULL),(83,11539,112,730,'2024-10-14 17:41:11','2024-10-14 17:41:11',NULL),(84,11539,112,731,'2024-10-14 17:41:11','2024-10-14 17:41:11',NULL);

--
-- Table structure for table `namazeg_evacuation_plan_images`
--

CREATE TABLE `namazeg_evacuation_plan_images` (
  `id` bigint unsigned NOT NULL AUTO_INCREMENT,
  `namazeg_version_id` bigint unsigned NOT NULL,
  `school_id` bigint unsigned NOT NULL,
  `namazeg_evacuation_id` bigint unsigned NOT NULL,
  `image` varchar(191) COLLATE utf8mb4_unicode_ci NOT NULL,
  `created_at` timestamp NULL DEFAULT NULL,
  `updated_at` timestamp NULL DEFAULT NULL,
  `deleted_at` timestamp NULL DEFAULT NULL,
  PRIMARY KEY (`id`),
  KEY `evacuation_delete` (`namazeg_evacuation_id`),
  KEY `namazeg_evacuation_plan_images_namazeg_version_id_foreign` (`namazeg_version_id`),
  KEY `namazeg_evacuation_plan_images_school_id_foreign` (`school_id`),
  CONSTRAINT `evacuation_delete` FOREIGN KEY (`namazeg_evacuation_id`) REFERENCES `namazeg_evacuation_plan_reports` (`id`) ON DELETE CASCADE,
  CONSTRAINT `namazeg_evacuation_plan_images_namazeg_version_id_foreign` FOREIGN KEY (`namazeg_version_id`) REFERENCES `namazeg_versions` (`id`) ON DELETE CASCADE,
  CONSTRAINT `namazeg_evacuation_plan_images_school_id_foreign` FOREIGN KEY (`school_id`) REFERENCES `schools` (`id`) ON DELETE CASCADE
) ENGINE=InnoDB DEFAULT CHARSET=utf8mb4 COLLATE=utf8mb4_unicode_ci;

--
-- Dumping data for table `namazeg_evacuation_plan_images`
--


--
-- Table structure for table `namazeg_evacuation_plan_reports`
--

CREATE TABLE `namazeg_evacuation_plan_reports` (
  `id` bigint unsigned NOT NULL AUTO_INCREMENT,
  `namazeg_version_id` bigint unsigned NOT NULL,
  `school_id` bigint unsigned NOT NULL,
  `safety_man` varchar(191) COLLATE utf8mb4_unicode_ci DEFAULT NULL,
  `date` varchar(191) COLLATE utf8mb4_unicode_ci NOT NULL,
  `time` varchar(191) COLLATE utf8mb4_unicode_ci NOT NULL,
  `duration` varchar(191) COLLATE utf8mb4_unicode_ci DEFAULT NULL,
  `n_students` int NOT NULL,
  `n_employees` int NOT NULL,
  `created_at` timestamp NULL DEFAULT NULL,
  `updated_at` timestamp NULL DEFAULT NULL,
  `deleted_at` timestamp NULL DEFAULT NULL,
  PRIMARY KEY (`id`),
  KEY `namazeg_evacuation_plan_reports_namazeg_version_id_foreign` (`namazeg_version_id`),
  KEY `namazeg_evacuation_plan_reports_school_id_foreign` (`school_id`),
  CONSTRAINT `namazeg_evacuation_plan_reports_namazeg_version_id_foreign` FOREIGN KEY (`namazeg_version_id`) REFERENCES `namazeg_versions` (`id`) ON DELETE CASCADE,
  CONSTRAINT `namazeg_evacuation_plan_reports_school_id_foreign` FOREIGN KEY (`school_id`) REFERENCES `schools` (`id`) ON DELETE CASCADE
) ENGINE=InnoDB AUTO_INCREMENT=5 DEFAULT CHARSET=utf8mb4 COLLATE=utf8mb4_unicode_ci;

--
-- Dumping data for table `namazeg_evacuation_plan_reports`
--

INSERT INTO `namazeg_evacuation_plan_reports` (`id`, `namazeg_version_id`, `school_id`, `safety_man`, `date`, `time`, `duration`, `n_students`, `n_employees`, `created_at`, `updated_at`, `deleted_at`) VALUES (3,10771,81,'manager update','03/10/2024','12:00 ص','2 min',300,25,'2024-10-03 08:42:59','2024-10-03 08:45:33',NULL),(4,11196,81,'admin','03/10/2024','11:00 ص','15 min',250,20,'2024-10-03 11:40:27','2024-10-03 11:40:27',NULL);

--
-- Table structure for table `namazeg_excess_damage_records`
--

CREATE TABLE `namazeg_excess_damage_records` (
  `id` bigint unsigned NOT NULL AUTO_INCREMENT,
  `namazeg_version_id` bigint unsigned NOT NULL,
  `school_id` bigint unsigned NOT NULL,
  `employee_id` bigint unsigned NOT NULL,
  `created_at` timestamp NULL DEFAULT NULL,
  `updated_at` timestamp NULL DEFAULT NULL,
  `deleted_at` timestamp NULL DEFAULT NULL,
  PRIMARY KEY (`id`),
  KEY `namazeg_excess_damage_records_employee_id_foreign` (`employee_id`),
  KEY `namazeg_excess_damage_records_namazeg_version_id_foreign` (`namazeg_version_id`),
  KEY `namazeg_excess_damage_records_school_id_foreign` (`school_id`),
  CONSTRAINT `namazeg_excess_damage_records_employee_id_foreign` FOREIGN KEY (`employee_id`) REFERENCES `school_employees` (`id`) ON DELETE CASCADE,
  CONSTRAINT `namazeg_excess_damage_records_namazeg_version_id_foreign` FOREIGN KEY (`namazeg_version_id`) REFERENCES `namazeg_versions` (`id`) ON DELETE CASCADE,
  CONSTRAINT `namazeg_excess_damage_records_school_id_foreign` FOREIGN KEY (`school_id`) REFERENCES `schools` (`id`) ON DELETE CASCADE
) ENGINE=InnoDB AUTO_INCREMENT=27 DEFAULT CHARSET=utf8mb4 COLLATE=utf8mb4_unicode_ci;

--
-- Dumping data for table `namazeg_excess_damage_records`
--

INSERT INTO `namazeg_excess_damage_records` (`id`, `namazeg_version_id`, `school_id`, `employee_id`, `created_at`, `updated_at`, `deleted_at`) VALUES (6,8906,81,174,'2024-09-30 06:30:34','2024-09-30 06:30:34',NULL),(7,8907,81,175,'2024-09-30 06:30:34','2024-09-30 06:30:34',NULL),(9,8909,81,174,'2024-09-30 06:30:39','2024-09-30 06:30:39',NULL),(10,8910,81,175,'2024-09-30 06:30:39','2024-09-30 06:30:39',NULL),(12,8912,81,174,'2024-09-30 06:30:44','2024-09-30 06:30:44',NULL),(13,8913,81,175,'2024-09-30 06:30:44','2024-09-30 06:30:44',NULL),(15,8915,81,174,'2024-09-30 06:30:48','2024-09-30 06:30:48',NULL),(16,8916,81,175,'2024-09-30 06:30:48','2024-09-30 06:30:48',NULL),(18,8918,81,174,'2024-09-30 06:30:54','2024-09-30 06:30:54',NULL),(19,8919,81,175,'2024-09-30 06:30:54','2024-09-30 06:30:54',NULL),(21,8921,81,174,'2024-09-30 06:30:59','2024-09-30 06:30:59',NULL),(22,8922,81,175,'2024-09-30 06:30:59','2024-09-30 06:30:59',NULL),(24,8924,81,174,'2024-09-30 06:31:05','2024-09-30 06:31:05',NULL),(25,8925,81,175,'2024-09-30 06:31:05','2024-09-30 06:31:05',NULL),(26,10802,81,174,'2024-10-03 10:45:06','2024-10-03 10:45:06',NULL);

--
-- Table structure for table `namazeg_experment_excution_records`
--

CREATE TABLE `namazeg_experment_excution_records` (
  `id` bigint unsigned NOT NULL AUTO_INCREMENT,
  `namazeg_version_id` bigint unsigned NOT NULL,
  `school_id` bigint unsigned NOT NULL,
  `employee_id` bigint unsigned NOT NULL,
  `created_at` timestamp NULL DEFAULT NULL,
  `updated_at` timestamp NULL DEFAULT NULL,
  `deleted_at` timestamp NULL DEFAULT NULL,
  PRIMARY KEY (`id`),
  KEY `namazeg_experment_excution_records_employee_id_foreign` (`employee_id`),
  KEY `namazeg_experment_excution_records_namazeg_version_id_foreign` (`namazeg_version_id`),
  KEY `namazeg_experment_excution_records_school_id_foreign` (`school_id`),
  CONSTRAINT `namazeg_experment_excution_records_employee_id_foreign` FOREIGN KEY (`employee_id`) REFERENCES `school_employees` (`id`) ON DELETE CASCADE,
  CONSTRAINT `namazeg_experment_excution_records_namazeg_version_id_foreign` FOREIGN KEY (`namazeg_version_id`) REFERENCES `namazeg_versions` (`id`) ON DELETE CASCADE,
  CONSTRAINT `namazeg_experment_excution_records_school_id_foreign` FOREIGN KEY (`school_id`) REFERENCES `schools` (`id`) ON DELETE CASCADE
) ENGINE=InnoDB AUTO_INCREMENT=20 DEFAULT CHARSET=utf8mb4 COLLATE=utf8mb4_unicode_ci;

--
-- Dumping data for table `namazeg_experment_excution_records`
--

INSERT INTO `namazeg_experment_excution_records` (`id`, `namazeg_version_id`, `school_id`, `employee_id`, `created_at`, `updated_at`, `deleted_at`) VALUES (4,8851,81,175,'2024-09-29 14:58:12','2024-09-29 14:58:12',NULL),(6,10785,81,174,'2024-10-03 10:30:43','2024-10-03 10:30:43',NULL),(7,10786,81,175,'2024-10-03 10:30:43','2024-10-03 10:30:43',NULL),(9,10788,81,174,'2024-10-03 10:30:49','2024-10-03 10:30:49',NULL),(10,10789,81,175,'2024-10-03 10:30:49','2024-10-03 10:30:49',NULL),(12,10791,81,174,'2024-10-03 10:30:55','2024-10-03 10:30:55',NULL),(13,10792,81,175,'2024-10-03 10:30:56','2024-10-03 10:30:56',NULL),(15,10794,81,174,'2024-10-03 10:31:02','2024-10-03 10:31:02',NULL),(16,10795,81,175,'2024-10-03 10:31:02','2024-10-03 10:31:02',NULL),(18,10797,81,174,'2024-10-03 10:31:07','2024-10-03 10:31:07',NULL),(19,10798,81,175,'2024-10-03 10:31:07','2024-10-03 10:31:07',NULL);

--
-- Table structure for table `namazeg_experments_plans`
--

CREATE TABLE `namazeg_experments_plans` (
  `id` bigint unsigned NOT NULL AUTO_INCREMENT,
  `namazeg_version_id` bigint unsigned NOT NULL,
  `school_id` bigint unsigned NOT NULL,
  `employee_id` bigint unsigned NOT NULL,
  `created_at` timestamp NULL DEFAULT NULL,
  `updated_at` timestamp NULL DEFAULT NULL,
  `deleted_at` timestamp NULL DEFAULT NULL,
  PRIMARY KEY (`id`),
  KEY `namazeg_experments_plans_employee_id_foreign` (`employee_id`),
  KEY `namazeg_experments_plans_namazeg_version_id_foreign` (`namazeg_version_id`),
  KEY `namazeg_experments_plans_school_id_foreign` (`school_id`),
  CONSTRAINT `namazeg_experments_plans_employee_id_foreign` FOREIGN KEY (`employee_id`) REFERENCES `school_employees` (`id`) ON DELETE CASCADE,
  CONSTRAINT `namazeg_experments_plans_namazeg_version_id_foreign` FOREIGN KEY (`namazeg_version_id`) REFERENCES `namazeg_versions` (`id`) ON DELETE CASCADE,
  CONSTRAINT `namazeg_experments_plans_school_id_foreign` FOREIGN KEY (`school_id`) REFERENCES `schools` (`id`) ON DELETE CASCADE
) ENGINE=InnoDB AUTO_INCREMENT=29 DEFAULT CHARSET=utf8mb4 COLLATE=utf8mb4_unicode_ci;

--
-- Dumping data for table `namazeg_experments_plans`
--

INSERT INTO `namazeg_experments_plans` (`id`, `namazeg_version_id`, `school_id`, `employee_id`, `created_at`, `updated_at`, `deleted_at`) VALUES (3,9305,81,174,'2024-09-30 08:08:57','2024-09-30 08:08:57',NULL),(4,9306,81,175,'2024-09-30 08:08:57','2024-09-30 08:08:57',NULL),(6,9308,81,174,'2024-09-30 08:09:03','2024-09-30 08:09:03',NULL),(7,9309,81,175,'2024-09-30 08:09:03','2024-09-30 08:09:03',NULL),(9,9311,81,174,'2024-09-30 08:09:08','2024-09-30 08:09:08',NULL),(10,9312,81,175,'2024-09-30 08:09:08','2024-09-30 08:09:08',NULL),(12,9314,81,174,'2024-09-30 08:09:12','2024-09-30 08:09:12',NULL),(13,9315,81,175,'2024-09-30 08:09:12','2024-09-30 08:09:12',NULL),(15,9317,81,174,'2024-09-30 08:09:17','2024-09-30 08:09:17',NULL),(16,9318,81,175,'2024-09-30 08:09:17','2024-09-30 08:09:17',NULL),(19,9321,81,175,'2024-09-30 08:09:21','2024-09-30 08:09:21',NULL),(21,9323,81,174,'2024-09-30 08:09:25','2024-09-30 08:09:25',NULL),(22,9324,81,175,'2024-09-30 08:09:25','2024-09-30 08:09:25',NULL),(24,9326,81,174,'2024-09-30 08:09:30','2024-09-30 08:09:30',NULL),(25,9327,81,175,'2024-09-30 08:09:30','2024-09-30 08:09:30',NULL),(27,11192,81,174,'2024-10-03 11:01:14','2024-10-03 11:01:14',NULL),(28,11193,81,175,'2024-10-03 11:01:14','2024-10-03 11:01:14',NULL);

--
-- Table structure for table `namazeg_father_notifies`
--

CREATE TABLE `namazeg_father_notifies` (
  `id` bigint unsigned NOT NULL AUTO_INCREMENT,
  `v_student_punishment_id` bigint unsigned NOT NULL,
  `namazeg_version_id` bigint unsigned NOT NULL,
  `student_id` bigint unsigned NOT NULL,
  `actions` text COLLATE utf8mb4_unicode_ci NOT NULL,
  `deleted_at` timestamp NULL DEFAULT NULL,
  `created_at` timestamp NULL DEFAULT NULL,
  `updated_at` timestamp NULL DEFAULT NULL,
  PRIMARY KEY (`id`),
  KEY `fk_v_student_punishment_id_5` (`v_student_punishment_id`),
  KEY `fk_namazeg_version_id_5` (`namazeg_version_id`),
  KEY `fk_student_id_5` (`student_id`),
  CONSTRAINT `fk_namazeg_version_id_5` FOREIGN KEY (`namazeg_version_id`) REFERENCES `namazeg_versions` (`id`) ON DELETE CASCADE,
  CONSTRAINT `fk_student_id_5` FOREIGN KEY (`student_id`) REFERENCES `school_students` (`id`) ON DELETE CASCADE,
  CONSTRAINT `fk_v_student_punishment_id_5` FOREIGN KEY (`v_student_punishment_id`) REFERENCES `violation_student_punishments` (`id`) ON DELETE CASCADE
) ENGINE=InnoDB AUTO_INCREMENT=10 DEFAULT CHARSET=utf8mb4 COLLATE=utf8mb4_unicode_ci;

--
-- Dumping data for table `namazeg_father_notifies`
--

INSERT INTO `namazeg_father_notifies` (`id`, `v_student_punishment_id`, `namazeg_version_id`, `student_id`, `actions`, `deleted_at`, `created_at`, `updated_at`) VALUES (1,74,12092,61670,'[\"test\",\"test\",\"test\",\"test\"]',NULL,'2024-11-13 12:03:21','2024-11-13 12:03:21'),(2,83,12101,61654,'[\"test\",\"test\",\"test\",\"test\"]',NULL,'2024-11-13 12:21:25','2024-11-13 12:21:25'),(3,154,12517,61669,'[\"t\",\"t\",\"t\",\"t\"]',NULL,'2024-11-14 19:36:05','2024-11-14 19:36:05'),(4,165,12555,61668,'[\"test\",\"test\",\"test\",\"test\"]',NULL,'2024-11-15 20:03:58','2024-11-15 20:03:58'),(5,27,12640,61536,'[\"test\",\"test\",\"test\",\"test\"]',NULL,'2024-11-17 09:41:40','2024-11-17 09:41:40'),(6,58,12688,61554,'[\"action 1\",\"action 2\",\"action 3\"]',NULL,'2024-11-18 10:06:12','2024-11-18 10:06:27'),(7,61,12695,61558,'[\"test1\",\"test2\"]',NULL,'2024-11-18 11:24:44','2024-11-18 11:24:44'),(8,63,12697,61656,'[\"test1\",\"test2\",\"test3\"]',NULL,'2024-11-18 11:25:46','2024-11-18 11:31:57'),(9,91,12744,61684,'[\"test1\",\"test2\"]',NULL,'2024-11-19 08:08:45','2024-11-19 08:08:45');

--
-- Table structure for table `namazeg_father_notiy_student_moves`
--

CREATE TABLE `namazeg_father_notiy_student_moves` (
  `id` bigint unsigned NOT NULL AUTO_INCREMENT,
  `v_student_punishment_id` bigint unsigned NOT NULL,
  `namazeg_version_id` bigint unsigned NOT NULL,
  `student_id` bigint unsigned NOT NULL,
  `new_class_id` bigint unsigned NOT NULL,
  `study_year` varchar(191) COLLATE utf8mb4_unicode_ci NOT NULL,
  `deleted_at` timestamp NULL DEFAULT NULL,
  `created_at` timestamp NULL DEFAULT NULL,
  `updated_at` timestamp NULL DEFAULT NULL,
  PRIMARY KEY (`id`),
  KEY `fk_v_student_punishment_id_v` (`v_student_punishment_id`),
  KEY `fk_namazeg_version_id_v` (`namazeg_version_id`),
  KEY `fk_student_id_v` (`student_id`),
  KEY `fk_new_class_id_v` (`new_class_id`),
  CONSTRAINT `fk_namazeg_version_id_v` FOREIGN KEY (`namazeg_version_id`) REFERENCES `namazeg_versions` (`id`) ON DELETE CASCADE,
  CONSTRAINT `fk_new_class_id_v` FOREIGN KEY (`new_class_id`) REFERENCES `semesters` (`id`) ON DELETE CASCADE ON UPDATE RESTRICT,
  CONSTRAINT `fk_student_id_v` FOREIGN KEY (`student_id`) REFERENCES `school_students` (`id`) ON DELETE CASCADE,
  CONSTRAINT `fk_v_student_punishment_id_v` FOREIGN KEY (`v_student_punishment_id`) REFERENCES `violation_student_punishments` (`id`) ON DELETE CASCADE
) ENGINE=InnoDB AUTO_INCREMENT=9 DEFAULT CHARSET=utf8mb4 COLLATE=utf8mb4_unicode_ci;

--
-- Dumping data for table `namazeg_father_notiy_student_moves`
--

INSERT INTO `namazeg_father_notiy_student_moves` (`id`, `v_student_punishment_id`, `namazeg_version_id`, `student_id`, `new_class_id`, `study_year`, `deleted_at`, `created_at`, `updated_at`) VALUES (1,70,12085,61555,1,'old',NULL,'2024-11-13 11:23:00','2024-11-13 11:23:00'),(3,45,12659,61548,1,'old',NULL,'2024-11-17 20:24:50','2024-11-17 20:24:50'),(4,45,12660,61548,1,'old',NULL,'2024-11-17 20:25:36','2024-11-17 20:25:36'),(5,45,12661,61548,1,'old',NULL,'2024-11-17 20:26:15','2024-11-17 20:26:15'),(6,54,12679,61549,5,'old',NULL,'2024-11-18 09:25:59','2024-11-18 09:25:59'),(7,69,12709,61659,4,'old',NULL,'2024-11-18 13:11:05','2024-11-18 13:11:20'),(8,87,12742,61686,1,'old',NULL,'2024-11-18 21:06:43','2024-11-18 21:06:43');

--
-- Table structure for table `namazeg_final_report_class_activities`
--

CREATE TABLE `namazeg_final_report_class_activities` (
  `id` bigint unsigned NOT NULL AUTO_INCREMENT,
  `namazeg_version_id` bigint unsigned NOT NULL,
  `school_id` bigint unsigned NOT NULL,
  `n_medical_sessions` int NOT NULL,
  `percent_medical_sessions` int NOT NULL,
  `n_ernrichment_sessions` int NOT NULL,
  `percent_ernrichment_sessions` int NOT NULL,
  `employee_ids` varchar(191) COLLATE utf8mb4_unicode_ci NOT NULL,
  `difficulty` varchar(191) COLLATE utf8mb4_unicode_ci NOT NULL,
  `challenges` varchar(191) COLLATE utf8mb4_unicode_ci NOT NULL,
  `solutions` varchar(191) COLLATE utf8mb4_unicode_ci NOT NULL,
  `suggestions` varchar(191) COLLATE utf8mb4_unicode_ci NOT NULL,
  `date` varchar(191) COLLATE utf8mb4_unicode_ci NOT NULL,
  `created_at` timestamp NULL DEFAULT NULL,
  `updated_at` timestamp NULL DEFAULT NULL,
  `deleted_at` timestamp NULL DEFAULT NULL,
  PRIMARY KEY (`id`),
  KEY `namazeg_final_report_class_activities_namazeg_version_id_foreign` (`namazeg_version_id`),
  KEY `namazeg_final_report_class_activities_school_id_foreign` (`school_id`),
  CONSTRAINT `namazeg_final_report_class_activities_namazeg_version_id_foreign` FOREIGN KEY (`namazeg_version_id`) REFERENCES `namazeg_versions` (`id`) ON DELETE CASCADE,
  CONSTRAINT `namazeg_final_report_class_activities_school_id_foreign` FOREIGN KEY (`school_id`) REFERENCES `schools` (`id`) ON DELETE CASCADE
) ENGINE=InnoDB AUTO_INCREMENT=39 DEFAULT CHARSET=utf8mb4 COLLATE=utf8mb4_unicode_ci;

--
-- Dumping data for table `namazeg_final_report_class_activities`
--

INSERT INTO `namazeg_final_report_class_activities` (`id`, `namazeg_version_id`, `school_id`, `n_medical_sessions`, `percent_medical_sessions`, `n_ernrichment_sessions`, `percent_ernrichment_sessions`, `employee_ids`, `difficulty`, `challenges`, `solutions`, `suggestions`, `date`, `created_at`, `updated_at`, `deleted_at`) VALUES (1,386,1,2,20,3,40,'[\"177\"]','difficult 1','challenge 1','solution 1','suggestion 1','12/10/2024','2024-09-23 10:07:51','2024-09-23 10:07:51',NULL),(33,9893,81,5,10,1,20,'[\"\\u0637\\u0627\\u0631\\u0642 \\u0639\\u0628\\u062f\\u0627\\u0644\\u0631\\u0624\\u0648\\u0641\",\"\\u0639\\u0627\\u0626\\u0636 \\u0639\\u0644\\u064a\"]','test','test','test','test','02/10/2024','2024-10-02 12:49:58','2024-11-19 10:47:39','2024-11-19 10:47:39'),(34,12753,81,1,1,1,1,'[\"\\u0645\\u0627\\u0647\\u0631 \\u0623\\u062d\\u0645\\u062f\",\"\\u0637\\u0627\\u0631\\u0642 \\u0639\\u0628\\u062f\\u0627\\u0644\\u0631\\u0624\\u0648\\u0641\"]','1','1','1','12','19/11/2024','2024-11-19 10:55:54','2024-11-19 10:57:32','2024-11-19 10:57:32'),(35,12754,81,1,1,1,1,'[968,178]','test','test','test','test','19/11/2024','2024-11-19 10:59:27','2024-11-19 10:59:27',NULL),(36,12755,81,1,1,1,1,'[176,177]','1','1','1','1','19/11/2024','2024-11-19 11:06:55','2024-11-19 11:06:55',NULL),(37,12756,81,1,1,1,1,'[176,177]','1','1','1','1','19/11/2024','2024-11-19 11:08:07','2024-11-19 11:08:07',NULL),(38,12757,81,1,1,1,1,'[752,177]','1','1','1','1','01/12/2024','2024-11-19 11:08:59','2024-11-19 11:18:44',NULL);

--
-- Table structure for table `namazeg_guardian_trans_froms`
--

CREATE TABLE `namazeg_guardian_trans_froms` (
  `id` bigint unsigned NOT NULL AUTO_INCREMENT,
  `namazeg_version_id` bigint unsigned NOT NULL,
  `school_id` bigint unsigned NOT NULL,
  `student_id` bigint unsigned NOT NULL,
  `created_at` timestamp NULL DEFAULT NULL,
  `updated_at` timestamp NULL DEFAULT NULL,
  `deleted_at` timestamp NULL DEFAULT NULL,
  PRIMARY KEY (`id`),
  KEY `namazeg_guardian_trans_froms_student_id_foreign` (`student_id`),
  KEY `namazeg_guardian_trans_froms_namazeg_version_id_foreign` (`namazeg_version_id`),
  KEY `namazeg_guardian_trans_froms_school_id_foreign` (`school_id`),
  CONSTRAINT `namazeg_guardian_trans_froms_namazeg_version_id_foreign` FOREIGN KEY (`namazeg_version_id`) REFERENCES `namazeg_versions` (`id`) ON DELETE CASCADE,
  CONSTRAINT `namazeg_guardian_trans_froms_school_id_foreign` FOREIGN KEY (`school_id`) REFERENCES `schools` (`id`) ON DELETE CASCADE,
  CONSTRAINT `namazeg_guardian_trans_froms_student_id_foreign` FOREIGN KEY (`student_id`) REFERENCES `school_students` (`id`) ON DELETE CASCADE
) ENGINE=InnoDB AUTO_INCREMENT=1147 DEFAULT CHARSET=utf8mb4 COLLATE=utf8mb4_unicode_ci;

--
-- Dumping data for table `namazeg_guardian_trans_froms`
--

INSERT INTO `namazeg_guardian_trans_froms` (`id`, `namazeg_version_id`, `school_id`, `student_id`, `created_at`, `updated_at`, `deleted_at`) VALUES (5,8934,81,61443,'2024-09-30 07:43:34','2024-09-30 07:43:34',NULL),(6,8935,81,61444,'2024-09-30 07:43:34','2024-09-30 07:43:34',NULL),(7,8936,81,61445,'2024-09-30 07:43:35','2024-09-30 07:43:35',NULL),(8,8937,81,61446,'2024-09-30 07:43:35','2024-09-30 07:43:35',NULL),(9,8938,81,61447,'2024-09-30 07:43:35','2024-09-30 07:43:35',NULL),(10,8939,81,61448,'2024-09-30 07:43:35','2024-09-30 07:43:35',NULL),(11,8940,81,61449,'2024-09-30 07:43:35','2024-09-30 07:43:35',NULL),(12,8941,81,61450,'2024-09-30 07:43:35','2024-09-30 07:43:35',NULL),(13,8942,81,61451,'2024-09-30 07:43:35','2024-09-30 07:43:35',NULL),(14,8943,81,61452,'2024-09-30 07:43:35','2024-09-30 07:43:35',NULL),(15,8944,81,61453,'2024-09-30 07:43:35','2024-09-30 07:43:35',NULL),(17,8946,81,61455,'2024-09-30 07:43:35','2024-09-30 07:43:35',NULL),(18,8947,81,61456,'2024-09-30 07:43:35','2024-09-30 07:43:35',NULL),(19,8948,81,61457,'2024-09-30 07:43:36','2024-09-30 07:43:36',NULL),(20,8949,81,61458,'2024-09-30 07:43:36','2024-09-30 07:43:36',NULL),(21,8950,81,61459,'2024-09-30 07:43:36','2024-09-30 07:43:36',NULL),(22,8951,81,61460,'2024-09-30 07:43:36','2024-09-30 07:43:36',NULL),(23,8952,81,61461,'2024-09-30 07:43:36','2024-09-30 07:43:36',NULL),(24,8953,81,61462,'2024-09-30 07:43:36','2024-09-30 07:43:36',NULL),(25,8954,81,61463,'2024-09-30 07:43:37','2024-09-30 07:43:37',NULL),(26,8955,81,61464,'2024-09-30 07:43:37','2024-09-30 07:43:37',NULL),(27,8956,81,61465,'2024-09-30 07:43:37','2024-09-30 07:43:37',NULL),(28,8957,81,61466,'2024-09-30 07:43:37','2024-09-30 07:43:37',NULL),(29,8958,81,61467,'2024-09-30 07:43:37','2024-09-30 07:43:37',NULL),(30,8959,81,61468,'2024-09-30 07:43:37','2024-09-30 07:43:37',NULL),(31,8960,81,61469,'2024-09-30 07:43:38','2024-09-30 07:43:38',NULL),(32,8961,81,61470,'2024-09-30 07:43:38','2024-09-30 07:43:38',NULL),(33,8962,81,61471,'2024-09-30 07:43:38','2024-09-30 07:43:38',NULL),(34,8963,81,61472,'2024-09-30 07:43:38','2024-09-30 07:43:38',NULL),(35,8964,81,61473,'2024-09-30 07:43:38','2024-09-30 07:43:38',NULL),(36,8965,81,61474,'2024-09-30 07:43:38','2024-09-30 07:43:38',NULL),(37,8966,81,61475,'2024-09-30 07:43:39','2024-09-30 07:43:39',NULL),(38,8967,81,61476,'2024-09-30 07:43:39','2024-09-30 07:43:39',NULL),(39,8968,81,61477,'2024-09-30 07:43:39','2024-09-30 07:43:39',NULL),(40,8969,81,61478,'2024-09-30 07:43:39','2024-09-30 07:43:39',NULL),(41,8970,81,61479,'2024-09-30 07:43:40','2024-09-30 07:43:40',NULL),(42,8971,81,61480,'2024-09-30 07:43:40','2024-09-30 07:43:40',NULL),(43,8972,81,61481,'2024-09-30 07:43:40','2024-09-30 07:43:40',NULL),(44,8973,81,61482,'2024-09-30 07:43:40','2024-09-30 07:43:40',NULL),(45,8974,81,61483,'2024-09-30 07:43:41','2024-09-30 07:43:41',NULL),(46,8975,81,61484,'2024-09-30 07:43:41','2024-09-30 07:43:41',NULL),(47,8976,81,61485,'2024-09-30 07:43:41','2024-09-30 07:43:41',NULL),(48,8977,81,61486,'2024-09-30 07:43:41','2024-09-30 07:43:41',NULL),(49,8978,81,61487,'2024-09-30 07:43:42','2024-09-30 07:43:42',NULL),(50,8979,81,61488,'2024-09-30 07:43:42','2024-09-30 07:43:42',NULL),(51,8980,81,61489,'2024-09-30 07:43:42','2024-09-30 07:43:42',NULL),(52,8981,81,61490,'2024-09-30 07:43:43','2024-09-30 07:43:43',NULL),(53,8982,81,61491,'2024-09-30 07:43:43','2024-09-30 07:43:43',NULL),(54,8983,81,61492,'2024-09-30 07:43:44','2024-09-30 07:43:44',NULL),(55,8984,81,61493,'2024-09-30 07:43:44','2024-09-30 07:43:44',NULL),(56,8985,81,61494,'2024-09-30 07:43:45','2024-09-30 07:43:45',NULL),(57,8986,81,61495,'2024-09-30 07:43:45','2024-09-30 07:43:45',NULL),(58,8987,81,61496,'2024-09-30 07:43:45','2024-09-30 07:43:45',NULL),(59,8988,81,61497,'2024-09-30 07:43:46','2024-09-30 07:43:46',NULL),(60,8989,81,61498,'2024-09-30 07:43:46','2024-09-30 07:43:46',NULL),(61,8990,81,61499,'2024-09-30 07:43:46','2024-09-30 07:43:46',NULL),(62,8991,81,61500,'2024-09-30 07:43:47','2024-09-30 07:43:47',NULL),(63,8992,81,61501,'2024-09-30 07:43:47','2024-09-30 07:43:47',NULL),(64,8993,81,61502,'2024-09-30 07:43:47','2024-09-30 07:43:47',NULL),(65,8994,81,61503,'2024-09-30 07:43:48','2024-09-30 07:43:48',NULL),(66,8995,81,61504,'2024-09-30 07:43:48','2024-09-30 07:43:48',NULL),(67,8996,81,61505,'2024-09-30 07:43:48','2024-09-30 07:43:48',NULL),(68,8997,81,61506,'2024-09-30 07:43:49','2024-09-30 07:43:49',NULL),(69,8998,81,61507,'2024-09-30 07:43:49','2024-09-30 07:43:49',NULL),(70,8999,81,61508,'2024-09-30 07:43:49','2024-09-30 07:43:49',NULL),(71,9000,81,61509,'2024-09-30 07:43:50','2024-09-30 07:43:50',NULL),(72,9001,81,61510,'2024-09-30 07:43:50','2024-09-30 07:43:50',NULL),(73,9002,81,61511,'2024-09-30 07:43:50','2024-09-30 07:43:50',NULL),(74,9003,81,61512,'2024-09-30 07:43:51','2024-09-30 07:43:51',NULL),(75,9004,81,61513,'2024-09-30 07:43:51','2024-09-30 07:43:51',NULL),(76,9005,81,61514,'2024-09-30 07:43:51','2024-09-30 07:43:51',NULL),(77,9006,81,61515,'2024-09-30 07:43:52','2024-09-30 07:43:52',NULL),(78,9007,81,61516,'2024-09-30 07:43:52','2024-09-30 07:43:52',NULL),(79,9008,81,61517,'2024-09-30 07:43:53','2024-09-30 07:43:53',NULL),(80,9009,81,61518,'2024-09-30 07:43:53','2024-09-30 07:43:53',NULL),(81,9010,81,61519,'2024-09-30 07:43:54','2024-09-30 07:43:54',NULL),(82,9011,81,61520,'2024-09-30 07:43:54','2024-09-30 07:43:54',NULL),(83,9012,81,61521,'2024-09-30 07:43:55','2024-09-30 07:43:55',NULL),(84,9013,81,61522,'2024-09-30 07:43:55','2024-09-30 07:43:55',NULL),(85,9014,81,61523,'2024-09-30 07:43:55','2024-09-30 07:43:55',NULL),(86,9015,81,61524,'2024-09-30 07:43:56','2024-09-30 07:43:56',NULL),(87,9016,81,61525,'2024-09-30 07:43:56','2024-09-30 07:43:56',NULL),(88,9017,81,61526,'2024-09-30 07:43:57','2024-09-30 07:43:57',NULL),(89,9018,81,61527,'2024-09-30 07:43:57','2024-09-30 07:43:57',NULL),(90,9019,81,61528,'2024-09-30 07:43:58','2024-09-30 07:43:58',NULL),(91,9020,81,61529,'2024-09-30 07:43:58','2024-09-30 07:43:58',NULL),(92,9021,81,61530,'2024-09-30 07:43:59','2024-09-30 07:43:59',NULL),(93,9022,81,61531,'2024-09-30 07:43:59','2024-09-30 07:43:59',NULL),(94,9023,81,61532,'2024-09-30 07:44:00','2024-09-30 07:44:00',NULL),(95,9024,81,61533,'2024-09-30 07:44:00','2024-09-30 07:44:00',NULL),(96,9025,81,61534,'2024-09-30 07:44:01','2024-09-30 07:44:01',NULL),(97,9026,81,61535,'2024-09-30 07:44:01','2024-09-30 07:44:01',NULL),(98,9027,81,61536,'2024-09-30 07:44:02','2024-09-30 07:44:02',NULL),(99,9028,81,61537,'2024-09-30 07:44:02','2024-09-30 07:44:02',NULL),(100,9029,81,61538,'2024-09-30 07:44:03','2024-09-30 07:44:03',NULL),(101,9030,81,61539,'2024-09-30 07:44:03','2024-09-30 07:44:03',NULL),(102,9031,81,61540,'2024-09-30 07:44:04','2024-09-30 07:44:04',NULL),(103,9032,81,61541,'2024-09-30 07:44:04','2024-09-30 07:44:04',NULL),(104,9033,81,61542,'2024-09-30 07:44:05','2024-09-30 07:44:05',NULL),(105,9034,81,61543,'2024-09-30 07:44:05','2024-09-30 07:44:05',NULL),(106,9035,81,61544,'2024-09-30 07:44:06','2024-09-30 07:44:06',NULL),(107,9036,81,61545,'2024-09-30 07:44:06','2024-09-30 07:44:06',NULL),(108,9037,81,61546,'2024-09-30 07:44:07','2024-09-30 07:44:07',NULL),(109,9038,81,61547,'2024-09-30 07:44:07','2024-09-30 07:44:07',NULL),(110,9039,81,61548,'2024-09-30 07:44:08','2024-09-30 07:44:08',NULL),(111,9040,81,61549,'2024-09-30 07:44:08','2024-09-30 07:44:08',NULL),(112,9041,81,61550,'2024-09-30 07:44:09','2024-09-30 07:44:09',NULL),(113,9042,81,61551,'2024-09-30 07:44:10','2024-09-30 07:44:10',NULL),(114,9043,81,61552,'2024-09-30 07:44:10','2024-09-30 07:44:10',NULL),(115,9044,81,61553,'2024-09-30 07:44:11','2024-09-30 07:44:11',NULL),(116,9045,81,61554,'2024-09-30 07:44:11','2024-09-30 07:44:11',NULL),(117,9046,81,61555,'2024-09-30 07:44:12','2024-09-30 07:44:12',NULL),(118,9047,81,61556,'2024-09-30 07:44:13','2024-09-30 07:44:13',NULL),(119,9048,81,61557,'2024-09-30 07:44:13','2024-09-30 07:44:13',NULL),(120,9049,81,61558,'2024-09-30 07:44:14','2024-09-30 07:44:14',NULL),(121,9050,81,61559,'2024-09-30 07:44:15','2024-09-30 07:44:15',NULL),(122,9051,81,61560,'2024-09-30 07:44:15','2024-09-30 07:44:15',NULL),(123,9052,81,61561,'2024-09-30 07:44:16','2024-09-30 07:44:16',NULL),(124,9053,81,61562,'2024-09-30 07:44:16','2024-09-30 07:44:16',NULL),(125,9054,81,61563,'2024-09-30 07:44:17','2024-09-30 07:44:17',NULL),(126,9055,81,61564,'2024-09-30 07:44:18','2024-09-30 07:44:18',NULL),(127,9056,81,61565,'2024-09-30 07:44:19','2024-09-30 07:44:19',NULL),(128,9057,81,61566,'2024-09-30 07:44:19','2024-09-30 07:44:19',NULL),(129,9058,81,61567,'2024-09-30 07:44:20','2024-09-30 07:44:20',NULL),(130,9059,81,61568,'2024-09-30 07:44:21','2024-09-30 07:44:21',NULL),(131,9060,81,61569,'2024-09-30 07:44:22','2024-09-30 07:44:22',NULL),(132,9061,81,61570,'2024-09-30 07:44:22','2024-09-30 07:44:22',NULL),(133,9062,81,61571,'2024-09-30 07:44:23','2024-09-30 07:44:23',NULL),(134,9063,81,61572,'2024-09-30 07:44:24','2024-09-30 07:44:24',NULL),(135,9064,81,61573,'2024-09-30 07:44:25','2024-09-30 07:44:25',NULL),(136,9065,81,61574,'2024-09-30 07:44:26','2024-09-30 07:44:26',NULL),(137,9066,81,61575,'2024-09-30 07:44:27','2024-09-30 07:44:27',NULL),(138,9067,81,61576,'2024-09-30 07:44:27','2024-09-30 07:44:27',NULL),(139,9068,81,61577,'2024-09-30 07:44:28','2024-09-30 07:44:28',NULL),(140,9069,81,61578,'2024-09-30 07:44:29','2024-09-30 07:44:29',NULL),(141,9070,81,61579,'2024-09-30 07:44:30','2024-09-30 07:44:30',NULL),(142,9071,81,61580,'2024-09-30 07:44:30','2024-09-30 07:44:30',NULL),(143,9072,81,61581,'2024-09-30 07:44:31','2024-09-30 07:44:31',NULL),(144,9073,81,61582,'2024-09-30 07:44:32','2024-09-30 07:44:32',NULL),(145,9074,81,61583,'2024-09-30 07:44:32','2024-09-30 07:44:32',NULL),(146,9075,81,61584,'2024-09-30 07:44:33','2024-09-30 07:44:33',NULL),(147,9076,81,61585,'2024-09-30 07:44:34','2024-09-30 07:44:34',NULL),(148,9077,81,61586,'2024-09-30 07:44:34','2024-09-30 07:44:34',NULL),(149,9078,81,61587,'2024-09-30 07:44:35','2024-09-30 07:44:35',NULL),(150,9079,81,61588,'2024-09-30 07:44:36','2024-09-30 07:44:36',NULL),(151,9080,81,61589,'2024-09-30 07:44:37','2024-09-30 07:44:37',NULL),(152,9081,81,61590,'2024-09-30 07:44:37','2024-09-30 07:44:37',NULL),(153,9082,81,61591,'2024-09-30 07:44:38','2024-09-30 07:44:38',NULL),(154,9083,81,61592,'2024-09-30 07:44:39','2024-09-30 07:44:39',NULL),(155,9084,81,61593,'2024-09-30 07:44:39','2024-09-30 07:44:39',NULL),(156,9085,81,61594,'2024-09-30 07:44:40','2024-09-30 07:44:40',NULL),(157,9086,81,61595,'2024-09-30 07:44:41','2024-09-30 07:44:41',NULL),(158,9087,81,61596,'2024-09-30 07:44:42','2024-09-30 07:44:42',NULL),(159,9088,81,61597,'2024-09-30 07:44:42','2024-09-30 07:44:42',NULL),(160,9089,81,61598,'2024-09-30 07:44:43','2024-09-30 07:44:43',NULL),(161,9090,81,61599,'2024-09-30 07:44:44','2024-09-30 07:44:44',NULL),(162,9091,81,61600,'2024-09-30 07:44:45','2024-09-30 07:44:45',NULL),(163,9092,81,61601,'2024-09-30 07:44:45','2024-09-30 07:44:45',NULL),(164,9093,81,61602,'2024-09-30 07:44:46','2024-09-30 07:44:46',NULL),(165,9094,81,61603,'2024-09-30 07:44:47','2024-09-30 07:44:47',NULL),(166,9095,81,61604,'2024-09-30 07:44:48','2024-09-30 07:44:48',NULL),(167,9096,81,61605,'2024-09-30 07:44:49','2024-09-30 07:44:49',NULL),(168,9097,81,61606,'2024-09-30 07:44:50','2024-09-30 07:44:50',NULL),(169,9098,81,61607,'2024-09-30 07:44:51','2024-09-30 07:44:51',NULL),(170,9099,81,61608,'2024-09-30 07:44:52','2024-09-30 07:44:52',NULL),(171,9100,81,61609,'2024-09-30 07:44:53','2024-09-30 07:44:53',NULL),(172,9101,81,61610,'2024-09-30 07:44:54','2024-09-30 07:44:54',NULL),(173,9102,81,61611,'2024-09-30 07:44:55','2024-09-30 07:44:55',NULL),(174,9103,81,61612,'2024-09-30 07:44:56','2024-09-30 07:44:56',NULL),(175,9104,81,61613,'2024-09-30 07:44:57','2024-09-30 07:44:57',NULL),(176,9105,81,61614,'2024-09-30 07:44:58','2024-09-30 07:44:58',NULL),(177,9106,81,61615,'2024-09-30 07:44:59','2024-09-30 07:44:59',NULL),(178,9107,81,61616,'2024-09-30 07:45:00','2024-09-30 07:45:00',NULL),(179,9108,81,61617,'2024-09-30 07:45:01','2024-09-30 07:45:01',NULL),(180,9109,81,61618,'2024-09-30 07:45:02','2024-09-30 07:45:02',NULL),(181,9110,81,61619,'2024-09-30 07:45:03','2024-09-30 07:45:03',NULL),(182,9111,81,61620,'2024-09-30 07:45:04','2024-09-30 07:45:04',NULL),(183,9112,81,61621,'2024-09-30 07:45:05','2024-09-30 07:45:05',NULL),(184,9113,81,61622,'2024-09-30 07:45:06','2024-09-30 07:45:06',NULL),(185,9114,81,61623,'2024-09-30 07:45:07','2024-09-30 07:45:07',NULL),(186,9115,81,61624,'2024-09-30 07:45:08','2024-09-30 07:45:08',NULL),(187,9116,81,61625,'2024-09-30 07:45:09','2024-09-30 07:45:09',NULL),(188,9117,81,61626,'2024-09-30 07:45:10','2024-09-30 07:45:10',NULL),(189,9118,81,61627,'2024-09-30 07:45:10','2024-09-30 07:45:10',NULL),(190,9119,81,61628,'2024-09-30 07:45:11','2024-09-30 07:45:11',NULL),(191,9120,81,61629,'2024-09-30 07:45:13','2024-09-30 07:45:13',NULL),(192,9121,81,61630,'2024-09-30 07:45:14','2024-09-30 07:45:14',NULL),(193,9122,81,61631,'2024-09-30 07:45:14','2024-09-30 07:45:14',NULL),(194,9123,81,61632,'2024-09-30 07:45:15','2024-09-30 07:45:15',NULL),(195,9124,81,61633,'2024-09-30 07:45:17','2024-09-30 07:45:17',NULL),(196,9125,81,61634,'2024-09-30 07:45:18','2024-09-30 07:45:18',NULL),(197,9126,81,61635,'2024-09-30 07:45:19','2024-09-30 07:45:19',NULL),(198,9127,81,61636,'2024-09-30 07:45:20','2024-09-30 07:45:20',NULL),(199,9128,81,61637,'2024-09-30 07:45:20','2024-09-30 07:45:20',NULL),(200,9129,81,61638,'2024-09-30 07:45:22','2024-09-30 07:45:22',NULL),(201,9130,81,61639,'2024-09-30 07:45:23','2024-09-30 07:45:23',NULL),(202,9131,81,61640,'2024-09-30 07:45:24','2024-09-30 07:45:24',NULL),(203,9132,81,61641,'2024-09-30 07:45:25','2024-09-30 07:45:25',NULL),(204,9133,81,61642,'2024-09-30 07:45:26','2024-09-30 07:45:26',NULL),(205,9134,81,61643,'2024-09-30 07:45:27','2024-09-30 07:45:27',NULL),(206,9135,81,61644,'2024-09-30 07:45:28','2024-09-30 07:45:28',NULL),(207,9136,81,61645,'2024-09-30 07:45:29','2024-09-30 07:45:29',NULL),(208,9137,81,61646,'2024-09-30 07:45:30','2024-09-30 07:45:30',NULL),(209,9138,81,61647,'2024-09-30 07:45:31','2024-09-30 07:45:31',NULL),(210,9139,81,61648,'2024-09-30 07:45:32','2024-09-30 07:45:32',NULL),(211,9140,81,61649,'2024-09-30 07:45:33','2024-09-30 07:45:33',NULL),(212,9141,81,61650,'2024-09-30 07:45:35','2024-09-30 07:45:35',NULL),(213,9142,81,61651,'2024-09-30 07:45:36','2024-09-30 07:45:36',NULL),(214,9143,81,61652,'2024-09-30 07:45:38','2024-09-30 07:45:38',NULL),(215,9144,81,61653,'2024-09-30 07:45:39','2024-09-30 07:45:39',NULL),(216,9145,81,61654,'2024-09-30 07:45:40','2024-09-30 07:45:40',NULL),(217,9146,81,61655,'2024-09-30 07:45:42','2024-09-30 07:45:42',NULL),(218,9147,81,61656,'2024-09-30 07:45:43','2024-09-30 07:45:43',NULL),(219,9148,81,61657,'2024-09-30 07:45:44','2024-09-30 07:45:44',NULL),(220,9149,81,61658,'2024-09-30 07:45:45','2024-09-30 07:45:45',NULL),(221,9150,81,61659,'2024-09-30 07:45:46','2024-09-30 07:45:46',NULL),(222,9151,81,61660,'2024-09-30 07:45:47','2024-09-30 07:45:47',NULL),(223,9152,81,61661,'2024-09-30 07:45:48','2024-09-30 07:45:48',NULL),(224,9153,81,61662,'2024-09-30 07:45:49','2024-09-30 07:45:49',NULL),(225,9154,81,61663,'2024-09-30 07:45:50','2024-09-30 07:45:50',NULL),(226,9155,81,61664,'2024-09-30 07:45:51','2024-09-30 07:45:51',NULL),(227,9156,81,61665,'2024-09-30 07:45:52','2024-09-30 07:45:52',NULL),(228,9157,81,61666,'2024-09-30 07:45:53','2024-09-30 07:45:53',NULL),(229,9158,81,61667,'2024-09-30 07:45:54','2024-09-30 07:45:54',NULL),(230,9159,81,61668,'2024-09-30 07:45:56','2024-09-30 07:45:56',NULL),(231,9160,81,61669,'2024-09-30 07:45:57','2024-09-30 07:45:57',NULL),(232,9161,81,61670,'2024-09-30 07:45:58','2024-09-30 07:45:58',NULL),(233,9162,81,61671,'2024-09-30 07:45:59','2024-09-30 07:45:59',NULL),(234,9163,81,61672,'2024-09-30 07:46:00','2024-09-30 07:46:00',NULL),(235,9164,81,61673,'2024-09-30 07:46:01','2024-09-30 07:46:01',NULL),(236,9165,81,61674,'2024-09-30 07:46:02','2024-09-30 07:46:02',NULL),(237,9166,81,61675,'2024-09-30 07:46:03','2024-09-30 07:46:03',NULL),(238,9167,81,61676,'2024-09-30 07:46:04','2024-09-30 07:46:04',NULL),(239,9168,81,61677,'2024-09-30 07:46:05','2024-09-30 07:46:05',NULL),(240,9169,81,61678,'2024-09-30 07:46:06','2024-09-30 07:46:06',NULL),(241,9170,81,61679,'2024-09-30 07:46:08','2024-09-30 07:46:08',NULL),(242,9171,81,61680,'2024-09-30 07:46:09','2024-09-30 07:46:09',NULL),(243,9172,81,61681,'2024-09-30 07:46:10','2024-09-30 07:46:10',NULL),(244,9173,81,61682,'2024-09-30 07:46:12','2024-09-30 07:46:12',NULL),(245,9174,81,61683,'2024-09-30 07:46:13','2024-09-30 07:46:13',NULL),(246,9175,81,61684,'2024-09-30 07:46:15','2024-09-30 07:46:15',NULL),(247,9176,81,61685,'2024-09-30 07:46:16','2024-09-30 07:46:16',NULL),(248,9177,81,61686,'2024-09-30 07:46:17','2024-09-30 07:46:17',NULL),(249,9178,81,61687,'2024-09-30 07:46:19','2024-09-30 07:46:19',NULL),(250,9179,81,61688,'2024-09-30 07:46:20','2024-09-30 07:46:20',NULL),(251,9180,81,61689,'2024-09-30 07:46:22','2024-09-30 07:46:22',NULL),(252,9181,81,61690,'2024-09-30 07:46:23','2024-09-30 07:46:23',NULL),(253,9182,81,61691,'2024-09-30 07:46:24','2024-09-30 07:46:24',NULL),(254,9183,81,61692,'2024-09-30 07:46:26','2024-09-30 07:46:26',NULL),(255,9184,81,61693,'2024-09-30 07:46:27','2024-09-30 07:46:27',NULL),(256,9185,81,61694,'2024-09-30 07:46:28','2024-09-30 07:46:28',NULL),(257,9186,81,61695,'2024-09-30 07:46:29','2024-09-30 07:46:29',NULL),(258,9187,81,61696,'2024-09-30 07:46:31','2024-09-30 07:46:31',NULL),(259,9188,81,61697,'2024-09-30 07:46:32','2024-09-30 07:46:32',NULL),(260,9189,81,61698,'2024-09-30 07:46:33','2024-09-30 07:46:33',NULL),(261,9190,81,61699,'2024-09-30 07:46:34','2024-09-30 07:46:34',NULL),(262,9191,81,61700,'2024-09-30 07:46:36','2024-09-30 07:46:36',NULL),(263,9192,81,61701,'2024-09-30 07:46:37','2024-09-30 07:46:37',NULL),(264,9193,81,61702,'2024-09-30 07:46:38','2024-09-30 07:46:38',NULL),(265,9194,81,61703,'2024-09-30 07:46:40','2024-09-30 07:46:40',NULL),(266,9195,81,61704,'2024-09-30 07:46:41','2024-09-30 07:46:41',NULL),(267,9196,81,61705,'2024-09-30 07:46:43','2024-09-30 07:46:43',NULL),(268,9197,81,61706,'2024-09-30 07:46:44','2024-09-30 07:46:44',NULL),(269,9198,81,61707,'2024-09-30 07:46:45','2024-09-30 07:46:45',NULL),(270,9199,81,61708,'2024-09-30 07:46:46','2024-09-30 07:46:46',NULL),(271,9200,81,61709,'2024-09-30 07:46:48','2024-09-30 07:46:48',NULL),(272,9201,81,61710,'2024-09-30 07:46:49','2024-09-30 07:46:49',NULL),(273,9202,81,61711,'2024-09-30 07:46:50','2024-09-30 07:46:50',NULL),(274,9203,81,61712,'2024-09-30 07:46:51','2024-09-30 07:46:51',NULL),(275,9204,81,61713,'2024-09-30 07:46:53','2024-09-30 07:46:53',NULL),(276,9205,81,61714,'2024-09-30 07:46:54','2024-09-30 07:46:54',NULL),(277,9206,81,61715,'2024-09-30 07:46:55','2024-09-30 07:46:55',NULL),(278,9207,81,61716,'2024-09-30 07:46:57','2024-09-30 07:46:57',NULL),(279,9208,81,61717,'2024-09-30 07:46:58','2024-09-30 07:46:58',NULL),(280,9209,81,61718,'2024-09-30 07:46:59','2024-09-30 07:46:59',NULL),(281,9210,81,61719,'2024-09-30 07:47:00','2024-09-30 07:47:00',NULL),(282,9211,81,61720,'2024-09-30 07:47:01','2024-09-30 07:47:01',NULL),(283,9212,81,61721,'2024-09-30 07:47:03','2024-09-30 07:47:03',NULL),(284,9213,81,61722,'2024-09-30 07:47:04','2024-09-30 07:47:04',NULL),(285,9214,81,61723,'2024-09-30 07:47:05','2024-09-30 07:47:05',NULL),(286,9215,81,61724,'2024-09-30 07:47:06','2024-09-30 07:47:06',NULL),(287,9216,81,61725,'2024-09-30 07:47:07','2024-09-30 07:47:07',NULL),(288,9217,81,61726,'2024-09-30 07:47:09','2024-09-30 07:47:09',NULL),(289,9218,81,61727,'2024-09-30 07:47:10','2024-09-30 07:47:10',NULL),(290,9219,81,61728,'2024-09-30 07:47:11','2024-09-30 07:47:11',NULL),(291,9220,81,61729,'2024-09-30 07:47:13','2024-09-30 07:47:13',NULL),(292,9221,81,61730,'2024-09-30 07:47:14','2024-09-30 07:47:14',NULL),(293,9222,81,61731,'2024-09-30 07:47:16','2024-09-30 07:47:16',NULL),(294,9223,81,61732,'2024-09-30 07:47:17','2024-09-30 07:47:17',NULL),(295,9224,81,61733,'2024-09-30 07:47:19','2024-09-30 07:47:19',NULL),(296,9225,81,61734,'2024-09-30 07:47:20','2024-09-30 07:47:20',NULL),(297,9226,81,61735,'2024-09-30 07:47:21','2024-09-30 07:47:21',NULL),(298,9227,81,61736,'2024-09-30 07:47:23','2024-09-30 07:47:23',NULL),(299,9228,81,61737,'2024-09-30 07:47:24','2024-09-30 07:47:24',NULL),(300,9229,81,61738,'2024-09-30 07:47:25','2024-09-30 07:47:25',NULL),(301,9230,81,61739,'2024-09-30 07:47:27','2024-09-30 07:47:27',NULL),(302,9231,81,61740,'2024-09-30 07:47:28','2024-09-30 07:47:28',NULL),(303,9232,81,61741,'2024-09-30 07:47:29','2024-09-30 07:47:29',NULL),(304,9233,81,61742,'2024-09-30 07:47:31','2024-09-30 07:47:31',NULL),(305,9234,81,61743,'2024-09-30 07:47:32','2024-09-30 07:47:32',NULL),(306,9235,81,61744,'2024-09-30 07:47:34','2024-09-30 07:47:34',NULL),(307,9236,81,61745,'2024-09-30 07:47:35','2024-09-30 07:47:35',NULL),(308,9237,81,61746,'2024-09-30 07:47:37','2024-09-30 07:47:37',NULL),(309,9238,81,61747,'2024-09-30 07:47:38','2024-09-30 07:47:38',NULL),(310,9239,81,61748,'2024-09-30 07:47:40','2024-09-30 07:47:40',NULL),(311,9240,81,61749,'2024-09-30 07:47:41','2024-09-30 07:47:41',NULL),(312,9241,81,61750,'2024-09-30 07:47:42','2024-09-30 07:47:42',NULL),(313,9242,81,61751,'2024-09-30 07:47:44','2024-09-30 07:47:44',NULL),(314,9243,81,61752,'2024-09-30 07:47:45','2024-09-30 07:47:45',NULL),(315,9244,81,61753,'2024-09-30 07:47:47','2024-09-30 07:47:47',NULL),(316,9245,81,61754,'2024-09-30 07:47:48','2024-09-30 07:47:48',NULL),(317,9246,81,61755,'2024-09-30 07:47:50','2024-09-30 07:47:50',NULL),(318,9247,81,61756,'2024-09-30 07:47:51','2024-09-30 07:47:51',NULL),(319,9248,81,61757,'2024-09-30 07:47:53','2024-09-30 07:47:53',NULL),(320,9249,81,61758,'2024-09-30 07:47:55','2024-09-30 07:47:55',NULL),(321,9250,81,61759,'2024-09-30 07:47:56','2024-09-30 07:47:56',NULL),(322,9251,81,61760,'2024-09-30 07:47:58','2024-09-30 07:47:58',NULL),(323,9252,81,61761,'2024-09-30 07:48:00','2024-09-30 07:48:00',NULL),(324,9253,81,61762,'2024-09-30 07:48:02','2024-09-30 07:48:02',NULL),(325,9254,81,61763,'2024-09-30 07:48:03','2024-09-30 07:48:03',NULL),(326,9255,81,61764,'2024-09-30 07:48:04','2024-09-30 07:48:04',NULL),(327,9256,81,61765,'2024-09-30 07:48:06','2024-09-30 07:48:06',NULL),(328,9257,81,61766,'2024-09-30 07:48:07','2024-09-30 07:48:07',NULL),(329,9258,81,61767,'2024-09-30 07:48:09','2024-09-30 07:48:09',NULL),(330,9259,81,61768,'2024-09-30 07:48:10','2024-09-30 07:48:10',NULL),(331,9260,81,61769,'2024-09-30 07:48:12','2024-09-30 07:48:12',NULL),(332,9261,81,61770,'2024-09-30 07:48:13','2024-09-30 07:48:13',NULL),(333,9262,81,61771,'2024-09-30 07:48:14','2024-09-30 07:48:14',NULL),(334,9263,81,61772,'2024-09-30 07:48:16','2024-09-30 07:48:16',NULL),(335,9264,81,61773,'2024-09-30 07:48:17','2024-09-30 07:48:17',NULL),(336,9265,81,61774,'2024-09-30 07:48:19','2024-09-30 07:48:19',NULL),(337,9266,81,61775,'2024-09-30 07:48:20','2024-09-30 07:48:20',NULL),(338,9267,81,61776,'2024-09-30 07:48:21','2024-09-30 07:48:21',NULL),(339,9268,81,61777,'2024-09-30 07:48:23','2024-09-30 07:48:23',NULL),(340,9269,81,61778,'2024-09-30 07:48:24','2024-09-30 07:48:24',NULL),(341,9270,81,61779,'2024-09-30 07:48:26','2024-09-30 07:48:26',NULL),(342,9271,81,61780,'2024-09-30 07:48:28','2024-09-30 07:48:28',NULL),(343,9272,81,61781,'2024-09-30 07:48:29','2024-09-30 07:48:29',NULL),(344,9273,81,61782,'2024-09-30 07:48:31','2024-09-30 07:48:31',NULL),(345,9274,81,61783,'2024-09-30 07:48:33','2024-09-30 07:48:33',NULL),(346,9275,81,61784,'2024-09-30 07:48:35','2024-09-30 07:48:35',NULL),(347,9276,81,61785,'2024-09-30 07:48:37','2024-09-30 07:48:37',NULL),(348,9277,81,61786,'2024-09-30 07:48:39','2024-09-30 07:48:39',NULL),(349,9278,81,61787,'2024-09-30 07:48:41','2024-09-30 07:48:41',NULL),(350,9279,81,61788,'2024-09-30 07:48:43','2024-09-30 07:48:43',NULL),(351,9280,81,61789,'2024-09-30 07:48:45','2024-09-30 07:48:45',NULL),(352,9281,81,61790,'2024-09-30 07:48:46','2024-09-30 07:48:46',NULL),(353,9282,81,61791,'2024-09-30 07:48:48','2024-09-30 07:48:48',NULL),(354,9283,81,61792,'2024-09-30 07:48:50','2024-09-30 07:48:50',NULL),(355,9284,81,61793,'2024-09-30 07:48:51','2024-09-30 07:48:51',NULL),(356,9285,81,61794,'2024-09-30 07:48:53','2024-09-30 07:48:53',NULL),(357,9286,81,61795,'2024-09-30 07:48:55','2024-09-30 07:48:55',NULL),(358,9287,81,61796,'2024-09-30 07:48:56','2024-09-30 07:48:56',NULL),(359,9288,81,61797,'2024-09-30 07:48:58','2024-09-30 07:48:58',NULL),(360,9289,81,61798,'2024-09-30 07:49:00','2024-09-30 07:49:00',NULL),(361,9290,81,61799,'2024-09-30 07:49:01','2024-09-30 07:49:01',NULL),(362,9291,81,61800,'2024-09-30 07:49:03','2024-09-30 07:49:03',NULL),(363,9292,81,61801,'2024-09-30 07:49:05','2024-09-30 07:49:05',NULL),(364,9293,81,61802,'2024-09-30 07:49:07','2024-09-30 07:49:07',NULL),(365,9294,81,61803,'2024-09-30 07:49:09','2024-09-30 07:49:09',NULL),(366,9295,81,61804,'2024-09-30 07:49:11','2024-09-30 07:49:11',NULL),(367,9296,81,61805,'2024-09-30 07:49:14','2024-09-30 07:49:14',NULL),(368,9297,81,61806,'2024-09-30 07:49:16','2024-09-30 07:49:16',NULL),(369,9298,81,61807,'2024-09-30 07:49:18','2024-09-30 07:49:18',NULL),(370,9299,81,61808,'2024-09-30 07:49:20','2024-09-30 07:49:20',NULL),(371,9300,81,61809,'2024-09-30 07:49:21','2024-09-30 07:49:21',NULL),(372,9301,81,61810,'2024-09-30 07:49:23','2024-09-30 07:49:23',NULL),(373,9302,81,61811,'2024-09-30 07:49:25','2024-09-30 07:49:25',NULL),(374,10344,81,61441,'2024-10-02 13:21:24','2024-10-02 13:21:24',NULL),(375,10345,81,61442,'2024-10-02 13:21:26','2024-10-02 13:21:26',NULL),(376,10346,81,61443,'2024-10-02 13:21:28','2024-10-02 13:21:28',NULL),(377,10347,81,61444,'2024-10-02 13:21:30','2024-10-02 13:21:30',NULL),(378,10348,81,61445,'2024-10-02 13:21:31','2024-10-02 13:21:31',NULL),(379,10349,81,61446,'2024-10-02 13:21:33','2024-10-02 13:21:33',NULL),(380,10350,81,61447,'2024-10-02 13:21:35','2024-10-02 13:21:35',NULL),(381,10351,81,61448,'2024-10-02 13:21:37','2024-10-02 13:21:37',NULL),(382,10352,81,61449,'2024-10-02 13:21:40','2024-10-02 13:21:40',NULL),(383,10353,81,61450,'2024-10-02 13:21:42','2024-10-02 13:21:42',NULL),(384,10354,81,61451,'2024-10-02 13:21:44','2024-10-02 13:21:44',NULL),(385,10355,81,61452,'2024-10-02 13:21:46','2024-10-02 13:21:46',NULL),(386,10356,81,61453,'2024-10-02 13:21:48','2024-10-02 13:21:48',NULL),(387,10357,81,61454,'2024-10-02 13:21:49','2024-10-02 13:21:49',NULL),(388,10358,81,61455,'2024-10-02 13:21:51','2024-10-02 13:21:51',NULL),(389,10359,81,61456,'2024-10-02 13:21:53','2024-10-02 13:21:53',NULL),(390,10360,81,61457,'2024-10-02 13:21:54','2024-10-02 13:21:54',NULL),(391,10361,81,61458,'2024-10-02 13:21:56','2024-10-02 13:21:56',NULL),(392,10362,81,61459,'2024-10-02 13:21:58','2024-10-02 13:21:58',NULL),(393,10363,81,61460,'2024-10-02 13:21:59','2024-10-02 13:21:59',NULL),(394,10364,81,61461,'2024-10-02 13:22:01','2024-10-02 13:22:01',NULL),(395,10365,81,61462,'2024-10-02 13:22:03','2024-10-02 13:22:03',NULL),(396,10366,81,61463,'2024-10-02 13:22:05','2024-10-02 13:22:05',NULL),(397,10367,81,61464,'2024-10-02 13:22:07','2024-10-02 13:22:07',NULL),(398,10368,81,61465,'2024-10-02 13:22:09','2024-10-02 13:22:09',NULL),(399,10369,81,61466,'2024-10-02 13:22:12','2024-10-02 13:22:12',NULL),(400,10370,81,61467,'2024-10-02 13:22:14','2024-10-02 13:22:14',NULL),(401,10371,81,61468,'2024-10-02 13:22:16','2024-10-02 13:22:16',NULL),(402,10372,81,61469,'2024-10-02 13:22:19','2024-10-02 13:22:19',NULL),(403,10373,81,61470,'2024-10-02 13:22:21','2024-10-02 13:22:21',NULL),(404,10374,81,61471,'2024-10-02 13:22:23','2024-10-02 13:22:23',NULL),(405,10375,81,61472,'2024-10-02 13:22:25','2024-10-02 13:22:25',NULL),(406,10376,81,61473,'2024-10-02 13:22:27','2024-10-02 13:22:27',NULL),(407,10377,81,61474,'2024-10-02 13:22:30','2024-10-02 13:22:30',NULL),(408,10378,81,61475,'2024-10-02 13:22:32','2024-10-02 13:22:32',NULL),(409,10379,81,61476,'2024-10-02 13:22:34','2024-10-02 13:22:34',NULL),(410,10380,81,61477,'2024-10-02 13:22:35','2024-10-02 13:22:35',NULL),(411,10381,81,61478,'2024-10-02 13:22:37','2024-10-02 13:22:37',NULL),(412,10382,81,61479,'2024-10-02 13:22:39','2024-10-02 13:22:39',NULL),(413,10383,81,61480,'2024-10-02 13:22:41','2024-10-02 13:22:41',NULL),(414,10384,81,61481,'2024-10-02 13:22:43','2024-10-02 13:22:43',NULL),(415,10385,81,61482,'2024-10-02 13:22:45','2024-10-02 13:22:45',NULL),(416,10386,81,61483,'2024-10-02 13:22:47','2024-10-02 13:22:47',NULL),(417,10387,81,61484,'2024-10-02 13:22:50','2024-10-02 13:22:50',NULL),(418,10388,81,61485,'2024-10-02 13:22:52','2024-10-02 13:22:52',NULL),(419,10389,81,61486,'2024-10-02 13:22:54','2024-10-02 13:22:54',NULL),(420,10390,81,61487,'2024-10-02 13:22:56','2024-10-02 13:22:56',NULL),(421,10391,81,61488,'2024-10-02 13:22:58','2024-10-02 13:22:58',NULL),(422,10392,81,61489,'2024-10-02 13:23:00','2024-10-02 13:23:00',NULL),(423,10393,81,61490,'2024-10-02 13:23:03','2024-10-02 13:23:03',NULL),(424,10394,81,61491,'2024-10-02 13:23:05','2024-10-02 13:23:05',NULL),(425,10395,81,61492,'2024-10-02 13:23:07','2024-10-02 13:23:07',NULL),(426,10396,81,61493,'2024-10-02 13:23:09','2024-10-02 13:23:09',NULL),(427,10397,81,61494,'2024-10-02 13:23:12','2024-10-02 13:23:12',NULL),(428,10398,81,61495,'2024-10-02 13:23:14','2024-10-02 13:23:14',NULL),(429,10399,81,61496,'2024-10-02 13:23:16','2024-10-02 13:23:16',NULL),(430,10400,81,61497,'2024-10-02 13:23:18','2024-10-02 13:23:18',NULL),(431,10401,81,61498,'2024-10-02 13:23:20','2024-10-02 13:23:20',NULL),(432,10402,81,61499,'2024-10-02 13:23:22','2024-10-02 13:23:22',NULL),(433,10403,81,61500,'2024-10-02 13:23:24','2024-10-02 13:23:24',NULL),(434,10404,81,61501,'2024-10-02 13:23:26','2024-10-02 13:23:26',NULL),(435,10405,81,61502,'2024-10-02 13:23:27','2024-10-02 13:23:27',NULL),(436,10406,81,61503,'2024-10-02 13:23:29','2024-10-02 13:23:29',NULL),(437,10407,81,61504,'2024-10-02 13:23:31','2024-10-02 13:23:31',NULL),(438,10408,81,61505,'2024-10-02 13:23:33','2024-10-02 13:23:33',NULL),(439,10409,81,61506,'2024-10-02 13:23:35','2024-10-02 13:23:35',NULL),(440,10410,81,61507,'2024-10-02 13:23:38','2024-10-02 13:23:38',NULL),(441,10411,81,61508,'2024-10-02 13:23:39','2024-10-02 13:23:39',NULL),(442,10412,81,61509,'2024-10-02 13:23:41','2024-10-02 13:23:41',NULL),(443,10413,81,61510,'2024-10-02 13:23:44','2024-10-02 13:23:44',NULL),(444,10414,81,61511,'2024-10-02 13:23:46','2024-10-02 13:23:46',NULL),(445,10415,81,61512,'2024-10-02 13:23:48','2024-10-02 13:23:48',NULL),(446,10416,81,61513,'2024-10-02 13:23:51','2024-10-02 13:23:51',NULL),(447,10417,81,61514,'2024-10-02 13:23:54','2024-10-02 13:23:54',NULL),(448,10418,81,61515,'2024-10-02 13:23:56','2024-10-02 13:23:56',NULL),(449,10419,81,61516,'2024-10-02 13:23:59','2024-10-02 13:23:59',NULL),(450,10420,81,61517,'2024-10-02 13:24:01','2024-10-02 13:24:01',NULL),(451,10421,81,61518,'2024-10-02 13:24:02','2024-10-02 13:24:02',NULL),(452,10422,81,61519,'2024-10-02 13:24:04','2024-10-02 13:24:04',NULL),(453,10423,81,61520,'2024-10-02 13:24:07','2024-10-02 13:24:07',NULL),(454,10424,81,61521,'2024-10-02 13:24:10','2024-10-02 13:24:10',NULL),(455,10425,81,61522,'2024-10-02 13:24:13','2024-10-02 13:24:13',NULL),(456,10426,81,61523,'2024-10-02 13:24:16','2024-10-02 13:24:16',NULL),(457,10427,81,61524,'2024-10-02 13:24:18','2024-10-02 13:24:18',NULL),(458,10428,81,61525,'2024-10-02 13:24:20','2024-10-02 13:24:20',NULL),(459,10429,81,61526,'2024-10-02 13:24:22','2024-10-02 13:24:22',NULL),(460,10430,81,61527,'2024-10-02 13:24:24','2024-10-02 13:24:24',NULL),(461,10431,81,61528,'2024-10-02 13:24:27','2024-10-02 13:24:27',NULL),(462,10432,81,61529,'2024-10-02 13:24:29','2024-10-02 13:24:29',NULL),(463,10433,81,61530,'2024-10-02 13:24:31','2024-10-02 13:24:31',NULL),(464,10434,81,61531,'2024-10-02 13:24:33','2024-10-02 13:24:33',NULL),(465,10435,81,61532,'2024-10-02 13:24:36','2024-10-02 13:24:36',NULL),(466,10436,81,61533,'2024-10-02 13:24:38','2024-10-02 13:24:38',NULL),(467,10437,81,61534,'2024-10-02 13:24:40','2024-10-02 13:24:40',NULL),(468,10438,81,61535,'2024-10-02 13:24:42','2024-10-02 13:24:42',NULL),(469,10439,81,61536,'2024-10-02 13:24:44','2024-10-02 13:24:44',NULL),(470,10440,81,61537,'2024-10-02 13:24:47','2024-10-02 13:24:47',NULL),(471,10441,81,61538,'2024-10-02 13:24:49','2024-10-02 13:24:49',NULL),(472,10442,81,61539,'2024-10-02 13:24:51','2024-10-02 13:24:51',NULL),(473,10443,81,61540,'2024-10-02 13:24:54','2024-10-02 13:24:54',NULL),(474,10444,81,61541,'2024-10-02 13:24:56','2024-10-02 13:24:56',NULL),(475,10445,81,61542,'2024-10-02 13:24:58','2024-10-02 13:24:58',NULL),(476,10446,81,61543,'2024-10-02 13:25:00','2024-10-02 13:25:00',NULL),(477,10447,81,61544,'2024-10-02 13:25:04','2024-10-02 13:25:04',NULL),(478,10448,81,61545,'2024-10-02 13:25:06','2024-10-02 13:25:06',NULL),(479,10449,81,61546,'2024-10-02 13:25:09','2024-10-02 13:25:09',NULL),(480,10450,81,61547,'2024-10-02 13:25:11','2024-10-02 13:25:11',NULL),(481,10451,81,61548,'2024-10-02 13:25:13','2024-10-02 13:25:13',NULL),(482,10452,81,61549,'2024-10-02 13:25:16','2024-10-02 13:25:16',NULL),(483,10453,81,61550,'2024-10-02 13:25:19','2024-10-02 13:25:19',NULL),(484,10454,81,61551,'2024-10-02 13:25:22','2024-10-02 13:25:22',NULL),(485,10455,81,61552,'2024-10-02 13:25:25','2024-10-02 13:25:25',NULL),(486,10456,81,61553,'2024-10-02 13:25:28','2024-10-02 13:25:28',NULL),(487,10457,81,61554,'2024-10-02 13:25:30','2024-10-02 13:25:30',NULL),(488,10458,81,61555,'2024-10-02 13:25:33','2024-10-02 13:25:33',NULL),(489,10459,81,61556,'2024-10-02 13:25:36','2024-10-02 13:25:36',NULL),(490,10460,81,61557,'2024-10-02 13:25:38','2024-10-02 13:25:38',NULL),(491,10461,81,61558,'2024-10-02 13:25:40','2024-10-02 13:25:40',NULL),(492,10462,81,61559,'2024-10-02 13:25:43','2024-10-02 13:25:43',NULL),(493,10463,81,61560,'2024-10-02 13:25:45','2024-10-02 13:25:45',NULL),(494,10464,81,61561,'2024-10-02 13:25:48','2024-10-02 13:25:48',NULL),(495,10465,81,61562,'2024-10-02 13:25:51','2024-10-02 13:25:51',NULL),(496,10466,81,61563,'2024-10-02 13:25:53','2024-10-02 13:25:53',NULL),(497,10467,81,61564,'2024-10-02 13:25:56','2024-10-02 13:25:56',NULL),(498,10468,81,61565,'2024-10-02 13:25:59','2024-10-02 13:25:59',NULL),(499,10469,81,61566,'2024-10-02 13:26:01','2024-10-02 13:26:01',NULL),(500,10470,81,61567,'2024-10-02 13:26:03','2024-10-02 13:26:03',NULL),(501,10471,81,61568,'2024-10-02 13:26:05','2024-10-02 13:26:05',NULL),(502,10472,81,61569,'2024-10-02 13:26:08','2024-10-02 13:26:08',NULL),(503,10473,81,61570,'2024-10-02 13:26:11','2024-10-02 13:26:11',NULL),(504,10474,81,61571,'2024-10-02 13:26:13','2024-10-02 13:26:13',NULL),(505,10475,81,61572,'2024-10-02 13:26:15','2024-10-02 13:26:15',NULL),(506,10476,81,61573,'2024-10-02 13:26:18','2024-10-02 13:26:18',NULL),(507,10477,81,61574,'2024-10-02 13:26:21','2024-10-02 13:26:21',NULL),(508,10478,81,61575,'2024-10-02 13:26:23','2024-10-02 13:26:23',NULL),(509,10479,81,61576,'2024-10-02 13:26:26','2024-10-02 13:26:26',NULL),(510,10480,81,61577,'2024-10-02 13:26:28','2024-10-02 13:26:28',NULL),(511,10481,81,61578,'2024-10-02 13:26:30','2024-10-02 13:26:30',NULL),(512,10482,81,61579,'2024-10-02 13:26:33','2024-10-02 13:26:33',NULL),(513,10483,81,61580,'2024-10-02 13:26:35','2024-10-02 13:26:35',NULL),(514,10484,81,61581,'2024-10-02 13:26:38','2024-10-02 13:26:38',NULL),(515,10485,81,61582,'2024-10-02 13:26:41','2024-10-02 13:26:41',NULL),(516,10486,81,61583,'2024-10-02 13:26:43','2024-10-02 13:26:43',NULL),(517,10487,81,61584,'2024-10-02 13:26:46','2024-10-02 13:26:46',NULL),(518,10488,81,61585,'2024-10-02 13:26:49','2024-10-02 13:26:49',NULL),(519,10489,81,61586,'2024-10-02 13:26:52','2024-10-02 13:26:52',NULL),(520,10490,81,61587,'2024-10-02 13:26:54','2024-10-02 13:26:54',NULL),(521,10491,81,61588,'2024-10-02 13:26:57','2024-10-02 13:26:57',NULL),(522,10492,81,61589,'2024-10-02 13:27:00','2024-10-02 13:27:00',NULL),(523,10493,81,61590,'2024-10-02 13:27:03','2024-10-02 13:27:03',NULL),(524,10494,81,61591,'2024-10-02 13:27:05','2024-10-02 13:27:05',NULL),(525,10495,81,61592,'2024-10-02 13:27:09','2024-10-02 13:27:09',NULL),(526,10496,81,61593,'2024-10-02 13:27:12','2024-10-02 13:27:12',NULL),(527,10497,81,61594,'2024-10-02 13:27:15','2024-10-02 13:27:15',NULL),(528,10498,81,61595,'2024-10-02 13:27:18','2024-10-02 13:27:18',NULL),(529,10499,81,61596,'2024-10-02 13:27:21','2024-10-02 13:27:21',NULL),(530,10500,81,61597,'2024-10-02 13:27:23','2024-10-02 13:27:23',NULL),(531,10501,81,61598,'2024-10-02 13:27:26','2024-10-02 13:27:26',NULL),(532,10502,81,61599,'2024-10-02 13:27:28','2024-10-02 13:27:28',NULL),(533,10503,81,61600,'2024-10-02 13:27:30','2024-10-02 13:27:30',NULL),(534,10504,81,61601,'2024-10-02 13:27:33','2024-10-02 13:27:33',NULL),(535,10505,81,61602,'2024-10-02 13:27:36','2024-10-02 13:27:36',NULL),(536,10506,81,61603,'2024-10-02 13:27:38','2024-10-02 13:27:38',NULL),(537,10507,81,61604,'2024-10-02 13:27:41','2024-10-02 13:27:41',NULL),(538,10508,81,61605,'2024-10-02 13:27:44','2024-10-02 13:27:44',NULL),(539,10509,81,61606,'2024-10-02 13:27:46','2024-10-02 13:27:46',NULL),(540,10510,81,61607,'2024-10-02 13:27:49','2024-10-02 13:27:49',NULL),(541,10511,81,61608,'2024-10-02 13:27:52','2024-10-02 13:27:52',NULL),(542,10512,81,61609,'2024-10-02 13:27:54','2024-10-02 13:27:54',NULL),(543,10513,81,61610,'2024-10-02 13:27:57','2024-10-02 13:27:57',NULL),(544,10514,81,61611,'2024-10-02 13:28:00','2024-10-02 13:28:00',NULL),(545,10515,81,61612,'2024-10-02 13:28:02','2024-10-02 13:28:02',NULL),(546,10516,81,61613,'2024-10-02 13:28:05','2024-10-02 13:28:05',NULL),(547,10517,81,61614,'2024-10-02 13:28:07','2024-10-02 13:28:07',NULL),(548,10518,81,61615,'2024-10-02 13:28:10','2024-10-02 13:28:10',NULL),(549,10519,81,61616,'2024-10-02 13:28:13','2024-10-02 13:28:13',NULL),(550,10520,81,61617,'2024-10-02 13:28:15','2024-10-02 13:28:15',NULL),(551,10521,81,61618,'2024-10-02 13:28:18','2024-10-02 13:28:18',NULL),(552,10522,81,61619,'2024-10-02 13:28:21','2024-10-02 13:28:21',NULL),(553,10523,81,61620,'2024-10-02 13:28:24','2024-10-02 13:28:24',NULL),(554,10524,81,61621,'2024-10-02 13:28:26','2024-10-02 13:28:26',NULL),(555,10525,81,61622,'2024-10-02 13:28:29','2024-10-02 13:28:29',NULL),(556,10526,81,61623,'2024-10-02 13:28:32','2024-10-02 13:28:32',NULL),(557,10527,81,61624,'2024-10-02 13:28:34','2024-10-02 13:28:34',NULL),(558,10528,81,61625,'2024-10-02 13:28:37','2024-10-02 13:28:37',NULL),(559,10529,81,61626,'2024-10-02 13:28:40','2024-10-02 13:28:40',NULL),(560,10530,81,61627,'2024-10-02 13:28:43','2024-10-02 13:28:43',NULL),(561,10531,81,61628,'2024-10-02 13:28:46','2024-10-02 13:28:46',NULL),(562,10532,81,61629,'2024-10-02 13:28:49','2024-10-02 13:28:49',NULL),(563,10533,81,61630,'2024-10-02 13:28:52','2024-10-02 13:28:52',NULL),(564,10534,81,61631,'2024-10-02 13:28:54','2024-10-02 13:28:54',NULL),(565,10535,81,61632,'2024-10-02 13:28:57','2024-10-02 13:28:57',NULL),(566,10536,81,61633,'2024-10-02 13:28:59','2024-10-02 13:28:59',NULL),(567,10537,81,61634,'2024-10-02 13:29:02','2024-10-02 13:29:02',NULL),(568,10538,81,61635,'2024-10-02 13:29:05','2024-10-02 13:29:05',NULL),(569,10539,81,61636,'2024-10-02 13:29:08','2024-10-02 13:29:08',NULL),(570,10540,81,61637,'2024-10-02 13:29:11','2024-10-02 13:29:11',NULL),(571,10541,81,61638,'2024-10-02 13:29:15','2024-10-02 13:29:15',NULL),(572,10542,81,61639,'2024-10-02 13:29:17','2024-10-02 13:29:17',NULL),(573,10543,81,61640,'2024-10-02 13:29:21','2024-10-02 13:29:21',NULL),(574,10544,81,61641,'2024-10-02 13:29:24','2024-10-02 13:29:24',NULL),(575,10545,81,61642,'2024-10-02 13:29:28','2024-10-02 13:29:28',NULL),(576,10546,81,61643,'2024-10-02 13:29:31','2024-10-02 13:29:31',NULL),(577,10547,81,61644,'2024-10-02 13:29:34','2024-10-02 13:29:34',NULL),(578,10548,81,61645,'2024-10-02 13:29:38','2024-10-02 13:29:38',NULL),(579,10549,81,61646,'2024-10-02 13:29:41','2024-10-02 13:29:41',NULL),(580,10550,81,61647,'2024-10-02 13:29:44','2024-10-02 13:29:44',NULL),(581,10551,81,61648,'2024-10-02 13:29:46','2024-10-02 13:29:46',NULL),(582,10552,81,61649,'2024-10-02 13:29:49','2024-10-02 13:29:49',NULL),(583,10553,81,61650,'2024-10-02 13:29:52','2024-10-02 13:29:52',NULL),(584,10554,81,61651,'2024-10-02 13:29:55','2024-10-02 13:29:55',NULL),(585,10555,81,61652,'2024-10-02 13:29:57','2024-10-02 13:29:57',NULL),(586,10556,81,61653,'2024-10-02 13:30:00','2024-10-02 13:30:00',NULL),(587,10557,81,61654,'2024-10-02 13:30:04','2024-10-02 13:30:04',NULL),(588,10558,81,61655,'2024-10-02 13:30:07','2024-10-02 13:30:07',NULL),(589,10559,81,61656,'2024-10-02 13:30:10','2024-10-02 13:30:10',NULL),(590,10560,81,61657,'2024-10-02 13:30:14','2024-10-02 13:30:14',NULL),(591,10561,81,61658,'2024-10-02 13:30:16','2024-10-02 13:30:16',NULL),(592,10562,81,61659,'2024-10-02 13:30:19','2024-10-02 13:30:19',NULL),(593,10563,81,61660,'2024-10-02 13:30:22','2024-10-02 13:30:22',NULL),(594,10564,81,61661,'2024-10-02 13:30:25','2024-10-02 13:30:25',NULL),(595,10565,81,61662,'2024-10-02 13:30:28','2024-10-02 13:30:28',NULL),(596,10566,81,61663,'2024-10-02 13:30:31','2024-10-02 13:30:31',NULL),(597,10567,81,61664,'2024-10-02 13:30:36','2024-10-02 13:30:36',NULL),(598,10568,81,61665,'2024-10-02 13:30:39','2024-10-02 13:30:39',NULL),(599,10569,81,61666,'2024-10-02 13:30:43','2024-10-02 13:30:43',NULL),(600,10570,81,61667,'2024-10-02 13:30:46','2024-10-02 13:30:46',NULL),(601,10571,81,61668,'2024-10-02 13:30:50','2024-10-02 13:30:50',NULL),(602,10572,81,61669,'2024-10-02 13:30:53','2024-10-02 13:30:53',NULL),(603,10573,81,61670,'2024-10-02 13:30:56','2024-10-02 13:30:56',NULL),(604,10574,81,61671,'2024-10-02 13:31:00','2024-10-02 13:31:00',NULL),(605,10575,81,61672,'2024-10-02 13:31:03','2024-10-02 13:31:03',NULL),(606,10576,81,61673,'2024-10-02 13:31:07','2024-10-02 13:31:07',NULL),(607,10577,81,61674,'2024-10-02 13:31:10','2024-10-02 13:31:10',NULL),(608,10578,81,61675,'2024-10-02 13:31:13','2024-10-02 13:31:13',NULL),(609,10579,81,61676,'2024-10-02 13:31:17','2024-10-02 13:31:17',NULL),(610,10580,81,61677,'2024-10-02 13:31:20','2024-10-02 13:31:20',NULL),(611,10581,81,61678,'2024-10-02 13:31:23','2024-10-02 13:31:23',NULL),(612,10582,81,61679,'2024-10-02 13:31:25','2024-10-02 13:31:25',NULL),(613,10583,81,61680,'2024-10-02 13:31:28','2024-10-02 13:31:28',NULL),(614,10584,81,61681,'2024-10-02 13:31:32','2024-10-02 13:31:32',NULL),(615,10585,81,61682,'2024-10-02 13:31:35','2024-10-02 13:31:35',NULL),(616,10586,81,61683,'2024-10-02 13:31:38','2024-10-02 13:31:38',NULL),(617,10587,81,61684,'2024-10-02 13:31:40','2024-10-02 13:31:40',NULL),(618,10588,81,61685,'2024-10-02 13:31:43','2024-10-02 13:31:43',NULL),(619,10589,81,61686,'2024-10-02 13:31:47','2024-10-02 13:31:47',NULL),(620,10590,81,61687,'2024-10-02 13:31:50','2024-10-02 13:31:50',NULL),(621,10591,81,61688,'2024-10-02 13:31:53','2024-10-02 13:31:53',NULL),(622,10592,81,61689,'2024-10-02 13:31:56','2024-10-02 13:31:56',NULL),(623,10593,81,61690,'2024-10-02 13:31:59','2024-10-02 13:31:59',NULL),(624,10594,81,61691,'2024-10-02 13:32:03','2024-10-02 13:32:03',NULL),(625,10595,81,61692,'2024-10-02 13:32:06','2024-10-02 13:32:06',NULL),(626,10596,81,61693,'2024-10-02 13:32:09','2024-10-02 13:32:09',NULL),(627,10597,81,61694,'2024-10-02 13:32:12','2024-10-02 13:32:12',NULL),(628,10598,81,61695,'2024-10-02 13:32:16','2024-10-02 13:32:16',NULL),(629,10599,81,61696,'2024-10-02 13:32:19','2024-10-02 13:32:19',NULL),(630,10600,81,61697,'2024-10-02 13:32:22','2024-10-02 13:32:22',NULL),(631,10601,81,61698,'2024-10-02 13:32:25','2024-10-02 13:32:25',NULL),(632,10602,81,61699,'2024-10-02 13:32:28','2024-10-02 13:32:28',NULL),(633,10603,81,61700,'2024-10-02 13:32:32','2024-10-02 13:32:32',NULL),(634,10604,81,61701,'2024-10-02 13:32:35','2024-10-02 13:32:35',NULL),(635,10605,81,61702,'2024-10-02 13:32:39','2024-10-02 13:32:39',NULL),(636,10606,81,61703,'2024-10-02 13:32:43','2024-10-02 13:32:43',NULL),(637,10607,81,61704,'2024-10-02 13:32:46','2024-10-02 13:32:46',NULL),(638,10608,81,61705,'2024-10-02 13:32:50','2024-10-02 13:32:50',NULL),(639,10609,81,61706,'2024-10-02 13:32:53','2024-10-02 13:32:53',NULL),(640,10610,81,61707,'2024-10-02 13:32:56','2024-10-02 13:32:56',NULL),(641,10611,81,61708,'2024-10-02 13:33:00','2024-10-02 13:33:00',NULL),(642,10612,81,61709,'2024-10-02 13:33:03','2024-10-02 13:33:03',NULL),(643,10613,81,61710,'2024-10-02 13:33:06','2024-10-02 13:33:06',NULL),(644,10614,81,61711,'2024-10-02 13:33:09','2024-10-02 13:33:09',NULL),(645,10615,81,61712,'2024-10-02 13:33:12','2024-10-02 13:33:12',NULL),(646,10616,81,61713,'2024-10-02 13:33:15','2024-10-02 13:33:15',NULL),(647,10617,81,61714,'2024-10-02 13:33:20','2024-10-02 13:33:20',NULL),(648,10618,81,61715,'2024-10-02 13:33:24','2024-10-02 13:33:24',NULL),(649,10619,81,61716,'2024-10-02 13:33:27','2024-10-02 13:33:27',NULL),(650,10620,81,61717,'2024-10-02 13:33:30','2024-10-02 13:33:30',NULL),(651,10621,81,61718,'2024-10-02 13:33:33','2024-10-02 13:33:33',NULL),(652,10622,81,61719,'2024-10-02 13:33:36','2024-10-02 13:33:36',NULL),(653,10623,81,61720,'2024-10-02 13:33:40','2024-10-02 13:33:40',NULL),(654,10624,81,61721,'2024-10-02 13:33:43','2024-10-02 13:33:43',NULL),(655,10625,81,61722,'2024-10-02 13:33:46','2024-10-02 13:33:46',NULL),(656,10626,81,61723,'2024-10-02 13:33:50','2024-10-02 13:33:50',NULL),(657,10627,81,61724,'2024-10-02 13:33:52','2024-10-02 13:33:52',NULL),(658,10628,81,61725,'2024-10-02 13:33:55','2024-10-02 13:33:55',NULL),(659,10629,81,61726,'2024-10-02 13:33:58','2024-10-02 13:33:58',NULL),(660,10630,81,61727,'2024-10-02 13:34:02','2024-10-02 13:34:02',NULL),(661,10631,81,61728,'2024-10-02 13:34:05','2024-10-02 13:34:05',NULL),(662,10632,81,61729,'2024-10-02 13:34:09','2024-10-02 13:34:09',NULL),(663,10633,81,61730,'2024-10-02 13:34:12','2024-10-02 13:34:12',NULL),(664,10634,81,61731,'2024-10-02 13:34:15','2024-10-02 13:34:15',NULL),(665,10635,81,61732,'2024-10-02 13:34:18','2024-10-02 13:34:18',NULL),(666,10636,81,61733,'2024-10-02 13:34:22','2024-10-02 13:34:22',NULL),(667,10637,81,61734,'2024-10-02 13:34:25','2024-10-02 13:34:25',NULL),(668,10638,81,61735,'2024-10-02 13:34:29','2024-10-02 13:34:29',NULL),(669,10639,81,61736,'2024-10-02 13:34:32','2024-10-02 13:34:32',NULL),(670,10640,81,61737,'2024-10-02 13:34:35','2024-10-02 13:34:35',NULL),(671,10641,81,61738,'2024-10-02 13:34:38','2024-10-02 13:34:38',NULL),(672,10642,81,61739,'2024-10-02 13:34:41','2024-10-02 13:34:41',NULL),(673,10643,81,61740,'2024-10-02 13:34:45','2024-10-02 13:34:45',NULL),(674,10644,81,61741,'2024-10-02 13:34:49','2024-10-02 13:34:49',NULL),(675,10645,81,61742,'2024-10-02 13:34:53','2024-10-02 13:34:53',NULL),(676,10646,81,61743,'2024-10-02 13:34:56','2024-10-02 13:34:56',NULL),(677,10647,81,61744,'2024-10-02 13:34:59','2024-10-02 13:34:59',NULL),(678,10648,81,61745,'2024-10-02 13:35:03','2024-10-02 13:35:03',NULL),(679,10649,81,61746,'2024-10-02 13:35:06','2024-10-02 13:35:06',NULL),(680,10650,81,61747,'2024-10-02 13:35:10','2024-10-02 13:35:10',NULL),(681,10651,81,61748,'2024-10-02 13:35:13','2024-10-02 13:35:13',NULL),(682,10652,81,61749,'2024-10-02 13:35:16','2024-10-02 13:35:16',NULL),(683,10653,81,61750,'2024-10-02 13:35:19','2024-10-02 13:35:19',NULL),(684,10654,81,61751,'2024-10-02 13:35:23','2024-10-02 13:35:23',NULL),(685,10655,81,61752,'2024-10-02 13:35:27','2024-10-02 13:35:27',NULL),(686,10656,81,61753,'2024-10-02 13:35:31','2024-10-02 13:35:31',NULL),(687,10657,81,61754,'2024-10-02 13:35:34','2024-10-02 13:35:34',NULL),(688,10658,81,61755,'2024-10-02 13:35:37','2024-10-02 13:35:37',NULL),(689,10659,81,61756,'2024-10-02 13:35:41','2024-10-02 13:35:41',NULL),(690,10660,81,61757,'2024-10-02 13:35:44','2024-10-02 13:35:44',NULL),(691,10661,81,61758,'2024-10-02 13:35:48','2024-10-02 13:35:48',NULL),(692,10662,81,61759,'2024-10-02 13:35:52','2024-10-02 13:35:52',NULL),(693,10663,81,61760,'2024-10-02 13:35:56','2024-10-02 13:35:56',NULL),(694,10664,81,61761,'2024-10-02 13:35:59','2024-10-02 13:35:59',NULL),(695,10665,81,61762,'2024-10-02 13:36:02','2024-10-02 13:36:02',NULL),(696,10666,81,61763,'2024-10-02 13:36:06','2024-10-02 13:36:06',NULL),(697,10667,81,61764,'2024-10-02 13:36:09','2024-10-02 13:36:09',NULL),(698,10668,81,61765,'2024-10-02 13:36:12','2024-10-02 13:36:12',NULL),(699,10669,81,61766,'2024-10-02 13:36:16','2024-10-02 13:36:16',NULL),(700,10670,81,61767,'2024-10-02 13:36:20','2024-10-02 13:36:20',NULL),(701,10671,81,61768,'2024-10-02 13:36:24','2024-10-02 13:36:24',NULL),(702,10672,81,61769,'2024-10-02 13:36:28','2024-10-02 13:36:28',NULL),(703,10673,81,61770,'2024-10-02 13:36:32','2024-10-02 13:36:32',NULL),(704,10674,81,61771,'2024-10-02 13:36:35','2024-10-02 13:36:35',NULL),(705,10675,81,61772,'2024-10-02 13:36:39','2024-10-02 13:36:39',NULL),(706,10676,81,61773,'2024-10-02 13:36:42','2024-10-02 13:36:42',NULL),(707,10677,81,61774,'2024-10-02 13:36:45','2024-10-02 13:36:45',NULL),(708,10678,81,61775,'2024-10-02 13:36:49','2024-10-02 13:36:49',NULL),(709,10679,81,61776,'2024-10-02 13:36:53','2024-10-02 13:36:53',NULL),(710,10680,81,61777,'2024-10-02 13:36:57','2024-10-02 13:36:57',NULL),(711,10681,81,61778,'2024-10-02 13:37:01','2024-10-02 13:37:01',NULL),(712,10682,81,61779,'2024-10-02 13:37:05','2024-10-02 13:37:05',NULL),(713,10683,81,61780,'2024-10-02 13:37:08','2024-10-02 13:37:08',NULL),(714,10684,81,61781,'2024-10-02 13:37:12','2024-10-02 13:37:12',NULL),(715,10685,81,61782,'2024-10-02 13:37:15','2024-10-02 13:37:15',NULL),(716,10686,81,61783,'2024-10-02 13:37:18','2024-10-02 13:37:18',NULL),(717,10687,81,61784,'2024-10-02 13:37:22','2024-10-02 13:37:22',NULL),(718,10688,81,61785,'2024-10-02 13:37:26','2024-10-02 13:37:26',NULL),(719,10689,81,61786,'2024-10-02 13:37:31','2024-10-02 13:37:31',NULL),(720,10690,81,61787,'2024-10-02 13:37:35','2024-10-02 13:37:35',NULL),(721,10691,81,61788,'2024-10-02 13:37:38','2024-10-02 13:37:38',NULL),(722,10692,81,61789,'2024-10-02 13:37:41','2024-10-02 13:37:41',NULL),(723,10693,81,61790,'2024-10-02 13:37:45','2024-10-02 13:37:45',NULL),(724,10694,81,61791,'2024-10-02 13:37:49','2024-10-02 13:37:49',NULL),(725,10695,81,61792,'2024-10-02 13:37:53','2024-10-02 13:37:53',NULL),(726,10696,81,61793,'2024-10-02 13:37:58','2024-10-02 13:37:58',NULL),(727,10697,81,61794,'2024-10-02 13:38:01','2024-10-02 13:38:01',NULL),(728,10698,81,61795,'2024-10-02 13:38:05','2024-10-02 13:38:05',NULL),(729,10699,81,61796,'2024-10-02 13:38:09','2024-10-02 13:38:09',NULL),(730,10700,81,61797,'2024-10-02 13:38:13','2024-10-02 13:38:13',NULL),(731,10701,81,61798,'2024-10-02 13:38:17','2024-10-02 13:38:17',NULL),(732,10702,81,61799,'2024-10-02 13:38:20','2024-10-02 13:38:20',NULL),(733,10703,81,61800,'2024-10-02 13:38:24','2024-10-02 13:38:24',NULL),(734,10704,81,61801,'2024-10-02 13:38:28','2024-10-02 13:38:28',NULL),(735,10705,81,61802,'2024-10-02 13:38:31','2024-10-02 13:38:31',NULL),(736,10706,81,61803,'2024-10-02 13:38:36','2024-10-02 13:38:36',NULL),(737,10707,81,61804,'2024-10-02 13:38:40','2024-10-02 13:38:40',NULL),(738,10708,81,61805,'2024-10-02 13:38:45','2024-10-02 13:38:45',NULL),(739,10709,81,61806,'2024-10-02 13:38:49','2024-10-02 13:38:49',NULL),(740,10710,81,61807,'2024-10-02 13:38:53','2024-10-02 13:38:53',NULL),(741,10711,81,61808,'2024-10-02 13:38:57','2024-10-02 13:38:57',NULL),(742,10712,81,61809,'2024-10-02 13:39:00','2024-10-02 13:39:00',NULL),(743,10713,81,61810,'2024-10-02 13:39:04','2024-10-02 13:39:04',NULL),(744,10714,81,61811,'2024-10-02 13:39:08','2024-10-02 13:39:08',NULL),(776,10820,81,61441,'2024-10-03 10:55:09','2024-10-03 10:55:09',NULL),(777,10821,81,61442,'2024-10-03 10:55:09','2024-10-03 10:55:09',NULL),(778,10822,81,61443,'2024-10-03 10:55:09','2024-10-03 10:55:09',NULL),(779,10823,81,61444,'2024-10-03 10:55:09','2024-10-03 10:55:09',NULL),(780,10824,81,61445,'2024-10-03 10:55:09','2024-10-03 10:55:09',NULL),(781,10825,81,61446,'2024-10-03 10:55:09','2024-10-03 10:55:09',NULL),(782,10826,81,61447,'2024-10-03 10:55:09','2024-10-03 10:55:09',NULL),(783,10827,81,61448,'2024-10-03 10:55:09','2024-10-03 10:55:09',NULL),(784,10828,81,61449,'2024-10-03 10:55:09','2024-10-03 10:55:09',NULL),(785,10829,81,61450,'2024-10-03 10:55:09','2024-10-03 10:55:09',NULL),(786,10830,81,61451,'2024-10-03 10:55:10','2024-10-03 10:55:10',NULL),(787,10831,81,61452,'2024-10-03 10:55:10','2024-10-03 10:55:10',NULL),(788,10832,81,61453,'2024-10-03 10:55:10','2024-10-03 10:55:10',NULL),(789,10833,81,61454,'2024-10-03 10:55:10','2024-10-03 10:55:10',NULL),(790,10834,81,61455,'2024-10-03 10:55:10','2024-10-03 10:55:10',NULL),(791,10835,81,61456,'2024-10-03 10:55:10','2024-10-03 10:55:10',NULL),(792,10836,81,61457,'2024-10-03 10:55:10','2024-10-03 10:55:10',NULL),(793,10837,81,61458,'2024-10-03 10:55:10','2024-10-03 10:55:10',NULL),(794,10838,81,61459,'2024-10-03 10:55:10','2024-10-03 10:55:10',NULL),(795,10839,81,61460,'2024-10-03 10:55:10','2024-10-03 10:55:10',NULL),(796,10840,81,61461,'2024-10-03 10:55:10','2024-10-03 10:55:10',NULL),(797,10841,81,61462,'2024-10-03 10:55:10','2024-10-03 10:55:10',NULL),(798,10842,81,61463,'2024-10-03 10:55:10','2024-10-03 10:55:10',NULL),(799,10843,81,61464,'2024-10-03 10:55:10','2024-10-03 10:55:10',NULL),(800,10844,81,61465,'2024-10-03 10:55:10','2024-10-03 10:55:10',NULL),(801,10845,81,61466,'2024-10-03 10:55:10','2024-10-03 10:55:10',NULL),(802,10846,81,61467,'2024-10-03 10:55:10','2024-10-03 10:55:10',NULL),(803,10847,81,61468,'2024-10-03 10:55:10','2024-10-03 10:55:10',NULL),(804,10848,81,61469,'2024-10-03 10:55:10','2024-10-03 10:55:10',NULL),(805,10849,81,61470,'2024-10-03 10:55:10','2024-10-03 10:55:10',NULL),(806,10850,81,61471,'2024-10-03 10:55:10','2024-10-03 10:55:10',NULL),(807,10851,81,61472,'2024-10-03 10:55:10','2024-10-03 10:55:10',NULL),(808,10852,81,61473,'2024-10-03 10:55:10','2024-10-03 10:55:10',NULL),(809,10853,81,61474,'2024-10-03 10:55:10','2024-10-03 10:55:10',NULL),(810,10854,81,61475,'2024-10-03 10:55:10','2024-10-03 10:55:10',NULL),(811,10855,81,61476,'2024-10-03 10:55:10','2024-10-03 10:55:10',NULL),(812,10856,81,61477,'2024-10-03 10:55:10','2024-10-03 10:55:10',NULL),(813,10857,81,61478,'2024-10-03 10:55:10','2024-10-03 10:55:10',NULL),(814,10858,81,61479,'2024-10-03 10:55:10','2024-10-03 10:55:10',NULL),(815,10859,81,61480,'2024-10-03 10:55:10','2024-10-03 10:55:10',NULL),(816,10860,81,61481,'2024-10-03 10:55:10','2024-10-03 10:55:10',NULL),(817,10861,81,61482,'2024-10-03 10:55:10','2024-10-03 10:55:10',NULL),(818,10862,81,61483,'2024-10-03 10:55:10','2024-10-03 10:55:10',NULL),(819,10863,81,61484,'2024-10-03 10:55:10','2024-10-03 10:55:10',NULL),(820,10864,81,61485,'2024-10-03 10:55:10','2024-10-03 10:55:10',NULL),(821,10865,81,61486,'2024-10-03 10:55:10','2024-10-03 10:55:10',NULL),(822,10866,81,61487,'2024-10-03 10:55:10','2024-10-03 10:55:10',NULL),(823,10867,81,61488,'2024-10-03 10:55:10','2024-10-03 10:55:10',NULL),(824,10868,81,61489,'2024-10-03 10:55:10','2024-10-03 10:55:10',NULL),(825,10869,81,61490,'2024-10-03 10:55:10','2024-10-03 10:55:10',NULL),(826,10870,81,61491,'2024-10-03 10:55:10','2024-10-03 10:55:10',NULL),(827,10871,81,61492,'2024-10-03 10:55:10','2024-10-03 10:55:10',NULL),(828,10872,81,61493,'2024-10-03 10:55:10','2024-10-03 10:55:10',NULL),(829,10873,81,61494,'2024-10-03 10:55:11','2024-10-03 10:55:11',NULL),(830,10874,81,61495,'2024-10-03 10:55:11','2024-10-03 10:55:11',NULL),(831,10875,81,61496,'2024-10-03 10:55:11','2024-10-03 10:55:11',NULL),(832,10876,81,61497,'2024-10-03 10:55:11','2024-10-03 10:55:11',NULL),(833,10877,81,61498,'2024-10-03 10:55:11','2024-10-03 10:55:11',NULL),(834,10878,81,61499,'2024-10-03 10:55:11','2024-10-03 10:55:11',NULL),(835,10879,81,61500,'2024-10-03 10:55:11','2024-10-03 10:55:11',NULL),(836,10880,81,61501,'2024-10-03 10:55:11','2024-10-03 10:55:11',NULL),(837,10881,81,61502,'2024-10-03 10:55:11','2024-10-03 10:55:11',NULL),(838,10882,81,61503,'2024-10-03 10:55:11','2024-10-03 10:55:11',NULL),(839,10883,81,61504,'2024-10-03 10:55:11','2024-10-03 10:55:11',NULL),(840,10884,81,61505,'2024-10-03 10:55:11','2024-10-03 10:55:11',NULL),(841,10885,81,61506,'2024-10-03 10:55:11','2024-10-03 10:55:11',NULL),(842,10886,81,61507,'2024-10-03 10:55:11','2024-10-03 10:55:11',NULL),(843,10887,81,61508,'2024-10-03 10:55:11','2024-10-03 10:55:11',NULL),(844,10888,81,61509,'2024-10-03 10:55:11','2024-10-03 10:55:11',NULL),(845,10889,81,61510,'2024-10-03 10:55:11','2024-10-03 10:55:11',NULL),(846,10890,81,61511,'2024-10-03 10:55:11','2024-10-03 10:55:11',NULL),(847,10891,81,61512,'2024-10-03 10:55:11','2024-10-03 10:55:11',NULL),(848,10892,81,61513,'2024-10-03 10:55:11','2024-10-03 10:55:11',NULL),(849,10893,81,61514,'2024-10-03 10:55:11','2024-10-03 10:55:11',NULL),(850,10894,81,61515,'2024-10-03 10:55:11','2024-10-03 10:55:11',NULL),(851,10895,81,61516,'2024-10-03 10:55:11','2024-10-03 10:55:11',NULL),(852,10896,81,61517,'2024-10-03 10:55:11','2024-10-03 10:55:11',NULL),(853,10897,81,61518,'2024-10-03 10:55:11','2024-10-03 10:55:11',NULL),(854,10898,81,61519,'2024-10-03 10:55:11','2024-10-03 10:55:11',NULL),(855,10899,81,61520,'2024-10-03 10:55:11','2024-10-03 10:55:11',NULL),(856,10900,81,61521,'2024-10-03 10:55:11','2024-10-03 10:55:11',NULL),(857,10901,81,61522,'2024-10-03 10:55:11','2024-10-03 10:55:11',NULL),(858,10902,81,61523,'2024-10-03 10:55:11','2024-10-03 10:55:11',NULL),(859,10903,81,61524,'2024-10-03 10:55:11','2024-10-03 10:55:11',NULL),(860,10904,81,61525,'2024-10-03 10:55:11','2024-10-03 10:55:11',NULL),(861,10905,81,61526,'2024-10-03 10:55:11','2024-10-03 10:55:11',NULL),(862,10906,81,61527,'2024-10-03 10:55:11','2024-10-03 10:55:11',NULL),(863,10907,81,61528,'2024-10-03 10:55:11','2024-10-03 10:55:11',NULL),(864,10908,81,61529,'2024-10-03 10:55:11','2024-10-03 10:55:11',NULL),(865,10909,81,61530,'2024-10-03 10:55:11','2024-10-03 10:55:11',NULL),(866,10910,81,61531,'2024-10-03 10:55:11','2024-10-03 10:55:11',NULL),(867,10911,81,61532,'2024-10-03 10:55:11','2024-10-03 10:55:11',NULL),(868,10912,81,61533,'2024-10-03 10:55:11','2024-10-03 10:55:11',NULL),(869,10913,81,61534,'2024-10-03 10:55:11','2024-10-03 10:55:11',NULL),(870,10914,81,61535,'2024-10-03 10:55:11','2024-10-03 10:55:11',NULL),(871,10915,81,61536,'2024-10-03 10:55:11','2024-10-03 10:55:11',NULL),(872,10916,81,61537,'2024-10-03 10:55:11','2024-10-03 10:55:11',NULL),(873,10917,81,61538,'2024-10-03 10:55:12','2024-10-03 10:55:12',NULL),(874,10918,81,61539,'2024-10-03 10:55:12','2024-10-03 10:55:12',NULL),(875,10919,81,61540,'2024-10-03 10:55:12','2024-10-03 10:55:12',NULL),(876,10920,81,61541,'2024-10-03 10:55:12','2024-10-03 10:55:12',NULL),(877,10921,81,61542,'2024-10-03 10:55:12','2024-10-03 10:55:12',NULL),(878,10922,81,61543,'2024-10-03 10:55:12','2024-10-03 10:55:12',NULL),(879,10923,81,61544,'2024-10-03 10:55:12','2024-10-03 10:55:12',NULL),(880,10924,81,61545,'2024-10-03 10:55:12','2024-10-03 10:55:12',NULL),(881,10925,81,61546,'2024-10-03 10:55:12','2024-10-03 10:55:12',NULL),(882,10926,81,61547,'2024-10-03 10:55:12','2024-10-03 10:55:12',NULL),(883,10927,81,61548,'2024-10-03 10:55:12','2024-10-03 10:55:12',NULL),(884,10928,81,61549,'2024-10-03 10:55:12','2024-10-03 10:55:12',NULL),(885,10929,81,61550,'2024-10-03 10:55:12','2024-10-03 10:55:12',NULL),(886,10930,81,61551,'2024-10-03 10:55:12','2024-10-03 10:55:12',NULL),(887,10931,81,61552,'2024-10-03 10:55:12','2024-10-03 10:55:12',NULL),(888,10932,81,61553,'2024-10-03 10:55:12','2024-10-03 10:55:12',NULL),(889,10933,81,61554,'2024-10-03 10:55:12','2024-10-03 10:55:12',NULL),(890,10934,81,61555,'2024-10-03 10:55:12','2024-10-03 10:55:12',NULL),(891,10935,81,61556,'2024-10-03 10:55:12','2024-10-03 10:55:12',NULL),(892,10936,81,61557,'2024-10-03 10:55:12','2024-10-03 10:55:12',NULL),(893,10937,81,61558,'2024-10-03 10:55:12','2024-10-03 10:55:12',NULL),(894,10938,81,61559,'2024-10-03 10:55:12','2024-10-03 10:55:12',NULL),(895,10939,81,61560,'2024-10-03 10:55:12','2024-10-03 10:55:12',NULL),(896,10940,81,61561,'2024-10-03 10:55:12','2024-10-03 10:55:12',NULL),(897,10941,81,61562,'2024-10-03 10:55:12','2024-10-03 10:55:12',NULL),(898,10942,81,61563,'2024-10-03 10:55:12','2024-10-03 10:55:12',NULL),(899,10943,81,61564,'2024-10-03 10:55:12','2024-10-03 10:55:12',NULL),(900,10944,81,61565,'2024-10-03 10:55:12','2024-10-03 10:55:12',NULL),(901,10945,81,61566,'2024-10-03 10:55:12','2024-10-03 10:55:12',NULL),(902,10946,81,61567,'2024-10-03 10:55:12','2024-10-03 10:55:12',NULL),(903,10947,81,61568,'2024-10-03 10:55:12','2024-10-03 10:55:12',NULL),(904,10948,81,61569,'2024-10-03 10:55:12','2024-10-03 10:55:12',NULL),(905,10949,81,61570,'2024-10-03 10:55:12','2024-10-03 10:55:12',NULL),(906,10950,81,61571,'2024-10-03 10:55:12','2024-10-03 10:55:12',NULL),(907,10951,81,61572,'2024-10-03 10:55:12','2024-10-03 10:55:12',NULL),(908,10952,81,61573,'2024-10-03 10:55:12','2024-10-03 10:55:12',NULL),(909,10953,81,61574,'2024-10-03 10:55:12','2024-10-03 10:55:12',NULL),(910,10954,81,61575,'2024-10-03 10:55:12','2024-10-03 10:55:12',NULL),(911,10955,81,61576,'2024-10-03 10:55:12','2024-10-03 10:55:12',NULL),(912,10956,81,61577,'2024-10-03 10:55:12','2024-10-03 10:55:12',NULL),(913,10957,81,61578,'2024-10-03 10:55:12','2024-10-03 10:55:12',NULL),(914,10958,81,61579,'2024-10-03 10:55:12','2024-10-03 10:55:12',NULL),(915,10959,81,61580,'2024-10-03 10:55:12','2024-10-03 10:55:12',NULL),(916,10960,81,61581,'2024-10-03 10:55:12','2024-10-03 10:55:12',NULL),(917,10961,81,61582,'2024-10-03 10:55:12','2024-10-03 10:55:12',NULL),(918,10962,81,61583,'2024-10-03 10:55:12','2024-10-03 10:55:12',NULL),(919,10963,81,61584,'2024-10-03 10:55:13','2024-10-03 10:55:13',NULL),(920,10964,81,61585,'2024-10-03 10:55:13','2024-10-03 10:55:13',NULL),(921,10965,81,61586,'2024-10-03 10:55:13','2024-10-03 10:55:13',NULL),(922,10966,81,61587,'2024-10-03 10:55:13','2024-10-03 10:55:13',NULL),(923,10967,81,61588,'2024-10-03 10:55:13','2024-10-03 10:55:13',NULL),(924,10968,81,61589,'2024-10-03 10:55:13','2024-10-03 10:55:13',NULL),(925,10969,81,61590,'2024-10-03 10:55:13','2024-10-03 10:55:13',NULL),(926,10970,81,61591,'2024-10-03 10:55:13','2024-10-03 10:55:13',NULL),(927,10971,81,61592,'2024-10-03 10:55:13','2024-10-03 10:55:13',NULL),(928,10972,81,61593,'2024-10-03 10:55:13','2024-10-03 10:55:13',NULL),(929,10973,81,61594,'2024-10-03 10:55:13','2024-10-03 10:55:13',NULL),(930,10974,81,61595,'2024-10-03 10:55:13','2024-10-03 10:55:13',NULL),(931,10975,81,61596,'2024-10-03 10:55:13','2024-10-03 10:55:13',NULL),(932,10976,81,61597,'2024-10-03 10:55:13','2024-10-03 10:55:13',NULL),(933,10977,81,61598,'2024-10-03 10:55:13','2024-10-03 10:55:13',NULL),(934,10978,81,61599,'2024-10-03 10:55:13','2024-10-03 10:55:13',NULL),(935,10979,81,61600,'2024-10-03 10:55:13','2024-10-03 10:55:13',NULL),(936,10980,81,61601,'2024-10-03 10:55:13','2024-10-03 10:55:13',NULL),(937,10981,81,61602,'2024-10-03 10:55:13','2024-10-03 10:55:13',NULL),(938,10982,81,61603,'2024-10-03 10:55:13','2024-10-03 10:55:13',NULL),(939,10983,81,61604,'2024-10-03 10:55:13','2024-10-03 10:55:13',NULL),(940,10984,81,61605,'2024-10-03 10:55:13','2024-10-03 10:55:13',NULL),(941,10985,81,61606,'2024-10-03 10:55:13','2024-10-03 10:55:13',NULL),(942,10986,81,61607,'2024-10-03 10:55:13','2024-10-03 10:55:13',NULL),(943,10987,81,61608,'2024-10-03 10:55:13','2024-10-03 10:55:13',NULL),(944,10988,81,61609,'2024-10-03 10:55:13','2024-10-03 10:55:13',NULL),(945,10989,81,61610,'2024-10-03 10:55:13','2024-10-03 10:55:13',NULL),(946,10990,81,61611,'2024-10-03 10:55:13','2024-10-03 10:55:13',NULL),(947,10991,81,61612,'2024-10-03 10:55:13','2024-10-03 10:55:13',NULL),(948,10992,81,61613,'2024-10-03 10:55:13','2024-10-03 10:55:13',NULL),(949,10993,81,61614,'2024-10-03 10:55:13','2024-10-03 10:55:13',NULL),(950,10994,81,61615,'2024-10-03 10:55:13','2024-10-03 10:55:13',NULL),(951,10995,81,61616,'2024-10-03 10:55:13','2024-10-03 10:55:13',NULL),(952,10996,81,61617,'2024-10-03 10:55:13','2024-10-03 10:55:13',NULL),(953,10997,81,61618,'2024-10-03 10:55:13','2024-10-03 10:55:13',NULL),(954,10998,81,61619,'2024-10-03 10:55:13','2024-10-03 10:55:13',NULL),(955,10999,81,61620,'2024-10-03 10:55:13','2024-10-03 10:55:13',NULL),(956,11000,81,61621,'2024-10-03 10:55:13','2024-10-03 10:55:13',NULL),(957,11001,81,61622,'2024-10-03 10:55:13','2024-10-03 10:55:13',NULL),(958,11002,81,61623,'2024-10-03 10:55:13','2024-10-03 10:55:13',NULL),(959,11003,81,61624,'2024-10-03 10:55:13','2024-10-03 10:55:13',NULL),(960,11004,81,61625,'2024-10-03 10:55:13','2024-10-03 10:55:13',NULL),(961,11005,81,61626,'2024-10-03 10:55:13','2024-10-03 10:55:13',NULL),(962,11006,81,61627,'2024-10-03 10:55:13','2024-10-03 10:55:13',NULL),(963,11007,81,61628,'2024-10-03 10:55:13','2024-10-03 10:55:13',NULL),(964,11008,81,61629,'2024-10-03 10:55:13','2024-10-03 10:55:13',NULL),(965,11009,81,61630,'2024-10-03 10:55:13','2024-10-03 10:55:13',NULL),(966,11010,81,61631,'2024-10-03 10:55:13','2024-10-03 10:55:13',NULL),(967,11011,81,61632,'2024-10-03 10:55:13','2024-10-03 10:55:13',NULL),(968,11012,81,61633,'2024-10-03 10:55:13','2024-10-03 10:55:13',NULL),(969,11013,81,61634,'2024-10-03 10:55:13','2024-10-03 10:55:13',NULL),(970,11014,81,61635,'2024-10-03 10:55:14','2024-10-03 10:55:14',NULL),(971,11015,81,61636,'2024-10-03 10:55:14','2024-10-03 10:55:14',NULL),(972,11016,81,61637,'2024-10-03 10:55:14','2024-10-03 10:55:14',NULL),(973,11017,81,61638,'2024-10-03 10:55:14','2024-10-03 10:55:14',NULL),(974,11018,81,61639,'2024-10-03 10:55:14','2024-10-03 10:55:14',NULL),(975,11019,81,61640,'2024-10-03 10:55:14','2024-10-03 10:55:14',NULL),(976,11020,81,61641,'2024-10-03 10:55:14','2024-10-03 10:55:14',NULL),(977,11021,81,61642,'2024-10-03 10:55:14','2024-10-03 10:55:14',NULL),(978,11022,81,61643,'2024-10-03 10:55:14','2024-10-03 10:55:14',NULL),(979,11023,81,61644,'2024-10-03 10:55:14','2024-10-03 10:55:14',NULL),(980,11024,81,61645,'2024-10-03 10:55:14','2024-10-03 10:55:14',NULL),(981,11025,81,61646,'2024-10-03 10:55:14','2024-10-03 10:55:14',NULL),(982,11026,81,61647,'2024-10-03 10:55:14','2024-10-03 10:55:14',NULL),(983,11027,81,61648,'2024-10-03 10:55:14','2024-10-03 10:55:14',NULL),(984,11028,81,61649,'2024-10-03 10:55:14','2024-10-03 10:55:14',NULL),(985,11029,81,61650,'2024-10-03 10:55:14','2024-10-03 10:55:14',NULL),(986,11030,81,61651,'2024-10-03 10:55:14','2024-10-03 10:55:14',NULL),(987,11031,81,61652,'2024-10-03 10:55:14','2024-10-03 10:55:14',NULL),(988,11032,81,61653,'2024-10-03 10:55:14','2024-10-03 10:55:14',NULL),(989,11033,81,61654,'2024-10-03 10:55:14','2024-10-03 10:55:14',NULL),(990,11034,81,61655,'2024-10-03 10:55:14','2024-10-03 10:55:14',NULL),(991,11035,81,61656,'2024-10-03 10:55:14','2024-10-03 10:55:14',NULL),(992,11036,81,61657,'2024-10-03 10:55:14','2024-10-03 10:55:14',NULL),(993,11037,81,61658,'2024-10-03 10:55:14','2024-10-03 10:55:14',NULL),(994,11038,81,61659,'2024-10-03 10:55:14','2024-10-03 10:55:14',NULL),(995,11039,81,61660,'2024-10-03 10:55:14','2024-10-03 10:55:14',NULL),(996,11040,81,61661,'2024-10-03 10:55:14','2024-10-03 10:55:14',NULL),(997,11041,81,61662,'2024-10-03 10:55:14','2024-10-03 10:55:14',NULL),(998,11042,81,61663,'2024-10-03 10:55:14','2024-10-03 10:55:14',NULL),(999,11043,81,61664,'2024-10-03 10:55:14','2024-10-03 10:55:14',NULL),(1000,11044,81,61665,'2024-10-03 10:55:14','2024-10-03 10:55:14',NULL),(1001,11045,81,61666,'2024-10-03 10:55:14','2024-10-03 10:55:14',NULL),(1002,11046,81,61667,'2024-10-03 10:55:14','2024-10-03 10:55:14',NULL),(1003,11047,81,61668,'2024-10-03 10:55:14','2024-10-03 10:55:14',NULL),(1004,11048,81,61669,'2024-10-03 10:55:14','2024-10-03 10:55:14',NULL),(1005,11049,81,61670,'2024-10-03 10:55:14','2024-10-03 10:55:14',NULL),(1006,11050,81,61671,'2024-10-03 10:55:14','2024-10-03 10:55:14',NULL),(1007,11051,81,61672,'2024-10-03 10:55:14','2024-10-03 10:55:14',NULL),(1008,11052,81,61673,'2024-10-03 10:55:14','2024-10-03 10:55:14',NULL),(1009,11053,81,61674,'2024-10-03 10:55:14','2024-10-03 10:55:14',NULL),(1010,11054,81,61675,'2024-10-03 10:55:14','2024-10-03 10:55:14',NULL),(1011,11055,81,61676,'2024-10-03 10:55:14','2024-10-03 10:55:14',NULL),(1012,11056,81,61677,'2024-10-03 10:55:14','2024-10-03 10:55:14',NULL),(1013,11057,81,61678,'2024-10-03 10:55:14','2024-10-03 10:55:14',NULL),(1014,11058,81,61679,'2024-10-03 10:55:14','2024-10-03 10:55:14',NULL),(1015,11059,81,61680,'2024-10-03 10:55:14','2024-10-03 10:55:14',NULL),(1016,11060,81,61681,'2024-10-03 10:55:14','2024-10-03 10:55:14',NULL),(1017,11061,81,61682,'2024-10-03 10:55:15','2024-10-03 10:55:15',NULL),(1018,11062,81,61683,'2024-10-03 10:55:15','2024-10-03 10:55:15',NULL),(1019,11063,81,61684,'2024-10-03 10:55:15','2024-10-03 10:55:15',NULL),(1020,11064,81,61685,'2024-10-03 10:55:15','2024-10-03 10:55:15',NULL),(1021,11065,81,61686,'2024-10-03 10:55:15','2024-10-03 10:55:15',NULL),(1022,11066,81,61687,'2024-10-03 10:55:15','2024-10-03 10:55:15',NULL),(1023,11067,81,61688,'2024-10-03 10:55:15','2024-10-03 10:55:15',NULL),(1024,11068,81,61689,'2024-10-03 10:55:15','2024-10-03 10:55:15',NULL),(1025,11069,81,61690,'2024-10-03 10:55:15','2024-10-03 10:55:15',NULL),(1026,11070,81,61691,'2024-10-03 10:55:15','2024-10-03 10:55:15',NULL),(1027,11071,81,61692,'2024-10-03 10:55:15','2024-10-03 10:55:15',NULL),(1028,11072,81,61693,'2024-10-03 10:55:15','2024-10-03 10:55:15',NULL),(1029,11073,81,61694,'2024-10-03 10:55:15','2024-10-03 10:55:15',NULL),(1030,11074,81,61695,'2024-10-03 10:55:15','2024-10-03 10:55:15',NULL),(1031,11075,81,61696,'2024-10-03 10:55:15','2024-10-03 10:55:15',NULL),(1032,11076,81,61697,'2024-10-03 10:55:15','2024-10-03 10:55:15',NULL),(1033,11077,81,61698,'2024-10-03 10:55:15','2024-10-03 10:55:15',NULL),(1034,11078,81,61699,'2024-10-03 10:55:15','2024-10-03 10:55:15',NULL),(1035,11079,81,61700,'2024-10-03 10:55:15','2024-10-03 10:55:15',NULL),(1036,11080,81,61701,'2024-10-03 10:55:15','2024-10-03 10:55:15',NULL),(1037,11081,81,61702,'2024-10-03 10:55:15','2024-10-03 10:55:15',NULL),(1038,11082,81,61703,'2024-10-03 10:55:15','2024-10-03 10:55:15',NULL),(1039,11083,81,61704,'2024-10-03 10:55:15','2024-10-03 10:55:15',NULL),(1040,11084,81,61705,'2024-10-03 10:55:15','2024-10-03 10:55:15',NULL),(1041,11085,81,61706,'2024-10-03 10:55:15','2024-10-03 10:55:15',NULL),(1042,11086,81,61707,'2024-10-03 10:55:15','2024-10-03 10:55:15',NULL),(1043,11087,81,61708,'2024-10-03 10:55:15','2024-10-03 10:55:15',NULL),(1044,11088,81,61709,'2024-10-03 10:55:15','2024-10-03 10:55:15',NULL),(1045,11089,81,61710,'2024-10-03 10:55:15','2024-10-03 10:55:15',NULL),(1046,11090,81,61711,'2024-10-03 10:55:15','2024-10-03 10:55:15',NULL),(1047,11091,81,61712,'2024-10-03 10:55:15','2024-10-03 10:55:15',NULL),(1048,11092,81,61713,'2024-10-03 10:55:15','2024-10-03 10:55:15',NULL),(1049,11093,81,61714,'2024-10-03 10:55:15','2024-10-03 10:55:15',NULL),(1050,11094,81,61715,'2024-10-03 10:55:15','2024-10-03 10:55:15',NULL),(1051,11095,81,61716,'2024-10-03 10:55:15','2024-10-03 10:55:15',NULL),(1052,11096,81,61717,'2024-10-03 10:55:15','2024-10-03 10:55:15',NULL),(1053,11097,81,61718,'2024-10-03 10:55:15','2024-10-03 10:55:15',NULL),(1054,11098,81,61719,'2024-10-03 10:55:15','2024-10-03 10:55:15',NULL),(1055,11099,81,61720,'2024-10-03 10:55:15','2024-10-03 10:55:15',NULL),(1056,11100,81,61721,'2024-10-03 10:55:15','2024-10-03 10:55:15',NULL),(1057,11101,81,61722,'2024-10-03 10:55:15','2024-10-03 10:55:15',NULL),(1058,11102,81,61723,'2024-10-03 10:55:15','2024-10-03 10:55:15',NULL),(1059,11103,81,61724,'2024-10-03 10:55:15','2024-10-03 10:55:15',NULL),(1060,11104,81,61725,'2024-10-03 10:55:15','2024-10-03 10:55:15',NULL),(1061,11105,81,61726,'2024-10-03 10:55:15','2024-10-03 10:55:15',NULL),(1062,11106,81,61727,'2024-10-03 10:55:15','2024-10-03 10:55:15',NULL),(1063,11107,81,61728,'2024-10-03 10:55:15','2024-10-03 10:55:15',NULL),(1064,11108,81,61729,'2024-10-03 10:55:15','2024-10-03 10:55:15',NULL),(1065,11109,81,61730,'2024-10-03 10:55:15','2024-10-03 10:55:15',NULL),(1066,11110,81,61731,'2024-10-03 10:55:15','2024-10-03 10:55:15',NULL),(1067,11111,81,61732,'2024-10-03 10:55:16','2024-10-03 10:55:16',NULL),(1068,11112,81,61733,'2024-10-03 10:55:16','2024-10-03 10:55:16',NULL),(1069,11113,81,61734,'2024-10-03 10:55:16','2024-10-03 10:55:16',NULL),(1070,11114,81,61735,'2024-10-03 10:55:16','2024-10-03 10:55:16',NULL),(1071,11115,81,61736,'2024-10-03 10:55:16','2024-10-03 10:55:16',NULL),(1072,11116,81,61737,'2024-10-03 10:55:16','2024-10-03 10:55:16',NULL),(1073,11117,81,61738,'2024-10-03 10:55:16','2024-10-03 10:55:16',NULL),(1074,11118,81,61739,'2024-10-03 10:55:16','2024-10-03 10:55:16',NULL),(1075,11119,81,61740,'2024-10-03 10:55:16','2024-10-03 10:55:16',NULL),(1076,11120,81,61741,'2024-10-03 10:55:16','2024-10-03 10:55:16',NULL),(1077,11121,81,61742,'2024-10-03 10:55:16','2024-10-03 10:55:16',NULL),(1078,11122,81,61743,'2024-10-03 10:55:16','2024-10-03 10:55:16',NULL),(1079,11123,81,61744,'2024-10-03 10:55:16','2024-10-03 10:55:16',NULL),(1080,11124,81,61745,'2024-10-03 10:55:16','2024-10-03 10:55:16',NULL),(1081,11125,81,61746,'2024-10-03 10:55:16','2024-10-03 10:55:16',NULL),(1082,11126,81,61747,'2024-10-03 10:55:16','2024-10-03 10:55:16',NULL),(1083,11127,81,61748,'2024-10-03 10:55:16','2024-10-03 10:55:16',NULL),(1084,11128,81,61749,'2024-10-03 10:55:16','2024-10-03 10:55:16',NULL),(1085,11129,81,61750,'2024-10-03 10:55:16','2024-10-03 10:55:16',NULL),(1086,11130,81,61751,'2024-10-03 10:55:16','2024-10-03 10:55:16',NULL),(1087,11131,81,61752,'2024-10-03 10:55:16','2024-10-03 10:55:16',NULL),(1088,11132,81,61753,'2024-10-03 10:55:16','2024-10-03 10:55:16',NULL),(1089,11133,81,61754,'2024-10-03 10:55:16','2024-10-03 10:55:16',NULL),(1090,11134,81,61755,'2024-10-03 10:55:16','2024-10-03 10:55:16',NULL),(1091,11135,81,61756,'2024-10-03 10:55:16','2024-10-03 10:55:16',NULL),(1092,11136,81,61757,'2024-10-03 10:55:16','2024-10-03 10:55:16',NULL),(1093,11137,81,61758,'2024-10-03 10:55:16','2024-10-03 10:55:16',NULL),(1094,11138,81,61759,'2024-10-03 10:55:16','2024-10-03 10:55:16',NULL),(1095,11139,81,61760,'2024-10-03 10:55:16','2024-10-03 10:55:16',NULL),(1096,11140,81,61761,'2024-10-03 10:55:16','2024-10-03 10:55:16',NULL),(1097,11141,81,61762,'2024-10-03 10:55:16','2024-10-03 10:55:16',NULL),(1098,11142,81,61763,'2024-10-03 10:55:16','2024-10-03 10:55:16',NULL),(1099,11143,81,61764,'2024-10-03 10:55:16','2024-10-03 10:55:16',NULL),(1100,11144,81,61765,'2024-10-03 10:55:16','2024-10-03 10:55:16',NULL),(1101,11145,81,61766,'2024-10-03 10:55:16','2024-10-03 10:55:16',NULL),(1102,11146,81,61767,'2024-10-03 10:55:16','2024-10-03 10:55:16',NULL),(1103,11147,81,61768,'2024-10-03 10:55:16','2024-10-03 10:55:16',NULL),(1104,11148,81,61769,'2024-10-03 10:55:16','2024-10-03 10:55:16',NULL),(1105,11149,81,61770,'2024-10-03 10:55:16','2024-10-03 10:55:16',NULL),(1106,11150,81,61771,'2024-10-03 10:55:16','2024-10-03 10:55:16',NULL),(1107,11151,81,61772,'2024-10-03 10:55:16','2024-10-03 10:55:16',NULL),(1108,11152,81,61773,'2024-10-03 10:55:16','2024-10-03 10:55:16',NULL),(1109,11153,81,61774,'2024-10-03 10:55:16','2024-10-03 10:55:16',NULL),(1110,11154,81,61775,'2024-10-03 10:55:16','2024-10-03 10:55:16',NULL),(1111,11155,81,61776,'2024-10-03 10:55:16','2024-10-03 10:55:16',NULL),(1112,11156,81,61777,'2024-10-03 10:55:16','2024-10-03 10:55:16',NULL),(1113,11157,81,61778,'2024-10-03 10:55:17','2024-10-03 10:55:17',NULL),(1114,11158,81,61779,'2024-10-03 10:55:17','2024-10-03 10:55:17',NULL),(1115,11159,81,61780,'2024-10-03 10:55:17','2024-10-03 10:55:17',NULL),(1116,11160,81,61781,'2024-10-03 10:55:17','2024-10-03 10:55:17',NULL),(1117,11161,81,61782,'2024-10-03 10:55:17','2024-10-03 10:55:17',NULL),(1118,11162,81,61783,'2024-10-03 10:55:17','2024-10-03 10:55:17',NULL),(1119,11163,81,61784,'2024-10-03 10:55:17','2024-10-03 10:55:17',NULL),(1120,11164,81,61785,'2024-10-03 10:55:17','2024-10-03 10:55:17',NULL),(1121,11165,81,61786,'2024-10-03 10:55:17','2024-10-03 10:55:17',NULL),(1122,11166,81,61787,'2024-10-03 10:55:17','2024-10-03 10:55:17',NULL),(1123,11167,81,61788,'2024-10-03 10:55:17','2024-10-03 10:55:17',NULL),(1124,11168,81,61789,'2024-10-03 10:55:17','2024-10-03 10:55:17',NULL),(1125,11169,81,61790,'2024-10-03 10:55:17','2024-10-03 10:55:17',NULL),(1126,11170,81,61791,'2024-10-03 10:55:17','2024-10-03 10:55:17',NULL),(1127,11171,81,61792,'2024-10-03 10:55:17','2024-10-03 10:55:17',NULL),(1128,11172,81,61793,'2024-10-03 10:55:17','2024-10-03 10:55:17',NULL),(1129,11173,81,61794,'2024-10-03 10:55:17','2024-10-03 10:55:17',NULL),(1130,11174,81,61795,'2024-10-03 10:55:17','2024-10-03 10:55:17',NULL),(1131,11175,81,61796,'2024-10-03 10:55:17','2024-10-03 10:55:17',NULL),(1132,11176,81,61797,'2024-10-03 10:55:17','2024-10-03 10:55:17',NULL),(1133,11177,81,61798,'2024-10-03 10:55:17','2024-10-03 10:55:17',NULL),(1134,11178,81,61799,'2024-10-03 10:55:17','2024-10-03 10:55:17',NULL),(1135,11179,81,61800,'2024-10-03 10:55:17','2024-10-03 10:55:17',NULL),(1136,11180,81,61801,'2024-10-03 10:55:17','2024-10-03 10:55:17',NULL),(1137,11181,81,61802,'2024-10-03 10:55:17','2024-10-03 10:55:17',NULL),(1138,11182,81,61803,'2024-10-03 10:55:17','2024-10-03 10:55:17',NULL),(1139,11183,81,61804,'2024-10-03 10:55:17','2024-10-03 10:55:17',NULL),(1140,11184,81,61805,'2024-10-03 10:55:17','2024-10-03 10:55:17',NULL),(1141,11185,81,61806,'2024-10-03 10:55:17','2024-10-03 10:55:17',NULL),(1142,11186,81,61807,'2024-10-03 10:55:17','2024-10-03 10:55:17',NULL),(1143,11187,81,61808,'2024-10-03 10:55:17','2024-10-03 10:55:17',NULL),(1144,11188,81,61809,'2024-10-03 10:55:17','2024-10-03 10:55:17',NULL),(1145,11189,81,61810,'2024-10-03 10:55:17','2024-10-03 10:55:17',NULL),(1146,11190,81,61811,'2024-10-03 10:55:17','2024-10-03 10:55:17',NULL);

--
-- Table structure for table `namazeg_guidance_committee_meetings`
--

CREATE TABLE `namazeg_guidance_committee_meetings` (
  `id` bigint unsigned NOT NULL AUTO_INCREMENT,
  `v_student_punishment_id` bigint unsigned NOT NULL,
  `namazeg_version_id` bigint unsigned NOT NULL,
  `student_id` bigint unsigned NOT NULL,
  `descions` text COLLATE utf8mb4_unicode_ci NOT NULL,
  `deleted_at` timestamp NULL DEFAULT NULL,
  `created_at` timestamp NULL DEFAULT NULL,
  `updated_at` timestamp NULL DEFAULT NULL,
  PRIMARY KEY (`id`),
  KEY `fk_v_student_punishment_id_3` (`v_student_punishment_id`),
  KEY `fk_namazeg_version_id_3` (`namazeg_version_id`),
  KEY `fk_student_id_3` (`student_id`),
  CONSTRAINT `fk_namazeg_version_id_3` FOREIGN KEY (`namazeg_version_id`) REFERENCES `namazeg_versions` (`id`) ON DELETE CASCADE,
  CONSTRAINT `fk_student_id_3` FOREIGN KEY (`student_id`) REFERENCES `school_students` (`id`) ON DELETE CASCADE,
  CONSTRAINT `fk_v_student_punishment_id_3` FOREIGN KEY (`v_student_punishment_id`) REFERENCES `violation_student_punishments` (`id`) ON DELETE CASCADE
) ENGINE=InnoDB AUTO_INCREMENT=5 DEFAULT CHARSET=utf8mb4 COLLATE=utf8mb4_unicode_ci;

--
-- Dumping data for table `namazeg_guidance_committee_meetings`
--

INSERT INTO `namazeg_guidance_committee_meetings` (`id`, `v_student_punishment_id`, `namazeg_version_id`, `student_id`, `descions`, `deleted_at`, `created_at`, `updated_at`) VALUES (1,72,12088,61665,'[\"test1\",\"test1\",\"test1\"]',NULL,'2024-11-13 11:41:02','2024-11-13 11:41:02'),(2,48,12665,61555,'[\"test\"]',NULL,'2024-11-17 20:46:20','2024-11-17 20:46:20'),(3,56,12683,61551,'[\"descion 1\",\"descion 2\",\"descion 3\"]',NULL,'2024-11-18 09:42:04','2024-11-18 09:42:04'),(4,66,12703,61654,'[\"test 1\",\"test2\",\"test 3\",\"test4\"]',NULL,'2024-11-18 12:27:26','2024-11-18 12:29:14');

--
-- Table structure for table `namazeg_incident_proceed_witnesses`
--

CREATE TABLE `namazeg_incident_proceed_witnesses` (
  `id` bigint unsigned NOT NULL AUTO_INCREMENT,
  `namazeg_incident_proceed_id` bigint unsigned NOT NULL,
  `employee_id` bigint unsigned NOT NULL,
  `his_work` varchar(191) COLLATE utf8mb4_unicode_ci DEFAULT NULL,
  `deleted_at` timestamp NULL DEFAULT NULL,
  `created_at` timestamp NULL DEFAULT NULL,
  `updated_at` timestamp NULL DEFAULT NULL,
  PRIMARY KEY (`id`),
  KEY `namazeg_inci_id` (`namazeg_incident_proceed_id`),
  CONSTRAINT `namazeg_inci_id` FOREIGN KEY (`namazeg_incident_proceed_id`) REFERENCES `namazeg_incident_proceeds` (`id`) ON DELETE CASCADE
) ENGINE=InnoDB AUTO_INCREMENT=9 DEFAULT CHARSET=utf8mb4 COLLATE=utf8mb4_unicode_ci;

--
-- Dumping data for table `namazeg_incident_proceed_witnesses`
--

INSERT INTO `namazeg_incident_proceed_witnesses` (`id`, `namazeg_incident_proceed_id`, `employee_id`, `his_work`, `deleted_at`, `created_at`, `updated_at`) VALUES (1,1,176,'معلم','2024-11-18 18:05:02','2024-11-18 17:50:18','2024-11-18 18:05:02'),(2,1,173,'معلم','2024-11-18 18:05:02','2024-11-18 17:50:18','2024-11-18 18:05:02'),(3,1,174,'معلم',NULL,'2024-11-18 18:05:02','2024-11-18 18:05:02'),(4,2,176,'معلم',NULL,'2024-11-18 20:05:25','2024-11-18 20:05:25'),(5,3,174,'معلم','2024-11-19 09:57:07','2024-11-19 09:36:50','2024-11-19 09:57:07'),(6,3,173,'معلم','2024-11-19 09:57:07','2024-11-19 09:36:50','2024-11-19 09:57:07'),(7,3,752,'مدير المدرسة',NULL,'2024-11-19 09:57:07','2024-11-19 09:57:07'),(8,3,173,'معلم',NULL,'2024-11-19 09:57:07','2024-11-19 09:57:07');

--
-- Table structure for table `namazeg_incident_proceeds`
--

CREATE TABLE `namazeg_incident_proceeds` (
  `id` bigint unsigned NOT NULL AUTO_INCREMENT,
  `v_student_punishment_id` bigint unsigned NOT NULL,
  `namazeg_version_id` bigint unsigned NOT NULL,
  `student_id` bigint unsigned NOT NULL,
  `type` varchar(191) COLLATE utf8mb4_unicode_ci NOT NULL,
  `other_type` varchar(191) COLLATE utf8mb4_unicode_ci DEFAULT NULL,
  `location` varchar(191) COLLATE utf8mb4_unicode_ci NOT NULL,
  `deleted_at` timestamp NULL DEFAULT NULL,
  `created_at` timestamp NULL DEFAULT NULL,
  `updated_at` timestamp NULL DEFAULT NULL,
  PRIMARY KEY (`id`),
  KEY `fk_student_id` (`student_id`),
  KEY `fk_delete  versi` (`namazeg_version_id`),
  KEY `fk_delete v_s_punis` (`v_student_punishment_id`),
  CONSTRAINT `fk_delete  versi` FOREIGN KEY (`namazeg_version_id`) REFERENCES `namazeg_versions` (`id`) ON DELETE CASCADE,
  CONSTRAINT `fk_delete v_s_punis` FOREIGN KEY (`v_student_punishment_id`) REFERENCES `violation_student_punishments` (`id`) ON DELETE CASCADE,
  CONSTRAINT `fk_student_id` FOREIGN KEY (`student_id`) REFERENCES `school_students` (`id`) ON DELETE CASCADE
) ENGINE=InnoDB AUTO_INCREMENT=4 DEFAULT CHARSET=utf8mb4 COLLATE=utf8mb4_unicode_ci;

--
-- Dumping data for table `namazeg_incident_proceeds`
--

INSERT INTO `namazeg_incident_proceeds` (`id`, `v_student_punishment_id`, `namazeg_version_id`, `student_id`, `type`, `other_type`, `location`, `deleted_at`, `created_at`, `updated_at`) VALUES (1,83,12737,61555,'[\"images\",\"videos\",\"speeches\"]','test update','test update',NULL,'2024-11-18 17:50:18','2024-11-18 18:05:02'),(2,84,12739,61686,'[\"images\"]','test','test',NULL,'2024-11-18 20:05:25','2024-11-18 20:05:25'),(3,100,12749,61674,'[\"images\",\"videos\",\"speeches\"]','test','test',NULL,'2024-11-19 09:36:50','2024-11-19 09:36:50');

--
-- Table structure for table `namazeg_lab_inventory_records`
--

CREATE TABLE `namazeg_lab_inventory_records` (
  `id` bigint unsigned NOT NULL AUTO_INCREMENT,
  `namazeg_version_id` bigint unsigned NOT NULL,
  `school_id` bigint unsigned NOT NULL,
  `employee_id` bigint unsigned NOT NULL,
  `created_at` timestamp NULL DEFAULT NULL,
  `updated_at` timestamp NULL DEFAULT NULL,
  `deleted_at` timestamp NULL DEFAULT NULL,
  PRIMARY KEY (`id`),
  KEY `namazeg_lab_inventory_records_employee_id_foreign` (`employee_id`),
  KEY `namazeg_lab_inventory_records_namazeg_version_id_foreign` (`namazeg_version_id`),
  KEY `namazeg_lab_inventory_records_school_id_foreign` (`school_id`),
  CONSTRAINT `namazeg_lab_inventory_records_employee_id_foreign` FOREIGN KEY (`employee_id`) REFERENCES `school_employees` (`id`) ON DELETE CASCADE,
  CONSTRAINT `namazeg_lab_inventory_records_namazeg_version_id_foreign` FOREIGN KEY (`namazeg_version_id`) REFERENCES `namazeg_versions` (`id`) ON DELETE CASCADE,
  CONSTRAINT `namazeg_lab_inventory_records_school_id_foreign` FOREIGN KEY (`school_id`) REFERENCES `schools` (`id`) ON DELETE CASCADE
) ENGINE=InnoDB AUTO_INCREMENT=23 DEFAULT CHARSET=utf8mb4 COLLATE=utf8mb4_unicode_ci;

--
-- Dumping data for table `namazeg_lab_inventory_records`
--

INSERT INTO `namazeg_lab_inventory_records` (`id`, `namazeg_version_id`, `school_id`, `employee_id`, `created_at`, `updated_at`, `deleted_at`) VALUES (12,8840,81,174,'2024-09-29 13:26:47','2024-09-29 13:26:47',NULL),(13,8841,81,175,'2024-09-29 13:26:47','2024-09-29 13:26:47',NULL),(15,8843,81,174,'2024-09-29 13:26:51','2024-09-29 13:26:51',NULL),(16,8844,81,175,'2024-09-29 13:26:51','2024-09-29 13:26:51',NULL),(20,10781,81,174,'2024-10-03 10:30:10','2024-10-03 10:30:10',NULL),(22,10783,81,175,'2024-10-03 10:30:11','2024-10-03 10:30:11',NULL);

--
-- Table structure for table `namazeg_maintenance_destruction_students`
--

CREATE TABLE `namazeg_maintenance_destruction_students` (
  `id` bigint unsigned NOT NULL AUTO_INCREMENT,
  `v_student_punishment_id` bigint unsigned NOT NULL,
  `namazeg_version_id` bigint unsigned NOT NULL,
  `student_id` bigint unsigned NOT NULL,
  `text` text COLLATE utf8mb4_unicode_ci NOT NULL,
  `deleted_at` timestamp NULL DEFAULT NULL,
  `created_at` timestamp NULL DEFAULT NULL,
  `updated_at` timestamp NULL DEFAULT NULL,
  PRIMARY KEY (`id`),
  KEY `fk_v_student_punishment_id_6` (`v_student_punishment_id`),
  KEY `fk_namazeg_version_id_6` (`namazeg_version_id`),
  KEY `fk_student_id_6` (`student_id`),
  CONSTRAINT `fk_namazeg_version_id_6` FOREIGN KEY (`namazeg_version_id`) REFERENCES `namazeg_versions` (`id`) ON DELETE CASCADE,
  CONSTRAINT `fk_student_id_6` FOREIGN KEY (`student_id`) REFERENCES `school_students` (`id`) ON DELETE CASCADE,
  CONSTRAINT `fk_v_student_punishment_id_6` FOREIGN KEY (`v_student_punishment_id`) REFERENCES `violation_student_punishments` (`id`) ON DELETE CASCADE
) ENGINE=InnoDB AUTO_INCREMENT=11 DEFAULT CHARSET=utf8mb4 COLLATE=utf8mb4_unicode_ci;

--
-- Dumping data for table `namazeg_maintenance_destruction_students`
--

INSERT INTO `namazeg_maintenance_destruction_students` (`id`, `v_student_punishment_id`, `namazeg_version_id`, `student_id`, `text`, `deleted_at`, `created_at`, `updated_at`) VALUES (2,79,12096,61681,'محضر ما افسده الطالب',NULL,'2024-11-13 12:12:56','2024-11-13 12:12:56'),(3,81,12100,61654,'testttttttttttttttttt',NULL,'2024-11-13 12:20:46','2024-11-13 12:20:46'),(4,139,12482,61540,'testtesttesttesttesttesttesttesttesttesttesttesttesttesttesttesttesttesttesttesttesttest',NULL,'2024-11-14 11:08:10','2024-11-14 11:08:10'),(5,59,12690,61554,'alaa hamdy mohammadi',NULL,'2024-11-18 10:10:44','2024-11-18 11:13:55'),(6,60,12693,61552,'<strong><em>Test Text Area after update</em></strong>',NULL,'2024-11-18 11:15:20','2024-11-18 11:15:39'),(7,75,12719,61666,'test - test - test',NULL,'2024-11-18 14:26:16','2024-11-18 14:26:16'),(8,79,12724,61545,'محضر ما افسده الطالب',NULL,'2024-11-18 14:39:51','2024-11-18 14:39:51'),(9,81,12727,61657,'test new code',NULL,'2024-11-18 14:50:45','2024-11-18 15:37:49'),(10,94,12750,61683,'<span style=\"color: rgb(10, 58, 129); font-size: 16px\"><strong>محضر اصلاح ما افسده الطالب</strong></span>',NULL,'2024-11-19 09:40:02','2024-11-19 09:40:02');

--
-- Table structure for table `namazeg_maintenance_forms`
--

CREATE TABLE `namazeg_maintenance_forms` (
  `id` bigint unsigned NOT NULL AUTO_INCREMENT,
  `namazeg_version_id` bigint unsigned NOT NULL,
  `school_id` bigint unsigned NOT NULL,
  `is_urgent` tinyint(1) NOT NULL,
  `date_type_prefered` enum('am','am_pm') COLLATE utf8mb4_unicode_ci NOT NULL,
  `maintenance_type` varchar(191) COLLATE utf8mb4_unicode_ci NOT NULL,
  `other_type` text COLLATE utf8mb4_unicode_ci,
  `maintenance_desc` text COLLATE utf8mb4_unicode_ci NOT NULL,
  `created_at` timestamp NULL DEFAULT NULL,
  `updated_at` timestamp NULL DEFAULT NULL,
  `deleted_at` timestamp NULL DEFAULT NULL,
  PRIMARY KEY (`id`),
  KEY `namazeg_maintenance_forms_namazeg_version_id_foreign` (`namazeg_version_id`),
  KEY `namazeg_maintenance_forms_school_id_foreign` (`school_id`),
  CONSTRAINT `namazeg_maintenance_forms_namazeg_version_id_foreign` FOREIGN KEY (`namazeg_version_id`) REFERENCES `namazeg_versions` (`id`) ON DELETE CASCADE,
  CONSTRAINT `namazeg_maintenance_forms_school_id_foreign` FOREIGN KEY (`school_id`) REFERENCES `schools` (`id`) ON DELETE CASCADE
) ENGINE=InnoDB AUTO_INCREMENT=11 DEFAULT CHARSET=utf8mb4 COLLATE=utf8mb4_unicode_ci;

--
-- Dumping data for table `namazeg_maintenance_forms`
--

INSERT INTO `namazeg_maintenance_forms` (`id`, `namazeg_version_id`, `school_id`, `is_urgent`, `date_type_prefered`, `maintenance_type`, `other_type`, `maintenance_desc`, `created_at`, `updated_at`, `deleted_at`) VALUES (4,9890,81,1,'am','[\"electric\",\"wood\"]',NULL,'[\"\\u062a\\u0641\\u0627\\u0635\\u064a\\u0644 \\u0631\\u0642\\u0645 \\u0648\\u0627\\u062d\\u062f\",\"\\u062a\\u0641\\u0627\\u0635\\u064a\\u0644 \\u0631\\u0642\\u0645 \\u0627\\u062b\\u0646\\u064a\\u0646\"]','2024-10-02 12:10:10','2024-10-02 12:10:10',NULL),(5,10768,81,0,'am','[\"aircondition\",\"cooling\",\"water\"]','other','[\"other\",\"other\",\"other\"]','2024-10-03 08:33:51','2024-10-03 08:33:51',NULL),(6,10774,81,1,'am_pm','[\"electric\",\"wood\",\"water\",\"cooling\"]','other update','[\"other\",\"other\",\"other update\",\"other update\",\"other update\",\"other update\",\"other update\"]','2024-10-03 09:07:52','2024-10-03 09:14:02',NULL),(7,11195,81,0,'am_pm','[\"chairs_tables\",\"aircondition\"]','other','[\"other\",\"other\",\"other\",\"other\",\"other\",\"other\",\"other\"]','2024-10-03 11:38:30','2024-10-03 11:38:30',NULL),(8,11922,112,0,'am','[\"electric\",\"wood\",\"water\",\"cooling\",\"aircondition\",\"chairs_tables\"]','ضصيضصي','[\"\\u0636\\u0635\\u062b\\u0636\\u0635\\u062b\",\"\\u064a\\u0636\\u0635\\u064a\\u0636\\u0635\",\"\\u064a\\u0636\\u0635\\u064a\\u0635\\u0636\"]','2024-11-10 23:20:51','2024-11-10 23:20:51',NULL),(9,12741,98,1,'am','[\"electric\",\"chairs_tables\"]',NULL,'[\"\\u062a\\u062d\\u062f\\u064a\\u062b\"]','2024-11-18 20:36:51','2024-11-18 20:39:06',NULL),(10,12758,81,1,'am_pm','[\"wood\"]','test update','[\"test1\",\"test2\"]','2024-11-19 11:45:18','2024-11-19 11:50:42',NULL);

--
-- Table structure for table `namazeg_manager_plane_details`
--

CREATE TABLE `namazeg_manager_plane_details` (
  `id` bigint unsigned NOT NULL AUTO_INCREMENT,
  `namazeg_manager_plane_id` bigint unsigned NOT NULL,
  `work_details` varchar(191) COLLATE utf8mb4_unicode_ci NOT NULL,
  `type` enum('work_to_be_done','suggested_work') COLLATE utf8mb4_unicode_ci NOT NULL,
  `days` varchar(191) COLLATE utf8mb4_unicode_ci DEFAULT NULL,
  `created_at` timestamp NULL DEFAULT NULL,
  `updated_at` timestamp NULL DEFAULT NULL,
  `task_id` varchar(191) COLLATE utf8mb4_unicode_ci DEFAULT NULL,
  PRIMARY KEY (`id`),
  KEY `namazeg_manager_id` (`namazeg_manager_plane_id`),
  CONSTRAINT `namazeg_manager_id` FOREIGN KEY (`namazeg_manager_plane_id`) REFERENCES `namazeg_manager_planes` (`id`) ON DELETE CASCADE
) ENGINE=InnoDB AUTO_INCREMENT=589 DEFAULT CHARSET=utf8mb4 COLLATE=utf8mb4_unicode_ci;

--
-- Dumping data for table `namazeg_manager_plane_details`
--

INSERT INTO `namazeg_manager_plane_details` (`id`, `namazeg_manager_plane_id`, `work_details`, `type`, `days`, `created_at`, `updated_at`, `task_id`) VALUES (439,1229,'updated','work_to_be_done','[1,2,3]','2024-11-27 17:13:59','2024-11-27 17:13:59','[110,111,112]'),(440,1229,'text work twooo','work_to_be_done','[1,2]','2024-11-27 17:13:59','2024-11-27 17:13:59','[113,114]'),(441,1229,'updatedk','suggested_work','[2,3]','2024-11-27 17:13:59','2024-11-27 17:14:24','[115,116,117]'),(518,1239,'توزيع المهام بين المعلمين','work_to_be_done','[3,4]','2024-11-27 18:04:15','2024-11-27 18:04:15','[140,141]'),(519,1239,'توزيع الجداول على المعلمين','work_to_be_done','[4]','2024-11-27 18:04:15','2024-11-27 18:04:15','[142]'),(520,1239,'توزيع الإشراف اليومي والمناوية','work_to_be_done','[]','2024-11-27 18:04:15','2024-11-27 18:04:15','[]'),(521,1239,'توزيع النشاط والريادة','work_to_be_done','[]','2024-11-27 18:04:15','2024-11-27 18:04:15','[]'),(522,1239,'عقد الاجتماع الأول لعموم المعلمين','work_to_be_done','[]','2024-11-27 18:04:15','2024-11-27 18:04:15','[]'),(523,1239,'عقد الاجتماع الأول لمجلس الإدارة','work_to_be_done','[]','2024-11-27 18:04:15','2024-11-27 18:04:15','[]'),(524,1239,'عقد الاجتماع الأول لمجلس النشاط','work_to_be_done','[]','2024-11-27 18:04:15','2024-11-27 18:04:15','[]'),(525,1239,'عقد الاجتماع الأول للجان التوجيه الحالات السلوكية','work_to_be_done','[]','2024-11-27 18:04:15','2024-11-27 18:04:15','[]'),(526,1239,'نظافة المبنى وتوزيع الطاولات والكراسي حسب الميزانية','work_to_be_done','[]','2024-11-27 18:04:15','2024-11-27 18:04:15','[]'),(527,1239,'تعليق اللوحات الإرشادية','work_to_be_done','[]','2024-11-27 18:04:15','2024-11-27 18:04:15','[]'),(528,1239,'عقد الاجتماع الأول للجنة خطة الإخلاء','work_to_be_done','[]','2024-11-27 18:04:15','2024-11-27 18:04:15','[]'),(529,1239,'الاجتماع برؤساء الأقسام','work_to_be_done','[]','2024-11-27 18:04:15','2024-11-27 18:04:15','[]'),(530,1239,'test','suggested_work','[4]','2024-11-27 18:04:15','2024-11-27 18:04:15','[143]'),(531,1239,'شعبولة','suggested_work','[]','2024-11-27 18:04:15','2024-11-27 18:04:15','[]'),(532,1239,'تيست','suggested_work','[4]','2024-11-27 18:04:15','2024-11-27 18:04:15','[144]'),(533,1052,'Testo','suggested_work','[5]','2024-11-28 11:20:31','2024-11-28 11:38:02','[145]'),(562,1545,'توزيع المهام بين المعلمين','work_to_be_done','[3]','2024-11-28 16:04:20','2024-11-28 16:04:20','[153]'),(563,1545,'توزيع الجداول على المعلمين','work_to_be_done','[]','2024-11-28 16:04:20','2024-11-28 16:04:20','[]'),(564,1545,'توزيع الإشراف اليومي والمناوية','work_to_be_done','[]','2024-11-28 16:04:20','2024-11-28 16:04:20','[]'),(565,1545,'توزيع النشاط والريادة','work_to_be_done','[]','2024-11-28 16:04:20','2024-11-28 16:04:20','[]'),(566,1545,'عقد الاجتماع الأول لعموم المعلمين','work_to_be_done','[]','2024-11-28 16:04:20','2024-11-28 16:04:20','[]'),(567,1545,'عقد الاجتماع الأول لمجلس الإدارة','work_to_be_done','[]','2024-11-28 16:04:20','2024-11-28 16:04:20','[]'),(568,1545,'عقد الاجتماع الأول لمجلس النشاط','work_to_be_done','[]','2024-11-28 16:04:20','2024-11-28 16:04:20','[]'),(569,1545,'عقد الاجتماع الأول للجان التوجيه الحالات السلوكية','work_to_be_done','[]','2024-11-28 16:04:20','2024-11-28 16:04:20','[]'),(570,1545,'نظافة المبنى وتوزيع الطاولات والكراسي حسب الميزانية','work_to_be_done','[]','2024-11-28 16:04:20','2024-11-28 16:04:20','[]'),(571,1545,'تعليق اللوحات الإرشادية','work_to_be_done','[]','2024-11-28 16:04:20','2024-11-28 16:04:20','[]'),(572,1545,'عقد الاجتماع الأول للجنة خطة الإخلاء','work_to_be_done','[]','2024-11-28 16:04:20','2024-11-28 16:04:20','[]'),(573,1545,'الاجتماع برؤساء الأقسام','work_to_be_done','[]','2024-11-28 16:04:20','2024-11-28 16:04:20','[]'),(574,1545,'مدرستى التانيه','suggested_work','[2,4,5]','2024-11-28 16:04:20','2024-11-28 16:04:20','[154,155,156]'),(575,1545,'مهمة الخميس','suggested_work','[5]','2024-11-28 16:04:20','2024-11-28 16:04:20','[157]'),(576,1494,'توزيع المهام بين المعلمين','work_to_be_done','[]','2024-11-28 16:47:59','2024-11-28 16:47:59',NULL),(577,1494,'توزيع الجداول على المعلمين','work_to_be_done','[]','2024-11-28 16:47:59','2024-11-28 16:47:59',NULL),(578,1494,'توزيع الإشراف اليومي والمناوية','work_to_be_done','[]','2024-11-28 16:47:59','2024-11-28 16:47:59',NULL),(579,1494,'توزيع النشاط والريادة','work_to_be_done','[]','2024-11-28 16:47:59','2024-11-28 16:47:59',NULL),(580,1494,'عقد الاجتماع الأول لعموم المعلمين','work_to_be_done','[]','2024-11-28 16:47:59','2024-11-28 16:47:59',NULL),(581,1494,'عقد الاجتماع الأول لمجلس الإدارة','work_to_be_done','[]','2024-11-28 16:47:59','2024-11-28 16:47:59',NULL),(582,1494,'عقد الاجتماع الأول لمجلس النشاط','work_to_be_done','[]','2024-11-28 16:47:59','2024-11-28 16:47:59',NULL),(583,1494,'عقد الاجتماع الأول للجان التوجيه الحالات السلوكية','work_to_be_done','[]','2024-11-28 16:47:59','2024-11-28 16:47:59',NULL),(584,1494,'نظافة المبنى وتوزيع الطاولات والكراسي حسب الميزانية','work_to_be_done','[]','2024-11-28 16:47:59','2024-11-28 16:47:59',NULL),(585,1494,'تعليق اللوحات الإرشادية','work_to_be_done','[]','2024-11-28 16:47:59','2024-11-28 16:47:59',NULL),(586,1494,'عقد الاجتماع الأول للجنة خطة الإخلاء','work_to_be_done','[]','2024-11-28 16:47:59','2024-11-28 16:47:59',NULL),(587,1494,'الاجتماع برؤساء الأقسام','work_to_be_done','[]','2024-11-28 16:47:59','2024-11-28 16:47:59',NULL),(588,1494,'test','suggested_work','[5]','2024-11-28 16:47:59','2024-11-28 16:47:59','[158]');

--
-- Table structure for table `namazeg_manager_planes`
--

